216.73.217.145 - - [26/May/2026:15:40:06 +0300] "GET /public/ HTTP/1.1" 200 17196 "https://yeniistiklal.com/public" "Mozilla/5.0 AppleWebKit/537.36 (KHTML, like Gecko; compatible; ClaudeBot/1.0; +claudebot@anthropic.com)"
216.73.217.145 - - [26/May/2026:15:40:06 +0300] "GET /public/ HTTP/1.1" 200 17194 "https://yeniistiklal.com/public" "Mozilla/5.0 AppleWebKit/537.36 (KHTML, like Gecko; compatible; ClaudeBot/1.0; +claudebot@anthropic.com)"
216.73.217.145 - - [26/May/2026:15:40:06 +0300] "GET /public/images/haberler/2022/10/tuik-aylik-en-yuksek-reel-getiri-bist-100-endeksinde-oldu-QKpXedBr.jpg HTTP/1.1" 302 225 "-" "Mozilla/5.0 AppleWebKit/537.36 (KHTML, like Gecko; compatible; ClaudeBot/1.0; +claudebot@anthropic.com)"
216.73.217.145 - - [26/May/2026:15:40:06 +0300] "GET /public/ HTTP/1.1" 200 17191 "https://yeniistiklal.com/public" "Mozilla/5.0 AppleWebKit/537.36 (KHTML, like Gecko; compatible; ClaudeBot/1.0; +claudebot@anthropic.com)"
216.73.217.145 - - [26/May/2026:15:40:06 +0300] "GET /public/ HTTP/1.1" 200 17197 "https://yeniistiklal.com/public" "Mozilla/5.0 AppleWebKit/537.36 (KHTML, like Gecko; compatible; ClaudeBot/1.0; +claudebot@anthropic.com)"
216.73.217.145 - - [26/May/2026:15:40:06 +0300] "GET /public HTTP/1.1" 301 795 "https://yeniistiklal.com/public/404" "Mozilla/5.0 AppleWebKit/537.36 (KHTML, like Gecko; compatible; ClaudeBot/1.0; +claudebot@anthropic.com)"
216.73.217.145 - - [26/May/2026:15:40:06 +0300] "GET /public/images/haberler/2022/10/cengiz-aytmatov-parki-acildi-jBwiPFKR.jpg HTTP/1.1" 302 225 "-" "Mozilla/5.0 AppleWebKit/537.36 (KHTML, like Gecko; compatible; ClaudeBot/1.0; +claudebot@anthropic.com)"
216.73.217.145 - - [26/May/2026:15:40:06 +0300] "GET /public HTTP/1.1" 301 795 "https://yeniistiklal.com/public/404" "Mozilla/5.0 AppleWebKit/537.36 (KHTML, like Gecko; compatible; ClaudeBot/1.0; +claudebot@anthropic.com)"
216.73.217.145 - - [26/May/2026:15:40:07 +0300] "GET /public/images/haberler/2022/10/uez-2022de-gelecekte-mobilitenin-nasil-sekillenecegi-ele-alindi-Dz5dVR8F.jpg HTTP/1.1" 302 225 "-" "Mozilla/5.0 AppleWebKit/537.36 (KHTML, like Gecko; compatible; ClaudeBot/1.0; +claudebot@anthropic.com)"
216.73.217.145 - - [26/May/2026:15:40:07 +0300] "GET /images/haberler/2022/05/torbalida-yoruk-senligi-coskusu-8F3chXHy.jpg HTTP/1.1" 302 219 "-" "Mozilla/5.0 AppleWebKit/537.36 (KHTML, like Gecko; compatible; ClaudeBot/1.0; +claudebot@anthropic.com)"
216.73.217.145 - - [26/May/2026:15:40:07 +0300] "GET /public/ HTTP/1.1" 200 17176 "https://yeniistiklal.com/public" "Mozilla/5.0 AppleWebKit/537.36 (KHTML, like Gecko; compatible; ClaudeBot/1.0; +claudebot@anthropic.com)"
216.73.217.145 - - [26/May/2026:15:40:07 +0300] "GET /public/images/haberler/2024/11/modern-cami-mimarisinde-celik-minarelerin-onemi-1731818185.jpg HTTP/1.1" 200 67479 "-" "Mozilla/5.0 AppleWebKit/537.36 (KHTML, like Gecko; compatible; ClaudeBot/1.0; +claudebot@anthropic.com)"
216.73.217.145 - - [26/May/2026:15:40:07 +0300] "GET /public/images/haberler/2022/03/bursa-osmangazide-kacak-hobi-evi-operasyonu-QheBuY4u.jpg HTTP/1.1" 302 225 "-" "Mozilla/5.0 AppleWebKit/537.36 (KHTML, like Gecko; compatible; ClaudeBot/1.0; +claudebot@anthropic.com)"
52.202.233.37 - - [26/May/2026:15:40:07 +0300] "GET /etiketler/ebru-salli-haberleri HTTP/1.1" 200 5580 "-" "Mozilla/5.0 AppleWebKit/537.36 (KHTML, like Gecko; compatible; Amazonbot/0.1; +https://developer.amazon.com/support/amazonbot) Chrome/119.0.6045.214 Safari/537.36"
216.73.217.145 - - [26/May/2026:15:40:07 +0300] "GET /images/haberler/2022/01/taksi-ucuruma-yuvarlandi-3-yarali-0-sMu2Q9Hr.jpg HTTP/1.1" 302 219 "-" "Mozilla/5.0 AppleWebKit/537.36 (KHTML, like Gecko; compatible; ClaudeBot/1.0; +claudebot@anthropic.com)"
2a03:2880:f806:11:: - - [26/May/2026:15:40:07 +0300] "GET /404 HTTP/1.1" 302 215 "-" "meta-externalagent/1.1 (+https://developers.facebook.com/docs/sharing/webmasters/crawler)"
216.73.217.145 - - [26/May/2026:15:40:07 +0300] "GET /public HTTP/1.1" 301 795 "https://yeniistiklal.com/public/404" "Mozilla/5.0 AppleWebKit/537.36 (KHTML, like Gecko; compatible; ClaudeBot/1.0; +claudebot@anthropic.com)"
2a03:2880:f806:1f:: - - [26/May/2026:15:40:09 +0300] "GET / HTTP/1.1" 200 17084 "-" "meta-externalagent/1.1 (+https://developers.facebook.com/docs/sharing/webmasters/crawler)"
216.73.217.145 - - [26/May/2026:15:40:07 +0300] "GET /404 HTTP/1.1" 302 215 "https://yeniistiklal.com/images/haberler/2022/01/kredi-karti-faizleri-degisti-A8UDcgZV.jpg" "Mozilla/5.0 AppleWebKit/537.36 (KHTML, like Gecko; compatible; ClaudeBot/1.0; +claudebot@anthropic.com)"
216.73.217.145 - - [26/May/2026:15:40:07 +0300] "GET /public HTTP/1.1" 301 795 "https://yeniistiklal.com/public/404" "Mozilla/5.0 AppleWebKit/537.36 (KHTML, like Gecko; compatible; ClaudeBot/1.0; +claudebot@anthropic.com)"
216.73.217.145 - - [26/May/2026:15:40:07 +0300] "GET /public/404 HTTP/1.1" 302 220 "https://yeniistiklal.com/public/images/haberler/2022/10/uez-2022de-gelecekte-mobilitenin-nasil-sekillenecegi-ele-alindi-Dz5dVR8F.jpg" "Mozilla/5.0 AppleWebKit/537.36 (KHTML, like Gecko; compatible; ClaudeBot/1.0; +claudebot@anthropic.com)"
216.73.217.145 - - [26/May/2026:15:40:07 +0300] "GET /public/haber/cumhuriyet-ciftlikleri-ile-ata-tohumlari-hayat-buluyor-517662 HTTP/1.1" 200 14367 "-" "Mozilla/5.0 AppleWebKit/537.36 (KHTML, like Gecko; compatible; ClaudeBot/1.0; +claudebot@anthropic.com)"
216.73.217.145 - - [26/May/2026:15:40:07 +0300] "GET /404 HTTP/1.1" 302 215 "https://yeniistiklal.com/images/haberler/2022/05/torbalida-yoruk-senligi-coskusu-8F3chXHy.jpg" "Mozilla/5.0 AppleWebKit/537.36 (KHTML, like Gecko; compatible; ClaudeBot/1.0; +claudebot@anthropic.com)"
216.73.217.145 - - [26/May/2026:15:40:07 +0300] "GET /public/ HTTP/1.1" 200 17184 "https://yeniistiklal.com/public" "Mozilla/5.0 AppleWebKit/537.36 (KHTML, like Gecko; compatible; ClaudeBot/1.0; +claudebot@anthropic.com)"
216.73.217.145 - - [26/May/2026:15:40:07 +0300] "GET /public HTTP/1.1" 301 795 "https://yeniistiklal.com/public/404" "Mozilla/5.0 AppleWebKit/537.36 (KHTML, like Gecko; compatible; ClaudeBot/1.0; +claudebot@anthropic.com)"
216.73.217.145 - - [26/May/2026:15:40:07 +0300] "GET /public/ HTTP/1.1" 200 17193 "https://yeniistiklal.com/public" "Mozilla/5.0 AppleWebKit/537.36 (KHTML, like Gecko; compatible; ClaudeBot/1.0; +claudebot@anthropic.com)"
216.73.217.145 - - [26/May/2026:15:40:07 +0300] "GET /public/404 HTTP/1.1" 302 220 "https://yeniistiklal.com/public/images/haberler/2022/03/bursa-osmangazide-kacak-hobi-evi-operasyonu-QheBuY4u.jpg" "Mozilla/5.0 AppleWebKit/537.36 (KHTML, like Gecko; compatible; ClaudeBot/1.0; +claudebot@anthropic.com)"
216.73.217.145 - - [26/May/2026:15:40:07 +0300] "GET /404 HTTP/1.1" 302 215 "https://yeniistiklal.com/images/haberler/2022/01/taksi-ucuruma-yuvarlandi-3-yarali-0-sMu2Q9Hr.jpg" "Mozilla/5.0 AppleWebKit/537.36 (KHTML, like Gecko; compatible; ClaudeBot/1.0; +claudebot@anthropic.com)"
216.73.217.145 - - [26/May/2026:15:40:07 +0300] "GET /public/ HTTP/1.1" 200 17196 "https://yeniistiklal.com/public" "Mozilla/5.0 AppleWebKit/537.36 (KHTML, like Gecko; compatible; ClaudeBot/1.0; +claudebot@anthropic.com)"
44.209.187.99 - - [26/May/2026:15:40:09 +0300] "GET /public/index.php/etiketler/genetik-haberleri HTTP/1.1" 200 5695 "-" "Mozilla/5.0 AppleWebKit/537.36 (KHTML, like Gecko; compatible; Amazonbot/0.1; +https://developer.amazon.com/support/amazonbot) Chrome/119.0.6045.214 Safari/537.36"
54.223.105.178 - - [26/May/2026:15:40:10 +0300] "GET /404 HTTP/1.1" 302 215 "-" "Mozilla/5.0 (compatible; crawler)"
52.203.237.170 - - [26/May/2026:15:40:13 +0300] "GET /public/index.php/haber/cumhuriyet-kupasinda-muhtesem-final-546821 HTTP/1.1" 200 14045 "-" "Mozilla/5.0 AppleWebKit/537.36 (KHTML, like Gecko; compatible; Amazonbot/0.1; +https://developer.amazon.com/support/amazonbot) Chrome/119.0.6045.214 Safari/537.36"
52.202.233.37 - - [26/May/2026:15:40:14 +0300] "GET /public/images/haberler/2022/09/uluslararasi-hizmette-tasimacilik-basi-cekti-1BLO5Mfl.jpg HTTP/1.1" 302 225 "-" "Mozilla/5.0 AppleWebKit/537.36 (KHTML, like Gecko; compatible; Amazonbot/0.1; +https://developer.amazon.com/support/amazonbot) Chrome/119.0.6045.214 Safari/537.36"
54.223.105.178 - - [26/May/2026:15:40:09 +0300] "GET /images/haberler/2022/06/memduh-buyukkilictan-gazi-askere-ziyaret-8xjnvnK8.jpg HTTP/1.1" 302 219 "-" "Mozilla/5.0 (compatible; crawler)"
185.191.171.14 - - [26/May/2026:15:40:10 +0300] "GET /haber/narkotik-ekipleri-zehir-tacirlerine-aman-vermiyor-504586 HTTP/1.1" 200 13469 "-" "Mozilla/5.0 (compatible; SemrushBot/7~bl; +http://www.semrush.com/bot.html)"
54.223.105.178 - - [26/May/2026:15:40:11 +0300] "GET / HTTP/1.1" 200 17065 "-" "Mozilla/5.0 (compatible; crawler)"
23.23.104.107 - - [26/May/2026:15:40:11 +0300] "GET /public/haber/uluslararasi-hizmette-tasimacilik-basi-cekti-541697 HTTP/1.1" 200 14381 "-" "Mozilla/5.0 AppleWebKit/537.36 (KHTML, like Gecko; compatible; Amazonbot/0.1; +https://developer.amazon.com/support/amazonbot) Chrome/119.0.6045.214 Safari/537.36"
157.55.39.200 - - [26/May/2026:15:40:12 +0300] "GET /haber/16-18-yas-grubunda-turkovac-uygulamasi-basladi-493149 HTTP/1.1" 200 14649 "-" "Mozilla/5.0 AppleWebKit/537.36 (KHTML, like Gecko; compatible; bingbot/2.0; +http://www.bing.com/bingbot.htm) Chrome/116.0.1938.76 Safari/537.36"
184.73.167.217 - - [26/May/2026:15:40:15 +0300] "GET /public/haber/metaversede-artan-taciz-olaylarina-karsi-yeni-ozellik-486417 HTTP/1.1" 200 14479 "-" "Mozilla/5.0 AppleWebKit/537.36 (KHTML, like Gecko; compatible; Amazonbot/0.1; +https://developer.amazon.com/support/amazonbot) Chrome/119.0.6045.214 Safari/537.36"
2a03:2880:f806:4d:: - - [26/May/2026:15:40:16 +0300] "GET /images/haberler/2022/06/izmir-buyuksehir-belediyesinden-bir-oncu-adim-daha-iFlFredM.jpg HTTP/1.1" 302 219 "-" "meta-externalagent/1.1 (+https://developers.facebook.com/docs/sharing/webmasters/crawler)"
40.77.167.41 - - [26/May/2026:15:40:17 +0300] "GET /haber/-495899 HTTP/1.1" 302 219 "-" "Mozilla/5.0 AppleWebKit/537.36 (KHTML, like Gecko; compatible; bingbot/2.0; +http://www.bing.com/bingbot.htm) Chrome/116.0.1938.76 Safari/537.36"
2a03:2880:f806:52:: - - [26/May/2026:15:40:19 +0300] "GET / HTTP/1.1" 200 17082 "-" "meta-externalagent/1.1 (+https://developers.facebook.com/docs/sharing/webmasters/crawler)"
62.244.225.226 - - [26/May/2026:15:40:19 +0300] "GET /rss/haber-feed.xml HTTP/1.1" 200 169906 "https://yeniistiklal.com/rss/haber-feed.xml" "Mozilla/5.0 (Windows NT 6.1; WOW64; rv:40.0) Gecko/20100101 Firefox/40.0"
34.239.197.197 - - [26/May/2026:15:40:21 +0300] "GET /public/index.php/haber/manisa-akhisarda-zeytinliova-sakinlerini-dinlediler-523598 HTTP/1.1" 200 13953 "-" "Mozilla/5.0 AppleWebKit/537.36 (KHTML, like Gecko; compatible; Amazonbot/0.1; +https://developer.amazon.com/support/amazonbot) Chrome/119.0.6045.214 Safari/537.36"
2a03:2880:f806:10:: - - [26/May/2026:15:40:21 +0300] "GET /haber/prof-dr-kursat-sahin-yildirimerden-carpici-uyari-otizm-tanisi-mi-temas-eksikligi-mi-552146 HTTP/1.1" 200 15699 "-" "meta-externalagent/1.1 (+https://developers.facebook.com/docs/sharing/webmasters/crawler)"
87.250.224.3 - - [26/May/2026:15:40:21 +0300] "GET /haber/daha-17de-manifest-surprizi-552365 HTTP/1.1" 200 14051 "-" "Mozilla/5.0 (compatible; YandexBot/3.0; +http://yandex.com/bots)"
216.73.217.145 - - [26/May/2026:15:40:22 +0300] "GET /images/haberler/2022/09/mia-anaokullari-ailesi-merak-eden-yaratici-cocuklar-yetistirmek-icin-hazir-S3wa494e.jpg HTTP/1.1" 302 224 "-" "Mozilla/5.0 AppleWebKit/537.36 (KHTML, like Gecko; compatible; ClaudeBot/1.0; +claudebot@anthropic.com)"
216.73.217.145 - - [26/May/2026:15:40:22 +0300] "GET /images/haberler/2022/09/enerji-faturasi-kabariyor-tasarruf-ve-isi-yalitimi-sart-5sjf4SUe.jpg HTTP/1.1" 302 224 "-" "Mozilla/5.0 AppleWebKit/537.36 (KHTML, like Gecko; compatible; ClaudeBot/1.0; +claudebot@anthropic.com)"
216.73.217.145 - - [26/May/2026:15:40:23 +0300] "GET /images/haberler/2022/10/eskisehir-tasarim-ve-inovasyon-merkezi-etimbakan-varankin-katilimiyla-acildi-NU8Z8RtO.jpg HTTP/1.1" 302 224 "-" "Mozilla/5.0 AppleWebKit/537.36 (KHTML, like Gecko; compatible; ClaudeBot/1.0; +claudebot@anthropic.com)"
23.21.148.226 - - [26/May/2026:15:40:15 +0300] "GET /public/index.php/images/haberler/2022/10/cumhuriyet-kupasinda-muhtesem-final-jVFhvzxm.jpg HTTP/1.1" 302 238 "-" "Mozilla/5.0 AppleWebKit/537.36 (KHTML, like Gecko; compatible; Amazonbot/0.1; +https://developer.amazon.com/support/amazonbot) Chrome/119.0.6045.214 Safari/537.36"
23.23.137.202 - - [26/May/2026:15:40:17 +0300] "GET /public/index.php/etiketler/kiraz-festivali-haberleri HTTP/1.1" 200 5659 "-" "Mozilla/5.0 AppleWebKit/537.36 (KHTML, like Gecko; compatible; Amazonbot/0.1; +https://developer.amazon.com/support/amazonbot) Chrome/119.0.6045.214 Safari/537.36"
2a03:2880:f806:28:: - - [26/May/2026:15:40:17 +0300] "GET /404 HTTP/1.1" 302 215 "-" "meta-externalagent/1.1 (+https://developers.facebook.com/docs/sharing/webmasters/crawler)"
40.77.167.41 - - [26/May/2026:15:40:18 +0300] "GET /404 HTTP/1.1" 302 215 "-" "Mozilla/5.0 AppleWebKit/537.36 (KHTML, like Gecko; compatible; bingbot/2.0; +http://www.bing.com/bingbot.htm) Chrome/116.0.1938.76 Safari/537.36"
44.218.6.93 - - [26/May/2026:15:40:18 +0300] "GET /public/images/haberler/2022/02/metaversede-artan-taciz-olaylarina-karsi-yeni-ozellik-6qbCCpb2.jpg HTTP/1.1" 302 225 "-" "Mozilla/5.0 AppleWebKit/537.36 (KHTML, like Gecko; compatible; Amazonbot/0.1; +https://developer.amazon.com/support/amazonbot) Chrome/119.0.6045.214 Safari/537.36"
62.244.225.226 - - [26/May/2026:15:40:18 +0300] "GET /sitemap.xml HTTP/1.1" 200 201 "https://yeniistiklal.com/sitemap.xml" "Mozilla/5.0 (Windows NT 10.0; WOW64) AppleWebKit/537.36 (KHTML, like Gecko) Chrome/45.0.2454.85 Safari/537.36"
44.221.180.179 - - [26/May/2026:15:40:19 +0300] "GET /public/haber/akpli-ozkan-mujde-diye-duyurmustu-ama-erdoganin-imzasiyla-kamulastirildi-500550 HTTP/1.1" 200 14906 "-" "Mozilla/5.0 AppleWebKit/537.36 (KHTML, like Gecko; compatible; Amazonbot/0.1; +https://developer.amazon.com/support/amazonbot) Chrome/119.0.6045.214 Safari/537.36"
87.250.224.97 - - [26/May/2026:15:40:22 +0300] "GET /rss/genel-0 HTTP/1.1" 200 169906 "-" "Mozilla/5.0 (compatible; YandexBot/3.0; +http://yandex.com/bots)"
52.4.76.156 - - [26/May/2026:15:40:22 +0300] "GET /public/images/haberler/2022/03/akpli-ozkan-mujde-diye-duyurmustu-ama-erdoganin-imzasiyla-kamulastirildi-ZVDw93HH.jpg HTTP/1.1" 302 225 "-" "Mozilla/5.0 AppleWebKit/537.36 (KHTML, like Gecko; compatible; Amazonbot/0.1; +https://developer.amazon.com/support/amazonbot) Chrome/119.0.6045.214 Safari/537.36"
213.180.203.135 - - [26/May/2026:15:40:22 +0300] "GET /public/rss/genel-0 HTTP/1.1" 200 169997 "-" "Mozilla/5.0 (compatible; YandexBot/3.0; +http://yandex.com/bots)"
216.73.217.145 - - [26/May/2026:15:40:23 +0300] "GET /public/index.php/images/haberler/2022/08/yuzme-havuzu-ve-cok-amacli-spor-salonu-ihaleye-cikiyor-rSZtpr56.jpg HTTP/1.1" 302 238 "-" "Mozilla/5.0 AppleWebKit/537.36 (KHTML, like Gecko; compatible; ClaudeBot/1.0; +claudebot@anthropic.com)"
34.231.45.47 - - [26/May/2026:15:40:23 +0300] "GET /haber/defterdar-gezerden-manisa-buyuksehire-veda-ziyareti-509440 HTTP/1.1" 200 13650 "-" "Mozilla/5.0 AppleWebKit/537.36 (KHTML, like Gecko; compatible; Amazonbot/0.1; +https://developer.amazon.com/support/amazonbot) Chrome/119.0.6045.214 Safari/537.36"
216.73.217.145 - - [26/May/2026:15:40:23 +0300] "GET /images/haberler/2022/09/osteoporotik-omurga-kiriklara-erken-mudahale-edilmezse-daha-buyuk-sorunlara-neden-olabilir-QbAQ3jTf.jpg HTTP/1.1" 302 224 "-" "Mozilla/5.0 AppleWebKit/537.36 (KHTML, like Gecko; compatible; ClaudeBot/1.0; +claudebot@anthropic.com)"
216.73.217.145 - - [26/May/2026:15:40:23 +0300] "GET /public/index.php/images/haberler/2022/06/vodafone-business-sd-wan-ile-dijitallesen-sirketlerin-yenilikci-ag-yonetim-ihtiyaclarini-karsiliyor-qUWmbRRY.jpg HTTP/1.1" 302 238 "-" "Mozilla/5.0 AppleWebKit/537.36 (KHTML, like Gecko; compatible; ClaudeBot/1.0; +claudebot@anthropic.com)"
216.73.217.145 - - [26/May/2026:15:40:23 +0300] "GET /404 HTTP/1.1" 302 219 "https://www.yeniistiklal.com/images/haberler/2022/09/mia-anaokullari-ailesi-merak-eden-yaratici-cocuklar-yetistirmek-icin-hazir-S3wa494e.jpg" "Mozilla/5.0 AppleWebKit/537.36 (KHTML, like Gecko; compatible; ClaudeBot/1.0; +claudebot@anthropic.com)"
216.73.217.145 - - [26/May/2026:15:40:23 +0300] "GET /404 HTTP/1.1" 302 219 "https://www.yeniistiklal.com/images/haberler/2022/09/enerji-faturasi-kabariyor-tasarruf-ve-isi-yalitimi-sart-5sjf4SUe.jpg" "Mozilla/5.0 AppleWebKit/537.36 (KHTML, like Gecko; compatible; ClaudeBot/1.0; +claudebot@anthropic.com)"
216.73.217.145 - - [26/May/2026:15:40:23 +0300] "GET /images/haberler/2022/09/tarimsal-girdi-fiyat-endeksi-tarim-gfe-yillik-yuzde-13341-aylik-yuzde-131-artti-hvOsFkfF.jpg HTTP/1.1" 302 224 "-" "Mozilla/5.0 AppleWebKit/537.36 (KHTML, like Gecko; compatible; ClaudeBot/1.0; +claudebot@anthropic.com)"
216.73.217.145 - - [26/May/2026:15:40:23 +0300] "GET /404 HTTP/1.1" 302 219 "https://www.yeniistiklal.com/images/haberler/2022/10/eskisehir-tasarim-ve-inovasyon-merkezi-etimbakan-varankin-katilimiyla-acildi-NU8Z8RtO.jpg" "Mozilla/5.0 AppleWebKit/537.36 (KHTML, like Gecko; compatible; ClaudeBot/1.0; +claudebot@anthropic.com)"
216.73.217.145 - - [26/May/2026:15:40:23 +0300] "GET /public/index.php/404 HTTP/1.1" 302 232 "https://www.yeniistiklal.com/public/index.php/images/haberler/2022/08/yuzme-havuzu-ve-cok-amacli-spor-salonu-ihaleye-cikiyor-rSZtpr56.jpg" "Mozilla/5.0 AppleWebKit/537.36 (KHTML, like Gecko; compatible; ClaudeBot/1.0; +claudebot@anthropic.com)"
216.73.217.145 - - [26/May/2026:15:40:23 +0300] "GET /404 HTTP/1.1" 302 219 "https://www.yeniistiklal.com/images/haberler/2022/09/tarimsal-girdi-fiyat-endeksi-tarim-gfe-yillik-yuzde-13341-aylik-yuzde-131-artti-hvOsFkfF.jpg" "Mozilla/5.0 AppleWebKit/537.36 (KHTML, like Gecko; compatible; ClaudeBot/1.0; +claudebot@anthropic.com)"
98.82.107.102 - - [26/May/2026:15:40:23 +0300] "GET /public/index.php/images/haberler/2022/06/manisa-akhisarda-zeytinliova-sakinlerini-dinlediler-Buyz2HTG.jpg HTTP/1.1" 302 238 "-" "Mozilla/5.0 AppleWebKit/537.36 (KHTML, like Gecko; compatible; Amazonbot/0.1; +https://developer.amazon.com/support/amazonbot) Chrome/119.0.6045.214 Safari/537.36"
216.73.217.145 - - [26/May/2026:15:40:23 +0300] "GET /public/index.php/images/haberler/2022/08/kazanci-holding-ve-istiraki-aksa-enerji-yonetim-kadrosunu-naci-agbal-ile-guclendirdi-7TTs66iQ.jpg HTTP/1.1" 302 238 "-" "Mozilla/5.0 AppleWebKit/537.36 (KHTML, like Gecko; compatible; ClaudeBot/1.0; +claudebot@anthropic.com)"
216.73.217.145 - - [26/May/2026:15:40:23 +0300] "GET /public/index.php/404 HTTP/1.1" 302 232 "https://www.yeniistiklal.com/public/index.php/images/haberler/2022/08/kazanci-holding-ve-istiraki-aksa-enerji-yonetim-kadrosunu-naci-agbal-ile-guclendirdi-7TTs66iQ.jpg" "Mozilla/5.0 AppleWebKit/537.36 (KHTML, like Gecko; compatible; ClaudeBot/1.0; +claudebot@anthropic.com)"
216.73.217.145 - - [26/May/2026:15:40:23 +0300] "GET /404 HTTP/1.1" 302 219 "https://www.yeniistiklal.com/images/haberler/2022/09/spotify-ea-sports-is-birligi-ile-fifa-23un-resmi-soundtrackini-duyurdu-P5upTc3E.jpg" "Mozilla/5.0 AppleWebKit/537.36 (KHTML, like Gecko; compatible; ClaudeBot/1.0; +claudebot@anthropic.com)"
216.73.217.145 - - [26/May/2026:15:40:23 +0300] "GET /public/index.php/images/haberler/2022/01/chpli-zeynel-emre-tazminatlar-fetonun-savcilarina-rucu-ettirildi-mi-x5z9x5TB.jpg HTTP/1.1" 302 238 "-" "Mozilla/5.0 AppleWebKit/537.36 (KHTML, like Gecko; compatible; ClaudeBot/1.0; +claudebot@anthropic.com)"
216.73.217.145 - - [26/May/2026:15:40:23 +0300] "GET /404 HTTP/1.1" 302 219 "https://www.yeniistiklal.com/images/haberler/2022/09/uzmanindan-ailelere-uyari-yuksek-sesle-televizyon-izleyen-cocuklarda-isitme-kaybi-olabilir-lxLkj3nF.jpg" "Mozilla/5.0 AppleWebKit/537.36 (KHTML, like Gecko; compatible; ClaudeBot/1.0; +claudebot@anthropic.com)"
216.73.217.145 - - [26/May/2026:15:40:23 +0300] "GET /404 HTTP/1.1" 302 219 "https://www.yeniistiklal.com/images/haberler/2022/09/osteoporotik-omurga-kiriklara-erken-mudahale-edilmezse-daha-buyuk-sorunlara-neden-olabilir-QbAQ3jTf.jpg" "Mozilla/5.0 AppleWebKit/537.36 (KHTML, like Gecko; compatible; ClaudeBot/1.0; +claudebot@anthropic.com)"
213.180.203.105 - - [26/May/2026:15:40:23 +0300] "GET /public/haber/daha-17de-manifest-surprizi-552365 HTTP/1.1" 200 14070 "-" "Mozilla/5.0 (compatible; YandexBot/3.0; +http://yandex.com/bots)"
216.73.217.145 - - [26/May/2026:15:40:23 +0300] "GET /public/index.php/404 HTTP/1.1" 302 232 "https://www.yeniistiklal.com/public/index.php/images/haberler/2022/06/vodafone-business-sd-wan-ile-dijitallesen-sirketlerin-yenilikci-ag-yonetim-ihtiyaclarini-karsiliyor-qUWmbRRY.jpg" "Mozilla/5.0 AppleWebKit/537.36 (KHTML, like Gecko; compatible; ClaudeBot/1.0; +claudebot@anthropic.com)"
216.73.217.145 - - [26/May/2026:15:40:23 +0300] "GET /public/index.php HTTP/1.1" 200 17291 "https://www.yeniistiklal.com/public/index.php/404" "Mozilla/5.0 AppleWebKit/537.36 (KHTML, like Gecko; compatible; ClaudeBot/1.0; +claudebot@anthropic.com)"
216.73.217.145 - - [26/May/2026:15:40:23 +0300] "GET /images/haberler/2022/09/spotify-ea-sports-is-birligi-ile-fifa-23un-resmi-soundtrackini-duyurdu-P5upTc3E.jpg HTTP/1.1" 302 224 "-" "Mozilla/5.0 AppleWebKit/537.36 (KHTML, like Gecko; compatible; ClaudeBot/1.0; +claudebot@anthropic.com)"
216.73.217.145 - - [26/May/2026:15:40:23 +0300] "GET /images/haberler/2022/09/uzmanindan-ailelere-uyari-yuksek-sesle-televizyon-izleyen-cocuklarda-isitme-kaybi-olabilir-lxLkj3nF.jpg HTTP/1.1" 302 224 "-" "Mozilla/5.0 AppleWebKit/537.36 (KHTML, like Gecko; compatible; ClaudeBot/1.0; +claudebot@anthropic.com)"
216.73.217.145 - - [26/May/2026:15:40:23 +0300] "GET /public/index.php HTTP/1.1" 200 17292 "https://www.yeniistiklal.com/public/index.php/404" "Mozilla/5.0 AppleWebKit/537.36 (KHTML, like Gecko; compatible; ClaudeBot/1.0; +claudebot@anthropic.com)"
216.73.217.145 - - [26/May/2026:15:40:23 +0300] "GET /public/index.php/images/haberler/2022/01/pekerin-rusvet-tuzagi-iddiasiyla-gundeme-gelmisti-erdogan-bedros-sirinogluyla-gorustu-YCCivOg7.jpg HTTP/1.1" 302 238 "-" "Mozilla/5.0 AppleWebKit/537.36 (KHTML, like Gecko; compatible; ClaudeBot/1.0; +claudebot@anthropic.com)"
216.73.217.145 - - [26/May/2026:15:40:24 +0300] "GET /public/index.php/404 HTTP/1.1" 302 232 "https://www.yeniistiklal.com/public/index.php/images/haberler/2022/01/chpli-zeynel-emre-tazminatlar-fetonun-savcilarina-rucu-ettirildi-mi-x5z9x5TB.jpg" "Mozilla/5.0 AppleWebKit/537.36 (KHTML, like Gecko; compatible; ClaudeBot/1.0; +claudebot@anthropic.com)"
216.73.217.145 - - [26/May/2026:15:40:24 +0300] "GET /images/haberler/2022/01/oryantalin-kralicesi-didem-kinali-konuk-oluyor-muge-ve-gulsen-le-2-sayfa-86-bolum.jpg HTTP/1.1" 302 224 "-" "Mozilla/5.0 AppleWebKit/537.36 (KHTML, like Gecko; compatible; ClaudeBot/1.0; +claudebot@anthropic.com)"
216.73.217.145 - - [26/May/2026:15:40:24 +0300] "GET /public/index.php HTTP/1.1" 200 17286 "https://www.yeniistiklal.com/public/index.php/404" "Mozilla/5.0 AppleWebKit/537.36 (KHTML, like Gecko; compatible; ClaudeBot/1.0; +claudebot@anthropic.com)"
216.73.217.145 - - [26/May/2026:15:40:24 +0300] "GET /images/haberler/2022/09/egeli-akademisyen-ve-uluslararasi-hakem-mehmet-inceye-figden-altin-diploma-odulu-xMLfHxfW.jpg HTTP/1.1" 302 224 "-" "Mozilla/5.0 AppleWebKit/537.36 (KHTML, like Gecko; compatible; ClaudeBot/1.0; +claudebot@anthropic.com)"
216.73.217.145 - - [26/May/2026:15:40:24 +0300] "GET /public/index.php HTTP/1.1" 200 17289 "https://www.yeniistiklal.com/public/index.php/404" "Mozilla/5.0 AppleWebKit/537.36 (KHTML, like Gecko; compatible; ClaudeBot/1.0; +claudebot@anthropic.com)"
216.73.217.145 - - [26/May/2026:15:40:23 +0300] "GET /public/index.php HTTP/1.1" 200 17290 "https://www.yeniistiklal.com/public/index.php/404" "Mozilla/5.0 AppleWebKit/537.36 (KHTML, like Gecko; compatible; ClaudeBot/1.0; +claudebot@anthropic.com)"
216.73.217.145 - - [26/May/2026:15:40:24 +0300] "GET /haber/bosch-otomotiv-yedek-parca-tum-guc-aktarma-mekanizmasi-turlerinde-calisan-yeni-test-ve-diyagnoz-ekipmanlari-sunuyor-540776 HTTP/1.1" 200 16534 "-" "Mozilla/5.0 AppleWebKit/537.36 (KHTML, like Gecko; compatible; ClaudeBot/1.0; +claudebot@anthropic.com)"
216.73.217.145 - - [26/May/2026:15:40:24 +0300] "GET /public/index.php/404 HTTP/1.1" 302 232 "https://www.yeniistiklal.com/public/index.php/images/haberler/2022/01/pekerin-rusvet-tuzagi-iddiasiyla-gundeme-gelmisti-erdogan-bedros-sirinogluyla-gorustu-YCCivOg7.jpg" "Mozilla/5.0 AppleWebKit/537.36 (KHTML, like Gecko; compatible; ClaudeBot/1.0; +claudebot@anthropic.com)"
216.73.217.145 - - [26/May/2026:15:40:24 +0300] "GET /404 HTTP/1.1" 302 219 "https://www.yeniistiklal.com/images/haberler/2022/01/oryantalin-kralicesi-didem-kinali-konuk-oluyor-muge-ve-gulsen-le-2-sayfa-86-bolum.jpg" "Mozilla/5.0 AppleWebKit/537.36 (KHTML, like Gecko; compatible; ClaudeBot/1.0; +claudebot@anthropic.com)"
87.250.224.103 - - [26/May/2026:15:40:24 +0300] "GET /rss/sinema-11 HTTP/1.1" 200 21504 "-" "Mozilla/5.0 (compatible; YandexBot/3.0; +http://yandex.com/bots)"
216.73.217.145 - - [26/May/2026:15:40:24 +0300] "GET /public/index.php/images/haberler/2022/02/erdoganla-ilgili-paylasimlari-sonrasi-gozaltina-alinanlarla-ilgili-yeni-gelisme-fw7SSsGt.jpg HTTP/1.1" 302 238 "-" "Mozilla/5.0 AppleWebKit/537.36 (KHTML, like Gecko; compatible; ClaudeBot/1.0; +claudebot@anthropic.com)"
216.73.217.145 - - [26/May/2026:15:40:24 +0300] "GET /404 HTTP/1.1" 302 219 "https://www.yeniistiklal.com/images/haberler/2023/03/turkiye-imsad-dis-ticaret-endeksi-sonuclarini-aciklandi-insaat-malzemeleri-ihracati-ocakta-224-milyar-dolar-oldu-1678705153.jpg" "Mozilla/5.0 AppleWebKit/537.36 (KHTML, like Gecko; compatible; ClaudeBot/1.0; +claudebot@anthropic.com)"
216.73.217.145 - - [26/May/2026:15:40:24 +0300] "GET /public/index.php/404 HTTP/1.1" 302 232 "https://www.yeniistiklal.com/public/index.php/images/haberler/2022/02/erdoganla-ilgili-paylasimlari-sonrasi-gozaltina-alinanlarla-ilgili-yeni-gelisme-fw7SSsGt.jpg" "Mozilla/5.0 AppleWebKit/537.36 (KHTML, like Gecko; compatible; ClaudeBot/1.0; +claudebot@anthropic.com)"
216.73.217.145 - - [26/May/2026:15:40:24 +0300] "GET /public/index.php HTTP/1.1" 200 17291 "https://www.yeniistiklal.com/public/index.php/404" "Mozilla/5.0 AppleWebKit/537.36 (KHTML, like Gecko; compatible; ClaudeBot/1.0; +claudebot@anthropic.com)"
216.73.217.145 - - [26/May/2026:15:40:25 +0300] "GET /public/images/haberler/2022/05/yurt-ici-uretici-fiyat-endeksi-yi-ufe-yillik-12182-aylik-767-artti-VOQwmpWU.jpg HTTP/1.1" 302 225 "-" "Mozilla/5.0 AppleWebKit/537.36 (KHTML, like Gecko; compatible; ClaudeBot/1.0; +claudebot@anthropic.com)"
216.73.217.145 - - [26/May/2026:15:40:25 +0300] "GET /images/haberler/2022/04/keciorenin-yeni-uretim-noktasi-uzumsu-meyveler-bagi-DGwCn4MA.jpg HTTP/1.1" 302 219 "-" "Mozilla/5.0 AppleWebKit/537.36 (KHTML, like Gecko; compatible; ClaudeBot/1.0; +claudebot@anthropic.com)"
216.73.217.145 - - [26/May/2026:15:40:25 +0300] "GET /images/haberler/2022/02/abdnin-moskova-buyukelciliginden-vatandaslarina-ulkeyi-acilen-terk-edin-cagrisi-jxe96bID.jpg HTTP/1.1" 302 219 "-" "Mozilla/5.0 AppleWebKit/537.36 (KHTML, like Gecko; compatible; ClaudeBot/1.0; +claudebot@anthropic.com)"
216.73.217.145 - - [26/May/2026:15:40:25 +0300] "GET /public/404 HTTP/1.1" 302 220 "https://yeniistiklal.com/public/images/haberler/2022/05/yurt-ici-uretici-fiyat-endeksi-yi-ufe-yillik-12182-aylik-767-artti-VOQwmpWU.jpg" "Mozilla/5.0 AppleWebKit/537.36 (KHTML, like Gecko; compatible; ClaudeBot/1.0; +claudebot@anthropic.com)"
216.73.217.145 - - [26/May/2026:15:40:25 +0300] "GET /404 HTTP/1.1" 302 215 "https://yeniistiklal.com/images/haberler/2022/04/keciorenin-yeni-uretim-noktasi-uzumsu-meyveler-bagi-DGwCn4MA.jpg" "Mozilla/5.0 AppleWebKit/537.36 (KHTML, like Gecko; compatible; ClaudeBot/1.0; +claudebot@anthropic.com)"
216.73.217.145 - - [26/May/2026:15:40:25 +0300] "GET /public/404 HTTP/1.1" 302 220 "https://yeniistiklal.com/public/images/haberler/2022/09/huawei-teknolojileri-kalp-sagligi-takibine-yardimci-oluyor-G7BzT1HN.jpg" "Mozilla/5.0 AppleWebKit/537.36 (KHTML, like Gecko; compatible; ClaudeBot/1.0; +claudebot@anthropic.com)"
216.73.217.145 - - [26/May/2026:15:40:25 +0300] "GET /public/images/haberler/2022/02/resmi-olarak-ilk-adim-atildi-korsan-mac-yayinlayan-siteler-hakkinda-yeni-gelisme-BVPtN6sC.jpg HTTP/1.1" 302 225 "-" "Mozilla/5.0 AppleWebKit/537.36 (KHTML, like Gecko; compatible; ClaudeBot/1.0; +claudebot@anthropic.com)"
216.73.217.145 - - [26/May/2026:15:40:25 +0300] "GET /public/404 HTTP/1.1" 302 220 "https://yeniistiklal.com/public/images/haberler/2022/10/tursab-baskan-adayi-ali-bilir-canakkaleden-seslendi-her-ilin-kendi-dinamigini-yaratacagi-calismayi-sunacagiz-rlItcSPn.jpg" "Mozilla/5.0 AppleWebKit/537.36 (KHTML, like Gecko; compatible; ClaudeBot/1.0; +claudebot@anthropic.com)"
216.73.217.145 - - [26/May/2026:15:40:25 +0300] "GET /public HTTP/1.1" 301 795 "https://yeniistiklal.com/public/404" "Mozilla/5.0 AppleWebKit/537.36 (KHTML, like Gecko; compatible; ClaudeBot/1.0; +claudebot@anthropic.com)"
216.73.217.145 - - [26/May/2026:15:40:25 +0300] "GET /404 HTTP/1.1" 302 215 "https://yeniistiklal.com/images/haberler/2022/02/abdnin-moskova-buyukelciliginden-vatandaslarina-ulkeyi-acilen-terk-edin-cagrisi-jxe96bID.jpg" "Mozilla/5.0 AppleWebKit/537.36 (KHTML, like Gecko; compatible; ClaudeBot/1.0; +claudebot@anthropic.com)"
216.73.217.145 - - [26/May/2026:15:40:25 +0300] "GET /images/haberler/2022/02/ukrayna-sokaklarinda-dikkat-ceken-billboardlar-ivan-annen-ukraynalilari-oldurdugunu-biliyor-mu-xJuuIzc4.jpg HTTP/1.1" 302 219 "-" "Mozilla/5.0 AppleWebKit/537.36 (KHTML, like Gecko; compatible; ClaudeBot/1.0; +claudebot@anthropic.com)"
216.73.217.145 - - [26/May/2026:15:40:25 +0300] "GET /public/404 HTTP/1.1" 302 220 "https://yeniistiklal.com/public/images/haberler/2022/02/resmi-olarak-ilk-adim-atildi-korsan-mac-yayinlayan-siteler-hakkinda-yeni-gelisme-BVPtN6sC.jpg" "Mozilla/5.0 AppleWebKit/537.36 (KHTML, like Gecko; compatible; ClaudeBot/1.0; +claudebot@anthropic.com)"
216.73.217.145 - - [26/May/2026:15:40:25 +0300] "GET /public/ HTTP/1.1" 200 17201 "https://yeniistiklal.com/public" "Mozilla/5.0 AppleWebKit/537.36 (KHTML, like Gecko; compatible; ClaudeBot/1.0; +claudebot@anthropic.com)"
216.73.217.145 - - [26/May/2026:15:40:25 +0300] "GET /public/images/haberler/2022/02/bahceli-yine-rakamlarla-sifre-cozdu-iste-alti-ok-budur.jpg HTTP/1.1" 302 225 "-" "Mozilla/5.0 AppleWebKit/537.36 (KHTML, like Gecko; compatible; ClaudeBot/1.0; +claudebot@anthropic.com)"
216.73.217.145 - - [26/May/2026:15:40:25 +0300] "GET /public/404 HTTP/1.1" 302 220 "https://yeniistiklal.com/public/images/haberler/2022/10/anadolu-grubu-surdurulebilirlik-odakli-stratejik-donusumu-icin-vizyoner-hedeflerini-acikladi-tqVEnpnG.jpg" "Mozilla/5.0 AppleWebKit/537.36 (KHTML, like Gecko; compatible; ClaudeBot/1.0; +claudebot@anthropic.com)"
216.73.217.145 - - [26/May/2026:15:40:25 +0300] "GET /404 HTTP/1.1" 302 215 "https://yeniistiklal.com/images/haberler/2022/02/ukrayna-sokaklarinda-dikkat-ceken-billboardlar-ivan-annen-ukraynalilari-oldurdugunu-biliyor-mu-xJuuIzc4.jpg" "Mozilla/5.0 AppleWebKit/537.36 (KHTML, like Gecko; compatible; ClaudeBot/1.0; +claudebot@anthropic.com)"
216.73.217.145 - - [26/May/2026:15:40:25 +0300] "GET /public/ HTTP/1.1" 200 17199 "https://yeniistiklal.com/public" "Mozilla/5.0 AppleWebKit/537.36 (KHTML, like Gecko; compatible; ClaudeBot/1.0; +claudebot@anthropic.com)"
216.73.217.145 - - [26/May/2026:15:40:24 +0300] "GET /images/haberler/2023/03/turkiye-imsad-dis-ticaret-endeksi-sonuclarini-aciklandi-insaat-malzemeleri-ihracati-ocakta-224-milyar-dolar-oldu-1678705153.jpg HTTP/1.1" 302 224 "-" "Mozilla/5.0 AppleWebKit/537.36 (KHTML, like Gecko; compatible; ClaudeBot/1.0; +claudebot@anthropic.com)"
216.73.217.145 - - [26/May/2026:15:40:24 +0300] "GET /404 HTTP/1.1" 302 219 "https://www.yeniistiklal.com/images/haberler/2022/09/egeli-akademisyen-ve-uluslararasi-hakem-mehmet-inceye-figden-altin-diploma-odulu-xMLfHxfW.jpg" "Mozilla/5.0 AppleWebKit/537.36 (KHTML, like Gecko; compatible; ClaudeBot/1.0; +claudebot@anthropic.com)"
216.73.217.145 - - [26/May/2026:15:40:25 +0300] "GET /public/images/haberler/2022/09/huawei-teknolojileri-kalp-sagligi-takibine-yardimci-oluyor-G7BzT1HN.jpg HTTP/1.1" 302 225 "-" "Mozilla/5.0 AppleWebKit/537.36 (KHTML, like Gecko; compatible; ClaudeBot/1.0; +claudebot@anthropic.com)"
216.73.217.145 - - [26/May/2026:15:40:25 +0300] "GET /public/images/haberler/2022/10/tursab-baskan-adayi-ali-bilir-canakkaleden-seslendi-her-ilin-kendi-dinamigini-yaratacagi-calismayi-sunacagiz-rlItcSPn.jpg HTTP/1.1" 302 225 "-" "Mozilla/5.0 AppleWebKit/537.36 (KHTML, like Gecko; compatible; ClaudeBot/1.0; +claudebot@anthropic.com)"
216.73.217.145 - - [26/May/2026:15:40:25 +0300] "GET /public HTTP/1.1" 301 795 "https://yeniistiklal.com/public/404" "Mozilla/5.0 AppleWebKit/537.36 (KHTML, like Gecko; compatible; ClaudeBot/1.0; +claudebot@anthropic.com)"
98.83.94.113 - - [26/May/2026:15:40:25 +0300] "GET /public/index.php/haber/diyanet-isleri-baskani-ali-erbastan-flas-kripto-para-aciklamasi-488702 HTTP/1.1" 200 13984 "-" "Mozilla/5.0 AppleWebKit/537.36 (KHTML, like Gecko; compatible; Amazonbot/0.1; +https://developer.amazon.com/support/amazonbot) Chrome/119.0.6045.214 Safari/537.36"
216.73.217.145 - - [26/May/2026:15:40:25 +0300] "GET /public/images/haberler/2022/10/anadolu-grubu-surdurulebilirlik-odakli-stratejik-donusumu-icin-vizyoner-hedeflerini-acikladi-tqVEnpnG.jpg HTTP/1.1" 302 225 "-" "Mozilla/5.0 AppleWebKit/537.36 (KHTML, like Gecko; compatible; ClaudeBot/1.0; +claudebot@anthropic.com)"
216.73.217.145 - - [26/May/2026:15:40:25 +0300] "GET /public HTTP/1.1" 301 795 "https://yeniistiklal.com/public/404" "Mozilla/5.0 AppleWebKit/537.36 (KHTML, like Gecko; compatible; ClaudeBot/1.0; +claudebot@anthropic.com)"
216.73.217.145 - - [26/May/2026:15:40:25 +0300] "GET /public/ HTTP/1.1" 200 17182 "https://yeniistiklal.com/public" "Mozilla/5.0 AppleWebKit/537.36 (KHTML, like Gecko; compatible; ClaudeBot/1.0; +claudebot@anthropic.com)"
216.73.217.145 - - [26/May/2026:15:40:25 +0300] "GET /images/haberler/2022/01/ucaga-benzeyen-uzay-araci-yaptilar-turizm-odakli-degiliz-tcrq5RcE.jpg HTTP/1.1" 302 219 "-" "Mozilla/5.0 AppleWebKit/537.36 (KHTML, like Gecko; compatible; ClaudeBot/1.0; +claudebot@anthropic.com)"
216.73.217.145 - - [26/May/2026:15:40:25 +0300] "GET /public HTTP/1.1" 301 795 "https://yeniistiklal.com/public/404" "Mozilla/5.0 AppleWebKit/537.36 (KHTML, like Gecko; compatible; ClaudeBot/1.0; +claudebot@anthropic.com)"
216.73.217.145 - - [26/May/2026:15:40:26 +0300] "GET /public HTTP/1.1" 301 795 "https://yeniistiklal.com/public/404" "Mozilla/5.0 AppleWebKit/537.36 (KHTML, like Gecko; compatible; ClaudeBot/1.0; +claudebot@anthropic.com)"
216.73.217.145 - - [26/May/2026:15:40:26 +0300] "GET /public/404 HTTP/1.1" 302 220 "https://yeniistiklal.com/public/images/haberler/2022/02/bahceli-yine-rakamlarla-sifre-cozdu-iste-alti-ok-budur.jpg" "Mozilla/5.0 AppleWebKit/537.36 (KHTML, like Gecko; compatible; ClaudeBot/1.0; +claudebot@anthropic.com)"
216.73.217.145 - - [26/May/2026:15:40:26 +0300] "GET /public/images/haberler/2022/06/fordun-ikonik-modeli-focus-ilk-kez-hibrit-versiyonuyla-turkiyede-SZYZSRQ1.jpg HTTP/1.1" 302 225 "-" "Mozilla/5.0 AppleWebKit/537.36 (KHTML, like Gecko; compatible; ClaudeBot/1.0; +claudebot@anthropic.com)"
216.73.217.145 - - [26/May/2026:15:40:26 +0300] "GET /public HTTP/1.1" 301 795 "https://yeniistiklal.com/public/404" "Mozilla/5.0 AppleWebKit/537.36 (KHTML, like Gecko; compatible; ClaudeBot/1.0; +claudebot@anthropic.com)"
216.73.217.145 - - [26/May/2026:15:40:26 +0300] "GET /public/images/haberler/2022/03/xiaomi-mi-band-7-ozellikleri-nasil-olacak-iste-ilk-bilgiler-9sftr6Fm.jpg HTTP/1.1" 302 225 "-" "Mozilla/5.0 AppleWebKit/537.36 (KHTML, like Gecko; compatible; ClaudeBot/1.0; +claudebot@anthropic.com)"
216.73.217.145 - - [26/May/2026:15:40:26 +0300] "GET /public/404 HTTP/1.1" 302 220 "https://yeniistiklal.com/public/images/haberler/2022/10/adidas-originals-yeni-modelini-marka-dostlarinin-atildigi-partiyle-kutladi-7ifetSML.jpg" "Mozilla/5.0 AppleWebKit/537.36 (KHTML, like Gecko; compatible; ClaudeBot/1.0; +claudebot@anthropic.com)"
2a03:2880:f806:10:: - - [26/May/2026:15:40:26 +0300] "GET /images/haberler/2022/08/konut-ve-kira-fiyatlari-icin-yeni-hamle-MeqTcRRc.jpg HTTP/1.1" 302 219 "-" "meta-externalagent/1.1 (+https://developers.facebook.com/docs/sharing/webmasters/crawler)"
216.73.217.145 - - [26/May/2026:15:40:26 +0300] "GET /public/ HTTP/1.1" 200 17196 "https://yeniistiklal.com/public" "Mozilla/5.0 AppleWebKit/537.36 (KHTML, like Gecko; compatible; ClaudeBot/1.0; +claudebot@anthropic.com)"
216.73.217.145 - - [26/May/2026:15:40:26 +0300] "GET /public/images/haberler/2022/10/rektor-prof-dr-budak-ogrencilerimizi-nitelikli-bilim-insani-olarak-yetistirecegiz-q1fkRXIn.jpg HTTP/1.1" 302 225 "-" "Mozilla/5.0 AppleWebKit/537.36 (KHTML, like Gecko; compatible; ClaudeBot/1.0; +claudebot@anthropic.com)"
216.73.217.145 - - [26/May/2026:15:40:26 +0300] "GET /public/ HTTP/1.1" 200 17185 "https://yeniistiklal.com/public" "Mozilla/5.0 AppleWebKit/537.36 (KHTML, like Gecko; compatible; ClaudeBot/1.0; +claudebot@anthropic.com)"
216.73.217.145 - - [26/May/2026:15:40:26 +0300] "GET /public HTTP/1.1" 301 795 "https://yeniistiklal.com/public/404" "Mozilla/5.0 AppleWebKit/537.36 (KHTML, like Gecko; compatible; ClaudeBot/1.0; +claudebot@anthropic.com)"
216.73.217.145 - - [26/May/2026:15:40:26 +0300] "GET /public/haber/ozel-tiyatro-biletlerine-elektrik-zammi-etkisi-fiyatlar-3-4-katina-cikacak-489093 HTTP/1.1" 200 14435 "-" "Mozilla/5.0 AppleWebKit/537.36 (KHTML, like Gecko; compatible; ClaudeBot/1.0; +claudebot@anthropic.com)"
216.73.217.145 - - [26/May/2026:15:40:26 +0300] "GET /404 HTTP/1.1" 302 215 "https://yeniistiklal.com/images/haberler/2022/03/abd-bu-kez-pkk-li-teroristlere-tatbikatla-zirhli-arac-egitimi-verdi.jpg" "Mozilla/5.0 AppleWebKit/537.36 (KHTML, like Gecko; compatible; ClaudeBot/1.0; +claudebot@anthropic.com)"
216.73.217.145 - - [26/May/2026:15:40:26 +0300] "GET /galeri/diyarbakirli-unluler-kimler-diyarbakirli-olduklarini-ogrendiginizde-inanamayacaksiniz-oyuncu-muzisyen-iste-o-unluler-12?page=6 HTTP/1.1" 200 7840 "-" "Mozilla/5.0 AppleWebKit/537.36 (KHTML, like Gecko; compatible; ClaudeBot/1.0; +claudebot@anthropic.com)"
216.73.217.145 - - [26/May/2026:15:40:26 +0300] "GET /public/ HTTP/1.1" 200 17199 "https://yeniistiklal.com/public" "Mozilla/5.0 AppleWebKit/537.36 (KHTML, like Gecko; compatible; ClaudeBot/1.0; +claudebot@anthropic.com)"
216.73.217.145 - - [26/May/2026:15:40:26 +0300] "GET /public HTTP/1.1" 301 795 "https://yeniistiklal.com/public/404" "Mozilla/5.0 AppleWebKit/537.36 (KHTML, like Gecko; compatible; ClaudeBot/1.0; +claudebot@anthropic.com)"
216.73.217.145 - - [26/May/2026:15:40:26 +0300] "GET /public/ HTTP/1.1" 200 17196 "https://yeniistiklal.com/public" "Mozilla/5.0 AppleWebKit/537.36 (KHTML, like Gecko; compatible; ClaudeBot/1.0; +claudebot@anthropic.com)"
216.73.217.145 - - [26/May/2026:15:40:26 +0300] "GET /images/haberler/2022/02/tum-birikimiyle-aldigi-otomobilin-uzerine-balkon-coktu-pOf9p4xu.jpg HTTP/1.1" 302 219 "-" "Mozilla/5.0 AppleWebKit/537.36 (KHTML, like Gecko; compatible; ClaudeBot/1.0; +claudebot@anthropic.com)"
216.73.217.145 - - [26/May/2026:15:40:26 +0300] "GET /public/images/haberler/2022/10/adidas-originals-yeni-modelini-marka-dostlarinin-atildigi-partiyle-kutladi-7ifetSML.jpg HTTP/1.1" 302 225 "-" "Mozilla/5.0 AppleWebKit/537.36 (KHTML, like Gecko; compatible; ClaudeBot/1.0; +claudebot@anthropic.com)"
216.73.217.145 - - [26/May/2026:15:40:26 +0300] "GET /404 HTTP/1.1" 302 215 "https://yeniistiklal.com/images/haberler/2022/01/ucaga-benzeyen-uzay-araci-yaptilar-turizm-odakli-degiliz-tcrq5RcE.jpg" "Mozilla/5.0 AppleWebKit/537.36 (KHTML, like Gecko; compatible; ClaudeBot/1.0; +claudebot@anthropic.com)"
216.73.217.145 - - [26/May/2026:15:40:26 +0300] "GET /public/404 HTTP/1.1" 302 220 "https://yeniistiklal.com/public/images/haberler/2022/06/fordun-ikonik-modeli-focus-ilk-kez-hibrit-versiyonuyla-turkiyede-SZYZSRQ1.jpg" "Mozilla/5.0 AppleWebKit/537.36 (KHTML, like Gecko; compatible; ClaudeBot/1.0; +claudebot@anthropic.com)"
216.73.217.145 - - [26/May/2026:15:40:26 +0300] "GET /public/ HTTP/1.1" 200 17193 "https://yeniistiklal.com/public" "Mozilla/5.0 AppleWebKit/537.36 (KHTML, like Gecko; compatible; ClaudeBot/1.0; +claudebot@anthropic.com)"
216.73.217.145 - - [26/May/2026:15:40:26 +0300] "GET /public/404 HTTP/1.1" 302 220 "https://yeniistiklal.com/public/images/haberler/2022/03/xiaomi-mi-band-7-ozellikleri-nasil-olacak-iste-ilk-bilgiler-9sftr6Fm.jpg" "Mozilla/5.0 AppleWebKit/537.36 (KHTML, like Gecko; compatible; ClaudeBot/1.0; +claudebot@anthropic.com)"
216.73.217.145 - - [26/May/2026:15:40:26 +0300] "GET /images/haberler/2022/03/abd-bu-kez-pkk-li-teroristlere-tatbikatla-zirhli-arac-egitimi-verdi.jpg HTTP/1.1" 302 219 "-" "Mozilla/5.0 AppleWebKit/537.36 (KHTML, like Gecko; compatible; ClaudeBot/1.0; +claudebot@anthropic.com)"
216.73.217.145 - - [26/May/2026:15:40:26 +0300] "GET /public HTTP/1.1" 301 795 "https://yeniistiklal.com/public/404" "Mozilla/5.0 AppleWebKit/537.36 (KHTML, like Gecko; compatible; ClaudeBot/1.0; +claudebot@anthropic.com)"
216.73.217.145 - - [26/May/2026:15:40:26 +0300] "GET /public HTTP/1.1" 301 795 "https://yeniistiklal.com/public/404" "Mozilla/5.0 AppleWebKit/537.36 (KHTML, like Gecko; compatible; ClaudeBot/1.0; +claudebot@anthropic.com)"
216.73.217.145 - - [26/May/2026:15:40:26 +0300] "GET /public/ HTTP/1.1" 200 17195 "https://yeniistiklal.com/public" "Mozilla/5.0 AppleWebKit/537.36 (KHTML, like Gecko; compatible; ClaudeBot/1.0; +claudebot@anthropic.com)"
216.73.217.145 - - [26/May/2026:15:40:26 +0300] "GET /images/haberler/2022/02/soba-faciasi-anneanne-kizi-ve-torunu-evde-olu-bulundu-W2CxBfUO.jpg HTTP/1.1" 302 219 "-" "Mozilla/5.0 AppleWebKit/537.36 (KHTML, like Gecko; compatible; ClaudeBot/1.0; +claudebot@anthropic.com)"
216.73.217.145 - - [26/May/2026:15:40:26 +0300] "GET /public/404 HTTP/1.1" 302 220 "https://yeniistiklal.com/public/images/haberler/2022/10/rektor-prof-dr-budak-ogrencilerimizi-nitelikli-bilim-insani-olarak-yetistirecegiz-q1fkRXIn.jpg" "Mozilla/5.0 AppleWebKit/537.36 (KHTML, like Gecko; compatible; ClaudeBot/1.0; +claudebot@anthropic.com)"
18.207.79.144 - - [26/May/2026:15:40:26 +0300] "GET /images/haberler/2022/04/defterdar-gezerden-manisa-buyuksehire-veda-ziyareti-cNKNU27c.jpg HTTP/1.1" 302 219 "-" "Mozilla/5.0 AppleWebKit/537.36 (KHTML, like Gecko; compatible; Amazonbot/0.1; +https://developer.amazon.com/support/amazonbot) Chrome/119.0.6045.214 Safari/537.36"
216.73.217.145 - - [26/May/2026:15:40:26 +0300] "GET /404 HTTP/1.1" 302 215 "https://yeniistiklal.com/images/haberler/2022/02/soba-faciasi-anneanne-kizi-ve-torunu-evde-olu-bulundu-W2CxBfUO.jpg" "Mozilla/5.0 AppleWebKit/537.36 (KHTML, like Gecko; compatible; ClaudeBot/1.0; +claudebot@anthropic.com)"
216.73.217.145 - - [26/May/2026:15:40:26 +0300] "GET /public/images/haberler/2022/01/turk-is-genel-baskani-atalay-kamu-iscisine-de-yuzde-25-ilave-zam-bekliyoruz-yRxJsTwF.jpg HTTP/1.1" 302 225 "-" "Mozilla/5.0 AppleWebKit/537.36 (KHTML, like Gecko; compatible; ClaudeBot/1.0; +claudebot@anthropic.com)"
216.73.217.145 - - [26/May/2026:15:40:27 +0300] "GET /404 HTTP/1.1" 302 215 "https://yeniistiklal.com/images/haberler/2022/02/tum-birikimiyle-aldigi-otomobilin-uzerine-balkon-coktu-pOf9p4xu.jpg" "Mozilla/5.0 AppleWebKit/537.36 (KHTML, like Gecko; compatible; ClaudeBot/1.0; +claudebot@anthropic.com)"
2a03:2880:f806:49:: - - [26/May/2026:15:40:27 +0300] "GET /404 HTTP/1.1" 302 215 "-" "meta-externalagent/1.1 (+https://developers.facebook.com/docs/sharing/webmasters/crawler)"
107.23.62.75 - - [26/May/2026:15:40:28 +0300] "GET /public/haber/spacex-crew-3-ekibi-dunyaya-dondu-511350 HTTP/1.1" 200 13592 "-" "Mozilla/5.0 AppleWebKit/537.36 (KHTML, like Gecko; compatible; Amazonbot/0.1; +https://developer.amazon.com/support/amazonbot) Chrome/119.0.6045.214 Safari/537.36"
185.191.171.15 - - [26/May/2026:15:40:28 +0300] "GET /haber/rusya-ve-ukraynada-kripto-para-kullanimi-artti-498235 HTTP/1.1" 200 14100 "-" "Mozilla/5.0 (compatible; SemrushBot/7~bl; +http://www.semrush.com/bot.html)"
52.203.152.231 - - [26/May/2026:15:40:29 +0300] "GET /haber/bosanma-surecinin-yonetimi-ve-hukuki-destek-551291 HTTP/1.1" 200 13791 "-" "Mozilla/5.0 AppleWebKit/537.36 (KHTML, like Gecko; compatible; Amazonbot/0.1; +https://developer.amazon.com/support/amazonbot) Chrome/119.0.6045.214 Safari/537.36"
216.73.217.145 - - [26/May/2026:15:40:29 +0300] "GET /public/404 HTTP/1.1" 302 220 "https://yeniistiklal.com/public/images/haberler/2022/10/10-bogazici-film-festivalinin-akreditasyon-basvurulari-basladi-3cvBwN7l.jpg" "Mozilla/5.0 AppleWebKit/537.36 (KHTML, like Gecko; compatible; ClaudeBot/1.0; +claudebot@anthropic.com)"
216.73.217.145 - - [26/May/2026:15:40:29 +0300] "GET /public/images/haberler/2022/10/enerjisa-enerji-surdurulebilirlik-raporu-enerjimiz-gelecegimiz-icin-mottosuyla-yayinlandi-UYHvVG3Q.jpg HTTP/1.1" 302 225 "-" "Mozilla/5.0 AppleWebKit/537.36 (KHTML, like Gecko; compatible; ClaudeBot/1.0; +claudebot@anthropic.com)"
216.73.217.145 - - [26/May/2026:15:40:29 +0300] "GET /public/images/haberler/2022/07/metropolis-antik-kenti-kazilari-tarihi-gun-yuzune-cikariyor-7ILhcrT9.jpg HTTP/1.1" 302 225 "-" "Mozilla/5.0 AppleWebKit/537.36 (KHTML, like Gecko; compatible; ClaudeBot/1.0; +claudebot@anthropic.com)"
216.73.217.145 - - [26/May/2026:15:40:30 +0300] "GET /public/404 HTTP/1.1" 302 220 "https://yeniistiklal.com/public/images/haberler/2022/10/enerjisa-enerji-surdurulebilirlik-raporu-enerjimiz-gelecegimiz-icin-mottosuyla-yayinlandi-UYHvVG3Q.jpg" "Mozilla/5.0 AppleWebKit/537.36 (KHTML, like Gecko; compatible; ClaudeBot/1.0; +claudebot@anthropic.com)"
216.73.217.145 - - [26/May/2026:15:40:30 +0300] "GET /public/images/haberler/2022/01/cocugu-oya-alet-etti-erdoganin-trabzonda-mikrofon-uzattigi-cocuk-kemal-kilicdarogluna-hain-dedi-sCmXYst1.jpg HTTP/1.1" 302 225 "-" "Mozilla/5.0 AppleWebKit/537.36 (KHTML, like Gecko; compatible; ClaudeBot/1.0; +claudebot@anthropic.com)"
216.73.217.145 - - [26/May/2026:15:40:30 +0300] "GET /public/images/haberler/2022/10/iki-yil-aradan-sonra-kapilarini-tekrar-ziyaretcilere-acacak-olan-karadeniz-kitap-fuarinda-okuyuculari-zengin-bir-icerik-bekliyor-5g6RJxfV.jpg HTTP/1.1" 302 225 "-" "Mozilla/5.0 AppleWebKit/537.36 (KHTML, like Gecko; compatible; ClaudeBot/1.0; +claudebot@anthropic.com)"
216.73.217.145 - - [26/May/2026:15:40:30 +0300] "GET /public/404 HTTP/1.1" 302 220 "https://yeniistiklal.com/public/images/haberler/2022/07/metropolis-antik-kenti-kazilari-tarihi-gun-yuzune-cikariyor-7ILhcrT9.jpg" "Mozilla/5.0 AppleWebKit/537.36 (KHTML, like Gecko; compatible; ClaudeBot/1.0; +claudebot@anthropic.com)"
216.73.217.145 - - [26/May/2026:15:40:30 +0300] "GET /public HTTP/1.1" 301 795 "https://yeniistiklal.com/public/404" "Mozilla/5.0 AppleWebKit/537.36 (KHTML, like Gecko; compatible; ClaudeBot/1.0; +claudebot@anthropic.com)"
216.73.217.145 - - [26/May/2026:15:40:30 +0300] "GET /public HTTP/1.1" 301 795 "https://yeniistiklal.com/public/404" "Mozilla/5.0 AppleWebKit/537.36 (KHTML, like Gecko; compatible; ClaudeBot/1.0; +claudebot@anthropic.com)"
216.73.217.145 - - [26/May/2026:15:40:27 +0300] "GET /public/404 HTTP/1.1" 302 220 "https://yeniistiklal.com/public/images/haberler/2022/01/turk-is-genel-baskani-atalay-kamu-iscisine-de-yuzde-25-ilave-zam-bekliyoruz-yRxJsTwF.jpg" "Mozilla/5.0 AppleWebKit/537.36 (KHTML, like Gecko; compatible; ClaudeBot/1.0; +claudebot@anthropic.com)"
216.73.217.145 - - [26/May/2026:15:40:27 +0300] "GET /public/ HTTP/1.1" 200 17179 "https://yeniistiklal.com/public" "Mozilla/5.0 AppleWebKit/537.36 (KHTML, like Gecko; compatible; ClaudeBot/1.0; +claudebot@anthropic.com)"
216.73.217.145 - - [26/May/2026:15:40:27 +0300] "GET /public HTTP/1.1" 301 795 "https://yeniistiklal.com/public/404" "Mozilla/5.0 AppleWebKit/537.36 (KHTML, like Gecko; compatible; ClaudeBot/1.0; +claudebot@anthropic.com)"
216.73.217.145 - - [26/May/2026:15:40:27 +0300] "GET /public/ HTTP/1.1" 200 17192 "https://yeniistiklal.com/public" "Mozilla/5.0 AppleWebKit/537.36 (KHTML, like Gecko; compatible; ClaudeBot/1.0; +claudebot@anthropic.com)"
62.244.225.226 - - [26/May/2026:15:40:26 +0300] "GET /googlenews.xml HTTP/1.1" 200 937808 "https://yeniistiklal.com/googlenews.xml" "Mozilla/5.0 (Windows NT 6.1; WOW64) AppleWebKit/537.36 (KHTML, like Gecko) Chrome/45.0.2454.85 Safari/537.36"
23.21.175.228 - - [26/May/2026:15:40:27 +0300] "GET /public/index.php/images/haberler/2022/02/diyanet-isleri-baskani-ali-erbastan-flas-kripto-para-aciklamasi-VZQvRnmy.jpg HTTP/1.1" 302 238 "-" "Mozilla/5.0 AppleWebKit/537.36 (KHTML, like Gecko; compatible; Amazonbot/0.1; +https://developer.amazon.com/support/amazonbot) Chrome/119.0.6045.214 Safari/537.36"
2a03:2880:f806:28:: - - [26/May/2026:15:40:29 +0300] "GET / HTTP/1.1" 200 17065 "-" "meta-externalagent/1.1 (+https://developers.facebook.com/docs/sharing/webmasters/crawler)"
216.73.217.145 - - [26/May/2026:15:40:29 +0300] "GET /public/images/haberler/2022/10/10-bogazici-film-festivalinin-akreditasyon-basvurulari-basladi-3cvBwN7l.jpg HTTP/1.1" 302 225 "-" "Mozilla/5.0 AppleWebKit/537.36 (KHTML, like Gecko; compatible; ClaudeBot/1.0; +claudebot@anthropic.com)"
216.73.217.145 - - [26/May/2026:15:40:29 +0300] "GET /public HTTP/1.1" 301 795 "https://yeniistiklal.com/public/404" "Mozilla/5.0 AppleWebKit/537.36 (KHTML, like Gecko; compatible; ClaudeBot/1.0; +claudebot@anthropic.com)"
216.73.217.145 - - [26/May/2026:15:40:29 +0300] "GET /public/images/haberler/2022/05/disneyin-ilk-turk-orijinal-dizisi-kacisin-yeni-teaser-filmi-ve-teaser-posteri-yayinlandi-AZjn8Nj4.jpg HTTP/1.1" 302 225 "-" "Mozilla/5.0 AppleWebKit/537.36 (KHTML, like Gecko; compatible; ClaudeBot/1.0; +claudebot@anthropic.com)"
