143.14.6.81 - - [26/May/2026:15:36:09 +0300] "GET /images/tn/2022/07/kitaplardan-derlenen-oyunlar-oyunseverleri-bilgisayar-basinda-tutuyor-juV3rW6L.jpg HTTP/1.1" 302 219 "-" "Mozilla/5.0 (Windows NT 10.0; Win64; x64) AppleWebKit/537.36 (KHTML, like Gecko) Chrome/121.0.0.0 Safari/537.36 Edg/121.0.0.0"
34.194.14.255 - - [26/May/2026:15:36:08 +0300] "GET /public/index.php/etiketler/niyet-haberleri HTTP/1.1" 200 8590 "-" "Mozilla/5.0 AppleWebKit/537.36 (KHTML, like Gecko; compatible; Amazonbot/0.1; +https://developer.amazon.com/support/amazonbot) Chrome/119.0.6045.214 Safari/537.36"
47.128.16.154 - - [26/May/2026:15:36:08 +0300] "GET /public/index.php/images/tn/2025/10/kktcde-su-tesisatcisi-arayanlar-icin-oneriler-1760527324.png HTTP/1.1" 302 238 "https://www.yeniistiklal.com/public/index.php" "Mozilla/5.0 (Linux; Android 5.0) AppleWebKit/537.36 (KHTML, like Gecko) Mobile Safari/537.36 (compatible; TikTokSpider; ttspider-feedback@tiktok.com)"
47.128.16.154 - - [26/May/2026:15:36:08 +0300] "GET /public/index.php/404 HTTP/1.1" 302 232 "https://www.yeniistiklal.com/public/index.php" "Mozilla/5.0 (Linux; Android 5.0) AppleWebKit/537.36 (KHTML, like Gecko) Mobile Safari/537.36 (compatible; TikTokSpider; ttspider-feedback@tiktok.com)"
62.244.225.226 - - [26/May/2026:15:36:08 +0300] "GET /rss/haber-feed.xml HTTP/1.1" 200 170152 "https://yeniistiklal.com/rss/haber-feed.xml" "Mozilla/5.0 (Macintosh; Intel Mac OS X 10_10_5) AppleWebKit/600.8.9 (KHTML, like Gecko) Version/8.0.8 Safari/600.8.9"
47.128.16.154 - - [26/May/2026:15:36:09 +0300] "GET /public/index.php/404 HTTP/1.1" 302 232 "https://www.yeniistiklal.com/public/index.php" "Mozilla/5.0 (Linux; Android 5.0) AppleWebKit/537.36 (KHTML, like Gecko) Mobile Safari/537.36 (compatible; TikTokSpider; ttspider-feedback@tiktok.com)"
143.14.6.81 - - [26/May/2026:15:36:09 +0300] "GET /404 HTTP/1.1" 302 215 "-" "Mozilla/5.0 (Windows NT 10.0; Win64; x64) AppleWebKit/537.36 (KHTML, like Gecko) Chrome/121.0.0.0 Safari/537.36 Edg/121.0.0.0"
47.128.16.154 - - [26/May/2026:15:36:09 +0300] "GET /public/index.php/404 HTTP/1.1" 302 232 "https://www.yeniistiklal.com/public/index.php" "Mozilla/5.0 (Linux; Android 5.0) AppleWebKit/537.36 (KHTML, like Gecko) Mobile Safari/537.36 (compatible; TikTokSpider; ttspider-feedback@tiktok.com)"
95.108.213.207 - - [26/May/2026:15:36:09 +0300] "GET /public/rss/genel-0 HTTP/1.1" 200 170247 "-" "Mozilla/5.0 (compatible; YandexBot/3.0; +http://yandex.com/bots)"
47.128.16.154 - - [26/May/2026:15:36:10 +0300] "GET /public/index.php HTTP/1.1" 200 17294 "https://www.yeniistiklal.com/public/index.php" "Mozilla/5.0 (Linux; Android 5.0) AppleWebKit/537.36 (KHTML, like Gecko) Mobile Safari/537.36 (compatible; TikTokSpider; ttspider-feedback@tiktok.com)"
47.128.16.154 - - [26/May/2026:15:36:10 +0300] "GET /public/index.php/404 HTTP/1.1" 302 232 "https://www.yeniistiklal.com/public/index.php" "Mozilla/5.0 (Linux; Android 5.0) AppleWebKit/537.36 (KHTML, like Gecko) Mobile Safari/537.36 (compatible; TikTokSpider; ttspider-feedback@tiktok.com)"
47.128.16.154 - - [26/May/2026:15:36:10 +0300] "GET /public/index.php HTTP/1.1" 200 17294 "https://www.yeniistiklal.com/public/index.php" "Mozilla/5.0 (Linux; Android 5.0) AppleWebKit/537.36 (KHTML, like Gecko) Mobile Safari/537.36 (compatible; TikTokSpider; ttspider-feedback@tiktok.com)"
2a03:2880:f806:16:: - - [26/May/2026:15:36:10 +0300] "GET /haber/daha-17de-manifest-surprizi-552365 HTTP/1.1" 200 14319 "-" "meta-externalagent/1.1 (+https://developers.facebook.com/docs/sharing/webmasters/crawler)"
47.128.16.154 - - [26/May/2026:15:36:10 +0300] "GET /public/index.php HTTP/1.1" 200 17278 "https://www.yeniistiklal.com/public/index.php" "Mozilla/5.0 (Linux; Android 5.0) AppleWebKit/537.36 (KHTML, like Gecko) Mobile Safari/537.36 (compatible; TikTokSpider; ttspider-feedback@tiktok.com)"
47.128.16.154 - - [26/May/2026:15:36:10 +0300] "GET /public/index.php/404 HTTP/1.1" 302 232 "https://www.yeniistiklal.com/public/index.php" "Mozilla/5.0 (Linux; Android 5.0) AppleWebKit/537.36 (KHTML, like Gecko) Mobile Safari/537.36 (compatible; TikTokSpider; ttspider-feedback@tiktok.com)"
47.128.16.154 - - [26/May/2026:15:36:10 +0300] "GET /public/index.php HTTP/1.1" 200 17296 "https://www.yeniistiklal.com/public/index.php" "Mozilla/5.0 (Linux; Android 5.0) AppleWebKit/537.36 (KHTML, like Gecko) Mobile Safari/537.36 (compatible; TikTokSpider; ttspider-feedback@tiktok.com)"
47.128.16.154 - - [26/May/2026:15:36:09 +0300] "GET /public/index.php/404 HTTP/1.1" 302 232 "https://www.yeniistiklal.com/public/index.php" "Mozilla/5.0 (Linux; Android 5.0) AppleWebKit/537.36 (KHTML, like Gecko) Mobile Safari/537.36 (compatible; TikTokSpider; ttspider-feedback@tiktok.com)"
47.128.16.154 - - [26/May/2026:15:36:09 +0300] "GET /public/index.php HTTP/1.1" 200 17278 "https://www.yeniistiklal.com/public/index.php" "Mozilla/5.0 (Linux; Android 5.0) AppleWebKit/537.36 (KHTML, like Gecko) Mobile Safari/537.36 (compatible; TikTokSpider; ttspider-feedback@tiktok.com)"
47.128.16.154 - - [26/May/2026:15:36:09 +0300] "GET /public/index.php/404 HTTP/1.1" 302 232 "https://www.yeniistiklal.com/public/index.php" "Mozilla/5.0 (Linux; Android 5.0) AppleWebKit/537.36 (KHTML, like Gecko) Mobile Safari/537.36 (compatible; TikTokSpider; ttspider-feedback@tiktok.com)"
47.128.16.154 - - [26/May/2026:15:36:09 +0300] "GET /public/index.php HTTP/1.1" 200 17288 "https://www.yeniistiklal.com/public/index.php" "Mozilla/5.0 (Linux; Android 5.0) AppleWebKit/537.36 (KHTML, like Gecko) Mobile Safari/537.36 (compatible; TikTokSpider; ttspider-feedback@tiktok.com)"
143.14.6.81 - - [26/May/2026:15:36:10 +0300] "GET / HTTP/1.1" 200 17080 "-" "Mozilla/5.0 (Windows NT 10.0; Win64; x64) AppleWebKit/537.36 (KHTML, like Gecko) Chrome/121.0.0.0 Safari/537.36 Edg/121.0.0.0"
47.128.16.154 - - [26/May/2026:15:36:10 +0300] "GET /public/index.php/404 HTTP/1.1" 302 232 "https://www.yeniistiklal.com/public/index.php" "Mozilla/5.0 (Linux; Android 5.0) AppleWebKit/537.36 (KHTML, like Gecko) Mobile Safari/537.36 (compatible; TikTokSpider; ttspider-feedback@tiktok.com)"
47.128.16.154 - - [26/May/2026:15:36:10 +0300] "GET /public/index.php/404 HTTP/1.1" 302 232 "https://www.yeniistiklal.com/public/index.php" "Mozilla/5.0 (Linux; Android 5.0) AppleWebKit/537.36 (KHTML, like Gecko) Mobile Safari/537.36 (compatible; TikTokSpider; ttspider-feedback@tiktok.com)"
47.128.16.154 - - [26/May/2026:15:36:11 +0300] "GET /public/index.php HTTP/1.1" 200 17300 "https://www.yeniistiklal.com/public/index.php" "Mozilla/5.0 (Linux; Android 5.0) AppleWebKit/537.36 (KHTML, like Gecko) Mobile Safari/537.36 (compatible; TikTokSpider; ttspider-feedback@tiktok.com)"
47.128.16.154 - - [26/May/2026:15:36:11 +0300] "GET /public/index.php HTTP/1.1" 200 17289 "https://www.yeniistiklal.com/public/index.php" "Mozilla/5.0 (Linux; Android 5.0) AppleWebKit/537.36 (KHTML, like Gecko) Mobile Safari/537.36 (compatible; TikTokSpider; ttspider-feedback@tiktok.com)"
47.128.16.154 - - [26/May/2026:15:36:11 +0300] "GET /public/index.php/404 HTTP/1.1" 302 232 "https://www.yeniistiklal.com/public/index.php" "Mozilla/5.0 (Linux; Android 5.0) AppleWebKit/537.36 (KHTML, like Gecko) Mobile Safari/537.36 (compatible; TikTokSpider; ttspider-feedback@tiktok.com)"
3.93.253.174 - - [26/May/2026:15:36:11 +0300] "GET /haber/kremlin-guvenlik-garantilerine-dair-resmi-yanitimizi-abdye-henuz-iletmedik-482168 HTTP/1.1" 200 14426 "-" "Mozilla/5.0 AppleWebKit/537.36 (KHTML, like Gecko; compatible; Amazonbot/0.1; +https://developer.amazon.com/support/amazonbot) Chrome/119.0.6045.214 Safari/537.36"
47.128.16.154 - - [26/May/2026:15:36:11 +0300] "GET /public/index.php HTTP/1.1" 200 17286 "https://www.yeniistiklal.com/public/index.php" "Mozilla/5.0 (Linux; Android 5.0) AppleWebKit/537.36 (KHTML, like Gecko) Mobile Safari/537.36 (compatible; TikTokSpider; ttspider-feedback@tiktok.com)"
47.128.16.154 - - [26/May/2026:15:36:11 +0300] "GET /public/index.php/404 HTTP/1.1" 302 232 "https://www.yeniistiklal.com/public/index.php" "Mozilla/5.0 (Linux; Android 5.0) AppleWebKit/537.36 (KHTML, like Gecko) Mobile Safari/537.36 (compatible; TikTokSpider; ttspider-feedback@tiktok.com)"
24.133.80.23 - - [26/May/2026:15:36:11 +0300] "POST /panel/haberler/duzenle/552365 HTTP/1.1" 302 207 "https://yeniistiklal.com/panel/haberler/duzenle/552365" "Mozilla/5.0 (Macintosh; Intel Mac OS X 10_15_7) AppleWebKit/537.36 (KHTML, like Gecko) Chrome/148.0.0.0 Safari/537.36"
47.128.16.154 - - [26/May/2026:15:36:11 +0300] "GET /public/index.php/404 HTTP/1.1" 302 232 "https://www.yeniistiklal.com/public/index.php" "Mozilla/5.0 (Linux; Android 5.0) AppleWebKit/537.36 (KHTML, like Gecko) Mobile Safari/537.36 (compatible; TikTokSpider; ttspider-feedback@tiktok.com)"
47.128.16.154 - - [26/May/2026:15:36:11 +0300] "GET /public/index.php/404 HTTP/1.1" 302 232 "https://www.yeniistiklal.com/public/index.php" "Mozilla/5.0 (Linux; Android 5.0) AppleWebKit/537.36 (KHTML, like Gecko) Mobile Safari/537.36 (compatible; TikTokSpider; ttspider-feedback@tiktok.com)"
47.128.16.154 - - [26/May/2026:15:36:11 +0300] "GET /public/index.php/404 HTTP/1.1" 302 232 "https://www.yeniistiklal.com/public/index.php" "Mozilla/5.0 (Linux; Android 5.0) AppleWebKit/537.36 (KHTML, like Gecko) Mobile Safari/537.36 (compatible; TikTokSpider; ttspider-feedback@tiktok.com)"
47.128.16.154 - - [26/May/2026:15:36:12 +0300] "GET /public/index.php/404 HTTP/1.1" 302 232 "https://www.yeniistiklal.com/public/index.php" "Mozilla/5.0 (Linux; Android 5.0) AppleWebKit/537.36 (KHTML, like Gecko) Mobile Safari/537.36 (compatible; TikTokSpider; ttspider-feedback@tiktok.com)"
47.128.16.154 - - [26/May/2026:15:36:12 +0300] "GET /public/index.php HTTP/1.1" 200 17285 "https://www.yeniistiklal.com/public/index.php" "Mozilla/5.0 (Linux; Android 5.0) AppleWebKit/537.36 (KHTML, like Gecko) Mobile Safari/537.36 (compatible; TikTokSpider; ttspider-feedback@tiktok.com)"
24.133.80.23 - - [26/May/2026:15:36:12 +0300] "POST /panel/haberler/getNews HTTP/1.1" 200 5459 "https://yeniistiklal.com/panel/haberler" "Mozilla/5.0 (Macintosh; Intel Mac OS X 10_15_7) AppleWebKit/537.36 (KHTML, like Gecko) Chrome/148.0.0.0 Safari/537.36"
47.128.16.154 - - [26/May/2026:15:36:12 +0300] "GET /public/index.php/404 HTTP/1.1" 302 232 "https://www.yeniistiklal.com/public/index.php" "Mozilla/5.0 (Linux; Android 5.0) AppleWebKit/537.36 (KHTML, like Gecko) Mobile Safari/537.36 (compatible; TikTokSpider; ttspider-feedback@tiktok.com)"
47.128.16.154 - - [26/May/2026:15:36:12 +0300] "GET /public/index.php HTTP/1.1" 200 17296 "https://www.yeniistiklal.com/public/index.php" "Mozilla/5.0 (Linux; Android 5.0) AppleWebKit/537.36 (KHTML, like Gecko) Mobile Safari/537.36 (compatible; TikTokSpider; ttspider-feedback@tiktok.com)"
47.128.16.154 - - [26/May/2026:15:36:12 +0300] "GET /public/index.php/404 HTTP/1.1" 302 232 "https://www.yeniistiklal.com/public/index.php" "Mozilla/5.0 (Linux; Android 5.0) AppleWebKit/537.36 (KHTML, like Gecko) Mobile Safari/537.36 (compatible; TikTokSpider; ttspider-feedback@tiktok.com)"
47.128.16.154 - - [26/May/2026:15:36:12 +0300] "GET /public/index.php HTTP/1.1" 200 17293 "https://www.yeniistiklal.com/public/index.php" "Mozilla/5.0 (Linux; Android 5.0) AppleWebKit/537.36 (KHTML, like Gecko) Mobile Safari/537.36 (compatible; TikTokSpider; ttspider-feedback@tiktok.com)"
34.226.89.140 - - [26/May/2026:15:36:13 +0300] "GET /public/index.php/haber/haftanin-magazin-olaylari-7-12-mart-2022-501495 HTTP/1.1" 200 13292 "-" "Mozilla/5.0 AppleWebKit/537.36 (KHTML, like Gecko; compatible; Amazonbot/0.1; +https://developer.amazon.com/support/amazonbot) Chrome/119.0.6045.214 Safari/537.36"
47.128.16.154 - - [26/May/2026:15:36:13 +0300] "GET /public/index.php HTTP/1.1" 200 17283 "https://www.yeniistiklal.com/public/index.php" "Mozilla/5.0 (Linux; Android 5.0) AppleWebKit/537.36 (KHTML, like Gecko) Mobile Safari/537.36 (compatible; TikTokSpider; ttspider-feedback@tiktok.com)"
47.128.16.154 - - [26/May/2026:15:36:13 +0300] "GET /public/index.php HTTP/1.1" 200 17273 "https://www.yeniistiklal.com/public/index.php" "Mozilla/5.0 (Linux; Android 5.0) AppleWebKit/537.36 (KHTML, like Gecko) Mobile Safari/537.36 (compatible; TikTokSpider; ttspider-feedback@tiktok.com)"
47.128.16.154 - - [26/May/2026:15:36:14 +0300] "GET /public/index.php/404 HTTP/1.1" 302 232 "https://www.yeniistiklal.com/public/index.php" "Mozilla/5.0 (Linux; Android 5.0) AppleWebKit/537.36 (KHTML, like Gecko) Mobile Safari/537.36 (compatible; TikTokSpider; ttspider-feedback@tiktok.com)"
47.128.16.154 - - [26/May/2026:15:36:11 +0300] "GET /public/index.php HTTP/1.1" 200 17287 "https://www.yeniistiklal.com/public/index.php" "Mozilla/5.0 (Linux; Android 5.0) AppleWebKit/537.36 (KHTML, like Gecko) Mobile Safari/537.36 (compatible; TikTokSpider; ttspider-feedback@tiktok.com)"
24.133.80.23 - - [26/May/2026:15:36:12 +0300] "GET /panel/haberler HTTP/1.1" 200 7209 "https://yeniistiklal.com/panel/haberler/duzenle/552365" "Mozilla/5.0 (Macintosh; Intel Mac OS X 10_15_7) AppleWebKit/537.36 (KHTML, like Gecko) Chrome/148.0.0.0 Safari/537.36"
47.128.16.154 - - [26/May/2026:15:36:12 +0300] "GET /public/index.php/404 HTTP/1.1" 302 232 "https://www.yeniistiklal.com/public/index.php" "Mozilla/5.0 (Linux; Android 5.0) AppleWebKit/537.36 (KHTML, like Gecko) Mobile Safari/537.36 (compatible; TikTokSpider; ttspider-feedback@tiktok.com)"
24.133.80.23 - - [26/May/2026:15:36:12 +0300] "GET /panel/bildirimler/ajax HTTP/1.1" 200 95 "https://yeniistiklal.com/panel/haberler" "Mozilla/5.0 (Macintosh; Intel Mac OS X 10_15_7) AppleWebKit/537.36 (KHTML, like Gecko) Chrome/148.0.0.0 Safari/537.36"
47.128.16.154 - - [26/May/2026:15:36:12 +0300] "GET /public/index.php HTTP/1.1" 200 17293 "https://www.yeniistiklal.com/public/index.php" "Mozilla/5.0 (Linux; Android 5.0) AppleWebKit/537.36 (KHTML, like Gecko) Mobile Safari/537.36 (compatible; TikTokSpider; ttspider-feedback@tiktok.com)"
47.128.16.154 - - [26/May/2026:15:36:13 +0300] "GET /public/index.php HTTP/1.1" 200 17289 "https://www.yeniistiklal.com/public/index.php" "Mozilla/5.0 (Linux; Android 5.0) AppleWebKit/537.36 (KHTML, like Gecko) Mobile Safari/537.36 (compatible; TikTokSpider; ttspider-feedback@tiktok.com)"
147.235.195.217 - - [26/May/2026:15:36:13 +0300] "GET /images/haberler/2026/05/enparadan-kaskoda-ezber-bozan-teklif-15-nakit-iade-1777974431.jpg HTTP/1.1" 200 10244 "https://yeniistiklal.com/" "Mozilla/5.0 (iPhone; CPU iPhone OS 11_0 like Mac OS X) AppleWebKit/537.36 (KHTML, like Gecko) Chrome/59.0.5965.1735 Mobile Safari/537.36"
47.128.16.154 - - [26/May/2026:15:36:13 +0300] "GET /public/index.php/images/haberler/2025/08/gunes-yanigina-veda-edin-aciyi-dindiren-ev-yapimi-cozumler-y-1754642979.jpeg HTTP/1.1" 302 238 "https://www.yeniistiklal.com/public/index.php" "Mozilla/5.0 (Linux; Android 5.0) AppleWebKit/537.36 (KHTML, like Gecko) Mobile Safari/537.36 (compatible; TikTokSpider; ttspider-feedback@tiktok.com)"
47.128.16.154 - - [26/May/2026:15:36:13 +0300] "GET /public/index.php/images/haberler/2025/08/piyasalar-sallaniyor-gram-altin-tarihi-zirvelere-kosuyor-y-1754648723.jpeg HTTP/1.1" 302 238 "https://www.yeniistiklal.com/public/index.php" "Mozilla/5.0 (Linux; Android 5.0) AppleWebKit/537.36 (KHTML, like Gecko) Mobile Safari/537.36 (compatible; TikTokSpider; ttspider-feedback@tiktok.com)"
47.128.16.154 - - [26/May/2026:15:36:13 +0300] "GET /public/index.php HTTP/1.1" 200 17284 "https://www.yeniistiklal.com/public/index.php" "Mozilla/5.0 (Linux; Android 5.0) AppleWebKit/537.36 (KHTML, like Gecko) Mobile Safari/537.36 (compatible; TikTokSpider; ttspider-feedback@tiktok.com)"
47.128.16.154 - - [26/May/2026:15:36:14 +0300] "GET /public/index.php/images/haberler/2025/08/yavas-ve-bilincli-adimlarin-dansi-japon-yuruyusu-y-1754032734.jpeg HTTP/1.1" 302 238 "https://www.yeniistiklal.com/public/index.php" "Mozilla/5.0 (Linux; Android 5.0) AppleWebKit/537.36 (KHTML, like Gecko) Mobile Safari/537.36 (compatible; TikTokSpider; ttspider-feedback@tiktok.com)"
47.128.16.154 - - [26/May/2026:15:36:14 +0300] "GET /public/index.php/images/haberler/2025/08/kamu-iscileri-icin-zam-teklifinde-yeni-gelisme-1754022164.jpeg HTTP/1.1" 302 238 "https://www.yeniistiklal.com/public/index.php" "Mozilla/5.0 (Linux; Android 5.0) AppleWebKit/537.36 (KHTML, like Gecko) Mobile Safari/537.36 (compatible; TikTokSpider; ttspider-feedback@tiktok.com)"
24.133.80.23 - - [26/May/2026:15:36:14 +0300] "GET /haber/daha-17de-manifest-surprizi-552365 HTTP/1.1" 200 14201 "https://yeniistiklal.com/panel/haberler" "Mozilla/5.0 (Macintosh; Intel Mac OS X 10_15_7) AppleWebKit/537.36 (KHTML, like Gecko) Chrome/148.0.0.0 Safari/537.36"
47.128.16.154 - - [26/May/2026:15:36:14 +0300] "GET /public/index.php/images/haberler/2025/05/son-dakika-kktc-serbest-piyasa-doviz-kurlari-26-mayis-2025-y-1748258647.jpeg HTTP/1.1" 302 238 "https://www.yeniistiklal.com/public/index.php" "Mozilla/5.0 (Linux; Android 5.0) AppleWebKit/537.36 (KHTML, like Gecko) Mobile Safari/537.36 (compatible; TikTokSpider; ttspider-feedback@tiktok.com)"
47.128.16.154 - - [26/May/2026:15:36:14 +0300] "GET /public/index.php/images/haberler/2025/05/fenerbahce-beko-euroleaguede-sampiyon-oldu-y-1748258787.jpeg HTTP/1.1" 302 238 "https://www.yeniistiklal.com/public/index.php" "Mozilla/5.0 (Linux; Android 5.0) AppleWebKit/537.36 (KHTML, like Gecko) Mobile Safari/537.36 (compatible; TikTokSpider; ttspider-feedback@tiktok.com)"
47.128.16.154 - - [26/May/2026:15:36:14 +0300] "GET /public/index.php/404 HTTP/1.1" 302 232 "https://www.yeniistiklal.com/public/index.php" "Mozilla/5.0 (Linux; Android 5.0) AppleWebKit/537.36 (KHTML, like Gecko) Mobile Safari/537.36 (compatible; TikTokSpider; ttspider-feedback@tiktok.com)"
3.208.156.9 - - [26/May/2026:15:36:14 +0300] "GET /images/haberler/2022/02/kremlin-guvenlik-garantilerine-dair-resmi-yanitimizi-abdye-henuz-iletmedik-Ny6qhxLA.jpg HTTP/1.1" 302 219 "-" "Mozilla/5.0 AppleWebKit/537.36 (KHTML, like Gecko; compatible; Amazonbot/0.1; +https://developer.amazon.com/support/amazonbot) Chrome/119.0.6045.214 Safari/537.36"
47.128.16.154 - - [26/May/2026:15:36:14 +0300] "GET /public/index.php/images/haberler/2025/05/super-ligde-35-hafta-hakemleri-belli-oldu-nefesler-tutuldu-y-1746707520.jpeg HTTP/1.1" 302 238 "https://www.yeniistiklal.com/public/index.php" "Mozilla/5.0 (Linux; Android 5.0) AppleWebKit/537.36 (KHTML, like Gecko) Mobile Safari/537.36 (compatible; TikTokSpider; ttspider-feedback@tiktok.com)"
47.128.16.154 - - [26/May/2026:15:36:14 +0300] "GET /public/index.php/404 HTTP/1.1" 302 232 "https://www.yeniistiklal.com/public/index.php" "Mozilla/5.0 (Linux; Android 5.0) AppleWebKit/537.36 (KHTML, like Gecko) Mobile Safari/537.36 (compatible; TikTokSpider; ttspider-feedback@tiktok.com)"
47.128.16.154 - - [26/May/2026:15:36:15 +0300] "GET /public/index.php HTTP/1.1" 200 17272 "https://www.yeniistiklal.com/public/index.php" "Mozilla/5.0 (Linux; Android 5.0) AppleWebKit/537.36 (KHTML, like Gecko) Mobile Safari/537.36 (compatible; TikTokSpider; ttspider-feedback@tiktok.com)"
85.208.96.206 - - [26/May/2026:15:36:15 +0300] "GET /haber/kemal-kilicdaroglu-zonguldak-gibi-bir-komur-diyari-varken-neden-komuru-disaridan-ithal-ediyoruzg-473872 HTTP/1.1" 200 13493 "-" "Mozilla/5.0 (compatible; SemrushBot/7~bl; +http://www.semrush.com/bot.html)"
47.128.16.154 - - [26/May/2026:15:36:15 +0300] "GET /public/index.php/404 HTTP/1.1" 302 232 "https://www.yeniistiklal.com/public/index.php" "Mozilla/5.0 (Linux; Android 5.0) AppleWebKit/537.36 (KHTML, like Gecko) Mobile Safari/537.36 (compatible; TikTokSpider; ttspider-feedback@tiktok.com)"
18.204.152.114 - - [26/May/2026:15:36:15 +0300] "GET /haber/ambargolara-karsi-rusyanin-elindeki-en-buyuk-silah-bes-yil-boyunca-yetebilir-495819 HTTP/1.1" 200 16739 "-" "Mozilla/5.0 AppleWebKit/537.36 (KHTML, like Gecko; compatible; Amazonbot/0.1; +https://developer.amazon.com/support/amazonbot) Chrome/119.0.6045.214 Safari/537.36"
47.128.16.154 - - [26/May/2026:15:36:15 +0300] "GET /public/index.php/images/haberler/2025/05/kibrista-dolar-euro-fiyalari-yok-artik-dedirtti-y-1746622070.jpeg HTTP/1.1" 302 238 "https://www.yeniistiklal.com/public/index.php" "Mozilla/5.0 (Linux; Android 5.0) AppleWebKit/537.36 (KHTML, like Gecko) Mobile Safari/537.36 (compatible; TikTokSpider; ttspider-feedback@tiktok.com)"
47.128.16.154 - - [26/May/2026:15:36:14 +0300] "GET /public/index.php/images/haberler/2025/08/yeni-tarifeler-petrol-piyasasini-nasil-etkiliyor-y-1754022979.jpeg HTTP/1.1" 302 238 "https://www.yeniistiklal.com/public/index.php" "Mozilla/5.0 (Linux; Android 5.0) AppleWebKit/537.36 (KHTML, like Gecko) Mobile Safari/537.36 (compatible; TikTokSpider; ttspider-feedback@tiktok.com)"
47.128.16.154 - - [26/May/2026:15:36:14 +0300] "GET /public/index.php/404 HTTP/1.1" 302 232 "https://www.yeniistiklal.com/public/index.php" "Mozilla/5.0 (Linux; Android 5.0) AppleWebKit/537.36 (KHTML, like Gecko) Mobile Safari/537.36 (compatible; TikTokSpider; ttspider-feedback@tiktok.com)"
47.128.16.154 - - [26/May/2026:15:36:14 +0300] "GET /public/index.php/images/haberler/2025/08/surucu-belgesi-yenileme-suresi-son-kez-uzatildi-y-1754022315.jpeg HTTP/1.1" 302 238 "https://www.yeniistiklal.com/public/index.php" "Mozilla/5.0 (Linux; Android 5.0) AppleWebKit/537.36 (KHTML, like Gecko) Mobile Safari/537.36 (compatible; TikTokSpider; ttspider-feedback@tiktok.com)"
47.128.16.154 - - [26/May/2026:15:36:14 +0300] "GET /public/index.php HTTP/1.1" 200 17295 "https://www.yeniistiklal.com/public/index.php" "Mozilla/5.0 (Linux; Android 5.0) AppleWebKit/537.36 (KHTML, like Gecko) Mobile Safari/537.36 (compatible; TikTokSpider; ttspider-feedback@tiktok.com)"
24.133.80.23 - - [26/May/2026:15:36:14 +0300] "GET /hava-durumu/ajax?sehir_isim=6 HTTP/1.1" 200 77 "https://yeniistiklal.com/haber/daha-17de-manifest-surprizi-552365" "Mozilla/5.0 (Macintosh; Intel Mac OS X 10_15_7) AppleWebKit/537.36 (KHTML, like Gecko) Chrome/148.0.0.0 Safari/537.36"
47.128.16.154 - - [26/May/2026:15:36:14 +0300] "GET /public/index.php HTTP/1.1" 200 17284 "https://www.yeniistiklal.com/public/index.php" "Mozilla/5.0 (Linux; Android 5.0) AppleWebKit/537.36 (KHTML, like Gecko) Mobile Safari/537.36 (compatible; TikTokSpider; ttspider-feedback@tiktok.com)"
47.128.16.154 - - [26/May/2026:15:36:14 +0300] "GET /public/index.php/404 HTTP/1.1" 302 232 "https://www.yeniistiklal.com/public/index.php" "Mozilla/5.0 (Linux; Android 5.0) AppleWebKit/537.36 (KHTML, like Gecko) Mobile Safari/537.36 (compatible; TikTokSpider; ttspider-feedback@tiktok.com)"
47.128.16.154 - - [26/May/2026:15:36:14 +0300] "GET /public/index.php HTTP/1.1" 200 17273 "https://www.yeniistiklal.com/public/index.php" "Mozilla/5.0 (Linux; Android 5.0) AppleWebKit/537.36 (KHTML, like Gecko) Mobile Safari/537.36 (compatible; TikTokSpider; ttspider-feedback@tiktok.com)"
47.128.16.154 - - [26/May/2026:15:36:15 +0300] "GET /public/index.php/images/haberler/2025/05/ercan-havalimani-girne-arasi-ulasim-kac-tl-y-1746706412.jpeg HTTP/1.1" 302 238 "https://www.yeniistiklal.com/public/index.php" "Mozilla/5.0 (Linux; Android 5.0) AppleWebKit/537.36 (KHTML, like Gecko) Mobile Safari/537.36 (compatible; TikTokSpider; ttspider-feedback@tiktok.com)"
146.247.137.127 - - [26/May/2026:15:36:15 +0300] "GET /haberler HTTP/1.1" 200 10649 "-" "Mozilla/5.0 (Windows NT 6.1; WOW64) AppleWebKit/537.36 (KHTML, like Gecko) Chrome/34.0.1847.137 Safari/537.36"
47.128.16.154 - - [26/May/2026:15:36:15 +0300] "GET /public/index.php HTTP/1.1" 200 17290 "https://www.yeniistiklal.com/public/index.php" "Mozilla/5.0 (Linux; Android 5.0) AppleWebKit/537.36 (KHTML, like Gecko) Mobile Safari/537.36 (compatible; TikTokSpider; ttspider-feedback@tiktok.com)"
47.128.16.154 - - [26/May/2026:15:36:15 +0300] "GET /public/index.php/images/haberler/2025/05/lefkosalefkegazimagusa-kibrista-kac-sehir-var-y-1746698952.jpeg HTTP/1.1" 302 238 "https://www.yeniistiklal.com/public/index.php" "Mozilla/5.0 (Linux; Android 5.0) AppleWebKit/537.36 (KHTML, like Gecko) Mobile Safari/537.36 (compatible; TikTokSpider; ttspider-feedback@tiktok.com)"
47.128.16.154 - - [26/May/2026:15:36:15 +0300] "GET /public/index.php HTTP/1.1" 200 17292 "https://www.yeniistiklal.com/public/index.php" "Mozilla/5.0 (Linux; Android 5.0) AppleWebKit/537.36 (KHTML, like Gecko) Mobile Safari/537.36 (compatible; TikTokSpider; ttspider-feedback@tiktok.com)"
47.128.16.154 - - [26/May/2026:15:36:15 +0300] "GET /public/index.php/404 HTTP/1.1" 302 232 "https://www.yeniistiklal.com/public/index.php" "Mozilla/5.0 (Linux; Android 5.0) AppleWebKit/537.36 (KHTML, like Gecko) Mobile Safari/537.36 (compatible; TikTokSpider; ttspider-feedback@tiktok.com)"
161.123.101.208 - - [26/May/2026:15:36:15 +0300] "GET / HTTP/1.1" 200 17069 "-" "Mozilla/5.0 (Macintosh; Intel Mac OS X 11_2_3) AppleWebKit/537.36 (KHTML, like Gecko) Chrome/121.0.5045.106 Safari/537.36 Edg/108.0.1766.61"
44.194.134.53 - - [26/May/2026:15:36:15 +0300] "GET /public/index.php/images/haberler/2022/03/haftanin-magazin-olaylari-7-12-mart-2022.jpg HTTP/1.1" 302 238 "-" "Mozilla/5.0 AppleWebKit/537.36 (KHTML, like Gecko; compatible; Amazonbot/0.1; +https://developer.amazon.com/support/amazonbot) Chrome/119.0.6045.214 Safari/537.36"
47.128.16.154 - - [26/May/2026:15:36:15 +0300] "GET /public/index.php/404 HTTP/1.1" 302 232 "https://www.yeniistiklal.com/public/index.php" "Mozilla/5.0 (Linux; Android 5.0) AppleWebKit/537.36 (KHTML, like Gecko) Mobile Safari/537.36 (compatible; TikTokSpider; ttspider-feedback@tiktok.com)"
47.128.16.154 - - [26/May/2026:15:36:15 +0300] "GET /public/index.php/404 HTTP/1.1" 302 232 "https://www.yeniistiklal.com/public/index.php" "Mozilla/5.0 (Linux; Android 5.0) AppleWebKit/537.36 (KHTML, like Gecko) Mobile Safari/537.36 (compatible; TikTokSpider; ttspider-feedback@tiktok.com)"
47.128.16.154 - - [26/May/2026:15:36:16 +0300] "GET /public/index.php HTTP/1.1" 200 17282 "https://www.yeniistiklal.com/public/index.php" "Mozilla/5.0 (Linux; Android 5.0) AppleWebKit/537.36 (KHTML, like Gecko) Mobile Safari/537.36 (compatible; TikTokSpider; ttspider-feedback@tiktok.com)"
47.128.16.154 - - [26/May/2026:15:36:16 +0300] "GET /public/index.php/images/tn/2025/08/saclar-neden-beyazlar-yaslanmanin-gorunur-izi-ve-genetik-sirlari-1754209237.jpeg HTTP/1.1" 302 238 "https://www.yeniistiklal.com/public/index.php" "Mozilla/5.0 (Linux; Android 5.0) AppleWebKit/537.36 (KHTML, like Gecko) Mobile Safari/537.36 (compatible; TikTokSpider; ttspider-feedback@tiktok.com)"
47.128.16.154 - - [26/May/2026:15:36:16 +0300] "GET /public/index.php HTTP/1.1" 200 17281 "https://www.yeniistiklal.com/public/index.php" "Mozilla/5.0 (Linux; Android 5.0) AppleWebKit/537.36 (KHTML, like Gecko) Mobile Safari/537.36 (compatible; TikTokSpider; ttspider-feedback@tiktok.com)"
47.128.16.154 - - [26/May/2026:15:36:16 +0300] "GET /public/index.php/404 HTTP/1.1" 302 232 "https://www.yeniistiklal.com/public/index.php" "Mozilla/5.0 (Linux; Android 5.0) AppleWebKit/537.36 (KHTML, like Gecko) Mobile Safari/537.36 (compatible; TikTokSpider; ttspider-feedback@tiktok.com)"
47.128.16.154 - - [26/May/2026:15:36:16 +0300] "GET /public/index.php HTTP/1.1" 200 17276 "https://www.yeniistiklal.com/public/index.php" "Mozilla/5.0 (Linux; Android 5.0) AppleWebKit/537.36 (KHTML, like Gecko) Mobile Safari/537.36 (compatible; TikTokSpider; ttspider-feedback@tiktok.com)"
47.128.16.154 - - [26/May/2026:15:36:16 +0300] "GET /public/index.php/404 HTTP/1.1" 302 232 "https://www.yeniistiklal.com/public/index.php" "Mozilla/5.0 (Linux; Android 5.0) AppleWebKit/537.36 (KHTML, like Gecko) Mobile Safari/537.36 (compatible; TikTokSpider; ttspider-feedback@tiktok.com)"
47.128.16.154 - - [26/May/2026:15:36:16 +0300] "GET /public/index.php HTTP/1.1" 200 17284 "https://www.yeniistiklal.com/public/index.php" "Mozilla/5.0 (Linux; Android 5.0) AppleWebKit/537.36 (KHTML, like Gecko) Mobile Safari/537.36 (compatible; TikTokSpider; ttspider-feedback@tiktok.com)"
98.82.38.120 - - [26/May/2026:15:36:17 +0300] "GET /public/index.php/haber/cok-az-kisi-biliyor-e-devlette-biriken-paranizi-nakit-olarak-alabilirsiniz-487590 HTTP/1.1" 200 14572 "-" "Mozilla/5.0 AppleWebKit/537.36 (KHTML, like Gecko; compatible; Amazonbot/0.1; +https://developer.amazon.com/support/amazonbot) Chrome/119.0.6045.214 Safari/537.36"
47.128.16.154 - - [26/May/2026:15:36:15 +0300] "GET /public/index.php/images/tn/2025/11/hurda-fiyatlari-2025-hurda-bakir-aluminyum-kablo-fiyatlari-1762255122.png HTTP/1.1" 302 238 "https://www.yeniistiklal.com/public/index.php" "Mozilla/5.0 (Linux; Android 5.0) AppleWebKit/537.36 (KHTML, like Gecko) Mobile Safari/537.36 (compatible; TikTokSpider; ttspider-feedback@tiktok.com)"
47.128.16.154 - - [26/May/2026:15:36:16 +0300] "GET /public/index.php/404 HTTP/1.1" 302 232 "https://www.yeniistiklal.com/public/index.php" "Mozilla/5.0 (Linux; Android 5.0) AppleWebKit/537.36 (KHTML, like Gecko) Mobile Safari/537.36 (compatible; TikTokSpider; ttspider-feedback@tiktok.com)"
47.128.16.154 - - [26/May/2026:15:36:16 +0300] "GET /public/index.php/images/tn/2025/08/yavas-ve-bilincli-adimlarin-dansi-japon-yuruyusu-1754032734.jpeg HTTP/1.1" 302 238 "https://www.yeniistiklal.com/public/index.php" "Mozilla/5.0 (Linux; Android 5.0) AppleWebKit/537.36 (KHTML, like Gecko) Mobile Safari/537.36 (compatible; TikTokSpider; ttspider-feedback@tiktok.com)"
47.128.16.154 - - [26/May/2026:15:36:16 +0300] "GET /public/index.php/images/tn/2025/05/hametan-merhem-2025-fiyatlari-1746092676.jpeg HTTP/1.1" 302 238 "https://www.yeniistiklal.com/public/index.php" "Mozilla/5.0 (Linux; Android 5.0) AppleWebKit/537.36 (KHTML, like Gecko) Mobile Safari/537.36 (compatible; TikTokSpider; ttspider-feedback@tiktok.com)"
47.128.16.154 - - [26/May/2026:15:36:16 +0300] "GET /public/index.php/404 HTTP/1.1" 302 232 "https://www.yeniistiklal.com/public/index.php" "Mozilla/5.0 (Linux; Android 5.0) AppleWebKit/537.36 (KHTML, like Gecko) Mobile Safari/537.36 (compatible; TikTokSpider; ttspider-feedback@tiktok.com)"
47.128.16.154 - - [26/May/2026:15:36:16 +0300] "GET /public/index.php/images/tn/2025/05/maca-cayi-nedir-1746249155.jpeg HTTP/1.1" 302 238 "https://www.yeniistiklal.com/public/index.php" "Mozilla/5.0 (Linux; Android 5.0) AppleWebKit/537.36 (KHTML, like Gecko) Mobile Safari/537.36 (compatible; TikTokSpider; ttspider-feedback@tiktok.com)"
47.128.16.154 - - [26/May/2026:15:36:17 +0300] "GET /public/index.php/404 HTTP/1.1" 302 232 "https://www.yeniistiklal.com/public/index.php" "Mozilla/5.0 (Linux; Android 5.0) AppleWebKit/537.36 (KHTML, like Gecko) Mobile Safari/537.36 (compatible; TikTokSpider; ttspider-feedback@tiktok.com)"
47.128.16.154 - - [26/May/2026:15:36:16 +0300] "GET /public/index.php HTTP/1.1" 200 17271 "https://www.yeniistiklal.com/public/index.php" "Mozilla/5.0 (Linux; Android 5.0) AppleWebKit/537.36 (KHTML, like Gecko) Mobile Safari/537.36 (compatible; TikTokSpider; ttspider-feedback@tiktok.com)"
47.128.16.154 - - [26/May/2026:15:36:17 +0300] "GET /public/index.php/images/tn/2026/05/bir-satisin-gercek-degerini-ancak-tahsilat-tamamlandiginda-anlarsiniz-1779764925.jpeg HTTP/1.1" 302 238 "https://www.yeniistiklal.com/public/index.php" "Mozilla/5.0 (Linux; Android 5.0) AppleWebKit/537.36 (KHTML, like Gecko) Mobile Safari/537.36 (compatible; TikTokSpider; ttspider-feedback@tiktok.com)"
47.128.16.154 - - [26/May/2026:15:36:17 +0300] "GET /public/index.php HTTP/1.1" 200 17285 "https://www.yeniistiklal.com/public/index.php" "Mozilla/5.0 (Linux; Android 5.0) AppleWebKit/537.36 (KHTML, like Gecko) Mobile Safari/537.36 (compatible; TikTokSpider; ttspider-feedback@tiktok.com)"
47.128.16.154 - - [26/May/2026:15:36:17 +0300] "GET /public/index.php HTTP/1.1" 200 17286 "https://www.yeniistiklal.com/public/index.php" "Mozilla/5.0 (Linux; Android 5.0) AppleWebKit/537.36 (KHTML, like Gecko) Mobile Safari/537.36 (compatible; TikTokSpider; ttspider-feedback@tiktok.com)"
47.128.16.154 - - [26/May/2026:15:36:17 +0300] "GET /public/index.php/404 HTTP/1.1" 302 232 "https://www.yeniistiklal.com/public/index.php" "Mozilla/5.0 (Linux; Android 5.0) AppleWebKit/537.36 (KHTML, like Gecko) Mobile Safari/537.36 (compatible; TikTokSpider; ttspider-feedback@tiktok.com)"
147.235.195.217 - - [26/May/2026:15:36:17 +0300] "GET /images/haberler/2026/05/cocuklarda-alerjik-rinitin-gorulme-sikligi-artiyor-1777974426.jpg HTTP/1.1" 200 22776 "https://yeniistiklal.com/" "Mozilla/5.0 (iPhone; CPU iPhone OS 11_0 like Mac OS X) AppleWebKit/537.36 (KHTML, like Gecko) Chrome/59.0.5965.1735 Mobile Safari/537.36"
47.128.16.154 - - [26/May/2026:15:36:17 +0300] "GET /public/index.php/404 HTTP/1.1" 302 232 "https://www.yeniistiklal.com/public/index.php" "Mozilla/5.0 (Linux; Android 5.0) AppleWebKit/537.36 (KHTML, like Gecko) Mobile Safari/537.36 (compatible; TikTokSpider; ttspider-feedback@tiktok.com)"
47.128.16.154 - - [26/May/2026:15:36:17 +0300] "GET /public/index.php/404 HTTP/1.1" 302 232 "https://www.yeniistiklal.com/public/index.php" "Mozilla/5.0 (Linux; Android 5.0) AppleWebKit/537.36 (KHTML, like Gecko) Mobile Safari/537.36 (compatible; TikTokSpider; ttspider-feedback@tiktok.com)"
47.128.16.154 - - [26/May/2026:15:36:17 +0300] "GET /public/index.php/images/tn/2026/05/turkiye-diyanet-vakfi-yayinlari-hadis-tarihi-kulliyatini-genisletiyor-1779778508.jpeg HTTP/1.1" 302 238 "https://www.yeniistiklal.com/public/index.php" "Mozilla/5.0 (Linux; Android 5.0) AppleWebKit/537.36 (KHTML, like Gecko) Mobile Safari/537.36 (compatible; TikTokSpider; ttspider-feedback@tiktok.com)"
47.128.16.154 - - [26/May/2026:15:36:17 +0300] "GET /public/index.php HTTP/1.1" 200 17293 "https://www.yeniistiklal.com/public/index.php" "Mozilla/5.0 (Linux; Android 5.0) AppleWebKit/537.36 (KHTML, like Gecko) Mobile Safari/537.36 (compatible; TikTokSpider; ttspider-feedback@tiktok.com)"
47.128.16.154 - - [26/May/2026:15:36:17 +0300] "GET /public/index.php/404 HTTP/1.1" 302 232 "https://www.yeniistiklal.com/public/index.php" "Mozilla/5.0 (Linux; Android 5.0) AppleWebKit/537.36 (KHTML, like Gecko) Mobile Safari/537.36 (compatible; TikTokSpider; ttspider-feedback@tiktok.com)"
47.128.16.154 - - [26/May/2026:15:36:17 +0300] "GET /public/index.php/images/tn/2026/05/bakimli-ellerde-estetik-gorunum-arayisi-1779596618.png HTTP/1.1" 302 238 "https://www.yeniistiklal.com/public/index.php" "Mozilla/5.0 (Linux; Android 5.0) AppleWebKit/537.36 (KHTML, like Gecko) Mobile Safari/537.36 (compatible; TikTokSpider; ttspider-feedback@tiktok.com)"
47.128.16.154 - - [26/May/2026:15:36:17 +0300] "GET /public/index.php/images/tn/2026/05/veri-guvenligi-acisindan-avusturya-kurumsal-hosting-hizmetlerinin-onemi-1779764396.jpeg HTTP/1.1" 302 238 "https://www.yeniistiklal.com/public/index.php" "Mozilla/5.0 (Linux; Android 5.0) AppleWebKit/537.36 (KHTML, like Gecko) Mobile Safari/537.36 (compatible; TikTokSpider; ttspider-feedback@tiktok.com)"
47.128.16.154 - - [26/May/2026:15:36:18 +0300] "GET /public/index.php/404 HTTP/1.1" 302 232 "https://www.yeniistiklal.com/public/index.php" "Mozilla/5.0 (Linux; Android 5.0) AppleWebKit/537.36 (KHTML, like Gecko) Mobile Safari/537.36 (compatible; TikTokSpider; ttspider-feedback@tiktok.com)"
47.128.16.154 - - [26/May/2026:15:36:18 +0300] "GET /public/index.php HTTP/1.1" 200 17281 "https://www.yeniistiklal.com/public/index.php" "Mozilla/5.0 (Linux; Android 5.0) AppleWebKit/537.36 (KHTML, like Gecko) Mobile Safari/537.36 (compatible; TikTokSpider; ttspider-feedback@tiktok.com)"
47.128.16.154 - - [26/May/2026:15:36:18 +0300] "GET /public/index.php HTTP/1.1" 200 17293 "https://www.yeniistiklal.com/public/index.php" "Mozilla/5.0 (Linux; Android 5.0) AppleWebKit/537.36 (KHTML, like Gecko) Mobile Safari/537.36 (compatible; TikTokSpider; ttspider-feedback@tiktok.com)"
47.128.16.154 - - [26/May/2026:15:36:18 +0300] "GET /public/index.php/images/firmalar/besiktas-su-tesisatcisi-hizmetleri-1717325782.jpg HTTP/1.1" 302 238 "https://www.yeniistiklal.com/public/index.php" "Mozilla/5.0 (Linux; Android 5.0) AppleWebKit/537.36 (KHTML, like Gecko) Mobile Safari/537.36 (compatible; TikTokSpider; ttspider-feedback@tiktok.com)"
47.128.16.154 - - [26/May/2026:15:36:18 +0300] "GET /public/index.php/404 HTTP/1.1" 302 232 "https://www.yeniistiklal.com/public/index.php" "Mozilla/5.0 (Linux; Android 5.0) AppleWebKit/537.36 (KHTML, like Gecko) Mobile Safari/537.36 (compatible; TikTokSpider; ttspider-feedback@tiktok.com)"
47.128.16.154 - - [26/May/2026:15:36:18 +0300] "GET /public/index.php/404 HTTP/1.1" 302 232 "https://www.yeniistiklal.com/public/index.php" "Mozilla/5.0 (Linux; Android 5.0) AppleWebKit/537.36 (KHTML, like Gecko) Mobile Safari/537.36 (compatible; TikTokSpider; ttspider-feedback@tiktok.com)"
47.128.16.154 - - [26/May/2026:15:36:18 +0300] "GET /public/index.php/images/firmalar/deha-patent-anonim-sirketi-1729864745.jpg HTTP/1.1" 302 238 "https://www.yeniistiklal.com/public/index.php" "Mozilla/5.0 (Linux; Android 5.0) AppleWebKit/537.36 (KHTML, like Gecko) Mobile Safari/537.36 (compatible; TikTokSpider; ttspider-feedback@tiktok.com)"
47.128.16.154 - - [26/May/2026:15:36:18 +0300] "GET /public/index.php/404 HTTP/1.1" 302 232 "https://www.yeniistiklal.com/public/index.php" "Mozilla/5.0 (Linux; Android 5.0) AppleWebKit/537.36 (KHTML, like Gecko) Mobile Safari/537.36 (compatible; TikTokSpider; ttspider-feedback@tiktok.com)"
47.128.16.154 - - [26/May/2026:15:36:18 +0300] "GET /public/index.php/images/tn/2026/05/daha-17de-manifest-surprizi-1779798937.jpeg HTTP/1.1" 302 238 "https://www.yeniistiklal.com/public/index.php" "Mozilla/5.0 (Linux; Android 5.0) AppleWebKit/537.36 (KHTML, like Gecko) Mobile Safari/537.36 (compatible; TikTokSpider; ttspider-feedback@tiktok.com)"
47.128.16.154 - - [26/May/2026:15:36:19 +0300] "GET /public/index.php HTTP/1.1" 200 17298 "https://www.yeniistiklal.com/public/index.php" "Mozilla/5.0 (Linux; Android 5.0) AppleWebKit/537.36 (KHTML, like Gecko) Mobile Safari/537.36 (compatible; TikTokSpider; ttspider-feedback@tiktok.com)"
47.128.16.154 - - [26/May/2026:15:36:19 +0300] "GET /public/index.php/404 HTTP/1.1" 302 232 "https://www.yeniistiklal.com/public/index.php" "Mozilla/5.0 (Linux; Android 5.0) AppleWebKit/537.36 (KHTML, like Gecko) Mobile Safari/537.36 (compatible; TikTokSpider; ttspider-feedback@tiktok.com)"
47.128.16.154 - - [26/May/2026:15:36:19 +0300] "GET /public/index.php/images/tn/2026/05/basarili-reklam-pr-danismani-gokalp-tekmanli-mutlu-yillar-dileriz-1779594959.jpeg HTTP/1.1" 302 238 "https://www.yeniistiklal.com/public/index.php" "Mozilla/5.0 (Linux; Android 5.0) AppleWebKit/537.36 (KHTML, like Gecko) Mobile Safari/537.36 (compatible; TikTokSpider; ttspider-feedback@tiktok.com)"
47.128.16.154 - - [26/May/2026:15:36:19 +0300] "GET /public/index.php/images/haberler/2025/05/super-ligde-35-hafta-hakemleri-belli-oldu-nefesler-tutuldu-1746707520.jpeg HTTP/1.1" 302 238 "https://www.yeniistiklal.com/public/index.php" "Mozilla/5.0 (Linux; Android 5.0) AppleWebKit/537.36 (KHTML, like Gecko) Mobile Safari/537.36 (compatible; TikTokSpider; ttspider-feedback@tiktok.com)"
146.247.137.97 - - [26/May/2026:15:36:19 +0300] "GET /haber/daha-17de-manifest-surprizi-552365 HTTP/1.1" 200 14198 "-" "Mozilla/5.0 (X11; Linux x86_64) AppleWebKit/537.36 (KHTML, like Gecko) Chrome/118.0.0.0 Safari/537.36"
47.128.16.154 - - [26/May/2026:15:36:19 +0300] "GET /public/index.php HTTP/1.1" 200 17284 "https://www.yeniistiklal.com/public/index.php" "Mozilla/5.0 (Linux; Android 5.0) AppleWebKit/537.36 (KHTML, like Gecko) Mobile Safari/537.36 (compatible; TikTokSpider; ttspider-feedback@tiktok.com)"
50.16.216.166 - - [26/May/2026:15:36:19 +0300] "GET /haber/turkiye-savasa-bos-depoyla-yakalandi-497326 HTTP/1.1" 200 14242 "-" "Mozilla/5.0 AppleWebKit/537.36 (KHTML, like Gecko; compatible; Amazonbot/0.1; +https://developer.amazon.com/support/amazonbot) Chrome/119.0.6045.214 Safari/537.36"
47.128.16.154 - - [26/May/2026:15:36:19 +0300] "GET /public/index.php/404 HTTP/1.1" 302 232 "https://www.yeniistiklal.com/public/index.php" "Mozilla/5.0 (Linux; Android 5.0) AppleWebKit/537.36 (KHTML, like Gecko) Mobile Safari/537.36 (compatible; TikTokSpider; ttspider-feedback@tiktok.com)"
47.128.16.154 - - [26/May/2026:15:36:18 +0300] "GET /public/index.php/images/firmalar HTTP/1.1" 302 238 "https://www.yeniistiklal.com/public/index.php" "Mozilla/5.0 (Linux; Android 5.0) AppleWebKit/537.36 (KHTML, like Gecko) Mobile Safari/537.36 (compatible; TikTokSpider; ttspider-feedback@tiktok.com)"
47.128.16.154 - - [26/May/2026:15:36:18 +0300] "GET /public/index.php/404 HTTP/1.1" 302 232 "https://www.yeniistiklal.com/public/index.php" "Mozilla/5.0 (Linux; Android 5.0) AppleWebKit/537.36 (KHTML, like Gecko) Mobile Safari/537.36 (compatible; TikTokSpider; ttspider-feedback@tiktok.com)"
47.128.16.154 - - [26/May/2026:15:36:18 +0300] "GET /public/index.php HTTP/1.1" 200 17288 "https://www.yeniistiklal.com/public/index.php" "Mozilla/5.0 (Linux; Android 5.0) AppleWebKit/537.36 (KHTML, like Gecko) Mobile Safari/537.36 (compatible; TikTokSpider; ttspider-feedback@tiktok.com)"
47.128.16.154 - - [26/May/2026:15:36:18 +0300] "GET /public/index.php HTTP/1.1" 200 17285 "https://www.yeniistiklal.com/public/index.php" "Mozilla/5.0 (Linux; Android 5.0) AppleWebKit/537.36 (KHTML, like Gecko) Mobile Safari/537.36 (compatible; TikTokSpider; ttspider-feedback@tiktok.com)"
47.128.16.154 - - [26/May/2026:15:36:19 +0300] "GET /public/index.php HTTP/1.1" 200 17271 "https://www.yeniistiklal.com/public/index.php" "Mozilla/5.0 (Linux; Android 5.0) AppleWebKit/537.36 (KHTML, like Gecko) Mobile Safari/537.36 (compatible; TikTokSpider; ttspider-feedback@tiktok.com)"
47.128.16.154 - - [26/May/2026:15:36:19 +0300] "GET /public/index.php/404 HTTP/1.1" 302 232 "https://www.yeniistiklal.com/public/index.php" "Mozilla/5.0 (Linux; Android 5.0) AppleWebKit/537.36 (KHTML, like Gecko) Mobile Safari/537.36 (compatible; TikTokSpider; ttspider-feedback@tiktok.com)"
52.203.68.145 - - [26/May/2026:15:36:19 +0300] "GET /images/haberler/2022/02/ambargolara-karsi-rusyanin-elindeki-en-buyuk-silah-bes-yil-boyunca-yetebilir-uUrMOMp5.jpg HTTP/1.1" 302 219 "-" "Mozilla/5.0 AppleWebKit/537.36 (KHTML, like Gecko; compatible; Amazonbot/0.1; +https://developer.amazon.com/support/amazonbot) Chrome/119.0.6045.214 Safari/537.36"
44.223.116.149 - - [26/May/2026:15:36:19 +0300] "GET /public/index.php/images/haberler/2022/02/cok-az-kisi-biliyor-e-devlette-biriken-paranizi-nakit-olarak-alabilirsiniz-vf7bC5t7.jpg HTTP/1.1" 302 238 "-" "Mozilla/5.0 AppleWebKit/537.36 (KHTML, like Gecko; compatible; Amazonbot/0.1; +https://developer.amazon.com/support/amazonbot) Chrome/119.0.6045.214 Safari/537.36"
146.247.137.97 - - [26/May/2026:15:36:19 +0300] "GET /images/haberler/2026/05/daha-17de-manifest-surprizi-1779798937.jpeg HTTP/1.1" 200 34123 "https://yeniistiklal.com/haber/daha-17de-manifest-surprizi-552365" "Mozilla/5.0 (X11; Linux x86_64) AppleWebKit/537.36 (KHTML, like Gecko) Chrome/118.0.0.0 Safari/537.36"
146.247.137.97 - - [26/May/2026:15:36:19 +0300] "GET /images/tn/2026/05/turkiye-diyanet-vakfi-yayinlari-hadis-tarihi-kulliyatini-genisletiyor-1779778508.jpeg HTTP/1.1" 200 14718 "https://yeniistiklal.com/haber/daha-17de-manifest-surprizi-552365" "Mozilla/5.0 (X11; Linux x86_64) AppleWebKit/537.36 (KHTML, like Gecko) Chrome/118.0.0.0 Safari/537.36"
47.128.16.154 - - [26/May/2026:15:36:20 +0300] "GET /public/index.php/images/haberler/2025/07/genc-yetenek-naim-saruhan-donmez-1461-trabzon-fk-formasi-giyecek-1752003597.jpeg HTTP/1.1" 302 238 "https://www.yeniistiklal.com/public/index.php" "Mozilla/5.0 (Linux; Android 5.0) AppleWebKit/537.36 (KHTML, like Gecko) Mobile Safari/537.36 (compatible; TikTokSpider; ttspider-feedback@tiktok.com)"
47.128.16.154 - - [26/May/2026:15:36:20 +0300] "GET /public/index.php HTTP/1.1" 200 17288 "https://www.yeniistiklal.com/public/index.php" "Mozilla/5.0 (Linux; Android 5.0) AppleWebKit/537.36 (KHTML, like Gecko) Mobile Safari/537.36 (compatible; TikTokSpider; ttspider-feedback@tiktok.com)"
47.128.16.154 - - [26/May/2026:15:36:19 +0300] "GET /public/index.php/images/haberler/2025/05/fenerbahce-beko-euroleaguede-sampiyon-oldu-1748258787.jpeg HTTP/1.1" 302 238 "https://www.yeniistiklal.com/public/index.php" "Mozilla/5.0 (Linux; Android 5.0) AppleWebKit/537.36 (KHTML, like Gecko) Mobile Safari/537.36 (compatible; TikTokSpider; ttspider-feedback@tiktok.com)"
47.128.16.154 - - [26/May/2026:15:36:19 +0300] "GET /public/index.php HTTP/1.1" 200 17292 "https://www.yeniistiklal.com/public/index.php" "Mozilla/5.0 (Linux; Android 5.0) AppleWebKit/537.36 (KHTML, like Gecko) Mobile Safari/537.36 (compatible; TikTokSpider; ttspider-feedback@tiktok.com)"
47.128.16.154 - - [26/May/2026:15:36:19 +0300] "GET /public/index.php/404 HTTP/1.1" 302 232 "https://www.yeniistiklal.com/public/index.php" "Mozilla/5.0 (Linux; Android 5.0) AppleWebKit/537.36 (KHTML, like Gecko) Mobile Safari/537.36 (compatible; TikTokSpider; ttspider-feedback@tiktok.com)"
146.247.137.97 - - [26/May/2026:15:36:20 +0300] "GET /hava-durumu/ajax?sehir_isim=6 HTTP/1.1" 200 77 "https://yeniistiklal.com/haber/daha-17de-manifest-surprizi-552365" "Mozilla/5.0 (X11; Linux x86_64) AppleWebKit/537.36 (KHTML, like Gecko) Chrome/118.0.0.0 Safari/537.36"
47.128.16.154 - - [26/May/2026:15:36:20 +0300] "GET /public/index.php/404 HTTP/1.1" 302 232 "https://www.yeniistiklal.com/public/index.php" "Mozilla/5.0 (Linux; Android 5.0) AppleWebKit/537.36 (KHTML, like Gecko) Mobile Safari/537.36 (compatible; TikTokSpider; ttspider-feedback@tiktok.com)"
47.128.16.154 - - [26/May/2026:15:36:20 +0300] "GET /public/index.php/404 HTTP/1.1" 302 232 "https://www.yeniistiklal.com/public/index.php" "Mozilla/5.0 (Linux; Android 5.0) AppleWebKit/537.36 (KHTML, like Gecko) Mobile Safari/537.36 (compatible; TikTokSpider; ttspider-feedback@tiktok.com)"
216.73.217.145 - - [26/May/2026:15:36:20 +0300] "GET /404 HTTP/1.1" 302 219 "https://www.yeniistiklal.com/images/haberler/2022/02/metamfetaminle-yakalanan-2-kisi-tutuklandi-LzOCXtaw.jpg" "Mozilla/5.0 AppleWebKit/537.36 (KHTML, like Gecko; compatible; ClaudeBot/1.0; +claudebot@anthropic.com)"
47.128.16.154 - - [26/May/2026:15:36:20 +0300] "GET /public/index.php/404 HTTP/1.1" 302 232 "https://www.yeniistiklal.com/public/index.php" "Mozilla/5.0 (Linux; Android 5.0) AppleWebKit/537.36 (KHTML, like Gecko) Mobile Safari/537.36 (compatible; TikTokSpider; ttspider-feedback@tiktok.com)"
47.128.16.154 - - [26/May/2026:15:36:20 +0300] "GET /public/index.php HTTP/1.1" 200 17287 "https://www.yeniistiklal.com/public/index.php" "Mozilla/5.0 (Linux; Android 5.0) AppleWebKit/537.36 (KHTML, like Gecko) Mobile Safari/537.36 (compatible; TikTokSpider; ttspider-feedback@tiktok.com)"
47.128.16.154 - - [26/May/2026:15:36:20 +0300] "GET /public/index.php/404 HTTP/1.1" 302 232 "https://www.yeniistiklal.com/public/index.php" "Mozilla/5.0 (Linux; Android 5.0) AppleWebKit/537.36 (KHTML, like Gecko) Mobile Safari/537.36 (compatible; TikTokSpider; ttspider-feedback@tiktok.com)"
8.229.77.42 - - [26/May/2026:15:36:20 +0300] "GET /images/haberler/2022/08/buyuksehir-ciftcinin-topragini-analiz-ediyor-scOTHNQI.jpg HTTP/1.1" 302 224 "-" "Mozilla/5.0 (X11; Linux x86_64) AppleWebKit/537.36 (KHTML, like Gecko) Chrome/91.0.4472.114 Safari/537.36"
216.73.217.145 - - [26/May/2026:15:36:20 +0300] "GET /public/images/haberler/2022/04/ramazan-coskusu-sirinkoyu-kapladi-UAHwiBUQ.jpg HTTP/1.1" 302 225 "-" "Mozilla/5.0 AppleWebKit/537.36 (KHTML, like Gecko; compatible; ClaudeBot/1.0; +claudebot@anthropic.com)"
47.128.16.154 - - [26/May/2026:15:36:20 +0300] "GET /public/index.php HTTP/1.1" 200 17301 "https://www.yeniistiklal.com/public/index.php" "Mozilla/5.0 (Linux; Android 5.0) AppleWebKit/537.36 (KHTML, like Gecko) Mobile Safari/537.36 (compatible; TikTokSpider; ttspider-feedback@tiktok.com)"
47.128.16.154 - - [26/May/2026:15:36:20 +0300] "GET /public/index.php/images/haberler/2022/11/2022-dunya-kupasi-belcika-0-2-fas-1669566817.png HTTP/1.1" 302 238 "https://www.yeniistiklal.com/public/index.php" "Mozilla/5.0 (Linux; Android 5.0) AppleWebKit/537.36 (KHTML, like Gecko) Mobile Safari/537.36 (compatible; TikTokSpider; ttspider-feedback@tiktok.com)"
216.73.217.145 - - [26/May/2026:15:36:21 +0300] "GET /images/haberler/2022/01/volkswagenin-elektrikli-mikrobus-hayali-gercek-oluyor-0-YHl5vKtT.jpg HTTP/1.1" 302 219 "-" "Mozilla/5.0 AppleWebKit/537.36 (KHTML, like Gecko; compatible; ClaudeBot/1.0; +claudebot@anthropic.com)"
47.128.16.154 - - [26/May/2026:15:36:21 +0300] "GET /public/index.php/images/haberler/2023/07/filenin-sultanlari-milletler-liginde-sampiyon-oldu-1689595616.png HTTP/1.1" 302 238 "https://www.yeniistiklal.com/public/index.php" "Mozilla/5.0 (Linux; Android 5.0) AppleWebKit/537.36 (KHTML, like Gecko) Mobile Safari/537.36 (compatible; TikTokSpider; ttspider-feedback@tiktok.com)"
44.223.115.10 - - [26/May/2026:15:36:21 +0300] "GET /public/index.php/haber/merkez-bankasi-politika-faizini-yuzde-14te-sabit-tuttu-476878 HTTP/1.1" 200 14946 "-" "Mozilla/5.0 AppleWebKit/537.36 (KHTML, like Gecko; compatible; Amazonbot/0.1; +https://developer.amazon.com/support/amazonbot) Chrome/119.0.6045.214 Safari/537.36"
216.73.217.145 - - [26/May/2026:15:36:21 +0300] "GET /public/404 HTTP/1.1" 302 220 "https://yeniistiklal.com/public/images/haberler/2022/04/ramazan-coskusu-sirinkoyu-kapladi-UAHwiBUQ.jpg" "Mozilla/5.0 AppleWebKit/537.36 (KHTML, like Gecko; compatible; ClaudeBot/1.0; +claudebot@anthropic.com)"
47.128.16.154 - - [26/May/2026:15:36:21 +0300] "GET /public/index.php HTTP/1.1" 200 17285 "https://www.yeniistiklal.com/public/index.php" "Mozilla/5.0 (Linux; Android 5.0) AppleWebKit/537.36 (KHTML, like Gecko) Mobile Safari/537.36 (compatible; TikTokSpider; ttspider-feedback@tiktok.com)"
47.128.16.154 - - [26/May/2026:15:36:21 +0300] "GET /public/index.php/404 HTTP/1.1" 302 232 "https://www.yeniistiklal.com/public/index.php" "Mozilla/5.0 (Linux; Android 5.0) AppleWebKit/537.36 (KHTML, like Gecko) Mobile Safari/537.36 (compatible; TikTokSpider; ttspider-feedback@tiktok.com)"
8.229.77.42 - - [26/May/2026:15:36:21 +0300] "GET /404 HTTP/1.1" 302 219 "-" "Mozilla/5.0 (X11; Linux x86_64) AppleWebKit/537.36 (KHTML, like Gecko) Chrome/91.0.4472.114 Safari/537.36"
