140.179.47.77 - - [26/May/2026:15:37:44 +0300] "GET /images/haberler/2022/03/kilicdaroglu-84-milyona-hizmet-edecegiz-tNJLMvLG.jpg HTTP/1.1" 302 219 "-" "Mozilla/5.0 (compatible; crawler)"
24.133.80.23 - - [26/May/2026:15:37:45 +0300] "GET /haber/daha-17de-manifest-surprizi-552365 HTTP/1.1" 200 14047 "https://yeniistiklal.com/panel/haberler" "Mozilla/5.0 (Macintosh; Intel Mac OS X 10_15_7) AppleWebKit/537.36 (KHTML, like Gecko) Chrome/148.0.0.0 Safari/537.36"
3.213.106.226 - - [26/May/2026:15:37:45 +0300] "GET /public/index.php/haber/turkiye-barolar-birliginden-tbmmde-komisyon-talebi-504120 HTTP/1.1" 200 13912 "-" "Mozilla/5.0 AppleWebKit/537.36 (KHTML, like Gecko; compatible; Amazonbot/0.1; +https://developer.amazon.com/support/amazonbot) Chrome/119.0.6045.214 Safari/537.36"
140.179.47.77 - - [26/May/2026:15:37:45 +0300] "GET / HTTP/1.1" 200 17074 "-" "Mozilla/5.0 (compatible; crawler)"
87.250.224.249 - - [26/May/2026:15:37:45 +0300] "GET /rss/genel-0 HTTP/1.1" 200 169906 "-" "Mozilla/5.0 (compatible; YandexBot/3.0; +http://yandex.com/bots)"
5.255.231.125 - - [26/May/2026:15:37:46 +0300] "GET /public/haber/daha-17de-manifest-surprizi-552365 HTTP/1.1" 200 14064 "-" "Mozilla/5.0 (compatible; YandexBot/3.0; +http://yandex.com/bots)"
18.235.81.246 - - [26/May/2026:15:37:46 +0300] "GET /images/haberler/2022/02/babacandan-hukumete-acil-cagri-lsMtQrze.jpg HTTP/1.1" 302 219 "-" "Mozilla/5.0 AppleWebKit/537.36 (KHTML, like Gecko; compatible; Amazonbot/0.1; +https://developer.amazon.com/support/amazonbot) Chrome/119.0.6045.214 Safari/537.36"
66.249.66.195 - - [26/May/2026:15:37:46 +0300] "GET /hava-durumu/ajax?sehir_isim=6 HTTP/1.1" 200 77 "https://yeniistiklal.com/" "Mozilla/5.0 AppleWebKit/537.36 (KHTML, like Gecko; compatible; Googlebot/2.1; +http://www.google.com/bot.html) Chrome/147.0.7727.116 Safari/537.36"
66.249.66.196 - - [26/May/2026:15:37:44 +0300] "GET / HTTP/1.1" 200 17067 "-" "Mozilla/5.0 (compatible; Googlebot/2.1; +http://www.google.com/bot.html)"
140.179.47.77 - - [26/May/2026:15:37:45 +0300] "GET /404 HTTP/1.1" 302 215 "-" "Mozilla/5.0 (compatible; crawler)"
24.133.80.23 - - [26/May/2026:15:37:45 +0300] "GET /hava-durumu/ajax?sehir_isim=6 HTTP/1.1" 200 77 "https://yeniistiklal.com/haber/daha-17de-manifest-surprizi-552365" "Mozilla/5.0 (Macintosh; Intel Mac OS X 10_15_7) AppleWebKit/537.36 (KHTML, like Gecko) Chrome/148.0.0.0 Safari/537.36"
216.73.217.145 - - [26/May/2026:15:37:46 +0300] "GET /public/images/haberler/2022/04/cankaya-belediye-baskani-alper-tasdelenin-23-nisan-mesaji-c9Z2MEEy.jpg HTTP/1.1" 302 225 "-" "Mozilla/5.0 AppleWebKit/537.36 (KHTML, like Gecko; compatible; ClaudeBot/1.0; +claudebot@anthropic.com)"
216.73.217.145 - - [26/May/2026:15:37:46 +0300] "GET /public/images/haberler/2022/09/cool-up-programi-misir-urdun-lubnan-ve-turkiyede-surdurulebilir-sogutmayi-destekliyor-h3XGUqlB.jpg HTTP/1.1" 302 225 "-" "Mozilla/5.0 AppleWebKit/537.36 (KHTML, like Gecko; compatible; ClaudeBot/1.0; +claudebot@anthropic.com)"
216.73.217.145 - - [26/May/2026:15:37:47 +0300] "GET /public/images/haberler/2022/02/tuncay-ozilhanin-evinin-onunde-eylem-yapan-migros-iscileri-gozaltina-alindi-bxUxLWDF.jpg HTTP/1.1" 302 225 "-" "Mozilla/5.0 AppleWebKit/537.36 (KHTML, like Gecko; compatible; ClaudeBot/1.0; +claudebot@anthropic.com)"
216.73.217.145 - - [26/May/2026:15:37:47 +0300] "GET /public/404 HTTP/1.1" 302 220 "https://yeniistiklal.com/public/images/haberler/2022/05/bisiklet-festivalinin-kayitlari-23-dakikada-doldu-Y7DBXBPL.jpg" "Mozilla/5.0 AppleWebKit/537.36 (KHTML, like Gecko; compatible; ClaudeBot/1.0; +claudebot@anthropic.com)"
216.73.217.145 - - [26/May/2026:15:37:47 +0300] "GET /public/404 HTTP/1.1" 302 220 "https://yeniistiklal.com/public/images/haberler/2022/09/cool-up-programi-misir-urdun-lubnan-ve-turkiyede-surdurulebilir-sogutmayi-destekliyor-h3XGUqlB.jpg" "Mozilla/5.0 AppleWebKit/537.36 (KHTML, like Gecko; compatible; ClaudeBot/1.0; +claudebot@anthropic.com)"
216.73.217.145 - - [26/May/2026:15:37:47 +0300] "GET /public/404 HTTP/1.1" 302 220 "https://yeniistiklal.com/public/images/haberler/2022/02/yurttas-gozyaslarini-tutamadi-kilicdaroglu-na-derdini-boyle-anlatti.jpg" "Mozilla/5.0 AppleWebKit/537.36 (KHTML, like Gecko; compatible; ClaudeBot/1.0; +claudebot@anthropic.com)"
216.73.217.145 - - [26/May/2026:15:37:47 +0300] "GET /public/404 HTTP/1.1" 302 220 "https://yeniistiklal.com/public/images/haberler/2022/02/tuncay-ozilhanin-evinin-onunde-eylem-yapan-migros-iscileri-gozaltina-alindi-bxUxLWDF.jpg" "Mozilla/5.0 AppleWebKit/537.36 (KHTML, like Gecko; compatible; ClaudeBot/1.0; +claudebot@anthropic.com)"
216.73.217.145 - - [26/May/2026:15:37:47 +0300] "GET /public HTTP/1.1" 301 795 "https://yeniistiklal.com/public/404" "Mozilla/5.0 AppleWebKit/537.36 (KHTML, like Gecko; compatible; ClaudeBot/1.0; +claudebot@anthropic.com)"
216.73.217.145 - - [26/May/2026:15:37:47 +0300] "GET /public HTTP/1.1" 301 795 "https://yeniistiklal.com/public/404" "Mozilla/5.0 AppleWebKit/537.36 (KHTML, like Gecko; compatible; ClaudeBot/1.0; +claudebot@anthropic.com)"
216.73.217.145 - - [26/May/2026:15:37:47 +0300] "GET /public/ HTTP/1.1" 200 17195 "https://yeniistiklal.com/public" "Mozilla/5.0 AppleWebKit/537.36 (KHTML, like Gecko; compatible; ClaudeBot/1.0; +claudebot@anthropic.com)"
107.22.208.39 - - [26/May/2026:15:37:47 +0300] "GET /public/index.php/images/haberler/2022/04/turkiye-barolar-birliginden-tbmmde-komisyon-talebi-uD8BjBMX.jpg HTTP/1.1" 302 238 "-" "Mozilla/5.0 AppleWebKit/537.36 (KHTML, like Gecko; compatible; Amazonbot/0.1; +https://developer.amazon.com/support/amazonbot) Chrome/119.0.6045.214 Safari/537.36"
47.128.16.156 - - [26/May/2026:15:37:47 +0300] "GET / HTTP/1.1" 200 17084 "-" "Mozilla/5.0 (Linux; Android 5.0) AppleWebKit/537.36 (KHTML, like Gecko) Mobile Safari/537.36 (compatible; TikTokSpider; ttspider-feedback@tiktok.com)"
216.73.217.145 - - [26/May/2026:15:37:46 +0300] "GET /public/images/haberler/2022/05/bisiklet-festivalinin-kayitlari-23-dakikada-doldu-Y7DBXBPL.jpg HTTP/1.1" 302 225 "-" "Mozilla/5.0 AppleWebKit/537.36 (KHTML, like Gecko; compatible; ClaudeBot/1.0; +claudebot@anthropic.com)"
216.73.217.145 - - [26/May/2026:15:37:47 +0300] "GET /public/images/haberler/2022/02/yurttas-gozyaslarini-tutamadi-kilicdaroglu-na-derdini-boyle-anlatti.jpg HTTP/1.1" 302 225 "-" "Mozilla/5.0 AppleWebKit/537.36 (KHTML, like Gecko; compatible; ClaudeBot/1.0; +claudebot@anthropic.com)"
216.73.217.145 - - [26/May/2026:15:37:47 +0300] "GET /public/404 HTTP/1.1" 302 220 "https://yeniistiklal.com/public/images/haberler/2022/04/cankaya-belediye-baskani-alper-tasdelenin-23-nisan-mesaji-c9Z2MEEy.jpg" "Mozilla/5.0 AppleWebKit/537.36 (KHTML, like Gecko; compatible; ClaudeBot/1.0; +claudebot@anthropic.com)"
216.73.217.145 - - [26/May/2026:15:37:47 +0300] "GET /images/haberler/2022/01/hirsizlar-soyduklari-evi-3-cocuk-icerideyken-atese-verdi-1-jtEJIcDP.jpg HTTP/1.1" 302 219 "-" "Mozilla/5.0 AppleWebKit/537.36 (KHTML, like Gecko; compatible; ClaudeBot/1.0; +claudebot@anthropic.com)"
216.73.217.145 - - [26/May/2026:15:37:47 +0300] "GET /public HTTP/1.1" 301 795 "https://yeniistiklal.com/public/404" "Mozilla/5.0 AppleWebKit/537.36 (KHTML, like Gecko; compatible; ClaudeBot/1.0; +claudebot@anthropic.com)"
216.73.217.145 - - [26/May/2026:15:37:47 +0300] "GET /public HTTP/1.1" 301 795 "https://yeniistiklal.com/public/404" "Mozilla/5.0 AppleWebKit/537.36 (KHTML, like Gecko; compatible; ClaudeBot/1.0; +claudebot@anthropic.com)"
216.73.217.145 - - [26/May/2026:15:37:47 +0300] "GET /public HTTP/1.1" 301 795 "https://yeniistiklal.com/public/404" "Mozilla/5.0 AppleWebKit/537.36 (KHTML, like Gecko; compatible; ClaudeBot/1.0; +claudebot@anthropic.com)"
216.73.217.145 - - [26/May/2026:15:37:47 +0300] "GET /public/ HTTP/1.1" 200 17195 "https://yeniistiklal.com/public" "Mozilla/5.0 AppleWebKit/537.36 (KHTML, like Gecko; compatible; ClaudeBot/1.0; +claudebot@anthropic.com)"
216.73.217.145 - - [26/May/2026:15:37:47 +0300] "GET /404 HTTP/1.1" 302 215 "https://yeniistiklal.com/images/haberler/2022/01/hirsizlar-soyduklari-evi-3-cocuk-icerideyken-atese-verdi-1-jtEJIcDP.jpg" "Mozilla/5.0 AppleWebKit/537.36 (KHTML, like Gecko; compatible; ClaudeBot/1.0; +claudebot@anthropic.com)"
216.73.217.145 - - [26/May/2026:15:37:47 +0300] "GET /public/ HTTP/1.1" 200 17182 "https://yeniistiklal.com/public" "Mozilla/5.0 AppleWebKit/537.36 (KHTML, like Gecko; compatible; ClaudeBot/1.0; +claudebot@anthropic.com)"
52.0.41.164 - - [26/May/2026:15:37:47 +0300] "GET /etiketler/keklik-haberleri HTTP/1.1" 200 5560 "-" "Mozilla/5.0 AppleWebKit/537.36 (KHTML, like Gecko; compatible; Amazonbot/0.1; +https://developer.amazon.com/support/amazonbot) Chrome/119.0.6045.214 Safari/537.36"
216.73.217.145 - - [26/May/2026:15:37:47 +0300] "GET /images/haberler/2022/09/coskunoz-egitim-vakfindan-avrupa-capinda-endustri-40-uretiminde-devrim-yaratacak-is-birligi-TKlskWJx.jpg HTTP/1.1" 302 224 "-" "Mozilla/5.0 AppleWebKit/537.36 (KHTML, like Gecko; compatible; ClaudeBot/1.0; +claudebot@anthropic.com)"
216.73.217.145 - - [26/May/2026:15:37:47 +0300] "GET /public/index.php/haber/van-buyuksehir-belediyesi-tarafindan-duzenlenen-1-van-denizi-yari-maratonu-ve-halk-kosusu-icin-ucretsiz-ulasim-hizmeti-verilecek-520020 HTTP/1.1" 200 13914 "-" "Mozilla/5.0 AppleWebKit/537.36 (KHTML, like Gecko; compatible; ClaudeBot/1.0; +claudebot@anthropic.com)"
216.73.217.145 - - [26/May/2026:15:37:48 +0300] "GET /public/index.php/images/haberler/2022/01/basbakan-boris-johnsona-istifa-cagrisi-yapan-muhafazakar-partili-vekil-sayisi-artiyor-E5XucKQ4.jpg HTTP/1.1" 302 238 "-" "Mozilla/5.0 AppleWebKit/537.36 (KHTML, like Gecko; compatible; ClaudeBot/1.0; +claudebot@anthropic.com)"
216.73.217.145 - - [26/May/2026:15:37:47 +0300] "GET /public/ HTTP/1.1" 200 17193 "https://yeniistiklal.com/public" "Mozilla/5.0 AppleWebKit/537.36 (KHTML, like Gecko; compatible; ClaudeBot/1.0; +claudebot@anthropic.com)"
216.73.217.145 - - [26/May/2026:15:37:47 +0300] "GET /public/ HTTP/1.1" 200 17196 "https://yeniistiklal.com/public" "Mozilla/5.0 AppleWebKit/537.36 (KHTML, like Gecko; compatible; ClaudeBot/1.0; +claudebot@anthropic.com)"
216.73.217.145 - - [26/May/2026:15:37:47 +0300] "GET /images/haberler/2022/09/ica-asecap-days-2023un-turkiyede-duzenlenmesi-icin-adaylik-surecini-baslatti-q9GMRCKR.jpg HTTP/1.1" 302 224 "-" "Mozilla/5.0 AppleWebKit/537.36 (KHTML, like Gecko; compatible; ClaudeBot/1.0; +claudebot@anthropic.com)"
213.180.203.152 - - [26/May/2026:15:37:47 +0300] "GET /public/rss/genel-0 HTTP/1.1" 200 169997 "-" "Mozilla/5.0 (compatible; YandexBot/3.0; +http://yandex.com/bots)"
47.128.16.156 - - [26/May/2026:15:37:48 +0300] "GET /images/firmalar HTTP/1.1" 301 795 "https://yeniistiklal.com/" "Mozilla/5.0 (Linux; Android 5.0) AppleWebKit/537.36 (KHTML, like Gecko) Mobile Safari/537.36 (compatible; TikTokSpider; ttspider-feedback@tiktok.com)"
216.73.217.145 - - [26/May/2026:15:37:48 +0300] "GET /404 HTTP/1.1" 302 219 "https://www.yeniistiklal.com/images/haberler/2022/09/ica-asecap-days-2023un-turkiyede-duzenlenmesi-icin-adaylik-surecini-baslatti-q9GMRCKR.jpg" "Mozilla/5.0 AppleWebKit/537.36 (KHTML, like Gecko; compatible; ClaudeBot/1.0; +claudebot@anthropic.com)"
216.73.217.145 - - [26/May/2026:15:37:48 +0300] "GET /public/index.php/haber/emirates-dubainin-gelecek-vizyonunu-gokyuzune-tasiyarak-museum-of-the-futurea-ozel-olarak-giydirilen-a380i-gorucuye-cikariyor-516568 HTTP/1.1" 200 14823 "-" "Mozilla/5.0 AppleWebKit/537.36 (KHTML, like Gecko; compatible; ClaudeBot/1.0; +claudebot@anthropic.com)"
216.73.217.145 - - [26/May/2026:15:37:48 +0300] "GET /404 HTTP/1.1" 302 219 "https://www.yeniistiklal.com/images/haberler/2022/09/coskunoz-egitim-vakfindan-avrupa-capinda-endustri-40-uretiminde-devrim-yaratacak-is-birligi-TKlskWJx.jpg" "Mozilla/5.0 AppleWebKit/537.36 (KHTML, like Gecko; compatible; ClaudeBot/1.0; +claudebot@anthropic.com)"
47.128.16.156 - - [26/May/2026:15:37:48 +0300] "GET /public/images/firmalar/ HTTP/1.1" 403 787 "https://yeniistiklal.com/" "Mozilla/5.0 (Linux; Android 5.0) AppleWebKit/537.36 (KHTML, like Gecko) Mobile Safari/537.36 (compatible; TikTokSpider; ttspider-feedback@tiktok.com)"
47.128.16.156 - - [26/May/2026:15:37:48 +0300] "GET /images/haberler/2023/07/filenin-sultanlari-milletler-liginde-sampiyon-oldu-1689595616.png HTTP/1.1" 302 219 "https://yeniistiklal.com/" "Mozilla/5.0 (Linux; Android 5.0) AppleWebKit/537.36 (KHTML, like Gecko) Mobile Safari/537.36 (compatible; TikTokSpider; ttspider-feedback@tiktok.com)"
47.128.16.156 - - [26/May/2026:15:37:48 +0300] "GET /images/haberler/2022/11/2022-dunya-kupasi-belcika-0-2-fas-1669566817.png HTTP/1.1" 302 219 "https://yeniistiklal.com/" "Mozilla/5.0 (Linux; Android 5.0) AppleWebKit/537.36 (KHTML, like Gecko) Mobile Safari/537.36 (compatible; TikTokSpider; ttspider-feedback@tiktok.com)"
216.73.217.145 - - [26/May/2026:15:37:48 +0300] "GET /public/index.php/404 HTTP/1.1" 302 232 "https://www.yeniistiklal.com/public/index.php/images/haberler/2022/01/cinsel-saldiriyla-suclanan-prens-andrewun-askeri-unvanlari-elinden-alindi-xETzaTyV.jpg" "Mozilla/5.0 AppleWebKit/537.36 (KHTML, like Gecko; compatible; ClaudeBot/1.0; +claudebot@anthropic.com)"
216.73.217.145 - - [26/May/2026:15:37:48 +0300] "GET /public/index.php/images/haberler/2022/02/17-askeri-personel-ve-4-belediye-iscisi-kazdaglarinda-mahsur-kaldi-MB4Qb4pa.jpg HTTP/1.1" 302 238 "-" "Mozilla/5.0 AppleWebKit/537.36 (KHTML, like Gecko; compatible; ClaudeBot/1.0; +claudebot@anthropic.com)"
47.128.16.156 - - [26/May/2026:15:37:48 +0300] "GET /images/tn/2026/05/daha-17de-manifest-surprizi-1779798937.jpeg HTTP/1.1" 200 16604 "https://yeniistiklal.com/" "Mozilla/5.0 (Linux; Android 5.0) AppleWebKit/537.36 (KHTML, like Gecko) Mobile Safari/537.36 (compatible; TikTokSpider; ttspider-feedback@tiktok.com)"
216.73.217.145 - - [26/May/2026:15:37:48 +0300] "GET /public/index.php/images/haberler/2022/01/cinsel-saldiriyla-suclanan-prens-andrewun-askeri-unvanlari-elinden-alindi-xETzaTyV.jpg HTTP/1.1" 302 238 "-" "Mozilla/5.0 AppleWebKit/537.36 (KHTML, like Gecko; compatible; ClaudeBot/1.0; +claudebot@anthropic.com)"
47.128.16.156 - - [26/May/2026:15:37:48 +0300] "GET /images/haberler/2024/01/iddaa-analizi-nasil-yapilir-1706624003.png HTTP/1.1" 302 219 "https://yeniistiklal.com/" "Mozilla/5.0 (Linux; Android 5.0) AppleWebKit/537.36 (KHTML, like Gecko) Mobile Safari/537.36 (compatible; TikTokSpider; ttspider-feedback@tiktok.com)"
216.73.217.145 - - [26/May/2026:15:37:48 +0300] "GET /public/index.php/images/haberler/2022/08/xiaomi-lcd-ekrana-veda-ediyor-fiyatlar-zamlanabilir-4EjhbP44.jpg HTTP/1.1" 302 238 "-" "Mozilla/5.0 AppleWebKit/537.36 (KHTML, like Gecko; compatible; ClaudeBot/1.0; +claudebot@anthropic.com)"
216.73.217.145 - - [26/May/2026:15:37:48 +0300] "GET /public/index.php/404 HTTP/1.1" 302 232 "https://www.yeniistiklal.com/public/index.php/images/haberler/2022/01/basbakan-boris-johnsona-istifa-cagrisi-yapan-muhafazakar-partili-vekil-sayisi-artiyor-E5XucKQ4.jpg" "Mozilla/5.0 AppleWebKit/537.36 (KHTML, like Gecko; compatible; ClaudeBot/1.0; +claudebot@anthropic.com)"
47.128.16.156 - - [26/May/2026:15:37:48 +0300] "GET /404 HTTP/1.1" 302 215 "https://yeniistiklal.com/" "Mozilla/5.0 (Linux; Android 5.0) AppleWebKit/537.36 (KHTML, like Gecko) Mobile Safari/537.36 (compatible; TikTokSpider; ttspider-feedback@tiktok.com)"
216.73.217.145 - - [26/May/2026:15:37:48 +0300] "GET /public/index.php/images/haberler/2022/08/hepsiemlak-yilin-mobil-uygulamasi-odulunu-aldi-IGF5e1gV.jpg HTTP/1.1" 302 238 "-" "Mozilla/5.0 AppleWebKit/537.36 (KHTML, like Gecko; compatible; ClaudeBot/1.0; +claudebot@anthropic.com)"
216.73.217.145 - - [26/May/2026:15:37:48 +0300] "GET /public/index.php HTTP/1.1" 200 17285 "https://www.yeniistiklal.com/public/index.php/404" "Mozilla/5.0 AppleWebKit/537.36 (KHTML, like Gecko; compatible; ClaudeBot/1.0; +claudebot@anthropic.com)"
216.73.217.145 - - [26/May/2026:15:37:48 +0300] "GET /public/index.php/images/haberler/2022/01/canli-damla-dogan-tuncel-ile-hafta-sonu-sabah-haberleri-16-ocak-2022-halktv.jpg HTTP/1.1" 302 238 "-" "Mozilla/5.0 AppleWebKit/537.36 (KHTML, like Gecko; compatible; ClaudeBot/1.0; +claudebot@anthropic.com)"
216.73.217.145 - - [26/May/2026:15:37:48 +0300] "GET /public/index.php HTTP/1.1" 200 17280 "https://www.yeniistiklal.com/public/index.php/404" "Mozilla/5.0 AppleWebKit/537.36 (KHTML, like Gecko; compatible; ClaudeBot/1.0; +claudebot@anthropic.com)"
216.73.217.145 - - [26/May/2026:15:37:48 +0300] "GET /public/index.php/images/haberler/2022/01/yargitay-uyusturucuya-baslama-tehdidinde-bulunan-oglunu-baglayan-babanin-cezasini-bozdu-A5gzMCHK.jpg HTTP/1.1" 302 238 "-" "Mozilla/5.0 AppleWebKit/537.36 (KHTML, like Gecko; compatible; ClaudeBot/1.0; +claudebot@anthropic.com)"
216.73.217.145 - - [26/May/2026:15:37:48 +0300] "GET /public/index.php/images/haberler/2022/05/sporcularimiz-ay-yildizli-forma-ile-balkan-sampiyonasina-damga-vurdu-OfF635fa.jpg HTTP/1.1" 302 238 "-" "Mozilla/5.0 AppleWebKit/537.36 (KHTML, like Gecko; compatible; ClaudeBot/1.0; +claudebot@anthropic.com)"
216.73.217.145 - - [26/May/2026:15:37:49 +0300] "GET /public/index.php/404 HTTP/1.1" 302 232 "https://www.yeniistiklal.com/public/index.php/images/haberler/2022/01/yargitay-uyusturucuya-baslama-tehdidinde-bulunan-oglunu-baglayan-babanin-cezasini-bozdu-A5gzMCHK.jpg" "Mozilla/5.0 AppleWebKit/537.36 (KHTML, like Gecko; compatible; ClaudeBot/1.0; +claudebot@anthropic.com)"
216.73.217.145 - - [26/May/2026:15:37:48 +0300] "GET /public/index.php/404 HTTP/1.1" 302 232 "https://www.yeniistiklal.com/public/index.php/images/haberler/2022/08/xiaomi-lcd-ekrana-veda-ediyor-fiyatlar-zamlanabilir-4EjhbP44.jpg" "Mozilla/5.0 AppleWebKit/537.36 (KHTML, like Gecko; compatible; ClaudeBot/1.0; +claudebot@anthropic.com)"
216.73.217.145 - - [26/May/2026:15:37:48 +0300] "GET /public/index.php/404 HTTP/1.1" 302 232 "https://www.yeniistiklal.com/public/index.php/images/haberler/2022/02/17-askeri-personel-ve-4-belediye-iscisi-kazdaglarinda-mahsur-kaldi-MB4Qb4pa.jpg" "Mozilla/5.0 AppleWebKit/537.36 (KHTML, like Gecko; compatible; ClaudeBot/1.0; +claudebot@anthropic.com)"
216.73.217.145 - - [26/May/2026:15:37:48 +0300] "GET /public/index.php HTTP/1.1" 200 17285 "https://www.yeniistiklal.com/public/index.php/404" "Mozilla/5.0 AppleWebKit/537.36 (KHTML, like Gecko; compatible; ClaudeBot/1.0; +claudebot@anthropic.com)"
216.73.217.145 - - [26/May/2026:15:37:48 +0300] "GET /public/index.php/images/haberler/2022/01/kopru-yolunda-feci-kaza-bir-kisi-yasamini-yitirdi-ACCUg9fk.jpg HTTP/1.1" 302 238 "-" "Mozilla/5.0 AppleWebKit/537.36 (KHTML, like Gecko; compatible; ClaudeBot/1.0; +claudebot@anthropic.com)"
47.128.16.156 - - [26/May/2026:15:37:48 +0300] "GET /404 HTTP/1.1" 302 215 "https://yeniistiklal.com/" "Mozilla/5.0 (Linux; Android 5.0) AppleWebKit/537.36 (KHTML, like Gecko) Mobile Safari/537.36 (compatible; TikTokSpider; ttspider-feedback@tiktok.com)"
216.73.217.145 - - [26/May/2026:15:37:48 +0300] "GET /public/index.php/404 HTTP/1.1" 302 232 "https://www.yeniistiklal.com/public/index.php/images/haberler/2022/08/hepsiemlak-yilin-mobil-uygulamasi-odulunu-aldi-IGF5e1gV.jpg" "Mozilla/5.0 AppleWebKit/537.36 (KHTML, like Gecko; compatible; ClaudeBot/1.0; +claudebot@anthropic.com)"
216.73.217.145 - - [26/May/2026:15:37:48 +0300] "GET /public/index.php HTTP/1.1" 200 17278 "https://www.yeniistiklal.com/public/index.php/404" "Mozilla/5.0 AppleWebKit/537.36 (KHTML, like Gecko; compatible; ClaudeBot/1.0; +claudebot@anthropic.com)"
216.73.217.145 - - [26/May/2026:15:37:48 +0300] "GET /public/index.php HTTP/1.1" 200 17286 "https://www.yeniistiklal.com/public/index.php/404" "Mozilla/5.0 AppleWebKit/537.36 (KHTML, like Gecko; compatible; ClaudeBot/1.0; +claudebot@anthropic.com)"
47.128.16.156 - - [26/May/2026:15:37:48 +0300] "GET / HTTP/1.1" 200 17067 "https://yeniistiklal.com/" "Mozilla/5.0 (Linux; Android 5.0) AppleWebKit/537.36 (KHTML, like Gecko) Mobile Safari/537.36 (compatible; TikTokSpider; ttspider-feedback@tiktok.com)"
47.128.16.156 - - [26/May/2026:15:37:48 +0300] "GET /404 HTTP/1.1" 302 215 "https://yeniistiklal.com/" "Mozilla/5.0 (Linux; Android 5.0) AppleWebKit/537.36 (KHTML, like Gecko) Mobile Safari/537.36 (compatible; TikTokSpider; ttspider-feedback@tiktok.com)"
216.73.217.145 - - [26/May/2026:15:37:48 +0300] "GET /public/index.php/404 HTTP/1.1" 302 232 "https://www.yeniistiklal.com/public/index.php/images/haberler/2022/01/kopru-yolunda-feci-kaza-bir-kisi-yasamini-yitirdi-ACCUg9fk.jpg" "Mozilla/5.0 AppleWebKit/537.36 (KHTML, like Gecko; compatible; ClaudeBot/1.0; +claudebot@anthropic.com)"
216.73.217.145 - - [26/May/2026:15:37:49 +0300] "GET /public/index.php HTTP/1.1" 200 17285 "https://www.yeniistiklal.com/public/index.php/404" "Mozilla/5.0 AppleWebKit/537.36 (KHTML, like Gecko; compatible; ClaudeBot/1.0; +claudebot@anthropic.com)"
216.73.217.145 - - [26/May/2026:15:37:49 +0300] "GET /public/index.php/404 HTTP/1.1" 302 232 "https://www.yeniistiklal.com/public/index.php/images/haberler/2022/10/bingolde-mahalle-muhtari-taziye-yemegine-son-verdi-eKelQcrC.jpg" "Mozilla/5.0 AppleWebKit/537.36 (KHTML, like Gecko; compatible; ClaudeBot/1.0; +claudebot@anthropic.com)"
216.73.217.145 - - [26/May/2026:15:37:49 +0300] "GET /public/index.php HTTP/1.1" 200 17282 "https://www.yeniistiklal.com/public/index.php/404" "Mozilla/5.0 AppleWebKit/537.36 (KHTML, like Gecko; compatible; ClaudeBot/1.0; +claudebot@anthropic.com)"
216.73.217.145 - - [26/May/2026:15:37:49 +0300] "GET /public/index.php/images/haberler/2022/05/kemer-belediyesi-bunyesinde-ucretsiz-pilates-kursu-alanlar-disari-antrenmanlarina-devam-eediyor-DUqJFiU6.jpg HTTP/1.1" 302 238 "-" "Mozilla/5.0 AppleWebKit/537.36 (KHTML, like Gecko; compatible; ClaudeBot/1.0; +claudebot@anthropic.com)"
216.73.217.145 - - [26/May/2026:15:37:49 +0300] "GET /public/index.php/404 HTTP/1.1" 302 232 "https://www.yeniistiklal.com/public/index.php/images/haberler/2022/05/sporcularimiz-ay-yildizli-forma-ile-balkan-sampiyonasina-damga-vurdu-OfF635fa.jpg" "Mozilla/5.0 AppleWebKit/537.36 (KHTML, like Gecko; compatible; ClaudeBot/1.0; +claudebot@anthropic.com)"
216.73.217.145 - - [26/May/2026:15:37:49 +0300] "GET /public/index.php/404 HTTP/1.1" 302 232 "https://www.yeniistiklal.com/public/index.php/images/haberler/2022/01/canli-damla-dogan-tuncel-ile-hafta-sonu-sabah-haberleri-16-ocak-2022-halktv.jpg" "Mozilla/5.0 AppleWebKit/537.36 (KHTML, like Gecko; compatible; ClaudeBot/1.0; +claudebot@anthropic.com)"
216.73.217.145 - - [26/May/2026:15:37:49 +0300] "GET /public/index.php/images/haberler/2022/10/bingolde-mahalle-muhtari-taziye-yemegine-son-verdi-eKelQcrC.jpg HTTP/1.1" 302 238 "-" "Mozilla/5.0 AppleWebKit/537.36 (KHTML, like Gecko; compatible; ClaudeBot/1.0; +claudebot@anthropic.com)"
216.73.217.145 - - [26/May/2026:15:37:49 +0300] "GET /public/index.php HTTP/1.1" 200 17269 "https://www.yeniistiklal.com/public/index.php/404" "Mozilla/5.0 AppleWebKit/537.36 (KHTML, like Gecko; compatible; ClaudeBot/1.0; +claudebot@anthropic.com)"
47.128.16.156 - - [26/May/2026:15:37:49 +0300] "GET / HTTP/1.1" 200 17070 "https://yeniistiklal.com/" "Mozilla/5.0 (Linux; Android 5.0) AppleWebKit/537.36 (KHTML, like Gecko) Mobile Safari/537.36 (compatible; TikTokSpider; ttspider-feedback@tiktok.com)"
216.73.217.145 - - [26/May/2026:15:37:49 +0300] "GET /public/index.php/404 HTTP/1.1" 302 232 "https://www.yeniistiklal.com/public/index.php/images/haberler/2022/05/kemer-belediyesi-bunyesinde-ucretsiz-pilates-kursu-alanlar-disari-antrenmanlarina-devam-eediyor-DUqJFiU6.jpg" "Mozilla/5.0 AppleWebKit/537.36 (KHTML, like Gecko; compatible; ClaudeBot/1.0; +claudebot@anthropic.com)"
216.73.217.145 - - [26/May/2026:15:37:49 +0300] "GET /public/index.php HTTP/1.1" 200 17281 "https://www.yeniistiklal.com/public/index.php/404" "Mozilla/5.0 AppleWebKit/537.36 (KHTML, like Gecko; compatible; ClaudeBot/1.0; +claudebot@anthropic.com)"
216.73.217.145 - - [26/May/2026:15:37:49 +0300] "GET /public/index.php HTTP/1.1" 200 17295 "https://www.yeniistiklal.com/public/index.php/404" "Mozilla/5.0 AppleWebKit/537.36 (KHTML, like Gecko; compatible; ClaudeBot/1.0; +claudebot@anthropic.com)"
2a03:2880:f806:11:: - - [26/May/2026:15:37:49 +0300] "GET /images/haberler/2022/08/samsungdan-uygun-fiyatli-katlanabilir-telefon-hamlesi-znzgayCa.webp HTTP/1.1" 302 219 "-" "meta-externalagent/1.1 (+https://developers.facebook.com/docs/sharing/webmasters/crawler)"
47.128.16.156 - - [26/May/2026:15:37:49 +0300] "GET / HTTP/1.1" 200 17059 "https://yeniistiklal.com/" "Mozilla/5.0 (Linux; Android 5.0) AppleWebKit/537.36 (KHTML, like Gecko) Mobile Safari/537.36 (compatible; TikTokSpider; ttspider-feedback@tiktok.com)"
100.29.164.178 - - [26/May/2026:15:37:49 +0300] "GET /public/index.php/etiketler/standardi-haberleri HTTP/1.1" 200 5622 "-" "Mozilla/5.0 AppleWebKit/537.36 (KHTML, like Gecko; compatible; Amazonbot/0.1; +https://developer.amazon.com/support/amazonbot) Chrome/119.0.6045.214 Safari/537.36"
2a03:2880:f806:4f:: - - [26/May/2026:15:37:50 +0300] "GET /public/haber/daha-17de-manifest-surprizi-552365 HTTP/1.1" 200 14064 "-" "meta-externalagent/1.1 (+https://developers.facebook.com/docs/sharing/webmasters/crawler)"
216.73.217.145 - - [26/May/2026:15:37:50 +0300] "GET /public/index.php/images/haberler/2022/02/petrol-fiyatlarinda-artis-suruyor-benzine-zam-yolda-uPinPVld.jpg HTTP/1.1" 302 238 "-" "Mozilla/5.0 AppleWebKit/537.36 (KHTML, like Gecko; compatible; ClaudeBot/1.0; +claudebot@anthropic.com)"
216.73.217.145 - - [26/May/2026:15:37:49 +0300] "GET /public/index.php HTTP/1.1" 200 17292 "https://www.yeniistiklal.com/public/index.php/404" "Mozilla/5.0 AppleWebKit/537.36 (KHTML, like Gecko; compatible; ClaudeBot/1.0; +claudebot@anthropic.com)"
216.73.217.145 - - [26/May/2026:15:37:50 +0300] "GET /public/index.php/images/haberler/2022/01/rusya-ukrayna-agit-uclu-toplantisi-icin-turkiyenin-ev-sahipligi-gundemde-mgN4Ajx7.jpg HTTP/1.1" 302 238 "-" "Mozilla/5.0 AppleWebKit/537.36 (KHTML, like Gecko; compatible; ClaudeBot/1.0; +claudebot@anthropic.com)"
216.73.217.145 - - [26/May/2026:15:37:50 +0300] "GET /public/index.php/404 HTTP/1.1" 302 232 "https://www.yeniistiklal.com/public/index.php/images/haberler/2022/01/rusya-ukrayna-agit-uclu-toplantisi-icin-turkiyenin-ev-sahipligi-gundemde-mgN4Ajx7.jpg" "Mozilla/5.0 AppleWebKit/537.36 (KHTML, like Gecko; compatible; ClaudeBot/1.0; +claudebot@anthropic.com)"
216.73.217.145 - - [26/May/2026:15:37:50 +0300] "GET /public/index.php/404 HTTP/1.1" 302 232 "https://www.yeniistiklal.com/public/index.php/images/haberler/2022/02/petrol-fiyatlarinda-artis-suruyor-benzine-zam-yolda-uPinPVld.jpg" "Mozilla/5.0 AppleWebKit/537.36 (KHTML, like Gecko; compatible; ClaudeBot/1.0; +claudebot@anthropic.com)"
216.73.217.145 - - [26/May/2026:15:37:50 +0300] "GET /images/haberler/2022/09/rusyanin-seferberlik-aciklamasi-ne-anlama-geliyor-Uvin88FM.jpg HTTP/1.1" 302 224 "-" "Mozilla/5.0 AppleWebKit/537.36 (KHTML, like Gecko; compatible; ClaudeBot/1.0; +claudebot@anthropic.com)"
185.191.171.15 - - [26/May/2026:15:37:50 +0300] "GET /haber/yuzleri-gulduren-odul-shorts-survivorallstar-survivor2022-487926 HTTP/1.1" 200 13497 "-" "Mozilla/5.0 (compatible; SemrushBot/7~bl; +http://www.semrush.com/bot.html)"
216.73.217.145 - - [26/May/2026:15:37:50 +0300] "GET /images/haberler/2022/02/tarkandan-ozgecan-aslan-paylasimi-sana-soz-bir-gun-daha-rahat-uyuyacaksin-yerinde-6VMlUQzg.jpg HTTP/1.1" 302 224 "-" "Mozilla/5.0 AppleWebKit/537.36 (KHTML, like Gecko; compatible; ClaudeBot/1.0; +claudebot@anthropic.com)"
216.73.217.145 - - [26/May/2026:15:37:50 +0300] "GET /public/index.php HTTP/1.1" 200 17270 "https://www.yeniistiklal.com/public/index.php/404" "Mozilla/5.0 AppleWebKit/537.36 (KHTML, like Gecko; compatible; ClaudeBot/1.0; +claudebot@anthropic.com)"
216.73.217.145 - - [26/May/2026:15:37:50 +0300] "GET /404 HTTP/1.1" 302 219 "https://www.yeniistiklal.com/images/haberler/2022/09/rusyanin-seferberlik-aciklamasi-ne-anlama-geliyor-Uvin88FM.jpg" "Mozilla/5.0 AppleWebKit/537.36 (KHTML, like Gecko; compatible; ClaudeBot/1.0; +claudebot@anthropic.com)"
2a03:2880:f806:b:: - - [26/May/2026:15:37:51 +0300] "GET /404 HTTP/1.1" 302 215 "-" "meta-externalagent/1.1 (+https://developers.facebook.com/docs/sharing/webmasters/crawler)"
216.73.217.145 - - [26/May/2026:15:37:51 +0300] "GET /404 HTTP/1.1" 302 219 "https://www.yeniistiklal.com/images/haberler/2022/09/dr-ayse-sevencan-dongusel-ekonomi-artik-sosyal-sorumluluk-degil-ihtiyac-QpW4A5Ce.jpg" "Mozilla/5.0 AppleWebKit/537.36 (KHTML, like Gecko; compatible; ClaudeBot/1.0; +claudebot@anthropic.com)"
216.73.217.145 - - [26/May/2026:15:37:51 +0300] "GET /public/index.php/images/haberler/2022/01/beyaz-esya-sektoru-ihracatcinin-enerji-kisitindan-muaf-tutulmasini-istiyor-6WAmivGR.jpg HTTP/1.1" 302 238 "-" "Mozilla/5.0 AppleWebKit/537.36 (KHTML, like Gecko; compatible; ClaudeBot/1.0; +claudebot@anthropic.com)"
216.73.217.145 - - [26/May/2026:15:37:51 +0300] "GET /404 HTTP/1.1" 302 219 "https://www.yeniistiklal.com/images/haberler/2022/03/bm-insan-haklari-burosu-ukraynada-ilk-5-gunden-227-sivil-hayatini-kaybetti-lj4xugPm.jpg" "Mozilla/5.0 AppleWebKit/537.36 (KHTML, like Gecko; compatible; ClaudeBot/1.0; +claudebot@anthropic.com)"
216.73.217.145 - - [26/May/2026:15:37:51 +0300] "GET /public/index.php/images/haberler/2022/01/bekaroglundan-torba-teklif-aciklamasi-yaklasan-secimin-finansmani-toki-muteahhitlerinden-77q5JJsS.jpg HTTP/1.1" 302 238 "-" "Mozilla/5.0 AppleWebKit/537.36 (KHTML, like Gecko; compatible; ClaudeBot/1.0; +claudebot@anthropic.com)"
216.73.217.145 - - [26/May/2026:15:37:50 +0300] "GET /haber/beyoglu-kultur-yolu-festivali-turk-telekom-acik-hava-sahnesinde-sanat-ve-eglence-icin-geri-sayim-basladi-540679 HTTP/1.1" 200 14247 "-" "Mozilla/5.0 AppleWebKit/537.36 (KHTML, like Gecko; compatible; ClaudeBot/1.0; +claudebot@anthropic.com)"
216.73.217.145 - - [26/May/2026:15:37:50 +0300] "GET /public/index.php HTTP/1.1" 200 17284 "https://www.yeniistiklal.com/public/index.php/404" "Mozilla/5.0 AppleWebKit/537.36 (KHTML, like Gecko; compatible; ClaudeBot/1.0; +claudebot@anthropic.com)"
216.73.217.145 - - [26/May/2026:15:37:51 +0300] "GET /images/haberler/2022/09/dr-ayse-sevencan-dongusel-ekonomi-artik-sosyal-sorumluluk-degil-ihtiyac-QpW4A5Ce.jpg HTTP/1.1" 302 224 "-" "Mozilla/5.0 AppleWebKit/537.36 (KHTML, like Gecko; compatible; ClaudeBot/1.0; +claudebot@anthropic.com)"
216.73.217.145 - - [26/May/2026:15:37:51 +0300] "GET /404 HTTP/1.1" 302 219 "https://www.yeniistiklal.com/images/haberler/2022/02/tarkandan-ozgecan-aslan-paylasimi-sana-soz-bir-gun-daha-rahat-uyuyacaksin-yerinde-6VMlUQzg.jpg" "Mozilla/5.0 AppleWebKit/537.36 (KHTML, like Gecko; compatible; ClaudeBot/1.0; +claudebot@anthropic.com)"
216.73.217.145 - - [26/May/2026:15:37:51 +0300] "GET /public/index.php/images/haberler/2022/02/hintli-casanova-hindistanda-14-kadinla-ayni-anda-evlenip-tamamini-dolandiran-adam-tutuklandi-byZFGMpQ.jpg HTTP/1.1" 302 238 "-" "Mozilla/5.0 AppleWebKit/537.36 (KHTML, like Gecko; compatible; ClaudeBot/1.0; +claudebot@anthropic.com)"
216.73.217.145 - - [26/May/2026:15:37:51 +0300] "GET /images/haberler/2022/03/bm-insan-haklari-burosu-ukraynada-ilk-5-gunden-227-sivil-hayatini-kaybetti-lj4xugPm.jpg HTTP/1.1" 302 224 "-" "Mozilla/5.0 AppleWebKit/537.36 (KHTML, like Gecko; compatible; ClaudeBot/1.0; +claudebot@anthropic.com)"
216.73.217.145 - - [26/May/2026:15:37:51 +0300] "GET /public/index.php/404 HTTP/1.1" 302 232 "https://www.yeniistiklal.com/public/index.php/images/haberler/2022/02/hintli-casanova-hindistanda-14-kadinla-ayni-anda-evlenip-tamamini-dolandiran-adam-tutuklandi-byZFGMpQ.jpg" "Mozilla/5.0 AppleWebKit/537.36 (KHTML, like Gecko; compatible; ClaudeBot/1.0; +claudebot@anthropic.com)"
216.73.217.145 - - [26/May/2026:15:37:51 +0300] "GET /public/index.php/404 HTTP/1.1" 302 232 "https://www.yeniistiklal.com/public/index.php/images/haberler/2022/01/beyaz-esya-sektoru-ihracatcinin-enerji-kisitindan-muaf-tutulmasini-istiyor-6WAmivGR.jpg" "Mozilla/5.0 AppleWebKit/537.36 (KHTML, like Gecko; compatible; ClaudeBot/1.0; +claudebot@anthropic.com)"
216.73.217.145 - - [26/May/2026:15:37:51 +0300] "GET /public/index.php HTTP/1.1" 200 17286 "https://www.yeniistiklal.com/public/index.php/404" "Mozilla/5.0 AppleWebKit/537.36 (KHTML, like Gecko; compatible; ClaudeBot/1.0; +claudebot@anthropic.com)"
216.73.217.145 - - [26/May/2026:15:37:51 +0300] "GET /public/index.php/images/haberler/2022/08/ing-turkiyenin-aktif-buyuklugu-987-milyar-tlye-yukseldi-O8T6fTyY.jpg HTTP/1.1" 302 238 "-" "Mozilla/5.0 AppleWebKit/537.36 (KHTML, like Gecko; compatible; ClaudeBot/1.0; +claudebot@anthropic.com)"
216.73.217.145 - - [26/May/2026:15:37:51 +0300] "GET /public/index.php HTTP/1.1" 200 17290 "https://www.yeniistiklal.com/public/index.php/404" "Mozilla/5.0 AppleWebKit/537.36 (KHTML, like Gecko; compatible; ClaudeBot/1.0; +claudebot@anthropic.com)"
216.73.217.145 - - [26/May/2026:15:37:51 +0300] "GET /public/index.php HTTP/1.1" 200 17281 "https://www.yeniistiklal.com/public/index.php/404" "Mozilla/5.0 AppleWebKit/537.36 (KHTML, like Gecko; compatible; ClaudeBot/1.0; +claudebot@anthropic.com)"
216.73.217.145 - - [26/May/2026:15:37:52 +0300] "GET /public/images/haberler/2022/10/egeden-uluslararasi-hemsirelik-arastirmalarinda-isbirligi-sempozyumu-hllSEcns.jpg HTTP/1.1" 302 225 "-" "Mozilla/5.0 AppleWebKit/537.36 (KHTML, like Gecko; compatible; ClaudeBot/1.0; +claudebot@anthropic.com)"
216.73.217.145 - - [26/May/2026:15:37:52 +0300] "GET /images/haberler/2022/02/ukrayna-rusya-belarus-askeri-tatbikati-ile-ayni-tarihlerde-tatbikat-duzenleyecek-0-P1996NDC.jpg HTTP/1.1" 302 219 "-" "Mozilla/5.0 AppleWebKit/537.36 (KHTML, like Gecko; compatible; ClaudeBot/1.0; +claudebot@anthropic.com)"
216.73.217.145 - - [26/May/2026:15:37:52 +0300] "GET /images/haberler/2022/01/hirsizlar-soyduklari-evi-3-cocuk-icerideyken-atese-verdi-0-DruztplB.jpg HTTP/1.1" 302 219 "-" "Mozilla/5.0 AppleWebKit/537.36 (KHTML, like Gecko; compatible; ClaudeBot/1.0; +claudebot@anthropic.com)"
216.73.217.145 - - [26/May/2026:15:37:52 +0300] "GET /public/haber/brad-pittin-avukati-angelina-jolie-muvekkilime-zarar-vermek-istiyor-493288 HTTP/1.1" 200 14040 "-" "Mozilla/5.0 AppleWebKit/537.36 (KHTML, like Gecko; compatible; ClaudeBot/1.0; +claudebot@anthropic.com)"
216.73.217.145 - - [26/May/2026:15:37:52 +0300] "GET /public/images/haberler/2022/01/gerekirse-ortada-dururum-shorts-survivorallstar-survivor2022.jpg HTTP/1.1" 302 225 "-" "Mozilla/5.0 AppleWebKit/537.36 (KHTML, like Gecko; compatible; ClaudeBot/1.0; +claudebot@anthropic.com)"
2a03:2880:f806:26:: - - [26/May/2026:15:37:52 +0300] "GET / HTTP/1.1" 200 17072 "-" "meta-externalagent/1.1 (+https://developers.facebook.com/docs/sharing/webmasters/crawler)"
216.73.217.145 - - [26/May/2026:15:37:52 +0300] "GET /public/404 HTTP/1.1" 302 220 "https://yeniistiklal.com/public/images/haberler/2022/09/solo-cut-modu-endustriye-tanitan-honor-70-turkiyeye-geliyor-UJBUjmlt.jpg" "Mozilla/5.0 AppleWebKit/537.36 (KHTML, like Gecko; compatible; ClaudeBot/1.0; +claudebot@anthropic.com)"
216.73.217.145 - - [26/May/2026:15:37:52 +0300] "GET /public/404 HTTP/1.1" 302 220 "https://yeniistiklal.com/public/images/haberler/2022/10/egeden-uluslararasi-hemsirelik-arastirmalarinda-isbirligi-sempozyumu-hllSEcns.jpg" "Mozilla/5.0 AppleWebKit/537.36 (KHTML, like Gecko; compatible; ClaudeBot/1.0; +claudebot@anthropic.com)"
216.73.217.145 - - [26/May/2026:15:37:52 +0300] "GET /404 HTTP/1.1" 302 215 "https://yeniistiklal.com/images/haberler/2022/01/hirsizlar-soyduklari-evi-3-cocuk-icerideyken-atese-verdi-0-DruztplB.jpg" "Mozilla/5.0 AppleWebKit/537.36 (KHTML, like Gecko; compatible; ClaudeBot/1.0; +claudebot@anthropic.com)"
216.73.217.145 - - [26/May/2026:15:37:52 +0300] "GET /404 HTTP/1.1" 302 215 "https://yeniistiklal.com/images/haberler/2022/02/ukrayna-rusya-belarus-askeri-tatbikati-ile-ayni-tarihlerde-tatbikat-duzenleyecek-0-P1996NDC.jpg" "Mozilla/5.0 AppleWebKit/537.36 (KHTML, like Gecko; compatible; ClaudeBot/1.0; +claudebot@anthropic.com)"
216.73.217.145 - - [26/May/2026:15:37:52 +0300] "GET /public/404 HTTP/1.1" 302 220 "https://yeniistiklal.com/public/images/haberler/2022/01/hirsizlar-soyduklari-evi-3-cocuk-icerideyken-atese-verdi-kOmCJm5f.jpg" "Mozilla/5.0 AppleWebKit/537.36 (KHTML, like Gecko; compatible; ClaudeBot/1.0; +claudebot@anthropic.com)"
216.73.217.145 - - [26/May/2026:15:37:52 +0300] "GET /public HTTP/1.1" 301 795 "https://yeniistiklal.com/public/404" "Mozilla/5.0 AppleWebKit/537.36 (KHTML, like Gecko; compatible; ClaudeBot/1.0; +claudebot@anthropic.com)"
216.73.217.145 - - [26/May/2026:15:37:52 +0300] "GET /public HTTP/1.1" 301 795 "https://yeniistiklal.com/public/404" "Mozilla/5.0 AppleWebKit/537.36 (KHTML, like Gecko; compatible; ClaudeBot/1.0; +claudebot@anthropic.com)"
216.73.217.145 - - [26/May/2026:15:37:52 +0300] "GET /public/images/haberler/2022/10/monster-notebook-atalar-mesleki-ve-teknik-anadolu-lisesinin-ozel-egitim-sinifini-yeniledi-sluwlFn6.jpg HTTP/1.1" 302 225 "-" "Mozilla/5.0 AppleWebKit/537.36 (KHTML, like Gecko; compatible; ClaudeBot/1.0; +claudebot@anthropic.com)"
216.73.217.145 - - [26/May/2026:15:37:52 +0300] "GET /public/images/haberler/2022/09/pamuk-eller-cebe-steam-sezon-indirimlerinin-tarihleri-belli-oldu-mmUlUXM1.webp HTTP/1.1" 302 225 "-" "Mozilla/5.0 AppleWebKit/537.36 (KHTML, like Gecko; compatible; ClaudeBot/1.0; +claudebot@anthropic.com)"
34.224.9.144 - - [26/May/2026:15:37:51 +0300] "GET /etiketler/gerilimin-haberleri HTTP/1.1" 200 5609 "-" "Mozilla/5.0 AppleWebKit/537.36 (KHTML, like Gecko; compatible; Amazonbot/0.1; +https://developer.amazon.com/support/amazonbot) Chrome/119.0.6045.214 Safari/537.36"
216.73.217.145 - - [26/May/2026:15:37:51 +0300] "GET /public/index.php/404 HTTP/1.1" 302 232 "https://www.yeniistiklal.com/public/index.php/images/haberler/2022/01/bekaroglundan-torba-teklif-aciklamasi-yaklasan-secimin-finansmani-toki-muteahhitlerinden-77q5JJsS.jpg" "Mozilla/5.0 AppleWebKit/537.36 (KHTML, like Gecko; compatible; ClaudeBot/1.0; +claudebot@anthropic.com)"
216.73.217.145 - - [26/May/2026:15:37:51 +0300] "GET /public/index.php/404 HTTP/1.1" 302 232 "https://www.yeniistiklal.com/public/index.php/images/haberler/2022/08/ing-turkiyenin-aktif-buyuklugu-987-milyar-tlye-yukseldi-O8T6fTyY.jpg" "Mozilla/5.0 AppleWebKit/537.36 (KHTML, like Gecko; compatible; ClaudeBot/1.0; +claudebot@anthropic.com)"
216.73.217.145 - - [26/May/2026:15:37:51 +0300] "GET /public/index.php HTTP/1.1" 200 17283 "https://www.yeniistiklal.com/public/index.php/404" "Mozilla/5.0 AppleWebKit/537.36 (KHTML, like Gecko; compatible; ClaudeBot/1.0; +claudebot@anthropic.com)"
31.76.137.70 - - [26/May/2026:15:37:52 +0300] "GET / HTTP/1.1" 200 17060 "-" "Mozilla/5.0 (compatible; crawler)"
216.73.217.145 - - [26/May/2026:15:37:52 +0300] "GET /public/images/haberler/2022/09/solo-cut-modu-endustriye-tanitan-honor-70-turkiyeye-geliyor-UJBUjmlt.jpg HTTP/1.1" 302 225 "-" "Mozilla/5.0 AppleWebKit/537.36 (KHTML, like Gecko; compatible; ClaudeBot/1.0; +claudebot@anthropic.com)"
216.73.217.145 - - [26/May/2026:15:37:52 +0300] "GET /public/images/haberler/2022/01/hirsizlar-soyduklari-evi-3-cocuk-icerideyken-atese-verdi-kOmCJm5f.jpg HTTP/1.1" 302 225 "-" "Mozilla/5.0 AppleWebKit/537.36 (KHTML, like Gecko; compatible; ClaudeBot/1.0; +claudebot@anthropic.com)"
216.73.217.145 - - [26/May/2026:15:37:52 +0300] "GET /public/images/haberler/2022/09/niloyanin-yeni-muzikali-renkli-baliklar-20-sehirde-sahnelenecek-aDNvRWSO.jpg HTTP/1.1" 302 225 "-" "Mozilla/5.0 AppleWebKit/537.36 (KHTML, like Gecko; compatible; ClaudeBot/1.0; +claudebot@anthropic.com)"
216.73.217.145 - - [26/May/2026:15:37:52 +0300] "GET /public/404 HTTP/1.1" 302 220 "https://yeniistiklal.com/public/images/haberler/2022/01/gerekirse-ortada-dururum-shorts-survivorallstar-survivor2022.jpg" "Mozilla/5.0 AppleWebKit/537.36 (KHTML, like Gecko; compatible; ClaudeBot/1.0; +claudebot@anthropic.com)"
216.73.217.145 - - [26/May/2026:15:37:52 +0300] "GET /public/404 HTTP/1.1" 302 220 "https://yeniistiklal.com/public/images/haberler/2022/09/niloyanin-yeni-muzikali-renkli-baliklar-20-sehirde-sahnelenecek-aDNvRWSO.jpg" "Mozilla/5.0 AppleWebKit/537.36 (KHTML, like Gecko; compatible; ClaudeBot/1.0; +claudebot@anthropic.com)"
216.73.217.145 - - [26/May/2026:15:37:52 +0300] "GET /public HTTP/1.1" 301 795 "https://yeniistiklal.com/public/404" "Mozilla/5.0 AppleWebKit/537.36 (KHTML, like Gecko; compatible; ClaudeBot/1.0; +claudebot@anthropic.com)"
216.73.217.145 - - [26/May/2026:15:37:53 +0300] "GET /public HTTP/1.1" 301 795 "https://yeniistiklal.com/public/404" "Mozilla/5.0 AppleWebKit/537.36 (KHTML, like Gecko; compatible; ClaudeBot/1.0; +claudebot@anthropic.com)"
216.73.217.145 - - [26/May/2026:15:37:53 +0300] "GET /public HTTP/1.1" 301 795 "https://yeniistiklal.com/public/404" "Mozilla/5.0 AppleWebKit/537.36 (KHTML, like Gecko; compatible; ClaudeBot/1.0; +claudebot@anthropic.com)"
216.73.217.145 - - [26/May/2026:15:37:53 +0300] "GET /public/ HTTP/1.1" 200 17192 "https://yeniistiklal.com/public" "Mozilla/5.0 AppleWebKit/537.36 (KHTML, like Gecko; compatible; ClaudeBot/1.0; +claudebot@anthropic.com)"
216.73.217.145 - - [26/May/2026:15:37:53 +0300] "GET /public/ HTTP/1.1" 200 17187 "https://yeniistiklal.com/public" "Mozilla/5.0 AppleWebKit/537.36 (KHTML, like Gecko; compatible; ClaudeBot/1.0; +claudebot@anthropic.com)"
154.161.6.57 - - [26/May/2026:15:37:52 +0300] "GET /haber/daha-17de-manifest-surprizi-552365 HTTP/1.1" 200 14040 "-" "Mozilla/5.0 (Linux; Android 8.0; Pixel 2 Build/OPD3.170816.012) AppleWebKit/537.36 (KHTML, like Gecko) Chrome/49.0.7105.1125 Mobile Safari/537.36"
216.73.217.145 - - [26/May/2026:15:37:53 +0300] "GET /public/404 HTTP/1.1" 302 220 "https://yeniistiklal.com/public/images/haberler/2022/09/pamuk-eller-cebe-steam-sezon-indirimlerinin-tarihleri-belli-oldu-mmUlUXM1.webp" "Mozilla/5.0 AppleWebKit/537.36 (KHTML, like Gecko; compatible; ClaudeBot/1.0; +claudebot@anthropic.com)"
216.73.217.145 - - [26/May/2026:15:37:53 +0300] "GET /public/ HTTP/1.1" 200 17202 "https://yeniistiklal.com/public" "Mozilla/5.0 AppleWebKit/537.36 (KHTML, like Gecko; compatible; ClaudeBot/1.0; +claudebot@anthropic.com)"
216.73.217.145 - - [26/May/2026:15:37:53 +0300] "GET /public/404 HTTP/1.1" 302 220 "https://yeniistiklal.com/public/images/haberler/2022/10/monster-notebook-atalar-mesleki-ve-teknik-anadolu-lisesinin-ozel-egitim-sinifini-yeniledi-sluwlFn6.jpg" "Mozilla/5.0 AppleWebKit/537.36 (KHTML, like Gecko; compatible; ClaudeBot/1.0; +claudebot@anthropic.com)"
216.73.217.145 - - [26/May/2026:15:37:53 +0300] "GET /public HTTP/1.1" 301 795 "https://yeniistiklal.com/public/404" "Mozilla/5.0 AppleWebKit/537.36 (KHTML, like Gecko; compatible; ClaudeBot/1.0; +claudebot@anthropic.com)"
216.73.217.145 - - [26/May/2026:15:37:53 +0300] "GET /public/ HTTP/1.1" 200 17180 "https://yeniistiklal.com/public" "Mozilla/5.0 AppleWebKit/537.36 (KHTML, like Gecko; compatible; ClaudeBot/1.0; +claudebot@anthropic.com)"
216.73.217.145 - - [26/May/2026:15:37:53 +0300] "GET /public/ HTTP/1.1" 200 17190 "https://yeniistiklal.com/public" "Mozilla/5.0 AppleWebKit/537.36 (KHTML, like Gecko; compatible; ClaudeBot/1.0; +claudebot@anthropic.com)"
216.73.217.145 - - [26/May/2026:15:37:53 +0300] "GET /public/ HTTP/1.1" 200 17193 "https://yeniistiklal.com/public" "Mozilla/5.0 AppleWebKit/537.36 (KHTML, like Gecko; compatible; ClaudeBot/1.0; +claudebot@anthropic.com)"
154.161.6.57 - - [26/May/2026:15:37:54 +0300] "GET /assets/frontend/tema9/css/all.css?id=84aa2e07518a81ccdb7b HTTP/1.1" 200 32594 "https://yeniistiklal.com/haber/daha-17de-manifest-surprizi-552365" "Mozilla/5.0 (Linux; Android 8.0; Pixel 2 Build/OPD3.170816.012) AppleWebKit/537.36 (KHTML, like Gecko) Chrome/49.0.7105.1125 Mobile Safari/537.36"
154.161.6.57 - - [26/May/2026:15:37:54 +0300] "GET /images/genel/yeni-istiklal-dogrunun-catisi-hedefimiz-istiklalimiz-logo-1639768690.png HTTP/1.1" 200 17612 "https://yeniistiklal.com/haber/daha-17de-manifest-surprizi-552365" "Mozilla/5.0 (Linux; Android 8.0; Pixel 2 Build/OPD3.170816.012) AppleWebKit/537.36 (KHTML, like Gecko) Chrome/49.0.7105.1125 Mobile Safari/537.36"
154.161.6.57 - - [26/May/2026:15:37:55 +0300] "GET /images/haberler/2026/05/daha-17de-manifest-surprizi-1779798937.jpeg HTTP/1.1" 200 34123 "https://yeniistiklal.com/haber/daha-17de-manifest-surprizi-552365" "Mozilla/5.0 (Linux; Android 8.0; Pixel 2 Build/OPD3.170816.012) AppleWebKit/537.36 (KHTML, like Gecko) Chrome/49.0.7105.1125 Mobile Safari/537.36"
50.16.248.61 - - [26/May/2026:15:37:55 +0300] "GET /haber/turkiyede-son-24-saatte-86-bin-600-kisinin-kovid-19-testi-pozitif-cikti-268-kisi-yasamini-yitirdi-495592 HTTP/1.1" 200 13916 "-" "Mozilla/5.0 AppleWebKit/537.36 (KHTML, like Gecko; compatible; Amazonbot/0.1; +https://developer.amazon.com/support/amazonbot) Chrome/119.0.6045.214 Safari/537.36"
154.161.6.57 - - [26/May/2026:15:37:57 +0300] "GET /assets/frontend/tema9/images/a-decrease.png HTTP/1.1" 200 399 "https://yeniistiklal.com/haber/daha-17de-manifest-surprizi-552365" "Mozilla/5.0 (Linux; Android 8.0; Pixel 2 Build/OPD3.170816.012) AppleWebKit/537.36 (KHTML, like Gecko) Chrome/49.0.7105.1125 Mobile Safari/537.36"
216.73.217.145 - - [26/May/2026:15:37:53 +0300] "GET /public HTTP/1.1" 301 795 "https://yeniistiklal.com/public/404" "Mozilla/5.0 AppleWebKit/537.36 (KHTML, like Gecko; compatible; ClaudeBot/1.0; +claudebot@anthropic.com)"
34.236.41.241 - - [26/May/2026:15:37:53 +0300] "GET /public/index.php/haber/gunluk-burc-yorumlari-29-ocak-cumartesi-480046 HTTP/1.1" 200 15475 "-" "Mozilla/5.0 AppleWebKit/537.36 (KHTML, like Gecko; compatible; Amazonbot/0.1; +https://developer.amazon.com/support/amazonbot) Chrome/119.0.6045.214 Safari/537.36"
216.73.217.145 - - [26/May/2026:15:37:53 +0300] "GET /public/ HTTP/1.1" 200 17184 "https://yeniistiklal.com/public" "Mozilla/5.0 AppleWebKit/537.36 (KHTML, like Gecko; compatible; ClaudeBot/1.0; +claudebot@anthropic.com)"
154.161.6.57 - - [26/May/2026:15:37:54 +0300] "GET /assets/frontend/tema9/js/jquery.cookie_v3.js?v=1.0.3 HTTP/1.1" 200 1332 "https://yeniistiklal.com/haber/daha-17de-manifest-surprizi-552365" "Mozilla/5.0 (Linux; Android 8.0; Pixel 2 Build/OPD3.170816.012) AppleWebKit/537.36 (KHTML, like Gecko) Chrome/49.0.7105.1125 Mobile Safari/537.36"
52.0.105.244 - - [26/May/2026:15:37:55 +0300] "GET /public/index.php/images/haberler/2022/01/gunluk-burc-yorumlari-29-ocak-cumartesi-cCgpTZjd.jpg HTTP/1.1" 302 238 "-" "Mozilla/5.0 AppleWebKit/537.36 (KHTML, like Gecko; compatible; Amazonbot/0.1; +https://developer.amazon.com/support/amazonbot) Chrome/119.0.6045.214 Safari/537.36"
154.161.6.57 - - [26/May/2026:15:37:56 +0300] "GET /assets/frontend/tema9/images/print.png HTTP/1.1" 200 1455 "https://yeniistiklal.com/haber/daha-17de-manifest-surprizi-552365" "Mozilla/5.0 (Linux; Android 8.0; Pixel 2 Build/OPD3.170816.012) AppleWebKit/537.36 (KHTML, like Gecko) Chrome/49.0.7105.1125 Mobile Safari/537.36"
154.161.6.57 - - [26/May/2026:15:37:56 +0300] "GET /assets/frontend/tema9/images/google-news.svg HTTP/1.1" 200 2757 "https://yeniistiklal.com/assets/frontend/tema9/css/hdetay.css?v=1.5" "Mozilla/5.0 (Linux; Android 8.0; Pixel 2 Build/OPD3.170816.012) AppleWebKit/537.36 (KHTML, like Gecko) Chrome/49.0.7105.1125 Mobile Safari/537.36"
154.161.6.57 - - [26/May/2026:15:37:57 +0300] "GET /assets/frontend/tema9/images/speech-bubble-with-dots.png HTTP/1.1" 200 2663 "https://yeniistiklal.com/haber/daha-17de-manifest-surprizi-552365" "Mozilla/5.0 (Linux; Android 8.0; Pixel 2 Build/OPD3.170816.012) AppleWebKit/537.36 (KHTML, like Gecko) Chrome/49.0.7105.1125 Mobile Safari/537.36"
154.161.6.57 - - [26/May/2026:15:37:57 +0300] "GET /js/cookie.min.js HTTP/1.1" 200 1993 "https://yeniistiklal.com/haber/daha-17de-manifest-surprizi-552365" "Mozilla/5.0 (Linux; Android 8.0; Pixel 2 Build/OPD3.170816.012) AppleWebKit/537.36 (KHTML, like Gecko) Chrome/49.0.7105.1125 Mobile Safari/537.36"
154.161.6.57 - - [26/May/2026:15:37:57 +0300] "GET /hava-durumu/ajax?sehir_isim=6 HTTP/1.1" 200 77 "https://yeniistiklal.com/haber/daha-17de-manifest-surprizi-552365" "Mozilla/5.0 (Linux; Android 8.0; Pixel 2 Build/OPD3.170816.012) AppleWebKit/537.36 (KHTML, like Gecko) Chrome/49.0.7105.1125 Mobile Safari/537.36"
154.161.6.57 - - [26/May/2026:15:37:57 +0300] "GET /assets/frontend/tema9/images/alkis.svg HTTP/1.1" 200 813 "https://yeniistiklal.com/assets/frontend/tema9/css/all.css?id=84aa2e07518a81ccdb7b" "Mozilla/5.0 (Linux; Android 8.0; Pixel 2 Build/OPD3.170816.012) AppleWebKit/537.36 (KHTML, like Gecko) Chrome/49.0.7105.1125 Mobile Safari/537.36"
154.161.6.57 - - [26/May/2026:15:37:57 +0300] "GET /assets/frontend/tema9/images/sevdim.svg HTTP/1.1" 200 404 "https://yeniistiklal.com/assets/frontend/tema9/css/all.css?id=84aa2e07518a81ccdb7b" "Mozilla/5.0 (Linux; Android 8.0; Pixel 2 Build/OPD3.170816.012) AppleWebKit/537.36 (KHTML, like Gecko) Chrome/49.0.7105.1125 Mobile Safari/537.36"
66.249.66.194 - - [26/May/2026:15:37:58 +0300] "GET /haber/teror-orgutunde-cozulme-suruyor-544565 HTTP/1.1" 200 13475 "-" "Mozilla/5.0 (Linux; Android 6.0.1; Nexus 5X Build/MMB29P) AppleWebKit/537.36 (KHTML, like Gecko) Chrome/148.0.7778.96 Mobile Safari/537.36 (compatible; Googlebot/2.1; +http://www.google.com/bot.html)"
2a03:2880:f806:25:: - - [26/May/2026:15:38:00 +0300] "GET /public/index.php/images/haberler/2022/01/devlet-bahceli-bu-sefer-de-sezen-aksu-yu-hedef-aldi.jpg HTTP/1.1" 302 238 "-" "meta-externalagent/1.1 (+https://developers.facebook.com/docs/sharing/webmasters/crawler)"
189.104.22.114 - - [26/May/2026:15:38:01 +0300] "GET /images/haberler/2024/01/eu-deri-muhendisligi-bolumunden-800-bin-euroluk-ab-erasmus-plus-projesi-1706702071.jpg HTTP/1.1" 302 219 "-" "Mozilla/5.0 (compatible; crawler)"
66.249.66.194 - - [26/May/2026:15:38:01 +0300] "GET /haber/daha-17de-manifest-surprizi-552365 HTTP/1.1" 200 14042 "-" "Mozilla/5.0 (Linux; Android 6.0.1; Nexus 5X Build/MMB29P) AppleWebKit/537.36 (KHTML, like Gecko) Chrome/148.0.7778.96 Mobile Safari/537.36 (compatible; Googlebot/2.1; +http://www.google.com/bot.html)"
