47.128.16.145 - - [26/May/2026:15:09:56 +0300] "GET /public/index.php/images/biyografiler/2018/12/mustafa-kemal-ataturk-1544884661.jpg HTTP/1.1" 302 238 "https://www.yeniistiklal.com/public/index.php" "Mozilla/5.0 (Linux; Android 5.0) AppleWebKit/537.36 (KHTML, like Gecko) Mobile Safari/537.36 (compatible; TikTokSpider; ttspider-feedback@tiktok.com)"
47.128.16.145 - - [26/May/2026:15:09:56 +0300] "GET /public/index.php/404 HTTP/1.1" 302 232 "https://www.yeniistiklal.com/public/index.php" "Mozilla/5.0 (Linux; Android 5.0) AppleWebKit/537.36 (KHTML, like Gecko) Mobile Safari/537.36 (compatible; TikTokSpider; ttspider-feedback@tiktok.com)"
47.128.16.145 - - [26/May/2026:15:09:56 +0300] "GET /public/index.php/images/haberler/2023/07/filenin-sultanlari-milletler-liginde-sampiyon-oldu-1689595616.png HTTP/1.1" 302 238 "https://www.yeniistiklal.com/public/index.php" "Mozilla/5.0 (Linux; Android 5.0) AppleWebKit/537.36 (KHTML, like Gecko) Mobile Safari/537.36 (compatible; TikTokSpider; ttspider-feedback@tiktok.com)"
47.128.16.145 - - [26/May/2026:15:09:56 +0300] "GET /public/index.php/images/haberler/2025/05/fenerbahce-beko-euroleaguede-sampiyon-oldu-1748258787.jpeg HTTP/1.1" 302 238 "https://www.yeniistiklal.com/public/index.php" "Mozilla/5.0 (Linux; Android 5.0) AppleWebKit/537.36 (KHTML, like Gecko) Mobile Safari/537.36 (compatible; TikTokSpider; ttspider-feedback@tiktok.com)"
47.128.16.145 - - [26/May/2026:15:09:56 +0300] "GET /public/index.php/images/haberler/2024/01/iddaa-analizi-nasil-yapilir-1706624003.png HTTP/1.1" 302 238 "https://www.yeniistiklal.com/public/index.php" "Mozilla/5.0 (Linux; Android 5.0) AppleWebKit/537.36 (KHTML, like Gecko) Mobile Safari/537.36 (compatible; TikTokSpider; ttspider-feedback@tiktok.com)"
47.128.16.145 - - [26/May/2026:15:09:56 +0300] "GET /public/index.php/images/biyografiler/2019/03/kemal-sunal-1551807433.gif HTTP/1.1" 302 238 "https://www.yeniistiklal.com/public/index.php" "Mozilla/5.0 (Linux; Android 5.0) AppleWebKit/537.36 (KHTML, like Gecko) Mobile Safari/537.36 (compatible; TikTokSpider; ttspider-feedback@tiktok.com)"
47.128.16.145 - - [26/May/2026:15:09:56 +0300] "GET /public/index.php/images/haberler/2025/12/400-bin-tlnin-aylik-getirisi-nedir-1765788558.jpeg HTTP/1.1" 302 238 "https://www.yeniistiklal.com/public/index.php" "Mozilla/5.0 (Linux; Android 5.0) AppleWebKit/537.36 (KHTML, like Gecko) Mobile Safari/537.36 (compatible; TikTokSpider; ttspider-feedback@tiktok.com)"
47.128.16.145 - - [26/May/2026:15:09:56 +0300] "GET /public/index.php/images/tn/2026/05/eytde-kritik-guncelleme-yas-sarti-ve-prim-gunleri-yeniden-gundemde-1779540765.jpeg HTTP/1.1" 302 238 "https://www.yeniistiklal.com/public/index.php" "Mozilla/5.0 (Linux; Android 5.0) AppleWebKit/537.36 (KHTML, like Gecko) Mobile Safari/537.36 (compatible; TikTokSpider; ttspider-feedback@tiktok.com)"
47.128.16.145 - - [26/May/2026:15:09:56 +0300] "GET /public/index.php/images/haberler/2025/05/super-ligde-35-hafta-hakemleri-belli-oldu-nefesler-tutuldu-1746707520.jpeg HTTP/1.1" 302 238 "https://www.yeniistiklal.com/public/index.php" "Mozilla/5.0 (Linux; Android 5.0) AppleWebKit/537.36 (KHTML, like Gecko) Mobile Safari/537.36 (compatible; TikTokSpider; ttspider-feedback@tiktok.com)"
47.128.16.145 - - [26/May/2026:15:09:57 +0300] "GET /public/index.php HTTP/1.1" 200 17295 "https://www.yeniistiklal.com/public/index.php" "Mozilla/5.0 (Linux; Android 5.0) AppleWebKit/537.36 (KHTML, like Gecko) Mobile Safari/537.36 (compatible; TikTokSpider; ttspider-feedback@tiktok.com)"
47.128.16.145 - - [26/May/2026:15:09:57 +0300] "GET /public/index.php/404 HTTP/1.1" 302 232 "https://www.yeniistiklal.com/public/index.php" "Mozilla/5.0 (Linux; Android 5.0) AppleWebKit/537.36 (KHTML, like Gecko) Mobile Safari/537.36 (compatible; TikTokSpider; ttspider-feedback@tiktok.com)"
47.128.16.145 - - [26/May/2026:15:09:57 +0300] "GET /public/index.php HTTP/1.1" 200 17300 "https://www.yeniistiklal.com/public/index.php" "Mozilla/5.0 (Linux; Android 5.0) AppleWebKit/537.36 (KHTML, like Gecko) Mobile Safari/537.36 (compatible; TikTokSpider; ttspider-feedback@tiktok.com)"
47.128.16.145 - - [26/May/2026:15:09:57 +0300] "GET /public/index.php HTTP/1.1" 200 17301 "https://www.yeniistiklal.com/public/index.php" "Mozilla/5.0 (Linux; Android 5.0) AppleWebKit/537.36 (KHTML, like Gecko) Mobile Safari/537.36 (compatible; TikTokSpider; ttspider-feedback@tiktok.com)"
47.128.16.145 - - [26/May/2026:15:09:57 +0300] "GET /public/index.php/404 HTTP/1.1" 302 232 "https://www.yeniistiklal.com/public/index.php" "Mozilla/5.0 (Linux; Android 5.0) AppleWebKit/537.36 (KHTML, like Gecko) Mobile Safari/537.36 (compatible; TikTokSpider; ttspider-feedback@tiktok.com)"
47.128.16.145 - - [26/May/2026:15:09:58 +0300] "GET /public/index.php HTTP/1.1" 200 17296 "https://www.yeniistiklal.com/public/index.php" "Mozilla/5.0 (Linux; Android 5.0) AppleWebKit/537.36 (KHTML, like Gecko) Mobile Safari/537.36 (compatible; TikTokSpider; ttspider-feedback@tiktok.com)"
47.128.16.145 - - [26/May/2026:15:09:58 +0300] "GET /public/index.php/404 HTTP/1.1" 302 232 "https://www.yeniistiklal.com/public/index.php" "Mozilla/5.0 (Linux; Android 5.0) AppleWebKit/537.36 (KHTML, like Gecko) Mobile Safari/537.36 (compatible; TikTokSpider; ttspider-feedback@tiktok.com)"
47.128.16.145 - - [26/May/2026:15:09:56 +0300] "GET /public/index.php/images/haberler/2025/08/24-saat-boyunca-ac-kalirsak-ne-olur-1755454218.jpeg HTTP/1.1" 302 238 "https://www.yeniistiklal.com/public/index.php" "Mozilla/5.0 (Linux; Android 5.0) AppleWebKit/537.36 (KHTML, like Gecko) Mobile Safari/537.36 (compatible; TikTokSpider; ttspider-feedback@tiktok.com)"
47.128.16.145 - - [26/May/2026:15:09:56 +0300] "GET /public/index.php/images/genel/15573935975cd3f0bd01cee.jpg HTTP/1.1" 302 238 "https://www.yeniistiklal.com/public/index.php" "Mozilla/5.0 (Linux; Android 5.0) AppleWebKit/537.36 (KHTML, like Gecko) Mobile Safari/537.36 (compatible; TikTokSpider; ttspider-feedback@tiktok.com)"
47.128.16.145 - - [26/May/2026:15:09:56 +0300] "GET /public/index.php HTTP/1.1" 200 17291 "https://www.yeniistiklal.com/public/index.php" "Mozilla/5.0 (Linux; Android 5.0) AppleWebKit/537.36 (KHTML, like Gecko) Mobile Safari/537.36 (compatible; TikTokSpider; ttspider-feedback@tiktok.com)"
47.128.16.145 - - [26/May/2026:15:09:57 +0300] "GET /public/index.php/404 HTTP/1.1" 302 232 "https://www.yeniistiklal.com/public/index.php" "Mozilla/5.0 (Linux; Android 5.0) AppleWebKit/537.36 (KHTML, like Gecko) Mobile Safari/537.36 (compatible; TikTokSpider; ttspider-feedback@tiktok.com)"
2a03:2880:f806:4f:: - - [26/May/2026:15:09:57 +0300] "GET /public/404 HTTP/1.1" 302 220 "-" "meta-externalagent/1.1 (+https://developers.facebook.com/docs/sharing/webmasters/crawler)"
47.128.16.145 - - [26/May/2026:15:09:57 +0300] "GET /public/index.php/404 HTTP/1.1" 302 232 "https://www.yeniistiklal.com/public/index.php" "Mozilla/5.0 (Linux; Android 5.0) AppleWebKit/537.36 (KHTML, like Gecko) Mobile Safari/537.36 (compatible; TikTokSpider; ttspider-feedback@tiktok.com)"
47.128.16.145 - - [26/May/2026:15:09:58 +0300] "GET /public/index.php/404 HTTP/1.1" 302 232 "https://www.yeniistiklal.com/public/index.php" "Mozilla/5.0 (Linux; Android 5.0) AppleWebKit/537.36 (KHTML, like Gecko) Mobile Safari/537.36 (compatible; TikTokSpider; ttspider-feedback@tiktok.com)"
47.128.16.145 - - [26/May/2026:15:09:58 +0300] "GET /public/index.php/404 HTTP/1.1" 302 232 "https://www.yeniistiklal.com/public/index.php" "Mozilla/5.0 (Linux; Android 5.0) AppleWebKit/537.36 (KHTML, like Gecko) Mobile Safari/537.36 (compatible; TikTokSpider; ttspider-feedback@tiktok.com)"
47.128.16.145 - - [26/May/2026:15:09:58 +0300] "GET /public/index.php HTTP/1.1" 200 17306 "https://www.yeniistiklal.com/public/index.php" "Mozilla/5.0 (Linux; Android 5.0) AppleWebKit/537.36 (KHTML, like Gecko) Mobile Safari/537.36 (compatible; TikTokSpider; ttspider-feedback@tiktok.com)"
47.128.16.145 - - [26/May/2026:15:09:58 +0300] "GET /public/index.php HTTP/1.1" 200 17284 "https://www.yeniistiklal.com/public/index.php" "Mozilla/5.0 (Linux; Android 5.0) AppleWebKit/537.36 (KHTML, like Gecko) Mobile Safari/537.36 (compatible; TikTokSpider; ttspider-feedback@tiktok.com)"
47.128.16.145 - - [26/May/2026:15:09:58 +0300] "GET /public/index.php/404 HTTP/1.1" 302 232 "https://www.yeniistiklal.com/public/index.php" "Mozilla/5.0 (Linux; Android 5.0) AppleWebKit/537.36 (KHTML, like Gecko) Mobile Safari/537.36 (compatible; TikTokSpider; ttspider-feedback@tiktok.com)"
47.128.16.145 - - [26/May/2026:15:09:58 +0300] "GET /public/index.php/404 HTTP/1.1" 302 232 "https://www.yeniistiklal.com/public/index.php" "Mozilla/5.0 (Linux; Android 5.0) AppleWebKit/537.36 (KHTML, like Gecko) Mobile Safari/537.36 (compatible; TikTokSpider; ttspider-feedback@tiktok.com)"
207.46.13.36 - - [26/May/2026:15:09:59 +0300] "GET /haber/cemaat-yurtlarini-sokaga-sorduk-yurttastan-skandal-yanit-intihar-edenlerin-gozu-kor-olsun-474476 HTTP/1.1" 200 13342 "-" "Mozilla/5.0 AppleWebKit/537.36 (KHTML, like Gecko; compatible; bingbot/2.0; +http://www.bing.com/bingbot.htm) Chrome/116.0.1938.76 Safari/537.36"
47.128.16.145 - - [26/May/2026:15:09:58 +0300] "GET /public/index.php HTTP/1.1" 200 17290 "https://www.yeniistiklal.com/public/index.php" "Mozilla/5.0 (Linux; Android 5.0) AppleWebKit/537.36 (KHTML, like Gecko) Mobile Safari/537.36 (compatible; TikTokSpider; ttspider-feedback@tiktok.com)"
2a03:2880:f806:c:: - - [26/May/2026:15:09:59 +0300] "GET /public HTTP/1.1" 301 795 "-" "meta-externalagent/1.1 (+https://developers.facebook.com/docs/sharing/webmasters/crawler)"
47.128.16.145 - - [26/May/2026:15:09:59 +0300] "GET /public/index.php/404 HTTP/1.1" 302 232 "https://www.yeniistiklal.com/public/index.php" "Mozilla/5.0 (Linux; Android 5.0) AppleWebKit/537.36 (KHTML, like Gecko) Mobile Safari/537.36 (compatible; TikTokSpider; ttspider-feedback@tiktok.com)"
47.128.16.145 - - [26/May/2026:15:09:59 +0300] "GET /public/index.php HTTP/1.1" 200 17297 "https://www.yeniistiklal.com/public/index.php" "Mozilla/5.0 (Linux; Android 5.0) AppleWebKit/537.36 (KHTML, like Gecko) Mobile Safari/537.36 (compatible; TikTokSpider; ttspider-feedback@tiktok.com)"
47.128.16.145 - - [26/May/2026:15:09:59 +0300] "GET /public/index.php/404 HTTP/1.1" 302 232 "https://www.yeniistiklal.com/public/index.php" "Mozilla/5.0 (Linux; Android 5.0) AppleWebKit/537.36 (KHTML, like Gecko) Mobile Safari/537.36 (compatible; TikTokSpider; ttspider-feedback@tiktok.com)"
47.128.16.145 - - [26/May/2026:15:09:59 +0300] "GET /public/index.php HTTP/1.1" 200 17288 "https://www.yeniistiklal.com/public/index.php" "Mozilla/5.0 (Linux; Android 5.0) AppleWebKit/537.36 (KHTML, like Gecko) Mobile Safari/537.36 (compatible; TikTokSpider; ttspider-feedback@tiktok.com)"
47.128.16.145 - - [26/May/2026:15:09:59 +0300] "GET /public/index.php HTTP/1.1" 200 17310 "https://www.yeniistiklal.com/public/index.php" "Mozilla/5.0 (Linux; Android 5.0) AppleWebKit/537.36 (KHTML, like Gecko) Mobile Safari/537.36 (compatible; TikTokSpider; ttspider-feedback@tiktok.com)"
47.128.16.145 - - [26/May/2026:15:09:59 +0300] "GET /public/index.php/404 HTTP/1.1" 302 232 "https://www.yeniistiklal.com/public/index.php" "Mozilla/5.0 (Linux; Android 5.0) AppleWebKit/537.36 (KHTML, like Gecko) Mobile Safari/537.36 (compatible; TikTokSpider; ttspider-feedback@tiktok.com)"
47.128.16.145 - - [26/May/2026:15:10:00 +0300] "GET /public/index.php/404 HTTP/1.1" 302 232 "https://www.yeniistiklal.com/public/index.php" "Mozilla/5.0 (Linux; Android 5.0) AppleWebKit/537.36 (KHTML, like Gecko) Mobile Safari/537.36 (compatible; TikTokSpider; ttspider-feedback@tiktok.com)"
207.46.13.36 - - [26/May/2026:15:09:59 +0300] "GET /haber/atanamadigi-icin-balik-satan-ogretmen-salataligin-25-tl-oldugu-bir-cografyadan-ne-bekleyebilirsiniz-489917 HTTP/1.1" 200 14367 "-" "Mozilla/5.0 AppleWebKit/537.36 (KHTML, like Gecko; compatible; bingbot/2.0; +http://www.bing.com/bingbot.htm) Chrome/116.0.1938.76 Safari/537.36"
47.128.16.145 - - [26/May/2026:15:10:00 +0300] "GET /public/index.php HTTP/1.1" 200 17297 "https://www.yeniistiklal.com/public/index.php" "Mozilla/5.0 (Linux; Android 5.0) AppleWebKit/537.36 (KHTML, like Gecko) Mobile Safari/537.36 (compatible; TikTokSpider; ttspider-feedback@tiktok.com)"
24.133.80.23 - - [26/May/2026:15:10:00 +0300] "GET /404 HTTP/1.1" 302 215 "-" "Mozilla/5.0 (Macintosh; Intel Mac OS X 10_15_7) AppleWebKit/537.36 (KHTML, like Gecko) Chrome/148.0.0.0 Safari/537.36"
47.128.16.145 - - [26/May/2026:15:10:00 +0300] "GET /public/index.php/404 HTTP/1.1" 302 232 "https://www.yeniistiklal.com/public/index.php" "Mozilla/5.0 (Linux; Android 5.0) AppleWebKit/537.36 (KHTML, like Gecko) Mobile Safari/537.36 (compatible; TikTokSpider; ttspider-feedback@tiktok.com)"
47.128.16.145 - - [26/May/2026:15:10:01 +0300] "GET /public/index.php HTTP/1.1" 200 17303 "https://www.yeniistiklal.com/public/index.php" "Mozilla/5.0 (Linux; Android 5.0) AppleWebKit/537.36 (KHTML, like Gecko) Mobile Safari/537.36 (compatible; TikTokSpider; ttspider-feedback@tiktok.com)"
47.128.16.145 - - [26/May/2026:15:09:59 +0300] "GET /public/index.php/404 HTTP/1.1" 302 232 "https://www.yeniistiklal.com/public/index.php" "Mozilla/5.0 (Linux; Android 5.0) AppleWebKit/537.36 (KHTML, like Gecko) Mobile Safari/537.36 (compatible; TikTokSpider; ttspider-feedback@tiktok.com)"
47.128.16.145 - - [26/May/2026:15:09:59 +0300] "GET /public/index.php HTTP/1.1" 200 17283 "https://www.yeniistiklal.com/public/index.php" "Mozilla/5.0 (Linux; Android 5.0) AppleWebKit/537.36 (KHTML, like Gecko) Mobile Safari/537.36 (compatible; TikTokSpider; ttspider-feedback@tiktok.com)"
24.133.80.23 - - [26/May/2026:15:10:00 +0300] "GET /yonetim HTTP/1.1" 302 219 "-" "Mozilla/5.0 (Macintosh; Intel Mac OS X 10_15_7) AppleWebKit/537.36 (KHTML, like Gecko) Chrome/148.0.0.0 Safari/537.36"
47.128.16.145 - - [26/May/2026:15:10:00 +0300] "GET /public/index.php/404 HTTP/1.1" 302 232 "https://www.yeniistiklal.com/public/index.php" "Mozilla/5.0 (Linux; Android 5.0) AppleWebKit/537.36 (KHTML, like Gecko) Mobile Safari/537.36 (compatible; TikTokSpider; ttspider-feedback@tiktok.com)"
185.191.171.13 - - [26/May/2026:15:10:00 +0300] "GET /haber/en-fazla-yuk-ellecleme-kocaeliden-506248 HTTP/1.1" 200 14288 "-" "Mozilla/5.0 (compatible; SemrushBot/7~bl; +http://www.semrush.com/bot.html)"
24.133.80.23 - - [26/May/2026:15:10:00 +0300] "GET / HTTP/1.1" 200 17080 "-" "Mozilla/5.0 (Macintosh; Intel Mac OS X 10_15_7) AppleWebKit/537.36 (KHTML, like Gecko) Chrome/148.0.0.0 Safari/537.36"
47.128.16.145 - - [26/May/2026:15:10:00 +0300] "GET /public/index.php HTTP/1.1" 200 17292 "https://www.yeniistiklal.com/public/index.php" "Mozilla/5.0 (Linux; Android 5.0) AppleWebKit/537.36 (KHTML, like Gecko) Mobile Safari/537.36 (compatible; TikTokSpider; ttspider-feedback@tiktok.com)"
2a03:2880:f806:23:: - - [26/May/2026:15:10:00 +0300] "GET /public/ HTTP/1.1" 200 17203 "-" "meta-externalagent/1.1 (+https://developers.facebook.com/docs/sharing/webmasters/crawler)"
47.128.16.145 - - [26/May/2026:15:10:00 +0300] "GET /public/index.php HTTP/1.1" 200 17299 "https://www.yeniistiklal.com/public/index.php" "Mozilla/5.0 (Linux; Android 5.0) AppleWebKit/537.36 (KHTML, like Gecko) Mobile Safari/537.36 (compatible; TikTokSpider; ttspider-feedback@tiktok.com)"
47.128.16.145 - - [26/May/2026:15:10:01 +0300] "GET /public/index.php HTTP/1.1" 200 17305 "https://www.yeniistiklal.com/public/index.php" "Mozilla/5.0 (Linux; Android 5.0) AppleWebKit/537.36 (KHTML, like Gecko) Mobile Safari/537.36 (compatible; TikTokSpider; ttspider-feedback@tiktok.com)"
207.46.13.36 - - [26/May/2026:15:10:01 +0300] "GET /public/index.php/haber/bm-somalide-43-milyon-kisi-kurakliktan-etkilendi-496785 HTTP/1.1" 200 13560 "-" "Mozilla/5.0 AppleWebKit/537.36 (KHTML, like Gecko; compatible; bingbot/2.0; +http://www.bing.com/bingbot.htm) Chrome/116.0.1938.76 Safari/537.36"
47.128.16.145 - - [26/May/2026:15:10:01 +0300] "GET /public/index.php HTTP/1.1" 200 17289 "https://www.yeniistiklal.com/public/index.php" "Mozilla/5.0 (Linux; Android 5.0) AppleWebKit/537.36 (KHTML, like Gecko) Mobile Safari/537.36 (compatible; TikTokSpider; ttspider-feedback@tiktok.com)"
34.221.154.83 - - [26/May/2026:15:10:02 +0300] "GET / HTTP/1.1" 200 17078 "-" "Mozilla/5.0 (X11; Ubuntu; Linux x86_64; rv:80.0) Gecko/20100101 Firefox/80.0"
47.128.16.145 - - [26/May/2026:15:10:02 +0300] "GET /public/index.php HTTP/1.1" 200 17295 "https://www.yeniistiklal.com/public/index.php" "Mozilla/5.0 (Linux; Android 5.0) AppleWebKit/537.36 (KHTML, like Gecko) Mobile Safari/537.36 (compatible; TikTokSpider; ttspider-feedback@tiktok.com)"
24.133.80.23 - - [26/May/2026:15:10:03 +0300] "GET /images/haberler/2023/07/filenin-sultanlari-milletler-liginde-sampiyon-oldu-1689595616.png HTTP/1.1" 302 219 "https://yeniistiklal.com/" "Mozilla/5.0 (Macintosh; Intel Mac OS X 10_15_7) AppleWebKit/537.36 (KHTML, like Gecko) Chrome/148.0.0.0 Safari/537.36"
185.191.171.16 - - [26/May/2026:15:10:01 +0300] "GET /haber/parviz-ardahan-yarisi-survivor-all-star-2022-48-bolum-501708 HTTP/1.1" 200 13646 "-" "Mozilla/5.0 (compatible; SemrushBot/7~bl; +http://www.semrush.com/bot.html)"
24.133.80.23 - - [26/May/2026:15:10:01 +0300] "GET /hava-durumu/ajax?sehir_isim=6 HTTP/1.1" 200 77 "https://yeniistiklal.com/" "Mozilla/5.0 (Macintosh; Intel Mac OS X 10_15_7) AppleWebKit/537.36 (KHTML, like Gecko) Chrome/148.0.0.0 Safari/537.36"
47.128.16.145 - - [26/May/2026:15:10:01 +0300] "GET /public/index.php HTTP/1.1" 200 17284 "https://www.yeniistiklal.com/public/index.php" "Mozilla/5.0 (Linux; Android 5.0) AppleWebKit/537.36 (KHTML, like Gecko) Mobile Safari/537.36 (compatible; TikTokSpider; ttspider-feedback@tiktok.com)"
47.128.16.145 - - [26/May/2026:15:10:02 +0300] "GET /public/index.php HTTP/1.1" 200 17290 "https://www.yeniistiklal.com/public/index.php" "Mozilla/5.0 (Linux; Android 5.0) AppleWebKit/537.36 (KHTML, like Gecko) Mobile Safari/537.36 (compatible; TikTokSpider; ttspider-feedback@tiktok.com)"
47.128.16.145 - - [26/May/2026:15:10:02 +0300] "GET /public/index.php HTTP/1.1" 200 17292 "https://www.yeniistiklal.com/public/index.php" "Mozilla/5.0 (Linux; Android 5.0) AppleWebKit/537.36 (KHTML, like Gecko) Mobile Safari/537.36 (compatible; TikTokSpider; ttspider-feedback@tiktok.com)"
24.133.80.23 - - [26/May/2026:15:10:03 +0300] "GET /public/images/firmalar/ HTTP/1.1" 403 787 "https://yeniistiklal.com/" "Mozilla/5.0 (Macintosh; Intel Mac OS X 10_15_7) AppleWebKit/537.36 (KHTML, like Gecko) Chrome/148.0.0.0 Safari/537.36"
207.46.13.126 - - [26/May/2026:15:10:03 +0300] "GET /haber/antalyada-yuzme-egitimi-icin-one-cikan-tercihlerden-biri-aquawave-552281 HTTP/1.1" 200 14936 "-" "Mozilla/5.0 AppleWebKit/537.36 (KHTML, like Gecko; compatible; bingbot/2.0; +http://www.bing.com/bingbot.htm) Chrome/116.0.1938.76 Safari/537.36"
24.133.80.23 - - [26/May/2026:15:10:03 +0300] "GET /panel HTTP/1.1" 302 220 "-" "Mozilla/5.0 (Macintosh; Intel Mac OS X 10_15_7) AppleWebKit/537.36 (KHTML, like Gecko) Chrome/148.0.0.0 Safari/537.36"
24.133.80.23 - - [26/May/2026:15:10:03 +0300] "GET /login HTTP/1.1" 200 1599 "-" "Mozilla/5.0 (Macintosh; Intel Mac OS X 10_15_7) AppleWebKit/537.36 (KHTML, like Gecko) Chrome/148.0.0.0 Safari/537.36"
24.133.80.23 - - [26/May/2026:15:10:03 +0300] "GET /images/haberler/2024/01/iddaa-analizi-nasil-yapilir-1706624003.png HTTP/1.1" 302 219 "https://yeniistiklal.com/" "Mozilla/5.0 (Macintosh; Intel Mac OS X 10_15_7) AppleWebKit/537.36 (KHTML, like Gecko) Chrome/148.0.0.0 Safari/537.36"
207.46.13.126 - - [26/May/2026:15:10:04 +0300] "GET /haber/balikesirde-islenen-cinayetin-goruntuleri-ortaya-cikti-494646 HTTP/1.1" 200 13641 "-" "Mozilla/5.0 AppleWebKit/537.36 (KHTML, like Gecko; compatible; bingbot/2.0; +http://www.bing.com/bingbot.htm) Chrome/116.0.1938.76 Safari/537.36"
24.133.80.23 - - [26/May/2026:15:10:04 +0300] "GET /assets/backend/app-assets/fonts/feather/fonts/feather.ttf?9xfrq8 HTTP/1.1" 200 24911 "https://yeniistiklal.com/assets/backend/app-assets/fonts/feather/style.min.css" "Mozilla/5.0 (Macintosh; Intel Mac OS X 10_15_7) AppleWebKit/537.36 (KHTML, like Gecko) Chrome/148.0.0.0 Safari/537.36"
207.46.13.126 - - [26/May/2026:15:10:04 +0300] "GET /haber/sma-hastasi-sevinc-nurun-ailesi-yardim-bekliyor-olmesini-istemiyoruz-486676 HTTP/1.1" 200 15227 "-" "Mozilla/5.0 AppleWebKit/537.36 (KHTML, like Gecko; compatible; bingbot/2.0; +http://www.bing.com/bingbot.htm) Chrome/116.0.1938.76 Safari/537.36"
24.133.80.23 - - [26/May/2026:15:10:08 +0300] "GET /panel HTTP/1.1" 200 5364 "https://yeniistiklal.com/login" "Mozilla/5.0 (Macintosh; Intel Mac OS X 10_15_7) AppleWebKit/537.36 (KHTML, like Gecko) Chrome/148.0.0.0 Safari/537.36"
185.191.171.15 - - [26/May/2026:15:10:08 +0300] "GET /haber/kocaeli-izmit-belediyesi-el-emegi-satis-stantlari-sezonunu-acti-512109 HTTP/1.1" 200 13825 "-" "Mozilla/5.0 (compatible; SemrushBot/7~bl; +http://www.semrush.com/bot.html)"
24.133.80.23 - - [26/May/2026:15:10:03 +0300] "GET /images/haberler/2022/11/2022-dunya-kupasi-belcika-0-2-fas-1669566817.png HTTP/1.1" 302 219 "https://yeniistiklal.com/" "Mozilla/5.0 (Macintosh; Intel Mac OS X 10_15_7) AppleWebKit/537.36 (KHTML, like Gecko) Chrome/148.0.0.0 Safari/537.36"
24.133.80.23 - - [26/May/2026:15:10:04 +0300] "GET /assets/backend/app-assets/vendors/js/vendors.min.js HTTP/1.1" 200 69922 "https://yeniistiklal.com/login" "Mozilla/5.0 (Macintosh; Intel Mac OS X 10_15_7) AppleWebKit/537.36 (KHTML, like Gecko) Chrome/148.0.0.0 Safari/537.36"
24.133.80.23 - - [26/May/2026:15:10:04 +0300] "GET /assets/backend/app-assets/vendors/js/forms/validation/jqBootstrapValidation.js HTTP/1.1" 200 9416 "https://yeniistiklal.com/login" "Mozilla/5.0 (Macintosh; Intel Mac OS X 10_15_7) AppleWebKit/537.36 (KHTML, like Gecko) Chrome/148.0.0.0 Safari/537.36"
24.133.80.23 - - [26/May/2026:15:10:04 +0300] "GET /assets/backend/app-assets/css/bootstrap.css HTTP/1.1" 200 23813 "https://yeniistiklal.com/assets/backend/app-assets/css/vendors.css" "Mozilla/5.0 (Macintosh; Intel Mac OS X 10_15_7) AppleWebKit/537.36 (KHTML, like Gecko) Chrome/148.0.0.0 Safari/537.36"
24.133.80.23 - - [26/May/2026:15:10:04 +0300] "GET /assets/backend/app-assets/css/bootstrap-extended.css HTTP/1.1" 200 12171 "https://yeniistiklal.com/assets/backend/app-assets/css/app.css" "Mozilla/5.0 (Macintosh; Intel Mac OS X 10_15_7) AppleWebKit/537.36 (KHTML, like Gecko) Chrome/148.0.0.0 Safari/537.36"
24.133.80.23 - - [26/May/2026:15:10:04 +0300] "GET /assets/backend/app-assets/css/colors.css HTTP/1.1" 200 30152 "https://yeniistiklal.com/assets/backend/app-assets/css/app.css" "Mozilla/5.0 (Macintosh; Intel Mac OS X 10_15_7) AppleWebKit/537.36 (KHTML, like Gecko) Chrome/148.0.0.0 Safari/537.36"
24.133.80.23 - - [26/May/2026:15:10:04 +0300] "GET /assets/backend/app-assets/css/components.css HTTP/1.1" 200 17225 "https://yeniistiklal.com/assets/backend/app-assets/css/app.css" "Mozilla/5.0 (Macintosh; Intel Mac OS X 10_15_7) AppleWebKit/537.36 (KHTML, like Gecko) Chrome/148.0.0.0 Safari/537.36"
24.133.80.23 - - [26/May/2026:15:10:04 +0300] "GET /assets/backend/app-assets/images/login-background.jpg HTTP/1.1" 200 124643 "https://yeniistiklal.com/login" "Mozilla/5.0 (Macintosh; Intel Mac OS X 10_15_7) AppleWebKit/537.36 (KHTML, like Gecko) Chrome/148.0.0.0 Safari/537.36"
24.133.80.23 - - [26/May/2026:15:10:07 +0300] "POST /panel/checkLogin HTTP/1.1" 302 201 "https://yeniistiklal.com/login" "Mozilla/5.0 (Macintosh; Intel Mac OS X 10_15_7) AppleWebKit/537.36 (KHTML, like Gecko) Chrome/148.0.0.0 Safari/537.36"
40.77.167.241 - - [26/May/2026:15:10:08 +0300] "GET /haber/mehmet-tezkan-ulkede-bu-kadar-doviz-hesabinin-olmasi-iktidara-olan-guvensizligin-gostergesidir-469832 HTTP/1.1" 200 13271 "-" "Mozilla/5.0 AppleWebKit/537.36 (KHTML, like Gecko; compatible; bingbot/2.0; +http://www.bing.com/bingbot.htm) Chrome/116.0.1938.76 Safari/537.36"
24.133.80.23 - - [26/May/2026:15:10:08 +0300] "GET /assets/backend/app-assets/fonts/simple-line-icons/style.css HTTP/1.1" 200 61890 "https://yeniistiklal.com/panel" "Mozilla/5.0 (Macintosh; Intel Mac OS X 10_15_7) AppleWebKit/537.36 (KHTML, like Gecko) Chrome/148.0.0.0 Safari/537.36"
24.133.80.23 - - [26/May/2026:15:10:08 +0300] "GET /panel/bildirimler/ajax HTTP/1.1" 200 95 "https://yeniistiklal.com/panel" "Mozilla/5.0 (Macintosh; Intel Mac OS X 10_15_7) AppleWebKit/537.36 (KHTML, like Gecko) Chrome/148.0.0.0 Safari/537.36"
216.73.217.145 - - [26/May/2026:15:10:09 +0300] "GET /public/images/haberler/2022/05/musiad-32-kurulus-yildonumunde-turkiyenin-gucune-guc-katan-isim-ve-markalari-odullendirdi-7HnsehDq.jpg HTTP/1.1" 302 225 "-" "Mozilla/5.0 AppleWebKit/537.36 (KHTML, like Gecko; compatible; ClaudeBot/1.0; +claudebot@anthropic.com)"
45.130.67.88 - - [26/May/2026:15:10:08 +0300] "GET /haber/en-hafif-sigara-markalari-2025-551433 HTTP/1.1" 200 13305 "-" "Mozilla/5.0 (Macintosh; Intel Mac OS X 10_15_7) AppleWebKit/537.36 (KHTML, like Gecko) Chrome/142.0.0.0 Safari/537.36"
85.208.96.199 - - [26/May/2026:15:10:09 +0300] "GET /haber/ece-erkenden-nihat-dogan-ve-sisi-hakkinda-suc-duyurusu-483880 HTTP/1.1" 200 14314 "-" "Mozilla/5.0 (compatible; SemrushBot/7~bl; +http://www.semrush.com/bot.html)"
216.73.217.145 - - [26/May/2026:15:10:09 +0300] "GET /public/images/haberler/2022/04/garanti-bbva-g20-zirvesinde-surdurulebilir-finans-calismalarini-anlatti-K87TpFRY.jpg HTTP/1.1" 302 225 "-" "Mozilla/5.0 AppleWebKit/537.36 (KHTML, like Gecko; compatible; ClaudeBot/1.0; +claudebot@anthropic.com)"
216.73.217.145 - - [26/May/2026:15:10:09 +0300] "GET /public/404 HTTP/1.1" 302 220 "https://yeniistiklal.com/public/images/haberler/2022/04/garanti-bbva-g20-zirvesinde-surdurulebilir-finans-calismalarini-anlatti-K87TpFRY.jpg" "Mozilla/5.0 AppleWebKit/537.36 (KHTML, like Gecko; compatible; ClaudeBot/1.0; +claudebot@anthropic.com)"
216.73.217.145 - - [26/May/2026:15:10:10 +0300] "GET /public HTTP/1.1" 301 795 "https://yeniistiklal.com/public/404" "Mozilla/5.0 AppleWebKit/537.36 (KHTML, like Gecko; compatible; ClaudeBot/1.0; +claudebot@anthropic.com)"
216.73.217.145 - - [26/May/2026:15:10:10 +0300] "GET /public/ HTTP/1.1" 200 17203 "https://yeniistiklal.com/public" "Mozilla/5.0 AppleWebKit/537.36 (KHTML, like Gecko; compatible; ClaudeBot/1.0; +claudebot@anthropic.com)"
216.73.217.145 - - [26/May/2026:15:10:10 +0300] "GET /public/index.php/images/haberler/2022/01/ulkenin-milyonlarca-lirasi-yine-iktidara-akacak-yatirimlar-saray-sefasina-V3dcNEtP.jpg HTTP/1.1" 302 238 "-" "Mozilla/5.0 AppleWebKit/537.36 (KHTML, like Gecko; compatible; ClaudeBot/1.0; +claudebot@anthropic.com)"
216.73.217.145 - - [26/May/2026:15:10:10 +0300] "GET /404 HTTP/1.1" 302 219 "https://www.yeniistiklal.com/images/haberler/2022/02/milli-muharip-ucak-nedir-milli-muharip-ucak-ozellikleri-milli-muharip-ucak-ne-zaman-hangardan-cikacak-d763fJOh.jpg" "Mozilla/5.0 AppleWebKit/537.36 (KHTML, like Gecko; compatible; ClaudeBot/1.0; +claudebot@anthropic.com)"
216.73.217.145 - - [26/May/2026:15:10:10 +0300] "GET /public/index.php HTTP/1.1" 200 17296 "https://www.yeniistiklal.com/public/index.php/404" "Mozilla/5.0 AppleWebKit/537.36 (KHTML, like Gecko; compatible; ClaudeBot/1.0; +claudebot@anthropic.com)"
154.28.104.233 - - [26/May/2026:15:10:11 +0300] "GET /images/firmalar HTTP/1.1" 301 795 "-" "Mozilla/5.0 (Linux; Android 6.0.1; Nexus 5X Build/MMB29P) AppleWebKit/537.36 (KHTML, like Gecko) Chrome/120.0.6099.224 Mobile Safari/537.36 (compatible; Google-InspectionTool/1.0)"
154.28.104.233 - - [26/May/2026:15:10:11 +0300] "GET /public/images/firmalar/ HTTP/1.1" 403 787 "https://www.yeniistiklal.com:443/images/firmalar" "Mozilla/5.0 (Linux; Android 6.0.1; Nexus 5X Build/MMB29P) AppleWebKit/537.36 (KHTML, like Gecko) Chrome/120.0.6099.224 Mobile Safari/537.36 (compatible; Google-InspectionTool/1.0)"
185.191.171.11 - - [26/May/2026:15:10:13 +0300] "GET /haber/mersinde-17-yasindaki-kiz-cocuguna-bicakli-saldiri-478398 HTTP/1.1" 200 13484 "-" "Mozilla/5.0 (compatible; SemrushBot/7~bl; +http://www.semrush.com/bot.html)"
216.73.217.145 - - [26/May/2026:15:10:13 +0300] "GET /public/images/haberler/2022/10/hopi-yonetim-ekibi-buyuyor-hopi-veri-bilimi-ve-crm-kampanya-yonetimi-direktoru-mihrican-unlu-oldu-pcTqkBWM.jpg HTTP/1.1" 302 225 "-" "Mozilla/5.0 AppleWebKit/537.36 (KHTML, like Gecko; compatible; ClaudeBot/1.0; +claudebot@anthropic.com)"
216.73.217.145 - - [26/May/2026:15:10:13 +0300] "GET /public/images/haberler/2022/02/27-bin-500-liralik-sus-hirsizligi-sadece-gunes-gozlugu-ve-ziynet-esyalari-caldi-AiEhy3XB.jpg HTTP/1.1" 302 225 "-" "Mozilla/5.0 AppleWebKit/537.36 (KHTML, like Gecko; compatible; ClaudeBot/1.0; +claudebot@anthropic.com)"
216.73.217.145 - - [26/May/2026:15:10:09 +0300] "GET /public/404 HTTP/1.1" 302 220 "https://yeniistiklal.com/public/images/haberler/2022/05/musiad-32-kurulus-yildonumunde-turkiyenin-gucune-guc-katan-isim-ve-markalari-odullendirdi-7HnsehDq.jpg" "Mozilla/5.0 AppleWebKit/537.36 (KHTML, like Gecko; compatible; ClaudeBot/1.0; +claudebot@anthropic.com)"
216.73.217.145 - - [26/May/2026:15:10:10 +0300] "GET /public HTTP/1.1" 301 795 "https://yeniistiklal.com/public/404" "Mozilla/5.0 AppleWebKit/537.36 (KHTML, like Gecko; compatible; ClaudeBot/1.0; +claudebot@anthropic.com)"
216.73.217.145 - - [26/May/2026:15:10:10 +0300] "GET /images/haberler/2022/02/milli-muharip-ucak-nedir-milli-muharip-ucak-ozellikleri-milli-muharip-ucak-ne-zaman-hangardan-cikacak-d763fJOh.jpg HTTP/1.1" 302 224 "-" "Mozilla/5.0 AppleWebKit/537.36 (KHTML, like Gecko; compatible; ClaudeBot/1.0; +claudebot@anthropic.com)"
216.73.217.145 - - [26/May/2026:15:10:10 +0300] "GET /public/ HTTP/1.1" 200 17201 "https://yeniistiklal.com/public" "Mozilla/5.0 AppleWebKit/537.36 (KHTML, like Gecko; compatible; ClaudeBot/1.0; +claudebot@anthropic.com)"
216.73.217.145 - - [26/May/2026:15:10:10 +0300] "GET /public/index.php/404 HTTP/1.1" 302 232 "https://www.yeniistiklal.com/public/index.php/images/haberler/2022/01/ulkenin-milyonlarca-lirasi-yine-iktidara-akacak-yatirimlar-saray-sefasina-V3dcNEtP.jpg" "Mozilla/5.0 AppleWebKit/537.36 (KHTML, like Gecko; compatible; ClaudeBot/1.0; +claudebot@anthropic.com)"
216.73.217.145 - - [26/May/2026:15:10:14 +0300] "GET /public/404 HTTP/1.1" 302 220 "https://yeniistiklal.com/public/images/haberler/2022/10/hopi-yonetim-ekibi-buyuyor-hopi-veri-bilimi-ve-crm-kampanya-yonetimi-direktoru-mihrican-unlu-oldu-pcTqkBWM.jpg" "Mozilla/5.0 AppleWebKit/537.36 (KHTML, like Gecko; compatible; ClaudeBot/1.0; +claudebot@anthropic.com)"
75.183.104.160 - - [26/May/2026:15:10:13 +0300] "GET / HTTP/1.1" 200 17146 "https://www.yahoo.com/" "Mozilla/5.0 (Linux; Android 8.0.0; SM-J330G) AppleWebKit/537.36 (KHTML, like Gecko) Chrome/114.0.0.0 Mobile Safari/537.36 EdgA/114.0.1823.74"
216.73.217.145 - - [26/May/2026:15:10:14 +0300] "GET /public/404 HTTP/1.1" 302 220 "https://yeniistiklal.com/public/images/haberler/2022/02/27-bin-500-liralik-sus-hirsizligi-sadece-gunes-gozlugu-ve-ziynet-esyalari-caldi-AiEhy3XB.jpg" "Mozilla/5.0 AppleWebKit/537.36 (KHTML, like Gecko; compatible; ClaudeBot/1.0; +claudebot@anthropic.com)"
216.73.217.145 - - [26/May/2026:15:10:14 +0300] "GET /public/ HTTP/1.1" 200 17187 "https://yeniistiklal.com/public" "Mozilla/5.0 AppleWebKit/537.36 (KHTML, like Gecko; compatible; ClaudeBot/1.0; +claudebot@anthropic.com)"
216.73.217.145 - - [26/May/2026:15:10:14 +0300] "GET /public/ HTTP/1.1" 200 17200 "https://yeniistiklal.com/public" "Mozilla/5.0 AppleWebKit/537.36 (KHTML, like Gecko; compatible; ClaudeBot/1.0; +claudebot@anthropic.com)"
85.208.96.210 - - [26/May/2026:15:10:14 +0300] "GET /haber/nilufer-belediyesi-enerji-yonetim-sistemi-denetiminden-basariyla-cikti-545607 HTTP/1.1" 200 14014 "-" "Mozilla/5.0 (compatible; SemrushBot/7~bl; +http://www.semrush.com/bot.html)"
54.39.136.162 - - [26/May/2026:15:10:15 +0300] "GET /public/haber/dubainin-serbest-bolgeleri-yatirimcilarin-maliyetlerini-azaltiyor-551893 HTTP/1.1" 200 14543 "-" "Mozilla/5.0 (compatible; AhrefsBot/7.0; +http://ahrefs.com/robot/)"
85.208.96.204 - - [26/May/2026:15:10:18 +0300] "GET /haber/volkswagen-voyage-turkiye-2022-volkswagen-voyage-fiyati-ne-kadar-volkswagen-voyage-ozellikleri-neler-498517 HTTP/1.1" 200 14757 "-" "Mozilla/5.0 (compatible; SemrushBot/7~bl; +http://www.semrush.com/bot.html)"
213.180.203.236 - - [26/May/2026:15:10:18 +0300] "GET /rss/genel-0 HTTP/1.1" 200 173857 "-" "Mozilla/5.0 (compatible; YandexBot/3.0; +http://yandex.com/bots)"
62.244.225.226 - - [26/May/2026:15:10:21 +0300] "GET /sitemap.xml HTTP/1.1" 200 201 "https://yeniistiklal.com/sitemap.xml" "Mozilla/5.0 (Windows NT 6.1) AppleWebKit/537.36 (KHTML, like Gecko) Chrome/45.0.2454.85 Safari/537.36"
62.244.225.226 - - [26/May/2026:15:10:21 +0300] "GET /googlenews.xml HTTP/1.1" 200 937831 "https://yeniistiklal.com/googlenews.xml" "Mozilla/5.0 (Windows NT 6.1; WOW64) AppleWebKit/537.36 (KHTML, like Gecko) Chrome/45.0.2454.85 Safari/537.36"
114.119.137.160 - - [26/May/2026:15:10:23 +0300] "GET /haber/twitterdan-bahsetmeme-ozelligi-geliyor-545255 HTTP/1.1" 200 14063 "https://yeniistiklal.com/googlenews.xml" "Mozilla/5.0 (Linux; Android 7.0;) AppleWebKit/537.36 (HTML, like Gecko) Mobile Safari/537.36 (compatible; PetalBot;+https://webmaster.petalsearch.com/site/petalbot)"
2a03:2880:f806:3c:: - - [26/May/2026:15:10:36 +0300] "GET /images/haberler/2022/06/halkbank-genel-muduru-osman-arslan-adfimi-yonetim-kurulu-baskani-secildi-HEm2apXM.jpg HTTP/1.1" 302 219 "-" "meta-externalagent/1.1 (+https://developers.facebook.com/docs/sharing/webmasters/crawler)"
85.208.96.206 - - [26/May/2026:15:10:37 +0300] "GET /haber/sarah-jessica-parker-kim-catrallin-diziye-dahil-olmasini-istemiyor-484883 HTTP/1.1" 200 13951 "-" "Mozilla/5.0 (compatible; SemrushBot/7~bl; +http://www.semrush.com/bot.html)"
2a03:2880:f806:1f:: - - [26/May/2026:15:10:37 +0300] "GET /public/images/haberler/2022/09/anadoludan-gelen-kimsesiz-vatandasa-kocaeli-buyuksehir-kucak-acti-J4hRuUwx.jpg HTTP/1.1" 302 225 "-" "meta-externalagent/1.1 (+https://developers.facebook.com/docs/sharing/webmasters/crawler)"
2a03:2880:f806:25:: - - [26/May/2026:15:10:37 +0300] "GET /404 HTTP/1.1" 302 215 "-" "meta-externalagent/1.1 (+https://developers.facebook.com/docs/sharing/webmasters/crawler)"
63.35.115.255 - - [26/May/2026:15:10:37 +0300] "GET /category/spor/feed HTTP/1.1" 301 795 "-" "Mozilla/5.0 (compatible; Squidbot/1.0)"
51.195.183.124 - - [26/May/2026:15:10:37 +0300] "GET /public/haber/profesyonel-kozmetik-imha-hizmetleri-551890 HTTP/1.1" 200 13808 "-" "Mozilla/5.0 (compatible; AhrefsBot/7.0; +http://ahrefs.com/robot/)"
2a03:2880:f806:36:: - - [26/May/2026:15:10:38 +0300] "GET /public/404 HTTP/1.1" 302 220 "-" "meta-externalagent/1.1 (+https://developers.facebook.com/docs/sharing/webmasters/crawler)"
216.73.217.145 - - [26/May/2026:15:10:39 +0300] "GET /public/haber/tum-ozel-okul-bursluluk-sinavlarina-tek-bir-yerden-basvuru-yapin-548902 HTTP/1.1" 200 13807 "-" "Mozilla/5.0 AppleWebKit/537.36 (KHTML, like Gecko; compatible; ClaudeBot/1.0; +claudebot@anthropic.com)"
216.73.217.145 - - [26/May/2026:15:10:39 +0300] "GET /public/haber/ab-ukrayna-moldova-ve-gurcistanin-uyelik-basvurusunu-inceleyecek-500996 HTTP/1.1" 200 13702 "-" "Mozilla/5.0 AppleWebKit/537.36 (KHTML, like Gecko; compatible; ClaudeBot/1.0; +claudebot@anthropic.com)"
216.73.217.145 - - [26/May/2026:15:10:40 +0300] "GET /public/haber/hayat-pahaliligi-ve-enflasyon-vatandasin-belini-buktu-499278 HTTP/1.1" 200 15650 "-" "Mozilla/5.0 AppleWebKit/537.36 (KHTML, like Gecko; compatible; ClaudeBot/1.0; +claudebot@anthropic.com)"
216.73.217.145 - - [26/May/2026:15:10:40 +0300] "GET /public/haber/bakan-bozdag-halkin-gucu-tankin-gucunu-yendi-527106 HTTP/1.1" 200 13942 "-" "Mozilla/5.0 AppleWebKit/537.36 (KHTML, like Gecko; compatible; ClaudeBot/1.0; +claudebot@anthropic.com)"
2a02:c207:2317:3580::1 - - [26/May/2026:15:10:40 +0300] "GET /images/haberler/2022/05/ciftci-evinde-topraktan-yeseren-liderlik-egitimi-488HLwtq.jpg HTTP/1.1" 302 219 "-" "Mozilla/5.0 (Windows NT 10.0; Win64; x64) AppleWebKit/537.36 (KHTML, like Gecko) Chrome/120.0.0.0 Safari/537.36"
2a02:c207:2317:3580::1 - - [26/May/2026:15:10:40 +0300] "GET /404 HTTP/1.1" 302 215 "-" "Mozilla/5.0 (Windows NT 10.0; Win64; x64) AppleWebKit/537.36 (KHTML, like Gecko) Chrome/120.0.0.0 Safari/537.36"
2a02:c207:2317:3580::1 - - [26/May/2026:15:10:40 +0300] "GET / HTTP/1.1" 200 17085 "-" "Mozilla/5.0 (Windows NT 10.0; Win64; x64) AppleWebKit/537.36 (KHTML, like Gecko) Chrome/120.0.0.0 Safari/537.36"
2a03:2880:f806:4d:: - - [26/May/2026:15:10:41 +0300] "GET /public/ HTTP/1.1" 200 17199 "-" "meta-externalagent/1.1 (+https://developers.facebook.com/docs/sharing/webmasters/crawler)"
216.73.217.145 - - [26/May/2026:15:10:13 +0300] "GET /public/etiketler/irem-derici-haberleri HTTP/1.1" 200 5624 "-" "Mozilla/5.0 AppleWebKit/537.36 (KHTML, like Gecko; compatible; ClaudeBot/1.0; +claudebot@anthropic.com)"
216.73.217.145 - - [26/May/2026:15:10:14 +0300] "GET /public HTTP/1.1" 301 795 "https://yeniistiklal.com/public/404" "Mozilla/5.0 AppleWebKit/537.36 (KHTML, like Gecko; compatible; ClaudeBot/1.0; +claudebot@anthropic.com)"
216.73.217.145 - - [26/May/2026:15:10:14 +0300] "GET /public HTTP/1.1" 301 795 "https://yeniistiklal.com/public/404" "Mozilla/5.0 AppleWebKit/537.36 (KHTML, like Gecko; compatible; ClaudeBot/1.0; +claudebot@anthropic.com)"
75.183.104.160 - - [26/May/2026:15:10:15 +0300] "GET /images/firmalar HTTP/1.1" 301 795 "https://www.yeniistiklal.com/" "Mozilla/5.0 (Linux; Android 8.0.0; SM-J330G) AppleWebKit/537.36 (KHTML, like Gecko) Chrome/114.0.0.0 Mobile Safari/537.36 EdgA/114.0.1823.74"
75.183.104.160 - - [26/May/2026:15:10:16 +0300] "GET /public/images/firmalar/ HTTP/1.1" 403 787 "https://www.yeniistiklal.com/" "Mozilla/5.0 (Linux; Android 8.0.0; SM-J330G) AppleWebKit/537.36 (KHTML, like Gecko) Chrome/114.0.0.0 Mobile Safari/537.36 EdgA/114.0.1823.74"
185.191.171.16 - - [26/May/2026:15:10:16 +0300] "GET /haber/saglikli-oruc-icin-sut-ve-sut-urunleri-tercih-edin-506364 HTTP/1.1" 200 14012 "-" "Mozilla/5.0 (compatible; SemrushBot/7~bl; +http://www.semrush.com/bot.html)"
46.46.135.18 - - [26/May/2026:15:10:16 +0300] "GET / HTTP/1.1" 200 17076 "-" "Mozilla/5.0 (Macintosh; Intel Mac OS X 10_15_7) AppleWebKit/537.36 (KHTML, like Gecko) Chrome/123.0.0.0 Safari/537.36"
213.180.203.228 - - [26/May/2026:15:10:20 +0300] "GET /rss/sinema-11 HTTP/1.1" 200 21504 "-" "Mozilla/5.0 (compatible; YandexBot/3.0; +http://yandex.com/bots)"
185.191.171.15 - - [26/May/2026:15:10:25 +0300] "GET /haber/hdpli-ersoy-ak-partiye-gerici-dedi-tepki-partisinden-geldi-484793 HTTP/1.1" 200 14187 "-" "Mozilla/5.0 (compatible; SemrushBot/7~bl; +http://www.semrush.com/bot.html)"
95.108.213.170 - - [26/May/2026:15:10:28 +0300] "GET /rss/genel-0 HTTP/1.1" 200 173857 "-" "Mozilla/5.0 (compatible; YandexBot/3.0; +http://yandex.com/bots)"
95.108.213.175 - - [26/May/2026:15:10:29 +0300] "GET /rss/sinema-11 HTTP/1.1" 200 21504 "-" "Mozilla/5.0 (compatible; YandexBot/3.0; +http://yandex.com/bots)"
185.191.171.3 - - [26/May/2026:15:10:31 +0300] "GET /haber/yagli-tohumlu-bitki-uretimine-hibe-destegi-500931 HTTP/1.1" 200 13436 "-" "Mozilla/5.0 (compatible; SemrushBot/7~bl; +http://www.semrush.com/bot.html)"
146.247.137.127 - - [26/May/2026:15:10:32 +0300] "GET / HTTP/1.1" 200 17075 "-" "Mozilla/5.0 (X11; Linux x86_64; rv:29.0) Gecko/20100101 Firefox/29.0"
216.73.217.145 - - [26/May/2026:15:10:37 +0300] "GET /haber/tegve-yurt-ici-ve-yurt-disindan-odul-yagdi-534645 HTTP/1.1" 200 13737 "-" "Mozilla/5.0 AppleWebKit/537.36 (KHTML, like Gecko; compatible; ClaudeBot/1.0; +claudebot@anthropic.com)"
2a03:2880:f806:4c:: - - [26/May/2026:15:10:38 +0300] "GET / HTTP/1.1" 200 17081 "-" "meta-externalagent/1.1 (+https://developers.facebook.com/docs/sharing/webmasters/crawler)"
216.73.217.145 - - [26/May/2026:15:10:40 +0300] "GET /public/haber/halil-falyali-suikastiyla-ilgili-carpici-iddia-bu-yuzden-olduruldu-488830 HTTP/1.1" 200 16222 "-" "Mozilla/5.0 AppleWebKit/537.36 (KHTML, like Gecko; compatible; ClaudeBot/1.0; +claudebot@anthropic.com)"
2a03:2880:f806:14:: - - [26/May/2026:15:10:40 +0300] "GET /public HTTP/1.1" 301 795 "-" "meta-externalagent/1.1 (+https://developers.facebook.com/docs/sharing/webmasters/crawler)"
2a02:c207:2317:3574::1 - - [26/May/2026:15:10:41 +0300] "GET /images/haberler/2025/04/fethiye-villa-kiralama-rehberi-rezervasyon-oncesi-bilmeniz-gerekenler-1744928383.png HTTP/1.1" 200 359904 "-" "Mozilla/5.0 (Macintosh; Intel Mac OS X 10_15_7) AppleWebKit/605.1.15 (KHTML, like Gecko) Version/17.1 Safari/605.1.15"
63.35.115.255 - - [26/May/2026:15:10:42 +0300] "GET /rss/spor-9 HTTP/1.1" 200 78277 "-" "Mozilla/5.0 (compatible; Squidbot/1.0)"
216.73.217.145 - - [26/May/2026:15:10:44 +0300] "GET /haber/adiyamanda-kavsakta-carpistilar-2-yarali-542233 HTTP/1.1" 200 13440 "-" "Mozilla/5.0 AppleWebKit/537.36 (KHTML, like Gecko; compatible; ClaudeBot/1.0; +claudebot@anthropic.com)"
216.73.217.145 - - [26/May/2026:15:10:44 +0300] "GET /images/haberler/2022/01/gecenin-eylemi-bir-bir-kapatiyorlar-0-uZGSYaST.jpg HTTP/1.1" 302 219 "-" "Mozilla/5.0 AppleWebKit/537.36 (KHTML, like Gecko; compatible; ClaudeBot/1.0; +claudebot@anthropic.com)"
216.73.217.145 - - [26/May/2026:15:10:44 +0300] "GET /public/haber/kartepede-kantinler-denetleniyor-542724 HTTP/1.1" 200 13778 "-" "Mozilla/5.0 AppleWebKit/537.36 (KHTML, like Gecko; compatible; ClaudeBot/1.0; +claudebot@anthropic.com)"
216.73.217.145 - - [26/May/2026:15:10:44 +0300] "GET /public/haber/bursada-science-expo-hazirligi-514299 HTTP/1.1" 200 14232 "-" "Mozilla/5.0 AppleWebKit/537.36 (KHTML, like Gecko; compatible; ClaudeBot/1.0; +claudebot@anthropic.com)"
216.73.217.145 - - [26/May/2026:15:10:45 +0300] "GET /404 HTTP/1.1" 302 215 "https://yeniistiklal.com/images/haberler/2022/01/gecenin-eylemi-bir-bir-kapatiyorlar-0-uZGSYaST.jpg" "Mozilla/5.0 AppleWebKit/537.36 (KHTML, like Gecko; compatible; ClaudeBot/1.0; +claudebot@anthropic.com)"
85.208.96.206 - - [26/May/2026:15:10:47 +0300] "GET /haber/ekrem-imamoglu-asla-vazgecmemeyi-bizlere-nazim-hikmet-ogretti-475577 HTTP/1.1" 200 15360 "-" "Mozilla/5.0 (compatible; SemrushBot/7~bl; +http://www.semrush.com/bot.html)"
51.222.95.122 - - [26/May/2026:15:10:52 +0300] "GET /public/haber/kurumsal-video-produksiyonunda-bir-usta-sanat-yapimin-gizli-formulu-551892 HTTP/1.1" 200 15138 "-" "Mozilla/5.0 (compatible; AhrefsBot/7.0; +http://ahrefs.com/robot/)"
181.214.183.99 - - [26/May/2026:15:10:54 +0300] "GET /404 HTTP/1.1" 302 215 "-" "Mozilla/5.0 (compatible; crawler)"
181.214.183.99 - - [26/May/2026:15:10:55 +0300] "GET / HTTP/1.1" 200 17077 "-" "Mozilla/5.0 (compatible; crawler)"
2a02:c207:2331:6546::1 - - [26/May/2026:15:10:57 +0300] "GET /404 HTTP/1.1" 302 215 "-" "Mozilla/5.0 (Windows NT 10.0; Win64; x64; rv:121.0) Gecko/20100101 Firefox/121.0"
2a02:c207:2331:6546::1 - - [26/May/2026:15:10:57 +0300] "GET / HTTP/1.1" 200 17095 "-" "Mozilla/5.0 (Windows NT 10.0; Win64; x64; rv:121.0) Gecko/20100101 Firefox/121.0"
185.191.171.10 - - [26/May/2026:15:10:58 +0300] "GET /haber/akp-li-uye-baskan-raki-icmistir-dedi-kadikoy-belediye-baskani-cilgina-dondu-488554 HTTP/1.1" 200 13239 "-" "Mozilla/5.0 (compatible; SemrushBot/7~bl; +http://www.semrush.com/bot.html)"
146.247.137.127 - - [26/May/2026:15:11:00 +0300] "GET /haberler HTTP/1.1" 200 10696 "-" "Mozilla/5.0 (Windows NT 6.1; WOW64) AppleWebKit/537.36 (KHTML, like Gecko) Chrome/35.0.1916.114 Safari/537.36"
85.208.96.209 - - [26/May/2026:15:11:01 +0300] "GET /haber/tavdan-ilk-dokuz-ayda-753-milyon-avro-ciro-547417 HTTP/1.1" 200 15082 "-" "Mozilla/5.0 (compatible; SemrushBot/7~bl; +http://www.semrush.com/bot.html)"
95.108.213.138 - - [26/May/2026:15:11:01 +0300] "GET /haber/satin-almadilar-sahiplendiler-542835 HTTP/1.1" 200 16323 "-" "Mozilla/5.0 (compatible; YandexBot/3.0; +http://yandex.com/bots)"
216.73.217.145 - - [26/May/2026:15:11:04 +0300] "GET /public/images/haberler/2022/06/maskiden-su-tasarrufu-egitimi-R7pAAkNI.jpg HTTP/1.1" 302 225 "-" "Mozilla/5.0 AppleWebKit/537.36 (KHTML, like Gecko; compatible; ClaudeBot/1.0; +claudebot@anthropic.com)"
216.73.217.145 - - [26/May/2026:15:11:04 +0300] "GET /whatsapp:/send?text=4+%C3%BCniversiteye+yeni+rekt%C3%B6r+-+https%3A%2Fwww.yeniistiklal.com%2Fhaber%2F4-universiteye-yeni-rektor-529485 HTTP/1.1" 302 219 "-" "Mozilla/5.0 AppleWebKit/537.36 (KHTML, like Gecko; compatible; ClaudeBot/1.0; +claudebot@anthropic.com)"
216.73.217.145 - - [26/May/2026:15:11:04 +0300] "GET /404 HTTP/1.1" 302 215 "https://yeniistiklal.com/images/haberler/2022/01/gecenin-eylemi-bir-bir-kapatiyorlar-2-R6zH1yuQ.jpg" "Mozilla/5.0 AppleWebKit/537.36 (KHTML, like Gecko; compatible; ClaudeBot/1.0; +claudebot@anthropic.com)"
62.244.225.226 - - [26/May/2026:15:10:43 +0300] "GET /sitemap.xml?type=news HTTP/1.1" 200 201 "https://yeniistiklal.com/sitemap.xml?type=news" "Mozilla/5.0 (Windows NT 6.3; WOW64; Trident/7.0; rv:11.0) like Gecko"
216.73.217.145 - - [26/May/2026:15:10:44 +0300] "GET /haber/metropoliste-muhtesem-etkinlik-513538 HTTP/1.1" 200 14109 "-" "Mozilla/5.0 AppleWebKit/537.36 (KHTML, like Gecko; compatible; ClaudeBot/1.0; +claudebot@anthropic.com)"
17.246.19.40 - - [26/May/2026:15:10:48 +0300] "GET /images/haberler/2022/02/iski-660-bin-ailenin-ihtiyacini-karsilayacak-elektrik-uretti-KCtecmzq.jpg HTTP/1.1" 302 224 "-" "Mozilla/5.0 (Macintosh; Intel Mac OS X 10_15_7) AppleWebKit/605.1.15 (KHTML, like Gecko) Version/17.4 Safari/605.1.15 (Applebot/0.1; +http://www.apple.com/go/applebot)"
62.244.225.226 - - [26/May/2026:15:10:52 +0300] "GET /rss/haber-feed.xml HTTP/1.1" 200 173857 "https://yeniistiklal.com/rss/haber-feed.xml" "Mozilla/5.0 (iPad; CPU OS 8_4 like Mac OS X) AppleWebKit/600.1.4 (KHTML, like Gecko) Version/8.0 Mobile/12H143 Safari/600.1.4"
181.214.183.99 - - [26/May/2026:15:10:54 +0300] "GET /images/haberler/2022/05/sakarya-akyazi-kuzulukta-ornek-cadde-N1u45gcc.jpg HTTP/1.1" 302 219 "-" "Mozilla/5.0 (compatible; crawler)"
2a02:c207:2331:6546::1 - - [26/May/2026:15:10:57 +0300] "GET /wp-content/uploads/2021/11/kimliklerde-yeni-donem-YMj9MOaQ.jpg HTTP/1.1" 302 219 "-" "Mozilla/5.0 (Windows NT 10.0; Win64; x64; rv:121.0) Gecko/20100101 Firefox/121.0"
213.180.203.224 - - [26/May/2026:15:10:58 +0300] "GET /images/haberler/2022/02/akpli-celikten-alti-partiye-yanit-agpfip4z.jpg HTTP/1.1" 302 219 "-" "Mozilla/5.0 (compatible; YandexImages/3.0; +http://yandex.com/bots)"
87.250.224.248 - - [26/May/2026:15:10:58 +0300] "GET /404 HTTP/1.1" 302 215 "-" "Mozilla/5.0 (compatible; YandexImages/3.0; +http://yandex.com/bots)"
213.180.203.233 - - [26/May/2026:15:11:00 +0300] "GET / HTTP/1.1" 200 17087 "-" "Mozilla/5.0 (compatible; YandexImages/3.0; +http://yandex.com/bots)"
216.73.217.145 - - [26/May/2026:15:11:04 +0300] "GET /public/haber/havadakine-heyecan-yerdekine-gorsel-solen-yasatacak-543553 HTTP/1.1" 200 14152 "-" "Mozilla/5.0 AppleWebKit/537.36 (KHTML, like Gecko; compatible; ClaudeBot/1.0; +claudebot@anthropic.com)"
216.73.217.145 - - [26/May/2026:15:11:04 +0300] "GET /haber/linkedine-clubhouse-benzeri-yeni-ozellik-geliyor-471006 HTTP/1.1" 200 14194 "-" "Mozilla/5.0 AppleWebKit/537.36 (KHTML, like Gecko; compatible; ClaudeBot/1.0; +claudebot@anthropic.com)"
216.73.217.145 - - [26/May/2026:15:11:04 +0300] "GET /images/haberler/2022/01/gecenin-eylemi-bir-bir-kapatiyorlar-2-R6zH1yuQ.jpg HTTP/1.1" 302 219 "-" "Mozilla/5.0 AppleWebKit/537.36 (KHTML, like Gecko; compatible; ClaudeBot/1.0; +claudebot@anthropic.com)"
216.73.217.145 - - [26/May/2026:15:11:04 +0300] "GET /public/404 HTTP/1.1" 302 220 "https://yeniistiklal.com/public/images/haberler/2022/06/maskiden-su-tasarrufu-egitimi-R7pAAkNI.jpg" "Mozilla/5.0 AppleWebKit/537.36 (KHTML, like Gecko; compatible; ClaudeBot/1.0; +claudebot@anthropic.com)"
216.73.217.145 - - [26/May/2026:15:11:04 +0300] "GET /public HTTP/1.1" 301 795 "https://yeniistiklal.com/public/404" "Mozilla/5.0 AppleWebKit/537.36 (KHTML, like Gecko; compatible; ClaudeBot/1.0; +claudebot@anthropic.com)"
216.73.217.145 - - [26/May/2026:15:11:04 +0300] "GET /public/ HTTP/1.1" 200 17199 "https://yeniistiklal.com/public" "Mozilla/5.0 AppleWebKit/537.36 (KHTML, like Gecko; compatible; ClaudeBot/1.0; +claudebot@anthropic.com)"
5.255.231.50 - - [26/May/2026:15:11:10 +0300] "GET /public/rss/genel-0 HTTP/1.1" 200 173955 "-" "Mozilla/5.0 (compatible; YandexBot/3.0; +http://yandex.com/bots)"
185.191.171.16 - - [26/May/2026:15:11:16 +0300] "GET /haber/oglunu-olduren-gelininden-sikayetci-olmadi-cektigi-cileyi-ben-bilirim-499102 HTTP/1.1" 200 15176 "-" "Mozilla/5.0 (compatible; SemrushBot/7~bl; +http://www.semrush.com/bot.html)"
216.73.217.145 - - [26/May/2026:15:11:04 +0300] "GET /404 HTTP/1.1" 302 215 "https://yeniistiklal.com/whatsapp:/send?text=4+%C3%BCniversiteye+yeni+rekt%C3%B6r+-+https%3A%2Fwww.yeniistiklal.com%2Fhaber%2F4-universiteye-yeni-rektor-529485" "Mozilla/5.0 AppleWebKit/537.36 (KHTML, like Gecko; compatible; ClaudeBot/1.0; +claudebot@anthropic.com)"
51.222.95.188 - - [26/May/2026:15:11:05 +0300] "GET /public/haber/erken-fark-edersen-cok-sey-fark-eder-551901 HTTP/1.1" 200 15017 "-" "Mozilla/5.0 (compatible; AhrefsBot/7.0; +http://ahrefs.com/robot/)"
185.191.171.12 - - [26/May/2026:15:11:08 +0300] "GET /haber/yilan-adasini-savunan-ukraynali-askerler-esir-alindi-498155 HTTP/1.1" 200 13871 "-" "Mozilla/5.0 (compatible; SemrushBot/7~bl; +http://www.semrush.com/bot.html)"
62.244.225.226 - - [26/May/2026:15:11:09 +0300] "GET /googlenews.xml HTTP/1.1" 200 937831 "https://yeniistiklal.com/googlenews.xml" "Mozilla/5.0 (Windows NT 6.1; WOW64) AppleWebKit/537.36 (KHTML, like Gecko) Chrome/45.0.2454.85 Safari/537.36"
146.247.137.127 - - [26/May/2026:15:11:12 +0300] "GET /teknoloji HTTP/1.1" 200 10158 "-" "Mozilla/5.0 (X11; Linux x86_64; rv:29.0) Gecko/20100101 Firefox/29.0"
216.73.217.145 - - [26/May/2026:15:11:15 +0300] "GET /images/haberler/2022/01/gecenin-eylemi-bir-bir-kapatiyorlar-5-gLbf99sL.jpg HTTP/1.1" 302 219 "-" "Mozilla/5.0 AppleWebKit/537.36 (KHTML, like Gecko; compatible; ClaudeBot/1.0; +claudebot@anthropic.com)"
