216.73.217.145 - - [26/May/2026:15:35:29 +0300] "GET /public/404 HTTP/1.1" 302 220 "https://yeniistiklal.com/public/images/haberler/2022/06/disney-turkiyede-iste-uye-olma-adimlari-4PVTUTHJ.jpeg" "Mozilla/5.0 AppleWebKit/537.36 (KHTML, like Gecko; compatible; ClaudeBot/1.0; +claudebot@anthropic.com)"
216.73.217.145 - - [26/May/2026:15:35:29 +0300] "GET /public/ HTTP/1.1" 200 17202 "https://yeniistiklal.com/public" "Mozilla/5.0 AppleWebKit/537.36 (KHTML, like Gecko; compatible; ClaudeBot/1.0; +claudebot@anthropic.com)"
216.73.217.145 - - [26/May/2026:15:35:29 +0300] "GET /public/images/haberler/2022/06/disney-turkiyede-iste-uye-olma-adimlari-4PVTUTHJ.jpeg HTTP/1.1" 302 225 "-" "Mozilla/5.0 AppleWebKit/537.36 (KHTML, like Gecko; compatible; ClaudeBot/1.0; +claudebot@anthropic.com)"
216.73.217.145 - - [26/May/2026:15:35:29 +0300] "GET /404 HTTP/1.1" 302 215 "https://yeniistiklal.com/images/haberler/2022/01/saclarin-beyazlamasini-onlemenin-5-dogal-yolu-1-DTWEbZb6.jpeg" "Mozilla/5.0 AppleWebKit/537.36 (KHTML, like Gecko; compatible; ClaudeBot/1.0; +claudebot@anthropic.com)"
216.73.217.145 - - [26/May/2026:15:35:29 +0300] "GET /public/404 HTTP/1.1" 302 220 "https://yeniistiklal.com/public/images/haberler/2022/09/oppo-enco-x2-tws-kulaklik-inceleme-xvALN3NH.jpeg" "Mozilla/5.0 AppleWebKit/537.36 (KHTML, like Gecko; compatible; ClaudeBot/1.0; +claudebot@anthropic.com)"
216.73.217.145 - - [26/May/2026:15:35:29 +0300] "GET /public/haber/mng-kargo-laska-is-birligiyle-atik-lastiklerini-surdurulebilir-malzemelere-donusturuyor-517959 HTTP/1.1" 200 14944 "-" "Mozilla/5.0 AppleWebKit/537.36 (KHTML, like Gecko; compatible; ClaudeBot/1.0; +claudebot@anthropic.com)"
216.73.217.145 - - [26/May/2026:15:35:29 +0300] "GET /public/images/haberler/2022/07/vali-ozan-balci-muharrem-ayi-nedeniyle-asure-dagitti-4kVB5ldO.jpg HTTP/1.1" 302 225 "-" "Mozilla/5.0 AppleWebKit/537.36 (KHTML, like Gecko; compatible; ClaudeBot/1.0; +claudebot@anthropic.com)"
216.73.217.145 - - [26/May/2026:15:35:29 +0300] "GET /public HTTP/1.1" 301 795 "https://yeniistiklal.com/public/404" "Mozilla/5.0 AppleWebKit/537.36 (KHTML, like Gecko; compatible; ClaudeBot/1.0; +claudebot@anthropic.com)"
216.73.217.145 - - [26/May/2026:15:35:30 +0300] "GET /public HTTP/1.1" 301 795 "https://yeniistiklal.com/public/404" "Mozilla/5.0 AppleWebKit/537.36 (KHTML, like Gecko; compatible; ClaudeBot/1.0; +claudebot@anthropic.com)"
216.73.217.145 - - [26/May/2026:15:35:30 +0300] "GET /public/index.php/images/haberler/2022/08/youtubea-video-yakinlastirma-geliyor-ama-bir-sartla-aMl6Jh5m.jpg HTTP/1.1" 302 238 "-" "Mozilla/5.0 AppleWebKit/537.36 (KHTML, like Gecko; compatible; ClaudeBot/1.0; +claudebot@anthropic.com)"
216.73.217.145 - - [26/May/2026:15:35:30 +0300] "GET /public/ HTTP/1.1" 200 17200 "https://yeniistiklal.com/public" "Mozilla/5.0 AppleWebKit/537.36 (KHTML, like Gecko; compatible; ClaudeBot/1.0; +claudebot@anthropic.com)"
216.73.217.145 - - [26/May/2026:15:35:30 +0300] "GET /public HTTP/1.1" 301 795 "https://yeniistiklal.com/public/404" "Mozilla/5.0 AppleWebKit/537.36 (KHTML, like Gecko; compatible; ClaudeBot/1.0; +claudebot@anthropic.com)"
216.73.217.145 - - [26/May/2026:15:35:30 +0300] "GET /images/haberler/2022/09/mustafakemalpasa-belediyesinden-6-bin-tllik-harclik-destegi-d7N6OGvD.jpg HTTP/1.1" 302 224 "-" "Mozilla/5.0 AppleWebKit/537.36 (KHTML, like Gecko; compatible; ClaudeBot/1.0; +claudebot@anthropic.com)"
216.73.217.145 - - [26/May/2026:15:35:30 +0300] "GET /public/index.php/images/haberler/2022/01/gezi-ve-carsi-davasinda-ucuncu-durusma-basladi-25E1pdPn.jpg HTTP/1.1" 302 238 "-" "Mozilla/5.0 AppleWebKit/537.36 (KHTML, like Gecko; compatible; ClaudeBot/1.0; +claudebot@anthropic.com)"
216.73.217.145 - - [26/May/2026:15:35:30 +0300] "GET /public/index.php/404 HTTP/1.1" 302 232 "https://www.yeniistiklal.com/public/index.php/images/haberler/2022/08/youtubea-video-yakinlastirma-geliyor-ama-bir-sartla-aMl6Jh5m.jpg" "Mozilla/5.0 AppleWebKit/537.36 (KHTML, like Gecko; compatible; ClaudeBot/1.0; +claudebot@anthropic.com)"
216.73.217.145 - - [26/May/2026:15:35:30 +0300] "GET /public/index.php/404 HTTP/1.1" 302 232 "https://www.yeniistiklal.com/public/index.php/images/haberler/2022/05/degirmendere-sahilinde-kum-futbolu-heyecani-basliyor-7wEaRu8i.jpg" "Mozilla/5.0 AppleWebKit/537.36 (KHTML, like Gecko; compatible; ClaudeBot/1.0; +claudebot@anthropic.com)"
216.73.217.145 - - [26/May/2026:15:35:30 +0300] "GET /public/404 HTTP/1.1" 302 220 "https://yeniistiklal.com/public/images/haberler/2022/07/vali-ozan-balci-muharrem-ayi-nedeniyle-asure-dagitti-4kVB5ldO.jpg" "Mozilla/5.0 AppleWebKit/537.36 (KHTML, like Gecko; compatible; ClaudeBot/1.0; +claudebot@anthropic.com)"
216.73.217.145 - - [26/May/2026:15:35:30 +0300] "GET /public/index.php/images/haberler/2022/05/degirmendere-sahilinde-kum-futbolu-heyecani-basliyor-7wEaRu8i.jpg HTTP/1.1" 302 238 "-" "Mozilla/5.0 AppleWebKit/537.36 (KHTML, like Gecko; compatible; ClaudeBot/1.0; +claudebot@anthropic.com)"
216.73.217.145 - - [26/May/2026:15:35:30 +0300] "GET /public/ HTTP/1.1" 200 17209 "https://yeniistiklal.com/public" "Mozilla/5.0 AppleWebKit/537.36 (KHTML, like Gecko; compatible; ClaudeBot/1.0; +claudebot@anthropic.com)"
216.73.217.145 - - [26/May/2026:15:35:30 +0300] "GET /public/ HTTP/1.1" 200 17219 "https://yeniistiklal.com/public" "Mozilla/5.0 AppleWebKit/537.36 (KHTML, like Gecko; compatible; ClaudeBot/1.0; +claudebot@anthropic.com)"
216.73.217.145 - - [26/May/2026:15:35:30 +0300] "GET /public/index.php/images/haberler/2022/06/alinur-aktastan-mujde-lgsye-girecek-ogrenciler-toplu-ulasim-ucretsiz-7KbSvc7w.jpg HTTP/1.1" 302 238 "-" "Mozilla/5.0 AppleWebKit/537.36 (KHTML, like Gecko; compatible; ClaudeBot/1.0; +claudebot@anthropic.com)"
216.73.217.145 - - [26/May/2026:15:35:30 +0300] "GET /public/index.php/404 HTTP/1.1" 302 232 "https://www.yeniistiklal.com/public/index.php/images/haberler/2022/06/alinur-aktastan-mujde-lgsye-girecek-ogrenciler-toplu-ulasim-ucretsiz-7KbSvc7w.jpg" "Mozilla/5.0 AppleWebKit/537.36 (KHTML, like Gecko; compatible; ClaudeBot/1.0; +claudebot@anthropic.com)"
216.73.217.145 - - [26/May/2026:15:35:30 +0300] "GET /404 HTTP/1.1" 302 219 "https://www.yeniistiklal.com/images/haberler/2022/09/milli-muharip-ucak-2023te-hangardan-cikiyor-dRAY3uDh.jpg" "Mozilla/5.0 AppleWebKit/537.36 (KHTML, like Gecko; compatible; ClaudeBot/1.0; +claudebot@anthropic.com)"
216.73.217.145 - - [26/May/2026:15:35:30 +0300] "GET /public/index.php HTTP/1.1" 200 17304 "https://www.yeniistiklal.com/public/index.php/404" "Mozilla/5.0 AppleWebKit/537.36 (KHTML, like Gecko; compatible; ClaudeBot/1.0; +claudebot@anthropic.com)"
216.73.217.145 - - [26/May/2026:15:35:30 +0300] "GET /public/index.php/images/haberler/2022/05/70-sanatcinin-100u-askin-eserinin-sergilenecegi-baselected-sergisi-acildi-uhxPIFuU.jpg HTTP/1.1" 302 238 "-" "Mozilla/5.0 AppleWebKit/537.36 (KHTML, like Gecko; compatible; ClaudeBot/1.0; +claudebot@anthropic.com)"
44.223.193.255 - - [26/May/2026:15:35:30 +0300] "GET /public/images/haberler/2022/04/gelibolu-belediyesinin-2021-faaliyet-raporu-onaylandi-MFkDevMY.jpg HTTP/1.1" 302 225 "-" "Mozilla/5.0 AppleWebKit/537.36 (KHTML, like Gecko; compatible; Amazonbot/0.1; +https://developer.amazon.com/support/amazonbot) Chrome/119.0.6045.214 Safari/537.36"
216.73.217.145 - - [26/May/2026:15:35:30 +0300] "GET /public/index.php HTTP/1.1" 200 17292 "https://www.yeniistiklal.com/public/index.php/404" "Mozilla/5.0 AppleWebKit/537.36 (KHTML, like Gecko; compatible; ClaudeBot/1.0; +claudebot@anthropic.com)"
216.73.217.145 - - [26/May/2026:15:35:30 +0300] "GET /public/index.php/images/haberler/2022/06/filmbox-ekranlarinda-daniel-graig-ve-cekin-tekindor-sizlerle-Ih8l7ZGd.jpg HTTP/1.1" 302 238 "-" "Mozilla/5.0 AppleWebKit/537.36 (KHTML, like Gecko; compatible; ClaudeBot/1.0; +claudebot@anthropic.com)"
216.73.217.145 - - [26/May/2026:15:35:31 +0300] "GET /public/index.php/404 HTTP/1.1" 302 232 "https://www.yeniistiklal.com/public/index.php/images/haberler/2022/06/filmbox-ekranlarinda-daniel-graig-ve-cekin-tekindor-sizlerle-Ih8l7ZGd.jpg" "Mozilla/5.0 AppleWebKit/537.36 (KHTML, like Gecko; compatible; ClaudeBot/1.0; +claudebot@anthropic.com)"
216.73.217.145 - - [26/May/2026:15:35:31 +0300] "GET /public/index.php HTTP/1.1" 200 17292 "https://www.yeniistiklal.com/public/index.php/404" "Mozilla/5.0 AppleWebKit/537.36 (KHTML, like Gecko; compatible; ClaudeBot/1.0; +claudebot@anthropic.com)"
216.73.217.145 - - [26/May/2026:15:35:30 +0300] "GET /404 HTTP/1.1" 302 219 "https://www.yeniistiklal.com/images/haberler/2022/09/mustafakemalpasa-belediyesinden-6-bin-tllik-harclik-destegi-d7N6OGvD.jpg" "Mozilla/5.0 AppleWebKit/537.36 (KHTML, like Gecko; compatible; ClaudeBot/1.0; +claudebot@anthropic.com)"
216.73.217.145 - - [26/May/2026:15:35:30 +0300] "GET /public/index.php HTTP/1.1" 200 17295 "https://www.yeniistiklal.com/public/index.php/404" "Mozilla/5.0 AppleWebKit/537.36 (KHTML, like Gecko; compatible; ClaudeBot/1.0; +claudebot@anthropic.com)"
216.73.217.145 - - [26/May/2026:15:35:30 +0300] "GET /images/haberler/2022/09/milli-muharip-ucak-2023te-hangardan-cikiyor-dRAY3uDh.jpg HTTP/1.1" 302 224 "-" "Mozilla/5.0 AppleWebKit/537.36 (KHTML, like Gecko; compatible; ClaudeBot/1.0; +claudebot@anthropic.com)"
216.73.217.145 - - [26/May/2026:15:35:30 +0300] "GET /public/index.php/404 HTTP/1.1" 302 232 "https://www.yeniistiklal.com/public/index.php/images/haberler/2022/01/gezi-ve-carsi-davasinda-ucuncu-durusma-basladi-25E1pdPn.jpg" "Mozilla/5.0 AppleWebKit/537.36 (KHTML, like Gecko; compatible; ClaudeBot/1.0; +claudebot@anthropic.com)"
216.73.217.145 - - [26/May/2026:15:35:30 +0300] "GET /public/index.php HTTP/1.1" 200 17291 "https://www.yeniistiklal.com/public/index.php/404" "Mozilla/5.0 AppleWebKit/537.36 (KHTML, like Gecko; compatible; ClaudeBot/1.0; +claudebot@anthropic.com)"
216.73.217.145 - - [26/May/2026:15:35:30 +0300] "GET /images/haberler/2022/01/fatma-turgut-ah-bir-atas-ver-joyturk-akustik-2022.jpg HTTP/1.1" 302 224 "-" "Mozilla/5.0 AppleWebKit/537.36 (KHTML, like Gecko; compatible; ClaudeBot/1.0; +claudebot@anthropic.com)"
2a03:2880:f806:12:: - - [26/May/2026:15:35:30 +0300] "GET /404 HTTP/1.1" 302 215 "-" "meta-externalagent/1.1 (+https://developers.facebook.com/docs/sharing/webmasters/crawler)"
216.73.217.145 - - [26/May/2026:15:35:30 +0300] "GET /public/index.php/images/haberler/2022/08/geforce-nowa-agustos-ayinda-38-yeni-oyun-geliyor-VfBscqOF.jpg HTTP/1.1" 302 238 "-" "Mozilla/5.0 AppleWebKit/537.36 (KHTML, like Gecko; compatible; ClaudeBot/1.0; +claudebot@anthropic.com)"
216.73.217.145 - - [26/May/2026:15:35:30 +0300] "GET /404 HTTP/1.1" 302 219 "https://www.yeniistiklal.com/images/haberler/2022/01/fatma-turgut-ah-bir-atas-ver-joyturk-akustik-2022.jpg" "Mozilla/5.0 AppleWebKit/537.36 (KHTML, like Gecko; compatible; ClaudeBot/1.0; +claudebot@anthropic.com)"
216.73.217.145 - - [26/May/2026:15:35:30 +0300] "GET /public/index.php/404 HTTP/1.1" 302 232 "https://www.yeniistiklal.com/public/index.php/images/haberler/2022/08/geforce-nowa-agustos-ayinda-38-yeni-oyun-geliyor-VfBscqOF.jpg" "Mozilla/5.0 AppleWebKit/537.36 (KHTML, like Gecko; compatible; ClaudeBot/1.0; +claudebot@anthropic.com)"
216.73.217.145 - - [26/May/2026:15:35:31 +0300] "GET /public/index.php/404 HTTP/1.1" 302 232 "https://www.yeniistiklal.com/public/index.php/images/haberler/2022/05/70-sanatcinin-100u-askin-eserinin-sergilenecegi-baselected-sergisi-acildi-uhxPIFuU.jpg" "Mozilla/5.0 AppleWebKit/537.36 (KHTML, like Gecko; compatible; ClaudeBot/1.0; +claudebot@anthropic.com)"
216.73.217.145 - - [26/May/2026:15:35:31 +0300] "GET /public/index.php/images/haberler/2022/06/kobiler-icin-sigorta-maliyetlerini-dusurmenin-4-yolu-3giCxvaC.jpg HTTP/1.1" 302 238 "-" "Mozilla/5.0 AppleWebKit/537.36 (KHTML, like Gecko; compatible; ClaudeBot/1.0; +claudebot@anthropic.com)"
216.73.217.145 - - [26/May/2026:15:35:31 +0300] "GET /public/index.php/404 HTTP/1.1" 302 232 "https://www.yeniistiklal.com/public/index.php/images/haberler/2022/06/kobiler-icin-sigorta-maliyetlerini-dusurmenin-4-yolu-3giCxvaC.jpg" "Mozilla/5.0 AppleWebKit/537.36 (KHTML, like Gecko; compatible; ClaudeBot/1.0; +claudebot@anthropic.com)"
216.73.217.145 - - [26/May/2026:15:35:31 +0300] "GET /public/index.php HTTP/1.1" 200 17299 "https://www.yeniistiklal.com/public/index.php/404" "Mozilla/5.0 AppleWebKit/537.36 (KHTML, like Gecko; compatible; ClaudeBot/1.0; +claudebot@anthropic.com)"
216.73.217.145 - - [26/May/2026:15:35:31 +0300] "GET /public/index.php HTTP/1.1" 200 17302 "https://www.yeniistiklal.com/public/index.php/404" "Mozilla/5.0 AppleWebKit/537.36 (KHTML, like Gecko; compatible; ClaudeBot/1.0; +claudebot@anthropic.com)"
44.223.115.10 - - [26/May/2026:15:35:31 +0300] "GET /public/haber/kgk-uc-kurusa-bir-domain-devri-sona-ermeli-ortak-konsensus-sart-523664 HTTP/1.1" 200 16493 "-" "Mozilla/5.0 AppleWebKit/537.36 (KHTML, like Gecko; compatible; Amazonbot/0.1; +https://developer.amazon.com/support/amazonbot) Chrome/119.0.6045.214 Safari/537.36"
216.73.217.145 - - [26/May/2026:15:35:31 +0300] "GET /public/index.php HTTP/1.1" 200 17303 "https://www.yeniistiklal.com/public/index.php/404" "Mozilla/5.0 AppleWebKit/537.36 (KHTML, like Gecko; compatible; ClaudeBot/1.0; +claudebot@anthropic.com)"
107.174.130.200 - - [26/May/2026:15:35:31 +0300] "GET /public/index.php/404 HTTP/1.1" 302 232 "https://www.yeniistiklal.com/" "Mozilla/5.0 (Linux; Android 13; SM-S901B) AppleWebKit/537.36 (KHTML, like Gecko) Chrome/112.0.0.0 Mobile Safari/537.36"
2a03:2880:f806:2:: - - [26/May/2026:15:35:31 +0300] "GET / HTTP/1.1" 200 17080 "-" "meta-externalagent/1.1 (+https://developers.facebook.com/docs/sharing/webmasters/crawler)"
107.174.130.200 - - [26/May/2026:15:35:31 +0300] "GET /public/index.php HTTP/1.1" 200 17304 "https://www.yeniistiklal.com/" "Mozilla/5.0 (Linux; Android 13; SM-S901B) AppleWebKit/537.36 (KHTML, like Gecko) Chrome/112.0.0.0 Mobile Safari/537.36"
147.235.195.217 - - [26/May/2026:15:35:32 +0300] "GET /images/genel/yeni-istiklal-dogrunun-catisi-hedefimiz-istiklalimiz-logo-1639768690.png HTTP/1.1" 200 17612 "https://yeniistiklal.com/" "Mozilla/5.0 (iPhone; CPU iPhone OS 11_0 like Mac OS X) AppleWebKit/537.36 (KHTML, like Gecko) Chrome/59.0.5965.1735 Mobile Safari/537.36"
69.242.48.42 - - [26/May/2026:15:35:33 +0300] "GET / HTTP/1.1" 200 17156 "https://www.yeniistiklal.com/" "Mozilla/5.0 (Linux; Android 16; Pixel 8 Build/BP2A.250805.005; ) AppleWebKit/537.36 (KHTML, like Gecko) Chrome/124.0.0.0 Mobile Safari/537.36 BingSapphire/32.3.430811006"
73.189.229.10 - - [26/May/2026:15:35:34 +0300] "GET /public/index.php/images/tn/2025/10/kktc-doviz-kurlarindaki-son-durum-dolar-euro-sterlin-15-ekim-2025-1760527641.jpg HTTP/1.1" 302 238 "https://www.yeniistiklal.com/" "Mozilla/5.0 (Linux; U; Android 15; SM-A556E Build/AP3A.240905.015.A2; wv) AppleWebKit/537.36 (KHTML, like Gecko) Version/4.0 Chrome/139.0.7258.160 Mobile Safari/537.36 OPR/94.0.2254.78762"
147.235.195.217 - - [26/May/2026:15:35:34 +0300] "GET /images/haberler/2025/12/kuzey-kibris-turk-cumhuriyetindeki-kktc-en-yuksek-bina-y-1765199017.png HTTP/1.1" 200 953326 "https://yeniistiklal.com/" "Mozilla/5.0 (iPhone; CPU iPhone OS 11_0 like Mac OS X) AppleWebKit/537.36 (KHTML, like Gecko) Chrome/59.0.5965.1735 Mobile Safari/537.36"
69.242.48.42 - - [26/May/2026:15:35:34 +0300] "GET /public/index.php/images/tn/2025/11/otokar-sahibi-kim-otokar-kime-ait-1762258385.jpeg HTTP/1.1" 302 238 "https://www.yeniistiklal.com/" "Mozilla/5.0 (Linux; Android 16; Pixel 8 Build/BP2A.250805.005; ) AppleWebKit/537.36 (KHTML, like Gecko) Chrome/124.0.0.0 Mobile Safari/537.36 BingSapphire/32.3.430811006"
73.189.229.10 - - [26/May/2026:15:35:35 +0300] "GET /public/index.php/404 HTTP/1.1" 302 232 "https://www.yeniistiklal.com/" "Mozilla/5.0 (Linux; U; Android 15; SM-A556E Build/AP3A.240905.015.A2; wv) AppleWebKit/537.36 (KHTML, like Gecko) Version/4.0 Chrome/139.0.7258.160 Mobile Safari/537.36 OPR/94.0.2254.78762"
73.189.229.10 - - [26/May/2026:15:35:36 +0300] "GET /public/index.php HTTP/1.1" 200 17290 "https://www.yeniistiklal.com/" "Mozilla/5.0 (Linux; U; Android 15; SM-A556E Build/AP3A.240905.015.A2; wv) AppleWebKit/537.36 (KHTML, like Gecko) Version/4.0 Chrome/139.0.7258.160 Mobile Safari/537.36 OPR/94.0.2254.78762"
185.191.171.1 - - [26/May/2026:15:35:36 +0300] "GET /haber/chpli-buyuksehirlerden-ortak-aciklama-528110 HTTP/1.1" 200 14341 "-" "Mozilla/5.0 (compatible; SemrushBot/7~bl; +http://www.semrush.com/bot.html)"
107.174.130.200 - - [26/May/2026:15:35:31 +0300] "GET /public/index.php/images/tn/2025/11/canik-kime-ait-turkiyenin-global-silah-devi-1762258557.jpeg HTTP/1.1" 302 238 "https://www.yeniistiklal.com/" "Mozilla/5.0 (Linux; Android 13; SM-S901B) AppleWebKit/537.36 (KHTML, like Gecko) Chrome/112.0.0.0 Mobile Safari/537.36"
3.224.104.67 - - [26/May/2026:15:35:33 +0300] "GET /public/index.php/haber/bakan-kocadan-gozunuz-aydin-paylasimi-504886 HTTP/1.1" 200 13608 "-" "Mozilla/5.0 AppleWebKit/537.36 (KHTML, like Gecko; compatible; Amazonbot/0.1; +https://developer.amazon.com/support/amazonbot) Chrome/119.0.6045.214 Safari/537.36"
85.208.96.204 - - [26/May/2026:15:35:34 +0300] "GET /haber/eski-esinin-baltali-saldirisinda-5-parmagi-kopan-kadin-3-kere-uzaklastirma-karari-almistim-496378 HTTP/1.1" 200 15646 "-" "Mozilla/5.0 (compatible; SemrushBot/7~bl; +http://www.semrush.com/bot.html)"
98.82.59.253 - - [26/May/2026:15:35:34 +0300] "GET /public/images/haberler/2022/06/kgk-uc-kurusa-bir-domain-devri-sona-ermeli-ortak-konsensus-sart-UDzNlrYg.jpg HTTP/1.1" 302 225 "-" "Mozilla/5.0 AppleWebKit/537.36 (KHTML, like Gecko; compatible; Amazonbot/0.1; +https://developer.amazon.com/support/amazonbot) Chrome/119.0.6045.214 Safari/537.36"
54.157.84.74 - - [26/May/2026:15:35:35 +0300] "GET /haber/turkiye-israil-iliskileri-hiz-kazandi-buyukelci-olarak-kim-atanacak-477945 HTTP/1.1" 200 14433 "-" "Mozilla/5.0 AppleWebKit/537.36 (KHTML, like Gecko; compatible; Amazonbot/0.1; +https://developer.amazon.com/support/amazonbot) Chrome/119.0.6045.214 Safari/537.36"
69.242.48.42 - - [26/May/2026:15:35:35 +0300] "GET /public/index.php/404 HTTP/1.1" 302 232 "https://www.yeniistiklal.com/" "Mozilla/5.0 (Linux; Android 16; Pixel 8 Build/BP2A.250805.005; ) AppleWebKit/537.36 (KHTML, like Gecko) Chrome/124.0.0.0 Mobile Safari/537.36 BingSapphire/32.3.430811006"
44.210.213.220 - - [26/May/2026:15:35:35 +0300] "GET /public/index.php/images/haberler/2022/04/bakan-kocadan-gozunuz-aydin-paylasimi-OumlQg3n.jpg HTTP/1.1" 302 238 "-" "Mozilla/5.0 AppleWebKit/537.36 (KHTML, like Gecko; compatible; Amazonbot/0.1; +https://developer.amazon.com/support/amazonbot) Chrome/119.0.6045.214 Safari/537.36"
69.242.48.42 - - [26/May/2026:15:35:36 +0300] "GET /public/index.php HTTP/1.1" 200 17295 "https://www.yeniistiklal.com/" "Mozilla/5.0 (Linux; Android 16; Pixel 8 Build/BP2A.250805.005; ) AppleWebKit/537.36 (KHTML, like Gecko) Chrome/124.0.0.0 Mobile Safari/537.36 BingSapphire/32.3.430811006"
34.239.197.197 - - [26/May/2026:15:35:37 +0300] "GET /public/index.php/etiketler/bilisim-sektoru-haberleri HTTP/1.1" 200 5592 "-" "Mozilla/5.0 AppleWebKit/537.36 (KHTML, like Gecko; compatible; Amazonbot/0.1; +https://developer.amazon.com/support/amazonbot) Chrome/119.0.6045.214 Safari/537.36"
98.229.254.168 - - [26/May/2026:15:35:37 +0300] "GET /public/index.php/images/transparent.gif HTTP/1.1" 302 238 "-" "Mozilla/5.0 (Linux; Android 8; SM-S901B) AppleWebKit/537.36 (KHTML, like Gecko) Chrome/112.0.0.0 Mobile Safari/537.36"
107.174.130.200 - - [26/May/2026:15:35:37 +0300] "GET /public/index.php/404 HTTP/1.1" 302 232 "https://www.yeniistiklal.com/" "Mozilla/5.0 (Linux; Android 13; SM-S901B) AppleWebKit/537.36 (KHTML, like Gecko) Chrome/112.0.0.0 Mobile Safari/537.36"
98.229.254.168 - - [26/May/2026:15:35:38 +0300] "GET /public/index.php/404 HTTP/1.1" 302 232 "https://www.yeniistiklal.com:443/public/index.php/images/transparent.gif" "Mozilla/5.0 (Linux; Android 8; SM-S901B) AppleWebKit/537.36 (KHTML, like Gecko) Chrome/112.0.0.0 Mobile Safari/537.36"
98.229.254.168 - - [26/May/2026:15:35:38 +0300] "GET /public/index.php HTTP/1.1" 200 17301 "https://www.yeniistiklal.com/public/index.php/404" "Mozilla/5.0 (Linux; Android 8; SM-S901B) AppleWebKit/537.36 (KHTML, like Gecko) Chrome/112.0.0.0 Mobile Safari/537.36"
24.133.80.23 - - [26/May/2026:15:35:38 +0300] "POST /panel/haberler/getNews HTTP/1.1" 200 5458 "https://yeniistiklal.com/panel/haberler" "Mozilla/5.0 (Macintosh; Intel Mac OS X 10_15_7) AppleWebKit/537.36 (KHTML, like Gecko) Chrome/148.0.0.0 Safari/537.36"
147.235.195.217 - - [26/May/2026:15:35:37 +0300] "GET /assets/frontend/tema9/js/all.js?id=126e3bb39dcb1e31eee3 HTTP/1.1" 200 62682 "https://yeniistiklal.com/" "Mozilla/5.0 (iPhone; CPU iPhone OS 11_0 like Mac OS X) AppleWebKit/537.36 (KHTML, like Gecko) Chrome/59.0.5965.1735 Mobile Safari/537.36"
107.174.130.200 - - [26/May/2026:15:35:37 +0300] "GET /public/index.php/images/tn/2025/08/24-saat-boyunca-ac-kalirsak-ne-olur-1755454218.jpeg HTTP/1.1" 302 238 "https://www.yeniistiklal.com/" "Mozilla/5.0 (Linux; Android 13; SM-S901B) AppleWebKit/537.36 (KHTML, like Gecko) Chrome/112.0.0.0 Mobile Safari/537.36"
24.133.80.23 - - [26/May/2026:15:35:37 +0300] "POST /panel/haberler/ekle HTTP/1.1" 302 207 "https://yeniistiklal.com/panel/haberler/ekle" "Mozilla/5.0 (Macintosh; Intel Mac OS X 10_15_7) AppleWebKit/537.36 (KHTML, like Gecko) Chrome/148.0.0.0 Safari/537.36"
24.133.80.23 - - [26/May/2026:15:35:37 +0300] "GET /panel/haberler HTTP/1.1" 200 7205 "https://yeniistiklal.com/panel/haberler/ekle" "Mozilla/5.0 (Macintosh; Intel Mac OS X 10_15_7) AppleWebKit/537.36 (KHTML, like Gecko) Chrome/148.0.0.0 Safari/537.36"
24.133.80.23 - - [26/May/2026:15:35:38 +0300] "GET /assets/backend/app-assets/vendors/js/tables/datatable/datatables.min.js HTTP/1.1" 200 1036859 "https://yeniistiklal.com/panel/haberler" "Mozilla/5.0 (Macintosh; Intel Mac OS X 10_15_7) AppleWebKit/537.36 (KHTML, like Gecko) Chrome/148.0.0.0 Safari/537.36"
107.174.130.200 - - [26/May/2026:15:35:38 +0300] "GET /public/index.php HTTP/1.1" 200 17276 "https://www.yeniistiklal.com/" "Mozilla/5.0 (Linux; Android 13; SM-S901B) AppleWebKit/537.36 (KHTML, like Gecko) Chrome/112.0.0.0 Mobile Safari/537.36"
44.255.200.182 - - [26/May/2026:15:35:38 +0300] "GET / HTTP/1.1" 200 17067 "-" "Mozilla/5.0 (X11; Ubuntu; Linux x86_64; rv:80.0) Gecko/20100101 Firefox/80.0"
24.133.80.23 - - [26/May/2026:15:35:38 +0300] "GET /panel/bildirimler/ajax HTTP/1.1" 200 95 "https://yeniistiklal.com/panel/haberler" "Mozilla/5.0 (Macintosh; Intel Mac OS X 10_15_7) AppleWebKit/537.36 (KHTML, like Gecko) Chrome/148.0.0.0 Safari/537.36"
216.73.217.145 - - [26/May/2026:15:35:39 +0300] "GET /images/haberler/2022/09/neset-ertas-olum-yil-donumunde-keciorende-anildi-LFtOdKK6.jpg HTTP/1.1" 302 224 "-" "Mozilla/5.0 AppleWebKit/537.36 (KHTML, like Gecko; compatible; ClaudeBot/1.0; +claudebot@anthropic.com)"
216.73.217.145 - - [26/May/2026:15:35:39 +0300] "GET /public/index.php/images/haberler/2022/01/volkswagenin-elektrikli-mikrobus-hayali-gercek-oluyor-rzbEc1Fd.jpg HTTP/1.1" 302 238 "-" "Mozilla/5.0 AppleWebKit/537.36 (KHTML, like Gecko; compatible; ClaudeBot/1.0; +claudebot@anthropic.com)"
216.73.217.145 - - [26/May/2026:15:35:39 +0300] "GET /public/index.php/images/haberler/2022/06/kotondan-bilisim-ogrencilerine-anlamli-destek-79uc6jkd.jpg HTTP/1.1" 302 238 "-" "Mozilla/5.0 AppleWebKit/537.36 (KHTML, like Gecko; compatible; ClaudeBot/1.0; +claudebot@anthropic.com)"
216.73.217.145 - - [26/May/2026:15:35:39 +0300] "GET /404 HTTP/1.1" 302 219 "https://www.yeniistiklal.com/images/haberler/2022/09/neset-ertas-olum-yil-donumunde-keciorende-anildi-LFtOdKK6.jpg" "Mozilla/5.0 AppleWebKit/537.36 (KHTML, like Gecko; compatible; ClaudeBot/1.0; +claudebot@anthropic.com)"
216.73.217.145 - - [26/May/2026:15:35:39 +0300] "GET /public/index.php/images/haberler/2022/05/yangin-karikaturleri-icin-juri-toplandi-CJFdxcB6.jpg HTTP/1.1" 302 238 "-" "Mozilla/5.0 AppleWebKit/537.36 (KHTML, like Gecko; compatible; ClaudeBot/1.0; +claudebot@anthropic.com)"
216.73.217.145 - - [26/May/2026:15:35:39 +0300] "GET /public/index.php/images/haberler/2022/01/middle-east-eye-yayimladi-secimler-icin-dikkat-ceken-analiz-4G58BPKk.jpg HTTP/1.1" 302 238 "-" "Mozilla/5.0 AppleWebKit/537.36 (KHTML, like Gecko; compatible; ClaudeBot/1.0; +claudebot@anthropic.com)"
216.73.217.145 - - [26/May/2026:15:35:39 +0300] "GET /404 HTTP/1.1" 302 219 "https://www.yeniistiklal.com/images/haberler/2022/09/inegolde-hayvanlari-koruma-gunu-etkinligi-wmAtLPMJ.jpg" "Mozilla/5.0 AppleWebKit/537.36 (KHTML, like Gecko; compatible; ClaudeBot/1.0; +claudebot@anthropic.com)"
54.145.82.217 - - [26/May/2026:15:35:39 +0300] "GET /images/haberler/2022/01/turkiye-israil-iliskileri-hiz-kazandi-buyukelci-olarak-kim-atanacak-1etnpRvz.jpg HTTP/1.1" 302 219 "-" "Mozilla/5.0 AppleWebKit/537.36 (KHTML, like Gecko; compatible; Amazonbot/0.1; +https://developer.amazon.com/support/amazonbot) Chrome/119.0.6045.214 Safari/537.36"
216.73.217.145 - - [26/May/2026:15:35:39 +0300] "GET /images/haberler/2022/09/inegolde-hayvanlari-koruma-gunu-etkinligi-wmAtLPMJ.jpg HTTP/1.1" 302 224 "-" "Mozilla/5.0 AppleWebKit/537.36 (KHTML, like Gecko; compatible; ClaudeBot/1.0; +claudebot@anthropic.com)"
3.226.106.93 - - [26/May/2026:15:35:39 +0300] "GET /haber/guldur-guldurden-cem-yilmazi-hedef-alanlara-skecli-yanit-490313 HTTP/1.1" 200 14226 "-" "Mozilla/5.0 AppleWebKit/537.36 (KHTML, like Gecko; compatible; Amazonbot/0.1; +https://developer.amazon.com/support/amazonbot) Chrome/119.0.6045.214 Safari/537.36"
216.73.217.145 - - [26/May/2026:15:35:39 +0300] "GET /public/index.php/404 HTTP/1.1" 302 232 "https://www.yeniistiklal.com/public/index.php/images/haberler/2022/01/volkswagenin-elektrikli-mikrobus-hayali-gercek-oluyor-rzbEc1Fd.jpg" "Mozilla/5.0 AppleWebKit/537.36 (KHTML, like Gecko; compatible; ClaudeBot/1.0; +claudebot@anthropic.com)"
216.73.217.145 - - [26/May/2026:15:35:39 +0300] "GET /public/index.php/404 HTTP/1.1" 302 232 "https://www.yeniistiklal.com/public/index.php/images/haberler/2022/06/kotondan-bilisim-ogrencilerine-anlamli-destek-79uc6jkd.jpg" "Mozilla/5.0 AppleWebKit/537.36 (KHTML, like Gecko; compatible; ClaudeBot/1.0; +claudebot@anthropic.com)"
216.73.217.145 - - [26/May/2026:15:35:39 +0300] "GET /public/index.php/404 HTTP/1.1" 302 232 "https://www.yeniistiklal.com/public/index.php/images/haberler/2022/05/yangin-karikaturleri-icin-juri-toplandi-CJFdxcB6.jpg" "Mozilla/5.0 AppleWebKit/537.36 (KHTML, like Gecko; compatible; ClaudeBot/1.0; +claudebot@anthropic.com)"
216.73.217.145 - - [26/May/2026:15:35:39 +0300] "GET /public/index.php HTTP/1.1" 200 17278 "https://www.yeniistiklal.com/public/index.php/404" "Mozilla/5.0 AppleWebKit/537.36 (KHTML, like Gecko; compatible; ClaudeBot/1.0; +claudebot@anthropic.com)"
216.73.217.145 - - [26/May/2026:15:35:39 +0300] "GET /public/index.php/images/haberler/2022/02/ogrencisini-doven-ogretmen-ile-ilgili-yeni-gelisme-qqALY9kX.jpg HTTP/1.1" 302 238 "-" "Mozilla/5.0 AppleWebKit/537.36 (KHTML, like Gecko; compatible; ClaudeBot/1.0; +claudebot@anthropic.com)"
216.73.217.145 - - [26/May/2026:15:35:39 +0300] "GET /public/index.php HTTP/1.1" 200 17285 "https://www.yeniistiklal.com/public/index.php/404" "Mozilla/5.0 AppleWebKit/537.36 (KHTML, like Gecko; compatible; ClaudeBot/1.0; +claudebot@anthropic.com)"
216.73.217.145 - - [26/May/2026:15:35:39 +0300] "GET /public/index.php/404 HTTP/1.1" 302 232 "https://www.yeniistiklal.com/public/index.php/images/haberler/2022/01/middle-east-eye-yayimladi-secimler-icin-dikkat-ceken-analiz-4G58BPKk.jpg" "Mozilla/5.0 AppleWebKit/537.36 (KHTML, like Gecko; compatible; ClaudeBot/1.0; +claudebot@anthropic.com)"
216.73.217.145 - - [26/May/2026:15:35:39 +0300] "GET /public/index.php/haber/tcdd-genel-muduru-pezuk-trenlerimizde-seyahat-icin-negatif-pcr-test-zorunlulugu-kaldirilmistir-474907 HTTP/1.1" 200 13533 "-" "Mozilla/5.0 AppleWebKit/537.36 (KHTML, like Gecko; compatible; ClaudeBot/1.0; +claudebot@anthropic.com)"
216.73.217.145 - - [26/May/2026:15:35:40 +0300] "GET /404 HTTP/1.1" 302 219 "https://www.yeniistiklal.com/images/haberler/2022/03/meksikada-iki-evde-cikan-yanginda-8-kisi-yanarak-oldu-AIzTRcSH.jpg" "Mozilla/5.0 AppleWebKit/537.36 (KHTML, like Gecko; compatible; ClaudeBot/1.0; +claudebot@anthropic.com)"
5.255.231.195 - - [26/May/2026:15:35:40 +0300] "GET /rss/genel-0 HTTP/1.1" 200 170152 "-" "Mozilla/5.0 (compatible; YandexBot/3.0; +http://yandex.com/bots)"
216.73.217.145 - - [26/May/2026:15:35:41 +0300] "GET /images/haberler/2022/01/saclarin-beyazlamasini-onlemenin-5-dogal-yolu-3-qVOK5ELS.jpeg HTTP/1.1" 302 219 "-" "Mozilla/5.0 AppleWebKit/537.36 (KHTML, like Gecko; compatible; ClaudeBot/1.0; +claudebot@anthropic.com)"
2a03:2880:f806:21:: - - [26/May/2026:15:35:39 +0300] "GET /images/haberler/2022/06/baskan-soyerin-mujdeledigi-tasiyici-sokaklarda-nWcqusyp.jpg HTTP/1.1" 302 219 "-" "meta-externalagent/1.1 (+https://developers.facebook.com/docs/sharing/webmasters/crawler)"
216.73.217.145 - - [26/May/2026:15:35:39 +0300] "GET /public/index.php HTTP/1.1" 200 17288 "https://www.yeniistiklal.com/public/index.php/404" "Mozilla/5.0 AppleWebKit/537.36 (KHTML, like Gecko; compatible; ClaudeBot/1.0; +claudebot@anthropic.com)"
216.73.217.145 - - [26/May/2026:15:35:39 +0300] "GET /images/haberler/2022/09/cobantur-boltasta-akademili-suruculer-direksiyon-basina-gecti-Vc4TmR9p.jpg HTTP/1.1" 302 224 "-" "Mozilla/5.0 AppleWebKit/537.36 (KHTML, like Gecko; compatible; ClaudeBot/1.0; +claudebot@anthropic.com)"
216.73.217.145 - - [26/May/2026:15:35:39 +0300] "GET /public/index.php/404 HTTP/1.1" 302 232 "https://www.yeniistiklal.com/public/index.php/images/haberler/2022/02/ogrencisini-doven-ogretmen-ile-ilgili-yeni-gelisme-qqALY9kX.jpg" "Mozilla/5.0 AppleWebKit/537.36 (KHTML, like Gecko; compatible; ClaudeBot/1.0; +claudebot@anthropic.com)"
216.73.217.145 - - [26/May/2026:15:35:39 +0300] "GET /404 HTTP/1.1" 302 219 "https://www.yeniistiklal.com/images/haberler/2022/09/cobantur-boltasta-akademili-suruculer-direksiyon-basina-gecti-Vc4TmR9p.jpg" "Mozilla/5.0 AppleWebKit/537.36 (KHTML, like Gecko; compatible; ClaudeBot/1.0; +claudebot@anthropic.com)"
216.73.217.145 - - [26/May/2026:15:35:39 +0300] "GET /public/index.php HTTP/1.1" 200 17296 "https://www.yeniistiklal.com/public/index.php/404" "Mozilla/5.0 AppleWebKit/537.36 (KHTML, like Gecko; compatible; ClaudeBot/1.0; +claudebot@anthropic.com)"
216.73.217.145 - - [26/May/2026:15:35:39 +0300] "GET /public/index.php/images/haberler/2022/06/chpli-keles-dogruya-dogru-yanlisa-yanlis-demeye-devam-edecegiz-OaswznsR.jpg HTTP/1.1" 302 238 "-" "Mozilla/5.0 AppleWebKit/537.36 (KHTML, like Gecko; compatible; ClaudeBot/1.0; +claudebot@anthropic.com)"
216.73.217.145 - - [26/May/2026:15:35:40 +0300] "GET /images/haberler/2022/03/meksikada-iki-evde-cikan-yanginda-8-kisi-yanarak-oldu-AIzTRcSH.jpg HTTP/1.1" 302 224 "-" "Mozilla/5.0 AppleWebKit/537.36 (KHTML, like Gecko; compatible; ClaudeBot/1.0; +claudebot@anthropic.com)"
216.73.217.145 - - [26/May/2026:15:35:40 +0300] "GET /public/index.php HTTP/1.1" 200 17283 "https://www.yeniistiklal.com/public/index.php/404" "Mozilla/5.0 AppleWebKit/537.36 (KHTML, like Gecko; compatible; ClaudeBot/1.0; +claudebot@anthropic.com)"
216.73.217.145 - - [26/May/2026:15:35:40 +0300] "GET /public/index.php/404 HTTP/1.1" 302 232 "https://www.yeniistiklal.com/public/index.php/images/haberler/2022/06/chpli-keles-dogruya-dogru-yanlisa-yanlis-demeye-devam-edecegiz-OaswznsR.jpg" "Mozilla/5.0 AppleWebKit/537.36 (KHTML, like Gecko; compatible; ClaudeBot/1.0; +claudebot@anthropic.com)"
216.73.217.145 - - [26/May/2026:15:35:40 +0300] "GET /public/index.php HTTP/1.1" 200 17268 "https://www.yeniistiklal.com/public/index.php/404" "Mozilla/5.0 AppleWebKit/537.36 (KHTML, like Gecko; compatible; ClaudeBot/1.0; +claudebot@anthropic.com)"
107.174.130.200 - - [26/May/2026:15:35:40 +0300] "GET /public/js/cookie.min.js HTTP/1.1" 200 1993 "https://www.yeniistiklal.com/" "Mozilla/5.0 (Linux; Android 13; SM-S901B) AppleWebKit/537.36 (KHTML, like Gecko) Chrome/112.0.0.0 Mobile Safari/537.36"
2a03:2880:f806:25:: - - [26/May/2026:15:35:41 +0300] "GET /404 HTTP/1.1" 302 215 "-" "meta-externalagent/1.1 (+https://developers.facebook.com/docs/sharing/webmasters/crawler)"
24.133.80.23 - - [26/May/2026:15:35:41 +0300] "GET /haber/daha-17de-manifest-surprizi-552365 HTTP/1.1" 200 14299 "https://yeniistiklal.com/panel/haberler" "Mozilla/5.0 (Macintosh; Intel Mac OS X 10_15_7) AppleWebKit/537.36 (KHTML, like Gecko) Chrome/148.0.0.0 Safari/537.36"
216.73.217.145 - - [26/May/2026:15:35:41 +0300] "GET /public/images/haberler/2022/02/soylemezsem-olmaz-25-subat-2022-cagla-ve-alaaddin-ergun.jpg HTTP/1.1" 302 225 "-" "Mozilla/5.0 AppleWebKit/537.36 (KHTML, like Gecko; compatible; ClaudeBot/1.0; +claudebot@anthropic.com)"
44.194.134.53 - - [26/May/2026:15:35:41 +0300] "GET /public/index.php/etiketler/wi-fi-haberleri HTTP/1.1" 200 5408 "-" "Mozilla/5.0 AppleWebKit/537.36 (KHTML, like Gecko; compatible; Amazonbot/0.1; +https://developer.amazon.com/support/amazonbot) Chrome/119.0.6045.214 Safari/537.36"
216.73.217.145 - - [26/May/2026:15:35:41 +0300] "GET /public/ HTTP/1.1" 200 17189 "https://yeniistiklal.com/public" "Mozilla/5.0 AppleWebKit/537.36 (KHTML, like Gecko; compatible; ClaudeBot/1.0; +claudebot@anthropic.com)"
2a03:2880:f806:4f:: - - [26/May/2026:15:35:42 +0300] "GET / HTTP/1.1" 200 17069 "-" "meta-externalagent/1.1 (+https://developers.facebook.com/docs/sharing/webmasters/crawler)"
147.235.195.217 - - [26/May/2026:15:35:42 +0300] "GET /images/haberler/2025/08/serbest-piyasada-dolar-ve-euroda-son-durum-1754903576.jpeg HTTP/1.1" 200 49453 "https://yeniistiklal.com/" "Mozilla/5.0 (iPhone; CPU iPhone OS 11_0 like Mac OS X) AppleWebKit/537.36 (KHTML, like Gecko) Chrome/59.0.5965.1735 Mobile Safari/537.36"
147.235.195.217 - - [26/May/2026:15:35:42 +0300] "GET /images/haberler/2025/08/yavas-ve-bilincli-adimlarin-dansi-japon-yuruyusu-y-1754032734.jpeg HTTP/1.1" 200 112228 "https://yeniistiklal.com/" "Mozilla/5.0 (iPhone; CPU iPhone OS 11_0 like Mac OS X) AppleWebKit/537.36 (KHTML, like Gecko) Chrome/59.0.5965.1735 Mobile Safari/537.36"
147.235.195.217 - - [26/May/2026:15:35:42 +0300] "GET /images/haberler/2025/08/gunes-yanigina-veda-edin-aciyi-dindiren-ev-yapimi-cozumler-y-1754642979.jpeg HTTP/1.1" 200 27698 "https://yeniistiklal.com/" "Mozilla/5.0 (iPhone; CPU iPhone OS 11_0 like Mac OS X) AppleWebKit/537.36 (KHTML, like Gecko) Chrome/59.0.5965.1735 Mobile Safari/537.36"
147.235.195.217 - - [26/May/2026:15:35:42 +0300] "GET /images/tn/2025/11/otokar-sahibi-kim-otokar-kime-ait-1762258385.jpeg HTTP/1.1" 200 7644 "https://yeniistiklal.com/" "Mozilla/5.0 (iPhone; CPU iPhone OS 11_0 like Mac OS X) AppleWebKit/537.36 (KHTML, like Gecko) Chrome/59.0.5965.1735 Mobile Safari/537.36"
147.235.195.217 - - [26/May/2026:15:35:42 +0300] "GET /images/haberler/2025/05/super-ligde-35-hafta-hakemleri-belli-oldu-nefesler-tutuldu-y-1746707520.jpeg HTTP/1.1" 200 57865 "https://yeniistiklal.com/" "Mozilla/5.0 (iPhone; CPU iPhone OS 11_0 like Mac OS X) AppleWebKit/537.36 (KHTML, like Gecko) Chrome/59.0.5965.1735 Mobile Safari/537.36"
147.235.195.217 - - [26/May/2026:15:35:42 +0300] "GET /images/tn/2025/10/kktc-doviz-kurlarindaki-son-durum-dolar-euro-sterlin-15-ekim-2025-1760527641.jpg HTTP/1.1" 200 16450 "https://yeniistiklal.com/" "Mozilla/5.0 (iPhone; CPU iPhone OS 11_0 like Mac OS X) AppleWebKit/537.36 (KHTML, like Gecko) Chrome/59.0.5965.1735 Mobile Safari/537.36"
147.235.195.217 - - [26/May/2026:15:35:42 +0300] "GET /images/tn/2025/10/kktcde-su-tesisatcisi-arayanlar-icin-oneriler-1760527324.png HTTP/1.1" 200 90846 "https://yeniistiklal.com/" "Mozilla/5.0 (iPhone; CPU iPhone OS 11_0 like Mac OS X) AppleWebKit/537.36 (KHTML, like Gecko) Chrome/59.0.5965.1735 Mobile Safari/537.36"
147.235.195.217 - - [26/May/2026:15:35:42 +0300] "GET /images/haberler/2025/08/surucu-belgesi-yenileme-suresi-son-kez-uzatildi-y-1754022315.jpeg HTTP/1.1" 200 27888 "https://yeniistiklal.com/" "Mozilla/5.0 (iPhone; CPU iPhone OS 11_0 like Mac OS X) AppleWebKit/537.36 (KHTML, like Gecko) Chrome/59.0.5965.1735 Mobile Safari/537.36"
34.206.249.188 - - [26/May/2026:15:35:43 +0300] "GET /images/haberler/2022/02/guldur-guldurden-cem-yilmazi-hedef-alanlara-skecli-yanit-A8BC2OWB.jpg HTTP/1.1" 302 219 "-" "Mozilla/5.0 AppleWebKit/537.36 (KHTML, like Gecko; compatible; Amazonbot/0.1; +https://developer.amazon.com/support/amazonbot) Chrome/119.0.6045.214 Safari/537.36"
18.214.124.6 - - [26/May/2026:15:35:43 +0300] "GET /etiketler/stratejisi-haberleri HTTP/1.1" 200 5568 "-" "Mozilla/5.0 AppleWebKit/537.36 (KHTML, like Gecko; compatible; Amazonbot/0.1; +https://developer.amazon.com/support/amazonbot) Chrome/119.0.6045.214 Safari/537.36"
24.133.80.23 - - [26/May/2026:15:35:41 +0300] "GET /images/haberler/2026/05/daha-17de-manifest-surprizi-1779798937.jpeg HTTP/1.1" 200 34123 "https://yeniistiklal.com/haber/daha-17de-manifest-surprizi-552365" "Mozilla/5.0 (Macintosh; Intel Mac OS X 10_15_7) AppleWebKit/537.36 (KHTML, like Gecko) Chrome/148.0.0.0 Safari/537.36"
216.73.217.145 - - [26/May/2026:15:35:41 +0300] "GET /public/404 HTTP/1.1" 302 220 "https://yeniistiklal.com/public/images/haberler/2022/02/soylemezsem-olmaz-25-subat-2022-cagla-ve-alaaddin-ergun.jpg" "Mozilla/5.0 AppleWebKit/537.36 (KHTML, like Gecko; compatible; ClaudeBot/1.0; +claudebot@anthropic.com)"
24.133.80.23 - - [26/May/2026:15:35:41 +0300] "GET /hava-durumu/ajax?sehir_isim=6 HTTP/1.1" 200 77 "https://yeniistiklal.com/haber/daha-17de-manifest-surprizi-552365" "Mozilla/5.0 (Macintosh; Intel Mac OS X 10_15_7) AppleWebKit/537.36 (KHTML, like Gecko) Chrome/148.0.0.0 Safari/537.36"
216.73.217.145 - - [26/May/2026:15:35:41 +0300] "GET /public HTTP/1.1" 301 795 "https://yeniistiklal.com/public/404" "Mozilla/5.0 AppleWebKit/537.36 (KHTML, like Gecko; compatible; ClaudeBot/1.0; +claudebot@anthropic.com)"
216.73.217.145 - - [26/May/2026:15:35:41 +0300] "GET /404 HTTP/1.1" 302 215 "https://yeniistiklal.com/images/haberler/2022/01/saclarin-beyazlamasini-onlemenin-5-dogal-yolu-3-qVOK5ELS.jpeg" "Mozilla/5.0 AppleWebKit/537.36 (KHTML, like Gecko; compatible; ClaudeBot/1.0; +claudebot@anthropic.com)"
52.24.171.114 - - [26/May/2026:15:35:42 +0300] "GET /haber/daha-17de-manifest-surprizi-552365 HTTP/1.1" 200 14303 "-" "Mozilla/5.0 (X11; Ubuntu; Linux x86_64; rv:80.0) Gecko/20100101 Firefox/80.0"
147.235.195.217 - - [26/May/2026:15:35:42 +0300] "GET /images/haberler/2025/08/piyasalar-sallaniyor-gram-altin-tarihi-zirvelere-kosuyor-y-1754648723.jpeg HTTP/1.1" 200 52002 "https://yeniistiklal.com/" "Mozilla/5.0 (iPhone; CPU iPhone OS 11_0 like Mac OS X) AppleWebKit/537.36 (KHTML, like Gecko) Chrome/59.0.5965.1735 Mobile Safari/537.36"
147.235.195.217 - - [26/May/2026:15:35:42 +0300] "GET /images/tn/2026/01/antalya-otelleri-1768456799.png HTTP/1.1" 200 123069 "https://yeniistiklal.com/" "Mozilla/5.0 (iPhone; CPU iPhone OS 11_0 like Mac OS X) AppleWebKit/537.36 (KHTML, like Gecko) Chrome/59.0.5965.1735 Mobile Safari/537.36"
147.235.195.217 - - [26/May/2026:15:35:42 +0300] "GET /images/transparent.gif HTTP/1.1" 200 43 "https://yeniistiklal.com/" "Mozilla/5.0 (iPhone; CPU iPhone OS 11_0 like Mac OS X) AppleWebKit/537.36 (KHTML, like Gecko) Chrome/59.0.5965.1735 Mobile Safari/537.36"
147.235.195.217 - - [26/May/2026:15:35:42 +0300] "GET /images/haberler/2025/11/aksa-kimin-aksa-enerjinin-sahibi-kimdir-y-1762258173.png HTTP/1.1" 200 17237 "https://yeniistiklal.com/" "Mozilla/5.0 (iPhone; CPU iPhone OS 11_0 like Mac OS X) AppleWebKit/537.36 (KHTML, like Gecko) Chrome/59.0.5965.1735 Mobile Safari/537.36"
147.235.195.217 - - [26/May/2026:15:35:42 +0300] "GET /images/tn/2025/12/kuzey-kibris-turk-cumhuriyetindeki-kktc-en-yuksek-bina-1765199017.png HTTP/1.1" 200 122588 "https://yeniistiklal.com/" "Mozilla/5.0 (iPhone; CPU iPhone OS 11_0 like Mac OS X) AppleWebKit/537.36 (KHTML, like Gecko) Chrome/59.0.5965.1735 Mobile Safari/537.36"
147.235.195.217 - - [26/May/2026:15:35:42 +0300] "GET /images/haberler/2025/05/lefkosalefkegazimagusa-kibrista-kac-sehir-var-y-1746698952.jpeg HTTP/1.1" 200 87506 "https://yeniistiklal.com/" "Mozilla/5.0 (iPhone; CPU iPhone OS 11_0 like Mac OS X) AppleWebKit/537.36 (KHTML, like Gecko) Chrome/59.0.5965.1735 Mobile Safari/537.36"
73.189.229.10 - - [26/May/2026:15:35:43 +0300] "GET /public/index.php/images/tn/2025/10/kktcde-su-tesisatcisi-arayanlar-icin-oneriler-1760527324.png HTTP/1.1" 302 238 "https://www.yeniistiklal.com/" "Mozilla/5.0 (Linux; U; Android 15; SM-A556E Build/AP3A.240905.015.A2; wv) AppleWebKit/537.36 (KHTML, like Gecko) Version/4.0 Chrome/139.0.7258.160 Mobile Safari/537.36 OPR/94.0.2254.78762"
147.235.195.217 - - [26/May/2026:15:35:43 +0300] "GET /images/firmalar/besiktas-su-tesisatcisi-hizmetleri-1717325782.jpg HTTP/1.1" 200 9274 "https://yeniistiklal.com/" "Mozilla/5.0 (iPhone; CPU iPhone OS 11_0 like Mac OS X) AppleWebKit/537.36 (KHTML, like Gecko) Chrome/59.0.5965.1735 Mobile Safari/537.36"
147.235.195.217 - - [26/May/2026:15:35:43 +0300] "GET /images/biyografiler/2019/03/kemal-sunal-1551807433.gif HTTP/1.1" 200 23697 "https://yeniistiklal.com/" "Mozilla/5.0 (iPhone; CPU iPhone OS 11_0 like Mac OS X) AppleWebKit/537.36 (KHTML, like Gecko) Chrome/59.0.5965.1735 Mobile Safari/537.36"
149.143.159.3 - - [26/May/2026:15:35:43 +0300] "GET /public/assets/frontend/tema9/images/sag_ok.svg HTTP/1.1" 200 445 "https://www.bing.com/" "Mozilla/5.0 (Linux; Android 13; SM-G981U1 Build/TP1A.220624.014; ) AppleWebKit/537.36 (KHTML, like Gecko) Chrome/124.0.0.0 Mobile Safari/537.36 BingSapphire/32.3.430811006"
147.235.195.217 - - [26/May/2026:15:35:43 +0300] "GET /images/firmalar HTTP/1.1" 301 795 "https://yeniistiklal.com/" "Mozilla/5.0 (iPhone; CPU iPhone OS 11_0 like Mac OS X) AppleWebKit/537.36 (KHTML, like Gecko) Chrome/59.0.5965.1735 Mobile Safari/537.36"
147.235.195.217 - - [26/May/2026:15:35:43 +0300] "GET /images/tn/2025/11/hurda-fiyatlari-2025-hurda-bakir-aluminyum-kablo-fiyatlari-1762255122.png HTTP/1.1" 200 118341 "https://yeniistiklal.com/" "Mozilla/5.0 (iPhone; CPU iPhone OS 11_0 like Mac OS X) AppleWebKit/537.36 (KHTML, like Gecko) Chrome/59.0.5965.1735 Mobile Safari/537.36"
147.235.195.217 - - [26/May/2026:15:35:43 +0300] "GET /images/tn/2026/05/turkiye-diyanet-vakfi-yayinlari-hadis-tarihi-kulliyatini-genisletiyor-1779778508.jpeg HTTP/1.1" 200 14718 "https://yeniistiklal.com/" "Mozilla/5.0 (iPhone; CPU iPhone OS 11_0 like Mac OS X) AppleWebKit/537.36 (KHTML, like Gecko) Chrome/59.0.5965.1735 Mobile Safari/537.36"
73.189.229.10 - - [26/May/2026:15:35:43 +0300] "GET /public/index.php/404 HTTP/1.1" 302 232 "https://www.yeniistiklal.com/" "Mozilla/5.0 (Linux; U; Android 15; SM-A556E Build/AP3A.240905.015.A2; wv) AppleWebKit/537.36 (KHTML, like Gecko) Version/4.0 Chrome/139.0.7258.160 Mobile Safari/537.36 OPR/94.0.2254.78762"
147.235.195.217 - - [26/May/2026:15:35:44 +0300] "GET /hava-durumu/ajax?sehir_isim=6 HTTP/1.1" 200 77 "https://yeniistiklal.com/" "Mozilla/5.0 (iPhone; CPU iPhone OS 11_0 like Mac OS X) AppleWebKit/537.36 (KHTML, like Gecko) Chrome/59.0.5965.1735 Mobile Safari/537.36"
107.174.130.200 - - [26/May/2026:15:35:44 +0300] "GET /public/index.php/images/tn/2025/08/24-saat-boyunca-ac-kalirsak-ne-olur-1755454218.jpeg HTTP/1.1" 302 238 "https://www.yeniistiklal.com/" "Mozilla/5.0 (Linux; Android 13; SM-S901B) AppleWebKit/537.36 (KHTML, like Gecko) Chrome/112.0.0.0 Mobile Safari/537.36"
73.189.229.10 - - [26/May/2026:15:35:44 +0300] "GET /public/index.php HTTP/1.1" 200 17284 "https://www.yeniistiklal.com/" "Mozilla/5.0 (Linux; U; Android 15; SM-A556E Build/AP3A.240905.015.A2; wv) AppleWebKit/537.36 (KHTML, like Gecko) Version/4.0 Chrome/139.0.7258.160 Mobile Safari/537.36 OPR/94.0.2254.78762"
98.229.254.168 - - [26/May/2026:15:35:44 +0300] "GET /public/assets/frontend/tema9/images/sol_ok.svg HTTP/1.1" 200 445 "https://www.yeniistiklal.com/" "Mozilla/5.0 (Linux; Android 8; SM-S901B) AppleWebKit/537.36 (KHTML, like Gecko) Chrome/112.0.0.0 Mobile Safari/537.36"
107.174.130.200 - - [26/May/2026:15:35:44 +0300] "GET /public/index.php HTTP/1.1" 200 17283 "https://www.yeniistiklal.com/" "Mozilla/5.0 (Linux; Android 13; SM-S901B) AppleWebKit/537.36 (KHTML, like Gecko) Chrome/112.0.0.0 Mobile Safari/537.36"
147.235.195.217 - - [26/May/2026:15:35:45 +0300] "GET /images/haberler/2025/07/genc-yetenek-naim-saruhan-donmez-1461-trabzon-fk-formasi-giyecek-1752003597.jpeg HTTP/1.1" 200 39806 "https://yeniistiklal.com/" "Mozilla/5.0 (iPhone; CPU iPhone OS 11_0 like Mac OS X) AppleWebKit/537.36 (KHTML, like Gecko) Chrome/59.0.5965.1735 Mobile Safari/537.36"
147.235.195.217 - - [26/May/2026:15:35:43 +0300] "GET /images/tn/2026/05/bir-satisin-gercek-degerini-ancak-tahsilat-tamamlandiginda-anlarsiniz-1779764925.jpeg HTTP/1.1" 200 24211 "https://yeniistiklal.com/" "Mozilla/5.0 (iPhone; CPU iPhone OS 11_0 like Mac OS X) AppleWebKit/537.36 (KHTML, like Gecko) Chrome/59.0.5965.1735 Mobile Safari/537.36"
147.235.195.217 - - [26/May/2026:15:35:43 +0300] "GET /images/tn/2025/08/yavas-ve-bilincli-adimlarin-dansi-japon-yuruyusu-1754032734.jpeg HTTP/1.1" 200 27414 "https://yeniistiklal.com/" "Mozilla/5.0 (iPhone; CPU iPhone OS 11_0 like Mac OS X) AppleWebKit/537.36 (KHTML, like Gecko) Chrome/59.0.5965.1735 Mobile Safari/537.36"
147.235.195.217 - - [26/May/2026:15:35:43 +0300] "GET /images/firmalar/deha-patent-anonim-sirketi-1729864745.jpg HTTP/1.1" 200 2951 "https://yeniistiklal.com/" "Mozilla/5.0 (iPhone; CPU iPhone OS 11_0 like Mac OS X) AppleWebKit/537.36 (KHTML, like Gecko) Chrome/59.0.5965.1735 Mobile Safari/537.36"
185.191.171.3 - - [26/May/2026:15:35:44 +0300] "GET /haber/polisan-kansai-ve-yandex-ile-yolculugun-renkleri-evlere-tasiniyor-539084 HTTP/1.1" 200 13936 "-" "Mozilla/5.0 (compatible; SemrushBot/7~bl; +http://www.semrush.com/bot.html)"
107.174.130.200 - - [26/May/2026:15:35:44 +0300] "GET /public/index.php/404 HTTP/1.1" 302 232 "https://www.yeniistiklal.com/" "Mozilla/5.0 (Linux; Android 13; SM-S901B) AppleWebKit/537.36 (KHTML, like Gecko) Chrome/112.0.0.0 Mobile Safari/537.36"
147.235.195.217 - - [26/May/2026:15:35:45 +0300] "GET /images/haberler/2023/07/filenin-sultanlari-milletler-liginde-sampiyon-oldu-1689595616.png HTTP/1.1" 302 219 "https://yeniistiklal.com/" "Mozilla/5.0 (iPhone; CPU iPhone OS 11_0 like Mac OS X) AppleWebKit/537.36 (KHTML, like Gecko) Chrome/59.0.5965.1735 Mobile Safari/537.36"
147.235.195.217 - - [26/May/2026:15:35:45 +0300] "GET /images/tn/2025/08/altin-fiyatlarinda-son-durum-gram-ve-ceyrek-altin-ne-kadar-oldu-1754903378.jpeg HTTP/1.1" 200 27672 "https://yeniistiklal.com/" "Mozilla/5.0 (iPhone; CPU iPhone OS 11_0 like Mac OS X) AppleWebKit/537.36 (KHTML, like Gecko) Chrome/59.0.5965.1735 Mobile Safari/537.36"
147.235.195.217 - - [26/May/2026:15:35:45 +0300] "GET /images/haberler/2024/01/iddaa-analizi-nasil-yapilir-1706624003.png HTTP/1.1" 302 219 "https://yeniistiklal.com/" "Mozilla/5.0 (iPhone; CPU iPhone OS 11_0 like Mac OS X) AppleWebKit/537.36 (KHTML, like Gecko) Chrome/59.0.5965.1735 Mobile Safari/537.36"
69.242.48.42 - - [26/May/2026:15:35:45 +0300] "GET /public/index.php/images/haberler/2025/10/kktc-doviz-kurlarindaki-son-durum-dolar-euro-sterlin-15-ekim-2025-1760527641.jpg HTTP/1.1" 302 238 "https://www.yeniistiklal.com/" "Mozilla/5.0 (Linux; Android 16; Pixel 8 Build/BP2A.250805.005; ) AppleWebKit/537.36 (KHTML, like Gecko) Chrome/124.0.0.0 Mobile Safari/537.36 BingSapphire/32.3.430811006"
147.235.195.217 - - [26/May/2026:15:35:45 +0300] "GET /images/tn/2025/08/serbest-piyasada-dolar-ve-euroda-son-durum-1754903576.jpeg HTTP/1.1" 200 23366 "https://yeniistiklal.com/" "Mozilla/5.0 (iPhone; CPU iPhone OS 11_0 like Mac OS X) AppleWebKit/537.36 (KHTML, like Gecko) Chrome/59.0.5965.1735 Mobile Safari/537.36"
69.242.48.42 - - [26/May/2026:15:35:46 +0300] "GET /public/index.php/404 HTTP/1.1" 302 232 "https://www.yeniistiklal.com/" "Mozilla/5.0 (Linux; Android 16; Pixel 8 Build/BP2A.250805.005; ) AppleWebKit/537.36 (KHTML, like Gecko) Chrome/124.0.0.0 Mobile Safari/537.36 BingSapphire/32.3.430811006"
54.225.98.148 - - [26/May/2026:15:35:46 +0300] "GET /images/haberler/2022/01/turkiye-israil-iliskileri-hiz-kazandi-buyukelci-olarak-kim-atanacak-0-OAAzQm9p.jpg HTTP/1.1" 302 219 "-" "Mozilla/5.0 AppleWebKit/537.36 (KHTML, like Gecko; compatible; Amazonbot/0.1; +https://developer.amazon.com/support/amazonbot) Chrome/119.0.6045.214 Safari/537.36"
147.235.195.217 - - [26/May/2026:15:35:46 +0300] "GET /images/havadurumu/01d.png HTTP/1.1" 200 2574 "https://yeniistiklal.com/" "Mozilla/5.0 (iPhone; CPU iPhone OS 11_0 like Mac OS X) AppleWebKit/537.36 (KHTML, like Gecko) Chrome/59.0.5965.1735 Mobile Safari/537.36"
147.235.195.217 - - [26/May/2026:15:35:45 +0300] "GET /images/haberler/2025/04/fenerbahce-galatasaray-derbisi-ne-zaman-saat-kacta-hangi-kanalda-1743588323.jpeg HTTP/1.1" 200 49888 "https://yeniistiklal.com/" "Mozilla/5.0 (iPhone; CPU iPhone OS 11_0 like Mac OS X) AppleWebKit/537.36 (KHTML, like Gecko) Chrome/59.0.5965.1735 Mobile Safari/537.36"
147.235.195.217 - - [26/May/2026:15:35:45 +0300] "GET /images/haberler/2025/05/super-ligde-35-hafta-hakemleri-belli-oldu-nefesler-tutuldu-1746707520.jpeg HTTP/1.1" 200 31597 "https://yeniistiklal.com/" "Mozilla/5.0 (iPhone; CPU iPhone OS 11_0 like Mac OS X) AppleWebKit/537.36 (KHTML, like Gecko) Chrome/59.0.5965.1735 Mobile Safari/537.36"
147.235.195.217 - - [26/May/2026:15:35:45 +0300] "GET /images/haberler/2022/11/2022-dunya-kupasi-belcika-0-2-fas-1669566817.png HTTP/1.1" 302 219 "https://yeniistiklal.com/" "Mozilla/5.0 (iPhone; CPU iPhone OS 11_0 like Mac OS X) AppleWebKit/537.36 (KHTML, like Gecko) Chrome/59.0.5965.1735 Mobile Safari/537.36"
98.84.200.43 - - [26/May/2026:15:35:44 +0300] "GET /public/index.php/etiketler/nakliyat-is-haberleri HTTP/1.1" 200 5416 "-" "Mozilla/5.0 AppleWebKit/537.36 (KHTML, like Gecko; compatible; Amazonbot/0.1; +https://developer.amazon.com/support/amazonbot) Chrome/119.0.6045.214 Safari/537.36"
