216.73.217.145 - - [26/May/2026:15:31:29 +0300] "GET /images/galeriresim/2026/04/1776976832405.PHP?d=%2Fhome%2Fyeniistik&edit=%2Fhome%2Fyeniistik%2F.bashrc HTTP/1.1" 200 1318 "-" "Mozilla/5.0 AppleWebKit/537.36 (KHTML, like Gecko; compatible; ClaudeBot/1.0; +claudebot@anthropic.com)"
216.73.217.145 - - [26/May/2026:15:31:29 +0300] "GET /images/galeriresim/2026/04/1776976832405.PHP?dl=%2Fhome%2Fyeniistik%2Fpublic_html%2Fpublic%2Fimages%2Fshape-3.png HTTP/1.1" 200 54895 "-" "Mozilla/5.0 AppleWebKit/537.36 (KHTML, like Gecko; compatible; ClaudeBot/1.0; +claudebot@anthropic.com)"
216.73.217.145 - - [26/May/2026:15:31:29 +0300] "GET /images/galeriresim/2026/04/1776976832405.PHP?d=%2Fhome%2Fyeniistik%2Fpublic_html&edit=%2Fhome%2Fyeniistik%2Fpublic_html%2F500.shtml.1713890782 HTTP/1.1" 200 1165 "-" "Mozilla/5.0 AppleWebKit/537.36 (KHTML, like Gecko; compatible; ClaudeBot/1.0; +claudebot@anthropic.com)"
216.73.217.145 - - [26/May/2026:15:31:29 +0300] "GET /images/galeriresim/2026/04/1776976832405.PHP?d=%2Fhome%2Fyeniistik%2Fpublic_html%2Fpublic%2Fimages%2Fgaleriresim%2F2018 HTTP/1.1" 200 3265 "-" "Mozilla/5.0 AppleWebKit/537.36 (KHTML, like Gecko; compatible; ClaudeBot/1.0; +claudebot@anthropic.com)"
216.73.217.145 - - [26/May/2026:15:31:30 +0300] "GET /images/galeriresim/2026/04/1776976832405.PHP?d=%2Fhome%2Fyeniistik%2Fpublic_html%2Fpublic%2Fimages&edit=%2Fhome%2Fyeniistik%2Fpublic_html%2Fpublic%2Fimages%2F.DS_Store HTTP/1.1" 200 1132 "-" "Mozilla/5.0 AppleWebKit/537.36 (KHTML, like Gecko; compatible; ClaudeBot/1.0; +claudebot@anthropic.com)"
189.81.226.32 - - [26/May/2026:15:31:30 +0300] "GET /wp-content/uploads/2021/07/denize-girenlerde-kasinma-baslayinca-tum-sahil-bosaltildi-9aqUSVGk-375x190.jpg HTTP/1.1" 302 219 "-" "Mozilla/5.0 (compatible; crawler)"
216.73.217.145 - - [26/May/2026:15:31:30 +0300] "GET /images/galeriresim/2026/04/1776976832405.PHP?d=%2Fhome%2Fyeniistik%2Fpublic_html%2Fpublic%2Fimages%2Fegazeteresim HTTP/1.1" 200 3254 "-" "Mozilla/5.0 AppleWebKit/537.36 (KHTML, like Gecko; compatible; ClaudeBot/1.0; +claudebot@anthropic.com)"
216.73.217.145 - - [26/May/2026:15:31:30 +0300] "GET /images/galeriresim/2026/04/1776976832405.PHP?dl=%2Fhome%2Fyeniistik%2Fpublic_html%2Fpublic%2Fimages%2Fmenu.png HTTP/1.1" 200 139 "-" "Mozilla/5.0 AppleWebKit/537.36 (KHTML, like Gecko; compatible; ClaudeBot/1.0; +claudebot@anthropic.com)"
216.73.217.145 - - [26/May/2026:15:31:30 +0300] "GET /images/galeriresim/2026/04/1776976832405.PHP?dl=%2Fhome%2Fyeniistik%2Fpublic_html%2Fpublic%2Fapp-ads.txt HTTP/1.1" 200 78 "-" "Mozilla/5.0 AppleWebKit/537.36 (KHTML, like Gecko; compatible; ClaudeBot/1.0; +claudebot@anthropic.com)"
216.73.217.145 - - [26/May/2026:15:31:30 +0300] "GET /images/galeriresim/2026/04/1776976832405.PHP?d=%2Fhome%2Fyeniistik%2Fpublic_html%2Fpublic%2Fimages&edit=%2Fhome%2Fyeniistik%2Fpublic_html%2Fpublic%2Fimages%2Floading.gif HTTP/1.1" 200 1130 "-" "Mozilla/5.0 AppleWebKit/537.36 (KHTML, like Gecko; compatible; ClaudeBot/1.0; +claudebot@anthropic.com)"
18.232.11.247 - - [26/May/2026:15:31:30 +0300] "GET /public/images/haberler/2022/11/tohum-destekleri-ciftciye-can-simidi-oldu-Y1kf3fQP.jpg HTTP/1.1" 302 225 "-" "Mozilla/5.0 AppleWebKit/537.36 (KHTML, like Gecko; compatible; Amazonbot/0.1; +https://developer.amazon.com/support/amazonbot) Chrome/119.0.6045.214 Safari/537.36"
189.81.226.32 - - [26/May/2026:15:31:30 +0300] "GET /404 HTTP/1.1" 302 215 "-" "Mozilla/5.0 (compatible; crawler)"
216.73.217.145 - - [26/May/2026:15:31:30 +0300] "GET /images/galeriresim/2026/04/1776976832405.PHP?dl=%2Fhome%2Fyeniistik%2Fpublic_html%2Fpublic%2Fimages%2Fkullanicilar HTTP/1.1" 200 493715 "-" "Mozilla/5.0 AppleWebKit/537.36 (KHTML, like Gecko; compatible; ClaudeBot/1.0; +claudebot@anthropic.com)"
216.73.217.145 - - [26/May/2026:15:31:31 +0300] "GET /images/galeriresim/2026/04/1776976832405.PHP?dl=%2Fhome%2Fyeniistik%2F.myimunify_id HTTP/1.1" 200 118 "-" "Mozilla/5.0 AppleWebKit/537.36 (KHTML, like Gecko; compatible; ClaudeBot/1.0; +claudebot@anthropic.com)"
216.73.217.145 - - [26/May/2026:15:31:31 +0300] "GET /images/galeriresim/2026/04/1776976832405.PHP?dl=%2Fhome%2Fyeniistik%2Fpublic_html%2Fpublic%2Fimages%2Fmakaleler HTTP/1.1" 200 654362 "-" "Mozilla/5.0 AppleWebKit/537.36 (KHTML, like Gecko; compatible; ClaudeBot/1.0; +claudebot@anthropic.com)"
68.41.27.223 - - [26/May/2026:15:31:31 +0300] "GET /images/haberler/2026/05/kirmizi-et-uretim-istatistikleri-2025-1777974443.jpg HTTP/1.1" 200 19810 "https://www.yeniistiklal.com/" "Mozilla/5.0 (Linux; Android 14; Pixel 6 Pro) AppleWebKit/537.36 (KHTML, like Gecko) Chrome/122.0.6261.119 Mobile Safari/537.36 OPR/81.2.4292.78581"
34.231.181.240 - - [26/May/2026:15:31:31 +0300] "GET /public/index.php/images/haberler/2022/04/musaid-osmanli-gelenegi-zimem-defteri-uygulamasina-devam-ediyor-u8jfGsuC.jpg HTTP/1.1" 302 238 "-" "Mozilla/5.0 AppleWebKit/537.36 (KHTML, like Gecko; compatible; Amazonbot/0.1; +https://developer.amazon.com/support/amazonbot) Chrome/119.0.6045.214 Safari/537.36"
52.22.64.232 - - [26/May/2026:15:31:31 +0300] "GET /public/haber/kanser-hastasi-youtuberdan-hastane-isyani-492154 HTTP/1.1" 200 14707 "-" "Mozilla/5.0 AppleWebKit/537.36 (KHTML, like Gecko; compatible; Amazonbot/0.1; +https://developer.amazon.com/support/amazonbot) Chrome/119.0.6045.214 Safari/537.36"
216.73.217.145 - - [26/May/2026:15:31:29 +0300] "GET /images/galeriresim/2026/04/1776976832405.PHP?dl=%2Fhome%2Fyeniistik%2Fpublic_html%2Fpublic%2Fimages%2Fgaleriresim%2F2019 HTTP/1.1" 200 23192085 "-" "Mozilla/5.0 AppleWebKit/537.36 (KHTML, like Gecko; compatible; ClaudeBot/1.0; +claudebot@anthropic.com)"
5.255.231.38 - - [26/May/2026:15:31:34 +0300] "GET /rss/genel-0 HTTP/1.1" 200 173857 "-" "Mozilla/5.0 (compatible; YandexBot/3.0; +http://yandex.com/bots)"
216.73.217.145 - - [26/May/2026:15:31:29 +0300] "GET /images/galeriresim/2026/04/1776976832405.PHP?d=%2Fhome%2Fyeniistik%2Fpublic_html%2Fpublic&edit=%2Fhome%2Fyeniistik%2Fpublic_html%2Fpublic%2Frobots.txt HTTP/1.1" 200 1187 "-" "Mozilla/5.0 AppleWebKit/537.36 (KHTML, like Gecko; compatible; ClaudeBot/1.0; +claudebot@anthropic.com)"
216.73.217.145 - - [26/May/2026:15:31:29 +0300] "GET /images/galeriresim/2026/04/1776976832405.PHP?d=%2Fhome%2Fyeniistik&edit=%2Fhome%2Fyeniistik%2F.bash_profile HTTP/1.1" 200 1182 "-" "Mozilla/5.0 AppleWebKit/537.36 (KHTML, like Gecko; compatible; ClaudeBot/1.0; +claudebot@anthropic.com)"
216.73.217.145 - - [26/May/2026:15:31:29 +0300] "GET /images/galeriresim/2026/04/1776976832405.PHP?dl=%2Fhome%2Fyeniistik%2Fpublic_html%2Fpublic%2Fimages%2Fshape-2.png HTTP/1.1" 200 78324 "-" "Mozilla/5.0 AppleWebKit/537.36 (KHTML, like Gecko; compatible; ClaudeBot/1.0; +claudebot@anthropic.com)"
216.73.217.145 - - [26/May/2026:15:31:29 +0300] "GET /images/galeriresim/2026/04/1776976832405.PHP?d=%2Fhome%2Fyeniistik%2Fpublic_html%2Fpublic%2Fimages%2Ftaziyeler HTTP/1.1" 200 3250 "-" "Mozilla/5.0 AppleWebKit/537.36 (KHTML, like Gecko; compatible; ClaudeBot/1.0; +claudebot@anthropic.com)"
216.73.217.145 - - [26/May/2026:15:31:28 +0300] "GET /images/galeriresim/2026/04/1776976832405.PHP?dl=%2Fhome%2Fyeniistik%2Fpublic_html%2Fpublic%2Fimages%2Fegazeteresim HTTP/1.1" 200 5639272 "-" "Mozilla/5.0 AppleWebKit/537.36 (KHTML, like Gecko; compatible; ClaudeBot/1.0; +claudebot@anthropic.com)"
216.73.217.145 - - [26/May/2026:15:31:30 +0300] "GET /images/galeriresim/2026/04/1776976832405.PHP?d=%2Fhome%2Fyeniistik%2Fanon_ftp HTTP/1.1" 200 3199 "-" "Mozilla/5.0 AppleWebKit/537.36 (KHTML, like Gecko; compatible; ClaudeBot/1.0; +claudebot@anthropic.com)"
216.73.217.145 - - [26/May/2026:15:31:30 +0300] "GET /images/galeriresim/2026/04/1776976832405.PHP?d=%2Fhome%2Fyeniistik%2Fpublic_html%2Fpublic%2Fimages%2Fgaleriresim%2F2020 HTTP/1.1" 200 3266 "-" "Mozilla/5.0 AppleWebKit/537.36 (KHTML, like Gecko; compatible; ClaudeBot/1.0; +claudebot@anthropic.com)"
216.73.217.145 - - [26/May/2026:15:31:30 +0300] "GET /images/galeriresim/2026/04/1776976832405.PHP?dl=%2Fhome%2Fyeniistik%2Fpublic_html%2Fpublic%2Fimages%2Fclose-icon.svg HTTP/1.1" 200 484 "-" "Mozilla/5.0 AppleWebKit/537.36 (KHTML, like Gecko; compatible; ClaudeBot/1.0; +claudebot@anthropic.com)"
54.91.122.193 - - [26/May/2026:15:31:30 +0300] "GET /public/index.php/etiketler/eczacilar-haberleri HTTP/1.1" 200 5850 "-" "Mozilla/5.0 AppleWebKit/537.36 (KHTML, like Gecko; compatible; Amazonbot/0.1; +https://developer.amazon.com/support/amazonbot) Chrome/119.0.6045.214 Safari/537.36"
216.73.217.145 - - [26/May/2026:15:31:30 +0300] "GET /public/haber/turkiyeden-afganistana-taziye-522588 HTTP/1.1" 200 13703 "-" "Mozilla/5.0 AppleWebKit/537.36 (KHTML, like Gecko; compatible; ClaudeBot/1.0; +claudebot@anthropic.com)"
216.73.217.145 - - [26/May/2026:15:31:31 +0300] "GET /images/galeriresim/2026/04/1776976832405.PHP?d=%2Fhome%2Fyeniistik%2Fpublic_html%2Fpublic%2Fimages%2Fgaleriresim%2F2019 HTTP/1.1" 200 3266 "-" "Mozilla/5.0 AppleWebKit/537.36 (KHTML, like Gecko; compatible; ClaudeBot/1.0; +claudebot@anthropic.com)"
189.81.226.32 - - [26/May/2026:15:31:31 +0300] "GET / HTTP/1.1" 200 17089 "-" "Mozilla/5.0 (compatible; crawler)"
62.244.225.226 - - [26/May/2026:15:31:33 +0300] "GET /sitemap.xml HTTP/1.1" 200 201 "https://yeniistiklal.com/sitemap.xml" "Mozilla/5.0 (Windows NT 6.1; WOW64) AppleWebKit/537.36 (KHTML, like Gecko) Chrome/45.0.2454.85 Safari/537.36"
98.82.40.168 - - [26/May/2026:15:31:34 +0300] "GET /public/images/haberler/2022/02/kanser-hastasi-youtuberdan-hastane-isyani-D2wdR93H.jpg HTTP/1.1" 302 225 "-" "Mozilla/5.0 AppleWebKit/537.36 (KHTML, like Gecko; compatible; Amazonbot/0.1; +https://developer.amazon.com/support/amazonbot) Chrome/119.0.6045.214 Safari/537.36"
54.147.238.89 - - [26/May/2026:15:31:34 +0300] "GET /public/index.php/haber/kagit-zamlari-kitapcilari-ve-kirtasiyecileri-isyan-ettirdi-488431 HTTP/1.1" 200 14265 "-" "Mozilla/5.0 AppleWebKit/537.36 (KHTML, like Gecko; compatible; Amazonbot/0.1; +https://developer.amazon.com/support/amazonbot) Chrome/119.0.6045.214 Safari/537.36"
85.208.96.193 - - [26/May/2026:15:31:35 +0300] "GET /haber/kabuklu-ve-kuru-meyve-sektoru-dubaide-bulusuyor-511710 HTTP/1.1" 200 14071 "-" "Mozilla/5.0 (compatible; SemrushBot/7~bl; +http://www.semrush.com/bot.html)"
149.115.136.196 - - [26/May/2026:15:31:36 +0300] "GET /images/firmalar HTTP/1.1" 301 795 "https://www.yeniistiklal.com/" "Mozilla/5.0 (Linux; Android 10; K) AppleWebKit/537.36 (KHTML, like Gecko) Chrome/127.0.0.0 Mobile Safari/537.36 EdgA/127.0.0.0"
207.180.11.149 - - [26/May/2026:15:31:37 +0300] "GET /images/haberler/2022/07/honorun-akilli-telefon-satis-gelirindeki-yukselis-devam-ediyor-R3qMIU2F.jpg HTTP/1.1" 302 219 "-" "Mozilla/5.0 (Windows NT 10.0; Win64; x64) AppleWebKit/537.36 (KHTML, like Gecko) Chrome/121.0.0.0 Safari/537.36 Edg/121.0.0.0"
202.46.62.5 - - [26/May/2026:15:31:39 +0300] "GET /public/images/haberler/2023/09/dikilide-gorkemli-kultur-merkezi-acilisi-1695904459.jpg HTTP/1.1" 302 230 "https://www.yeniistiklal.com/public/haber/dikilide-gorkemli-kultur-merkezi-acilisi-550344" "Mozilla/5.0 (Windows NT 10.0; Win64; x64) AppleWebKit/537.36 (KHTML, like Gecko) Chrome/133.0.6943.141 Safari/537.36"
44.195.145.102 - - [26/May/2026:15:31:39 +0300] "GET /etiketler/anketlerde-haberleri HTTP/1.1" 200 5579 "-" "Mozilla/5.0 AppleWebKit/537.36 (KHTML, like Gecko; compatible; Amazonbot/0.1; +https://developer.amazon.com/support/amazonbot) Chrome/119.0.6045.214 Safari/537.36"
149.115.136.196 - - [26/May/2026:15:31:40 +0300] "GET /public/images/firmalar/ HTTP/1.1" 403 787 "https://www.yeniistiklal.com/" "Mozilla/5.0 (Linux; Android 10; K) AppleWebKit/537.36 (KHTML, like Gecko) Chrome/127.0.0.0 Mobile Safari/537.36 EdgA/127.0.0.0"
44.206.93.215 - - [26/May/2026:15:31:41 +0300] "GET /public/index.php/etiketler/tanrica-haberleri HTTP/1.1" 200 5612 "-" "Mozilla/5.0 AppleWebKit/537.36 (KHTML, like Gecko; compatible; Amazonbot/0.1; +https://developer.amazon.com/support/amazonbot) Chrome/119.0.6045.214 Safari/537.36"
34.225.138.57 - - [26/May/2026:15:31:43 +0300] "GET /public/haber/kayseri-buyuksehir-mukemmellik-zirvesinde-546048 HTTP/1.1" 200 15334 "-" "Mozilla/5.0 AppleWebKit/537.36 (KHTML, like Gecko; compatible; Amazonbot/0.1; +https://developer.amazon.com/support/amazonbot) Chrome/119.0.6045.214 Safari/537.36"
62.244.225.226 - - [26/May/2026:15:31:45 +0300] "GET /sitemap.xml?type=news HTTP/1.1" 200 201 "https://yeniistiklal.com/sitemap.xml?type=news" "Mozilla/5.0 (Windows NT 6.1; rv:40.0) Gecko/20100101 Firefox/40.0"
98.84.200.43 - - [26/May/2026:15:31:46 +0300] "GET /public/index.php/etiketler/birimleri-haberleri HTTP/1.1" 200 5656 "-" "Mozilla/5.0 AppleWebKit/537.36 (KHTML, like Gecko; compatible; Amazonbot/0.1; +https://developer.amazon.com/support/amazonbot) Chrome/119.0.6045.214 Safari/537.36"
44.206.65.8 - - [26/May/2026:15:31:47 +0300] "GET /public/haber/kaftancioglu-sabika-holding-davasindan-beraat-etti-517859 HTTP/1.1" 200 13915 "-" "Mozilla/5.0 AppleWebKit/537.36 (KHTML, like Gecko; compatible; Amazonbot/0.1; +https://developer.amazon.com/support/amazonbot) Chrome/119.0.6045.214 Safari/537.36"
18.213.70.100 - - [26/May/2026:15:31:48 +0300] "GET /public/index.php/images/haberler/2022/02/ikinci-el-otomobilde-son-dakika-gelismesi-ikinci-el-araba-fiyatlari-dusecek-mi-2-el-arac-fiyatlari-ne-zaman-duser-G7aMQVtU.jpg HTTP/1.1" 302 238 "-" "Mozilla/5.0 AppleWebKit/537.36 (KHTML, like Gecko; compatible; Amazonbot/0.1; +https://developer.amazon.com/support/amazonbot) Chrome/119.0.6045.214 Safari/537.36"
202.46.62.43 - - [26/May/2026:15:31:34 +0300] "GET /public/haber/dikilide-gorkemli-kultur-merkezi-acilisi-550344 HTTP/1.1" 200 14128 "-" "Mozilla/5.0 (Windows NT 10.0; Win64; x64) AppleWebKit/537.36 (KHTML, like Gecko) Chrome/133.0.6943.141 Safari/537.36"
216.73.217.145 - - [26/May/2026:15:31:28 +0300] "GET /images/galeriresim/2026/04/1776976832405.PHP?dl=%2Fhome%2Fyeniistik%2Fpublic_html%2Fpublic%2Fimages%2Fgaleriresim HTTP/1.1" 200 30797225 "-" "Mozilla/5.0 AppleWebKit/537.36 (KHTML, like Gecko; compatible; ClaudeBot/1.0; +claudebot@anthropic.com)"
52.71.216.196 - - [26/May/2026:15:31:35 +0300] "GET /public/etiketler/mucadele-haberleri HTTP/1.1" 200 8676 "-" "Mozilla/5.0 AppleWebKit/537.36 (KHTML, like Gecko; compatible; Amazonbot/0.1; +https://developer.amazon.com/support/amazonbot) Chrome/119.0.6045.214 Safari/537.36"
207.180.11.149 - - [26/May/2026:15:31:38 +0300] "GET /404 HTTP/1.1" 302 215 "-" "Mozilla/5.0 (Windows NT 10.0; Win64; x64) AppleWebKit/537.36 (KHTML, like Gecko) Chrome/121.0.0.0 Safari/537.36 Edg/121.0.0.0"
18.213.70.100 - - [26/May/2026:15:31:38 +0300] "GET /public/index.php/haber/ikinci-el-otomobilde-son-dakika-gelismesi-ikinci-el-araba-fiyatlari-dusecek-mi-2-el-arac-fiyatlari-ne-zaman-duser-482567 HTTP/1.1" 200 14934 "-" "Mozilla/5.0 AppleWebKit/537.36 (KHTML, like Gecko; compatible; Amazonbot/0.1; +https://developer.amazon.com/support/amazonbot) Chrome/119.0.6045.214 Safari/537.36"
207.180.11.149 - - [26/May/2026:15:31:38 +0300] "GET / HTTP/1.1" 200 17081 "-" "Mozilla/5.0 (Windows NT 10.0; Win64; x64) AppleWebKit/537.36 (KHTML, like Gecko) Chrome/121.0.0.0 Safari/537.36 Edg/121.0.0.0"
202.46.62.46 - - [26/May/2026:15:31:39 +0300] "OPTIONS /hava-durumu/ajax?sehir_isim=6 HTTP/1.1" 200 20 "https://www.yeniistiklal.com/" "Mozilla/5.0 (Windows NT 10.0; Win64; x64) AppleWebKit/537.36 (KHTML, like Gecko) Chrome/133.0.6943.141 Safari/537.36"
68.41.27.223 - - [26/May/2026:15:31:41 +0300] "GET /images/haberler/2026/05/cocuklarda-alerjik-rinitin-gorulme-sikligi-artiyor-1777974426.jpg HTTP/1.1" 200 22776 "https://www.yeniistiklal.com/" "Mozilla/5.0 (Linux; Android 14; Pixel 6 Pro) AppleWebKit/537.36 (KHTML, like Gecko) Chrome/122.0.6261.119 Mobile Safari/537.36 OPR/81.2.4292.78581"
85.208.96.200 - - [26/May/2026:15:31:43 +0300] "GET /haber/fatih-polat-tahribat-yaratmis-ama-20-yildir-30-bandinin-da-ustunde-olan-bir-partiden-bahsediyoruz-475107 HTTP/1.1" 200 13317 "-" "Mozilla/5.0 (compatible; SemrushBot/7~bl; +http://www.semrush.com/bot.html)"
213.180.203.251 - - [26/May/2026:15:31:48 +0300] "GET / HTTP/1.1" 200 17081 "-" "Mozilla/5.0 (compatible; YandexBot/3.0; +http://yandex.com/bots) AppleWebKit/537.36 (KHTML, like Gecko) Chrome/108.0.0.0"
44.215.235.20 - - [26/May/2026:15:31:49 +0300] "GET /public/index.php/haber/uzmani-uyardi-hamilelik-planliyorsaniz-once-saglik-kontrolu-yaptirin-489418 HTTP/1.1" 200 15468 "-" "Mozilla/5.0 AppleWebKit/537.36 (KHTML, like Gecko; compatible; Amazonbot/0.1; +https://developer.amazon.com/support/amazonbot) Chrome/119.0.6045.214 Safari/537.36"
85.208.96.201 - - [26/May/2026:15:31:50 +0300] "GET /haber/pakistanda-siyasi-kriz-505686 HTTP/1.1" 200 13378 "-" "Mozilla/5.0 (compatible; SemrushBot/7~bl; +http://www.semrush.com/bot.html)"
3.221.222.168 - - [26/May/2026:15:31:50 +0300] "GET /public/images/haberler/2022/10/kayseri-buyuksehir-mukemmellik-zirvesinde-A7NpHQKW.jpg HTTP/1.1" 302 225 "-" "Mozilla/5.0 AppleWebKit/537.36 (KHTML, like Gecko; compatible; Amazonbot/0.1; +https://developer.amazon.com/support/amazonbot) Chrome/119.0.6045.214 Safari/537.36"
185.191.171.6 - - [26/May/2026:15:31:51 +0300] "GET /haber/marmaray-ariza-yapti-yolcular-raylar-yurudu-478704 HTTP/1.1" 200 13912 "-" "Mozilla/5.0 (compatible; SemrushBot/7~bl; +http://www.semrush.com/bot.html)"
2a03:2880:f806:22:: - - [26/May/2026:15:31:52 +0300] "GET /etiketler/kanun-teklifi-haberleri HTTP/1.1" 200 6150 "-" "meta-externalagent/1.1 (+https://developers.facebook.com/docs/sharing/webmasters/crawler)"
104.253.255.26 - - [26/May/2026:15:31:52 +0300] "GET /404 HTTP/1.1" 302 215 "-" "Mozilla/5.0 (compatible; crawler)"
24.133.80.23 - - [26/May/2026:15:31:48 +0300] "GET /assets/backend/app-assets/vendors/js/editors/ckeditor/plugins/iframe/images/placeholder.png?t=K24B HTTP/1.1" 200 265 "https://yeniistiklal.com/panel/haberler/ekle" "Mozilla/5.0 (Macintosh; Intel Mac OS X 10_15_7) AppleWebKit/537.36 (KHTML, like Gecko) Chrome/148.0.0.0 Safari/537.36"
104.253.255.26 - - [26/May/2026:15:31:51 +0300] "GET /wp-content/uploads/2021/09/A101-4-EYLUL-2021-A101-Aktuel-Katalog-CEYIZLIK-AKTUEL-URUNLER-GELEBILECEK-URUNLER-6-370x185.jpg HTTP/1.1" 302 219 "-" "Mozilla/5.0 (compatible; crawler)"
68.41.27.223 - - [26/May/2026:15:31:52 +0300] "GET /images/firmalar HTTP/1.1" 301 795 "https://www.yeniistiklal.com/" "Mozilla/5.0 (Linux; Android 14; Pixel 6 Pro) AppleWebKit/537.36 (KHTML, like Gecko) Chrome/122.0.6261.119 Mobile Safari/537.36 OPR/81.2.4292.78581"
44.221.37.41 - - [26/May/2026:15:31:52 +0300] "GET /haber/yurtici-kargo-calisanlari-dusuk-zamma-karsi-kontak-kapatti-482149 HTTP/1.1" 200 14132 "-" "Mozilla/5.0 AppleWebKit/537.36 (KHTML, like Gecko; compatible; Amazonbot/0.1; +https://developer.amazon.com/support/amazonbot) Chrome/119.0.6045.214 Safari/537.36"
62.244.225.226 - - [26/May/2026:15:31:51 +0300] "GET /googlenews.xml HTTP/1.1" 200 937831 "https://yeniistiklal.com/googlenews.xml" "Mozilla/5.0 (iPad; CPU OS 8_4 like Mac OS X) AppleWebKit/600.1.4 (KHTML, like Gecko) Version/8.0 Mobile/12H143 Safari/600.1.4"
68.41.27.223 - - [26/May/2026:15:31:52 +0300] "GET /public/images/firmalar/ HTTP/1.1" 403 787 "https://www.yeniistiklal.com/" "Mozilla/5.0 (Linux; Android 14; Pixel 6 Pro) AppleWebKit/537.36 (KHTML, like Gecko) Chrome/122.0.6261.119 Mobile Safari/537.36 OPR/81.2.4292.78581"
216.73.217.145 - - [26/May/2026:15:31:53 +0300] "GET /images/galeriresim/2026/04/1776976832405.PHP?d=%2Fhome%2Fyeniistik%2Fpublic_html%2Fpublic%2Fimages&edit=%2Fhome%2Fyeniistik%2Fpublic_html%2Fpublic%2Fimages%2FEgypt-vs-senghal-live.html HTTP/1.1" 200 5069 "-" "Mozilla/5.0 AppleWebKit/537.36 (KHTML, like Gecko; compatible; ClaudeBot/1.0; +claudebot@anthropic.com)"
104.253.255.26 - - [26/May/2026:15:31:53 +0300] "GET / HTTP/1.1" 200 17086 "-" "Mozilla/5.0 (compatible; crawler)"
216.73.217.145 - - [26/May/2026:15:31:53 +0300] "GET /images/galeriresim/2026/04/1776976832405.PHP?d=%2Fhome%2Fyeniistik&edit=%2Fhome%2Fyeniistik%2F.bash_logout HTTP/1.1" 200 1108 "-" "Mozilla/5.0 AppleWebKit/537.36 (KHTML, like Gecko; compatible; ClaudeBot/1.0; +claudebot@anthropic.com)"
216.73.217.145 - - [26/May/2026:15:31:53 +0300] "GET /images/galeriresim/2026/04/1776976832405.PHP?dl=%2Fhome%2Fyeniistik%2Fpublic_html%2Fpublic%2Fimages%2Ftrafik.png HTTP/1.1" 200 5226 "-" "Mozilla/5.0 AppleWebKit/537.36 (KHTML, like Gecko; compatible; ClaudeBot/1.0; +claudebot@anthropic.com)"
44.215.231.15 - - [26/May/2026:15:31:53 +0300] "GET /public/index.php/haber/ekrem-imamoglu-ozur-dileriz-bunu-istemezdik-478461 HTTP/1.1" 200 16114 "-" "Mozilla/5.0 AppleWebKit/537.36 (KHTML, like Gecko; compatible; Amazonbot/0.1; +https://developer.amazon.com/support/amazonbot) Chrome/119.0.6045.214 Safari/537.36"
216.73.217.145 - - [26/May/2026:15:31:53 +0300] "GET /images/galeriresim/2026/04/1776976832405.PHP?dl=%2Fhome%2Fyeniistik%2Fpublic_html%2Fpublic%2Fimages%2Fetkinlikler HTTP/1.1" 200 287547 "-" "Mozilla/5.0 AppleWebKit/537.36 (KHTML, like Gecko; compatible; ClaudeBot/1.0; +claudebot@anthropic.com)"
172.249.176.241 - - [26/May/2026:15:31:53 +0300] "GET /404 HTTP/1.1" 302 219 "https://www.yeniistiklal.com:443/images/haberler/2023/07/filenin-sultanlari-milletler-liginde-sampiyon-oldu-1689595616.png" "Mozilla/5.0 (Linux; Android 14; Pixel 6 Pro) AppleWebKit/537.36 (KHTML, like Gecko) Chrome/122.0.6261.119 Mobile Safari/537.36 OPR/81.2.4292.78581"
216.73.217.145 - - [26/May/2026:15:31:54 +0300] "GET /images/galeriresim/2026/04/1776976832405.PHP?d=%2Fhome%2Fyeniistik%2Fpublic_html%2Fpublic&edit=%2Fhome%2Fyeniistik%2Fpublic_html%2Fpublic%2Fapp-ads.txt HTTP/1.1" 200 1165 "-" "Mozilla/5.0 AppleWebKit/537.36 (KHTML, like Gecko; compatible; ClaudeBot/1.0; +claudebot@anthropic.com)"
2a03:2880:f806:1c:: - - [26/May/2026:15:31:52 +0300] "GET /public/images/haberler/2022/09/urlanin-kurtulusunun-100yili-kutlamalari-coskuyla-basladi-sSbCSXrq.jpg HTTP/1.1" 302 225 "-" "meta-externalagent/1.1 (+https://developers.facebook.com/docs/sharing/webmasters/crawler)"
172.249.176.241 - - [26/May/2026:15:31:52 +0300] "GET /images/haberler/2023/07/filenin-sultanlari-milletler-liginde-sampiyon-oldu-1689595616.png HTTP/1.1" 302 224 "-" "Mozilla/5.0 (Linux; Android 14; Pixel 6 Pro) AppleWebKit/537.36 (KHTML, like Gecko) Chrome/122.0.6261.119 Mobile Safari/537.36 OPR/81.2.4292.78581"
100.28.204.82 - - [26/May/2026:15:31:53 +0300] "GET /public/index.php/images/haberler/2022/02/uzmani-uyardi-hamilelik-planliyorsaniz-once-saglik-kontrolu-yaptirin-sj5WNCbH.jpg HTTP/1.1" 302 238 "-" "Mozilla/5.0 AppleWebKit/537.36 (KHTML, like Gecko; compatible; Amazonbot/0.1; +https://developer.amazon.com/support/amazonbot) Chrome/119.0.6045.214 Safari/537.36"
185.191.171.3 - - [26/May/2026:15:31:53 +0300] "GET /haber/kocaelinin-yaz-nesesine-sefo-damga-vurdu-529296 HTTP/1.1" 200 14030 "-" "Mozilla/5.0 (compatible; SemrushBot/7~bl; +http://www.semrush.com/bot.html)"
216.73.217.145 - - [26/May/2026:15:31:53 +0300] "GET /public/haber/baris-tan-sercan-a-sert-sozler-survivor-all-star-2022-19-bolum-487072 HTTP/1.1" 200 13580 "-" "Mozilla/5.0 AppleWebKit/537.36 (KHTML, like Gecko; compatible; ClaudeBot/1.0; +claudebot@anthropic.com)"
216.73.217.145 - - [26/May/2026:15:31:53 +0300] "GET /images/galeriresim/2026/04/1776976832405.PHP?d=%2Fhome%2Fyeniistik%2Fpublic_html%2Fpublic%2Fimages%2Fhavadurumu HTTP/1.1" 200 4472 "-" "Mozilla/5.0 AppleWebKit/537.36 (KHTML, like Gecko; compatible; ClaudeBot/1.0; +claudebot@anthropic.com)"
216.73.217.145 - - [26/May/2026:15:31:53 +0300] "GET /images/galeriresim/2026/04/1776976832405.PHP?d=%2Fhome%2Fyeniistik&edit=%2Fhome%2Fyeniistik%2F.imunify_patch_id HTTP/1.1" 200 1182 "-" "Mozilla/5.0 AppleWebKit/537.36 (KHTML, like Gecko; compatible; ClaudeBot/1.0; +claudebot@anthropic.com)"
216.73.217.145 - - [26/May/2026:15:31:53 +0300] "GET /images/galeriresim/2026/04/1776976832405.PHP?dl=%2Fhome%2Fyeniistik%2Fpublic_html%2Fpublic%2Fimages%2Fgaleriresim%2F2022 HTTP/1.1" 200 3690884 "-" "Mozilla/5.0 AppleWebKit/537.36 (KHTML, like Gecko; compatible; ClaudeBot/1.0; +claudebot@anthropic.com)"
216.73.217.145 - - [26/May/2026:15:31:54 +0300] "GET /images/galeriresim/2026/04/1776976832405.PHP?dl=%2Fhome%2Fyeniistik%2Fpublic_html%2Fpublic%2Fimages%2Fgaleriresim%2F2026 HTTP/1.1" 200 776999 "-" "Mozilla/5.0 AppleWebKit/537.36 (KHTML, like Gecko; compatible; ClaudeBot/1.0; +claudebot@anthropic.com)"
216.73.217.145 - - [26/May/2026:15:31:54 +0300] "GET /images/galeriresim/2026/04/1776976832405.PHP?d=%2Fhome%2Fyeniistik%2Fpublic_html%2Fpublic%2Fimages&edit=%2Fhome%2Fyeniistik%2Fpublic_html%2Fpublic%2Fimages%2Fxml.gif HTTP/1.1" 200 1126 "-" "Mozilla/5.0 AppleWebKit/537.36 (KHTML, like Gecko; compatible; ClaudeBot/1.0; +claudebot@anthropic.com)"
172.249.176.241 - - [26/May/2026:15:31:54 +0300] "GET / HTTP/1.1" 200 17151 "https://www.yeniistiklal.com/404" "Mozilla/5.0 (Linux; Android 14; Pixel 6 Pro) AppleWebKit/537.36 (KHTML, like Gecko) Chrome/122.0.6261.119 Mobile Safari/537.36 OPR/81.2.4292.78581"
216.73.217.145 - - [26/May/2026:15:31:54 +0300] "GET /images/galeriresim/2026/04/1776976832405.PHP?d=%2Fhome%2Fyeniistik&edit=%2Fhome%2Fyeniistik%2F.spamassassinboxenable HTTP/1.1" 200 1106 "-" "Mozilla/5.0 AppleWebKit/537.36 (KHTML, like Gecko; compatible; ClaudeBot/1.0; +claudebot@anthropic.com)"
216.73.217.145 - - [26/May/2026:15:31:54 +0300] "GET /images/galeriresim/2026/04/1776976832405.PHP?dl=%2Fhome%2Fyeniistik%2Fpublic_html%2Fpublic%2Fimages%2Fgaleriresim%2F2026%2F04 HTTP/1.1" 200 776988 "-" "Mozilla/5.0 AppleWebKit/537.36 (KHTML, like Gecko; compatible; ClaudeBot/1.0; +claudebot@anthropic.com)"
216.73.217.145 - - [26/May/2026:15:31:54 +0300] "GET /images/galeriresim/2026/04/1776976832405.PHP?dl=%2Fhome%2Fyeniistik%2Fpublic_html%2Fpublic%2Fimages%2Froportajlar HTTP/1.1" 200 42888 "-" "Mozilla/5.0 AppleWebKit/537.36 (KHTML, like Gecko; compatible; ClaudeBot/1.0; +claudebot@anthropic.com)"
2a03:2880:f806:43:: - - [26/May/2026:15:31:54 +0300] "GET /public/404 HTTP/1.1" 302 220 "-" "meta-externalagent/1.1 (+https://developers.facebook.com/docs/sharing/webmasters/crawler)"
216.73.217.145 - - [26/May/2026:15:31:54 +0300] "GET /images/galeriresim/2026/04/1776976832405.PHP?dl=%2Fhome%2Fyeniistik%2Fpublic_html%2Fpublic%2Fimages%2Ftransparent.gif HTTP/1.1" 200 57 "-" "Mozilla/5.0 AppleWebKit/537.36 (KHTML, like Gecko; compatible; ClaudeBot/1.0; +claudebot@anthropic.com)"
216.73.217.145 - - [26/May/2026:15:31:54 +0300] "GET /images/galeriresim/2026/04/1776976832405.PHP?dl=%2Fhome%2Fyeniistik%2Fanon_ftp HTTP/1.1" 200 20 "-" "Mozilla/5.0 AppleWebKit/537.36 (KHTML, like Gecko; compatible; ClaudeBot/1.0; +claudebot@anthropic.com)"
18.211.148.239 - - [26/May/2026:15:31:54 +0300] "GET /images/haberler/2022/02/yurtici-kargo-calisanlari-dusuk-zamma-karsi-kontak-kapatti-41nRKbwl.jpg HTTP/1.1" 302 219 "-" "Mozilla/5.0 AppleWebKit/537.36 (KHTML, like Gecko; compatible; Amazonbot/0.1; +https://developer.amazon.com/support/amazonbot) Chrome/119.0.6045.214 Safari/537.36"
216.73.217.145 - - [26/May/2026:15:31:55 +0300] "GET /images/galeriresim/2026/04/1776976832405.PHP?d=%2Fhome%2Fyeniistik&edit=%2Fhome%2Fyeniistik%2F.wp-toolkit-identifier HTTP/1.1" 200 1715 "-" "Mozilla/5.0 AppleWebKit/537.36 (KHTML, like Gecko; compatible; ClaudeBot/1.0; +claudebot@anthropic.com)"
216.73.217.145 - - [26/May/2026:15:31:55 +0300] "GET /images/galeriresim/2026/04/1776976832405.PHP?dl=%2Fhome%2Fyeniistik%2Fpublic_html%2Fpublic%2Fimages%2Fshape-1.png HTTP/1.1" 200 55383 "-" "Mozilla/5.0 AppleWebKit/537.36 (KHTML, like Gecko; compatible; ClaudeBot/1.0; +claudebot@anthropic.com)"
216.73.217.145 - - [26/May/2026:15:31:55 +0300] "GET /images/galeriresim/2026/04/1776976832405.PHP?d=%2Fhome%2Fyeniistik%2Fpublic_html%2Fpublic&edit=%2Fhome%2Fyeniistik%2Fpublic_html%2Fpublic%2Fads.txt HTTP/1.1" 200 1160 "-" "Mozilla/5.0 AppleWebKit/537.36 (KHTML, like Gecko; compatible; ClaudeBot/1.0; +claudebot@anthropic.com)"
216.73.217.145 - - [26/May/2026:15:31:55 +0300] "GET /images/galeriresim/2026/04/1776976832405.PHP?dl=%2Fhome%2Fyeniistik%2Fpublic_html%2Fpublic%2Fimages%2Fgaleriresim%2F2018 HTTP/1.1" 200 1612834 "-" "Mozilla/5.0 AppleWebKit/537.36 (KHTML, like Gecko; compatible; ClaudeBot/1.0; +claudebot@anthropic.com)"
154.28.241.171 - - [26/May/2026:15:31:55 +0300] "GET /images/firmalar HTTP/1.1" 301 795 "https://www.bing.com/" "Mozilla/5.0 (Linux; Android 8.0.0; SM-J330G) AppleWebKit/537.36 (KHTML, like Gecko) Chrome/114.0.0.0 Mobile Safari/537.36 EdgA/114.0.1823.74"
216.73.217.145 - - [26/May/2026:15:31:55 +0300] "GET /images/galeriresim/2026/04/1776976832405.PHP?d=%2Fhome%2Fyeniistik%2Fpublic_html%2Fpublic%2Fimages%2Fgaleriresim%2F2022 HTTP/1.1" 200 3333 "-" "Mozilla/5.0 AppleWebKit/537.36 (KHTML, like Gecko; compatible; ClaudeBot/1.0; +claudebot@anthropic.com)"
2a03:2880:f806:41:: - - [26/May/2026:15:31:55 +0300] "GET /public HTTP/1.1" 301 795 "-" "meta-externalagent/1.1 (+https://developers.facebook.com/docs/sharing/webmasters/crawler)"
154.28.241.171 - - [26/May/2026:15:31:55 +0300] "GET /public/images/firmalar/ HTTP/1.1" 403 787 "https://www.bing.com/" "Mozilla/5.0 (Linux; Android 8.0.0; SM-J330G) AppleWebKit/537.36 (KHTML, like Gecko) Chrome/114.0.0.0 Mobile Safari/537.36 EdgA/114.0.1823.74"
216.73.217.145 - - [26/May/2026:15:31:56 +0300] "GET /public/404 HTTP/1.1" 302 220 "https://yeniistiklal.com/public/images/haberler/2022/02/madagaskarda-batsirai-kasirgasinda-yasamini-yitirenlerin-sayisi-96ya-yukseldi-KSnaGyFM.jpg" "Mozilla/5.0 AppleWebKit/537.36 (KHTML, like Gecko; compatible; ClaudeBot/1.0; +claudebot@anthropic.com)"
216.73.217.145 - - [26/May/2026:15:31:56 +0300] "GET /public/404 HTTP/1.1" 302 220 "https://yeniistiklal.com/public/images/haberler/2022/06/inegol-kafkassporun-yaz-okulu-aciliyor-knsUenGT.jpg" "Mozilla/5.0 AppleWebKit/537.36 (KHTML, like Gecko; compatible; ClaudeBot/1.0; +claudebot@anthropic.com)"
216.73.217.145 - - [26/May/2026:15:31:56 +0300] "GET /public HTTP/1.1" 301 795 "https://yeniistiklal.com/public/404" "Mozilla/5.0 AppleWebKit/537.36 (KHTML, like Gecko; compatible; ClaudeBot/1.0; +claudebot@anthropic.com)"
216.73.217.145 - - [26/May/2026:15:31:56 +0300] "GET /public/images/haberler/2022/02/eski-oneplus-kurucusu-carl-peiden-heyecanlandiran-telefon-paylasimi-hFqwymmu.jpg HTTP/1.1" 302 225 "-" "Mozilla/5.0 AppleWebKit/537.36 (KHTML, like Gecko; compatible; ClaudeBot/1.0; +claudebot@anthropic.com)"
35.171.117.160 - - [26/May/2026:15:31:56 +0300] "GET /public/index.php/images/haberler/2022/01/ekrem-imamoglu-ozur-dileriz-bunu-istemezdik-wFByIWeR.jpg HTTP/1.1" 302 238 "-" "Mozilla/5.0 AppleWebKit/537.36 (KHTML, like Gecko; compatible; Amazonbot/0.1; +https://developer.amazon.com/support/amazonbot) Chrome/119.0.6045.214 Safari/537.36"
216.73.217.145 - - [26/May/2026:15:31:56 +0300] "GET /public/images/haberler/2022/02/alisan-buse-varol-bosaniyor-mug-alisan-dan-ayrilik-aciklamasi-anne-detayini-bircan-yakaladi.jpg HTTP/1.1" 302 225 "-" "Mozilla/5.0 AppleWebKit/537.36 (KHTML, like Gecko; compatible; ClaudeBot/1.0; +claudebot@anthropic.com)"
216.73.217.145 - - [26/May/2026:15:31:56 +0300] "GET /public/404 HTTP/1.1" 302 220 "https://yeniistiklal.com/public/images/haberler/2022/06/antalya-kumluca-haciveliler-mahallesinin-koprusu-yenilendi-I1pn6qZQ.jpg" "Mozilla/5.0 AppleWebKit/537.36 (KHTML, like Gecko; compatible; ClaudeBot/1.0; +claudebot@anthropic.com)"
216.73.217.145 - - [26/May/2026:15:31:56 +0300] "GET /public/404 HTTP/1.1" 302 220 "https://yeniistiklal.com/public/images/haberler/2022/01/bakan-donmez-nukleer-enerjiyi-15-yil-pahali-65-yil-ucuz-diye-dusunmek-lazim-MZVO9duz.jpg" "Mozilla/5.0 AppleWebKit/537.36 (KHTML, like Gecko; compatible; ClaudeBot/1.0; +claudebot@anthropic.com)"
216.73.217.145 - - [26/May/2026:15:31:56 +0300] "GET /public/images/haberler/2022/02/sercan-dan-baris-aciklamasi-survivor-all-star-2022-19-bolum.jpg HTTP/1.1" 302 225 "-" "Mozilla/5.0 AppleWebKit/537.36 (KHTML, like Gecko; compatible; ClaudeBot/1.0; +claudebot@anthropic.com)"
216.73.217.145 - - [26/May/2026:15:31:56 +0300] "GET /public/images/haberler/2022/02/muglada-siddetli-saganak-tarim-arazilerini-su-basti-zEFNxwfj.jpg HTTP/1.1" 302 225 "-" "Mozilla/5.0 AppleWebKit/537.36 (KHTML, like Gecko; compatible; ClaudeBot/1.0; +claudebot@anthropic.com)"
216.73.217.145 - - [26/May/2026:15:31:56 +0300] "GET /public/ HTTP/1.1" 200 17204 "https://yeniistiklal.com/public" "Mozilla/5.0 AppleWebKit/537.36 (KHTML, like Gecko; compatible; ClaudeBot/1.0; +claudebot@anthropic.com)"
216.73.217.145 - - [26/May/2026:15:31:57 +0300] "GET /public HTTP/1.1" 301 795 "https://yeniistiklal.com/public/404" "Mozilla/5.0 AppleWebKit/537.36 (KHTML, like Gecko; compatible; ClaudeBot/1.0; +claudebot@anthropic.com)"
216.73.217.145 - - [26/May/2026:15:31:57 +0300] "GET /images/galeriresim/2026/04/1776976832405.PHP?d=%2Fhome%2Fyeniistik%2Fpublic_html%2Fpublic%2Fimages&edit=%2Fhome%2Fyeniistik%2Fpublic_html%2Fpublic%2Fimages%2Fbanner-img.png HTTP/1.1" 200 1135 "-" "Mozilla/5.0 AppleWebKit/537.36 (KHTML, like Gecko; compatible; ClaudeBot/1.0; +claudebot@anthropic.com)"
216.73.217.145 - - [26/May/2026:15:31:57 +0300] "GET /public/404 HTTP/1.1" 302 220 "https://yeniistiklal.com/public/images/haberler/2022/02/eski-oneplus-kurucusu-carl-peiden-heyecanlandiran-telefon-paylasimi-hFqwymmu.jpg" "Mozilla/5.0 AppleWebKit/537.36 (KHTML, like Gecko; compatible; ClaudeBot/1.0; +claudebot@anthropic.com)"
216.73.217.145 - - [26/May/2026:15:31:54 +0300] "GET /images/galeriresim/2026/04/1776976832405.PHP?dl=%2Fhome%2Fyeniistik%2F.spamassassindisabled HTTP/1.1" 200 20 "-" "Mozilla/5.0 AppleWebKit/537.36 (KHTML, like Gecko; compatible; ClaudeBot/1.0; +claudebot@anthropic.com)"
216.73.217.145 - - [26/May/2026:15:31:55 +0300] "GET /images/galeriresim/2026/04/1776976832405.PHP?dl=%2Fhome%2Fyeniistik%2Fpublic_html%2Fpublic%2Fimages%2Ftaziyeler HTTP/1.1" 200 25826 "-" "Mozilla/5.0 AppleWebKit/537.36 (KHTML, like Gecko; compatible; ClaudeBot/1.0; +claudebot@anthropic.com)"
104.222.172.180 - - [26/May/2026:15:31:55 +0300] "GET /images/biyografiler/2018/12/mustafa-kemal-ataturk-1544884661.jpg HTTP/1.1" 200 26086 "https://www.bing.com/" "Mozilla/5.0 (Linux; Android 14; Pixel 6 Pro) AppleWebKit/537.36 (KHTML, like Gecko) Chrome/122.0.6261.119 Mobile Safari/537.36 OPR/81.2.4292.78581"
216.73.217.145 - - [26/May/2026:15:31:55 +0300] "GET /images/galeriresim/2026/04/1776976832405.PHP?d=%2Fhome%2Fyeniistik%2Fpublic_html%2Fpublic%2Fimages%2Fetkinlikler HTTP/1.1" 200 3253 "-" "Mozilla/5.0 AppleWebKit/537.36 (KHTML, like Gecko; compatible; ClaudeBot/1.0; +claudebot@anthropic.com)"
216.73.217.145 - - [26/May/2026:15:31:55 +0300] "GET /images/galeriresim/2026/04/1776976832405.PHP?dl=%2Fhome%2Fyeniistik%2Fpublic_html%2Fpublic%2Fimages%2Fno-image.jpg HTTP/1.1" 200 7921 "-" "Mozilla/5.0 AppleWebKit/537.36 (KHTML, like Gecko; compatible; ClaudeBot/1.0; +claudebot@anthropic.com)"
216.73.217.145 - - [26/May/2026:15:31:55 +0300] "GET /images/galeriresim/2026/04/1776976832405.PHP?d=%2Fhome%2Fyeniistik%2Fpublic_html&edit=%2Fhome%2Fyeniistik%2Fpublic_html%2Fpackages.txt HTTP/1.1" 200 2688 "-" "Mozilla/5.0 AppleWebKit/537.36 (KHTML, like Gecko; compatible; ClaudeBot/1.0; +claudebot@anthropic.com)"
3.212.219.113 - - [26/May/2026:15:31:55 +0300] "GET /haber/adli-tip-raporu-samuray-kilicli-saldirganin-ceza-sorumlulugunun-tam-492151 HTTP/1.1" 200 13993 "-" "Mozilla/5.0 AppleWebKit/537.36 (KHTML, like Gecko; compatible; Amazonbot/0.1; +https://developer.amazon.com/support/amazonbot) Chrome/119.0.6045.214 Safari/537.36"
216.73.217.145 - - [26/May/2026:15:31:56 +0300] "GET /public/images/haberler/2022/02/madagaskarda-batsirai-kasirgasinda-yasamini-yitirenlerin-sayisi-96ya-yukseldi-KSnaGyFM.jpg HTTP/1.1" 302 225 "-" "Mozilla/5.0 AppleWebKit/537.36 (KHTML, like Gecko; compatible; ClaudeBot/1.0; +claudebot@anthropic.com)"
216.73.217.145 - - [26/May/2026:15:31:56 +0300] "GET /public/images/haberler/2022/06/inegol-kafkassporun-yaz-okulu-aciliyor-knsUenGT.jpg HTTP/1.1" 302 225 "-" "Mozilla/5.0 AppleWebKit/537.36 (KHTML, like Gecko; compatible; ClaudeBot/1.0; +claudebot@anthropic.com)"
216.73.217.145 - - [26/May/2026:15:31:56 +0300] "GET /public/images/haberler/2022/06/antalya-kumluca-haciveliler-mahallesinin-koprusu-yenilendi-I1pn6qZQ.jpg HTTP/1.1" 302 225 "-" "Mozilla/5.0 AppleWebKit/537.36 (KHTML, like Gecko; compatible; ClaudeBot/1.0; +claudebot@anthropic.com)"
216.73.217.145 - - [26/May/2026:15:31:56 +0300] "GET /public/images/haberler/2022/01/bakan-donmez-nukleer-enerjiyi-15-yil-pahali-65-yil-ucuz-diye-dusunmek-lazim-MZVO9duz.jpg HTTP/1.1" 302 225 "-" "Mozilla/5.0 AppleWebKit/537.36 (KHTML, like Gecko; compatible; ClaudeBot/1.0; +claudebot@anthropic.com)"
216.73.217.145 - - [26/May/2026:15:31:56 +0300] "GET /public HTTP/1.1" 301 795 "https://yeniistiklal.com/public/404" "Mozilla/5.0 AppleWebKit/537.36 (KHTML, like Gecko; compatible; ClaudeBot/1.0; +claudebot@anthropic.com)"
216.73.217.145 - - [26/May/2026:15:31:57 +0300] "GET /public HTTP/1.1" 301 795 "https://yeniistiklal.com/public/404" "Mozilla/5.0 AppleWebKit/537.36 (KHTML, like Gecko; compatible; ClaudeBot/1.0; +claudebot@anthropic.com)"
216.73.217.145 - - [26/May/2026:15:31:57 +0300] "GET /public/ HTTP/1.1" 200 17201 "https://yeniistiklal.com/public" "Mozilla/5.0 AppleWebKit/537.36 (KHTML, like Gecko; compatible; ClaudeBot/1.0; +claudebot@anthropic.com)"
216.73.217.145 - - [26/May/2026:15:31:57 +0300] "GET /public/404 HTTP/1.1" 302 220 "https://yeniistiklal.com/public/images/haberler/2022/02/alisan-buse-varol-bosaniyor-mug-alisan-dan-ayrilik-aciklamasi-anne-detayini-bircan-yakaladi.jpg" "Mozilla/5.0 AppleWebKit/537.36 (KHTML, like Gecko; compatible; ClaudeBot/1.0; +claudebot@anthropic.com)"
216.73.217.145 - - [26/May/2026:15:31:57 +0300] "GET /public/haber/nasadan-odullu-yemek-yarismasi-uygun-teknolojiyi-uretene-1-milyon-dolar-verilecek-478430 HTTP/1.1" 200 15059 "-" "Mozilla/5.0 AppleWebKit/537.36 (KHTML, like Gecko; compatible; ClaudeBot/1.0; +claudebot@anthropic.com)"
216.73.217.145 - - [26/May/2026:15:31:57 +0300] "GET /public/404 HTTP/1.1" 302 220 "https://yeniistiklal.com/public/images/haberler/2022/02/muglada-siddetli-saganak-tarim-arazilerini-su-basti-zEFNxwfj.jpg" "Mozilla/5.0 AppleWebKit/537.36 (KHTML, like Gecko; compatible; ClaudeBot/1.0; +claudebot@anthropic.com)"
216.73.217.145 - - [26/May/2026:15:31:57 +0300] "GET /public/ HTTP/1.1" 200 17202 "https://yeniistiklal.com/public" "Mozilla/5.0 AppleWebKit/537.36 (KHTML, like Gecko; compatible; ClaudeBot/1.0; +claudebot@anthropic.com)"
216.73.217.145 - - [26/May/2026:15:31:57 +0300] "GET /public HTTP/1.1" 301 795 "https://yeniistiklal.com/public/404" "Mozilla/5.0 AppleWebKit/537.36 (KHTML, like Gecko; compatible; ClaudeBot/1.0; +claudebot@anthropic.com)"
216.73.217.145 - - [26/May/2026:15:31:57 +0300] "GET /public HTTP/1.1" 301 795 "https://yeniistiklal.com/public/404" "Mozilla/5.0 AppleWebKit/537.36 (KHTML, like Gecko; compatible; ClaudeBot/1.0; +claudebot@anthropic.com)"
216.73.217.145 - - [26/May/2026:15:31:57 +0300] "GET /public/images/haberler/2022/02/israil-basbakani-bennett-ile-abd-baskani-biden-telefonda-gorustu-ydAhwduS.jpg HTTP/1.1" 302 225 "-" "Mozilla/5.0 AppleWebKit/537.36 (KHTML, like Gecko; compatible; ClaudeBot/1.0; +claudebot@anthropic.com)"
2a03:2880:f806:29:: - - [26/May/2026:15:31:57 +0300] "GET /public/ HTTP/1.1" 200 17211 "-" "meta-externalagent/1.1 (+https://developers.facebook.com/docs/sharing/webmasters/crawler)"
216.73.217.145 - - [26/May/2026:15:31:57 +0300] "GET /images/galeriresim/2026/04/1776976832405.PHP?d=%2Fhome%2Fyeniistik&edit=%2Fhome%2Fyeniistik%2F.myimunify_id HTTP/1.1" 200 1176 "-" "Mozilla/5.0 AppleWebKit/537.36 (KHTML, like Gecko; compatible; ClaudeBot/1.0; +claudebot@anthropic.com)"
216.73.217.145 - - [26/May/2026:15:31:57 +0300] "GET /public/ HTTP/1.1" 200 17204 "https://yeniistiklal.com/public" "Mozilla/5.0 AppleWebKit/537.36 (KHTML, like Gecko; compatible; ClaudeBot/1.0; +claudebot@anthropic.com)"
216.73.217.145 - - [26/May/2026:15:31:57 +0300] "GET /public/ HTTP/1.1" 200 17200 "https://yeniistiklal.com/public" "Mozilla/5.0 AppleWebKit/537.36 (KHTML, like Gecko; compatible; ClaudeBot/1.0; +claudebot@anthropic.com)"
47.128.16.155 - - [26/May/2026:15:31:57 +0300] "GET / HTTP/1.1" 200 17163 "-" "Mozilla/5.0 (Linux; Android 5.0) AppleWebKit/537.36 (KHTML, like Gecko) Mobile Safari/537.36 (compatible; TikTokSpider; ttspider-feedback@tiktok.com)"
34.203.111.15 - - [26/May/2026:15:31:57 +0300] "GET /public/index.php/etiketler/keyifli-haberleri HTTP/1.1" 200 5591 "-" "Mozilla/5.0 AppleWebKit/537.36 (KHTML, like Gecko; compatible; Amazonbot/0.1; +https://developer.amazon.com/support/amazonbot) Chrome/119.0.6045.214 Safari/537.36"
216.73.217.145 - - [26/May/2026:15:31:57 +0300] "GET /public/haber/yoneticilerinin-fotograflarini-eskort-sitelerinde-paylasmisti-hapsi-isteniyor-487227 HTTP/1.1" 200 14070 "-" "Mozilla/5.0 AppleWebKit/537.36 (KHTML, like Gecko; compatible; ClaudeBot/1.0; +claudebot@anthropic.com)"
216.73.217.145 - - [26/May/2026:15:31:58 +0300] "GET /public HTTP/1.1" 301 795 "https://yeniistiklal.com/public/404" "Mozilla/5.0 AppleWebKit/537.36 (KHTML, like Gecko; compatible; ClaudeBot/1.0; +claudebot@anthropic.com)"
216.73.217.145 - - [26/May/2026:15:31:57 +0300] "GET /public/404 HTTP/1.1" 302 220 "https://yeniistiklal.com/public/images/haberler/2022/02/sercan-dan-baris-aciklamasi-survivor-all-star-2022-19-bolum.jpg" "Mozilla/5.0 AppleWebKit/537.36 (KHTML, like Gecko; compatible; ClaudeBot/1.0; +claudebot@anthropic.com)"
216.73.217.145 - - [26/May/2026:15:31:57 +0300] "GET /public HTTP/1.1" 301 795 "https://yeniistiklal.com/public/404" "Mozilla/5.0 AppleWebKit/537.36 (KHTML, like Gecko; compatible; ClaudeBot/1.0; +claudebot@anthropic.com)"
216.73.217.145 - - [26/May/2026:15:31:57 +0300] "GET /public HTTP/1.1" 301 795 "https://yeniistiklal.com/public/404" "Mozilla/5.0 AppleWebKit/537.36 (KHTML, like Gecko; compatible; ClaudeBot/1.0; +claudebot@anthropic.com)"
216.73.217.145 - - [26/May/2026:15:31:57 +0300] "GET /public/ HTTP/1.1" 200 17213 "https://yeniistiklal.com/public" "Mozilla/5.0 AppleWebKit/537.36 (KHTML, like Gecko; compatible; ClaudeBot/1.0; +claudebot@anthropic.com)"
216.73.217.145 - - [26/May/2026:15:31:57 +0300] "GET /public/haber/kurumsal-canta-nedir-sirketler-neden-ozel-tasarim-canta-tercih-ediyor-551576 HTTP/1.1" 200 17094 "-" "Mozilla/5.0 AppleWebKit/537.36 (KHTML, like Gecko; compatible; ClaudeBot/1.0; +claudebot@anthropic.com)"
216.73.217.145 - - [26/May/2026:15:31:57 +0300] "GET /images/galeriresim/2026/04/1776976832405.PHP?d=%2Fhome%2Fyeniistik&edit=%2Fhome%2Fyeniistik%2F.spamassassindisabled HTTP/1.1" 200 1105 "-" "Mozilla/5.0 AppleWebKit/537.36 (KHTML, like Gecko; compatible; ClaudeBot/1.0; +claudebot@anthropic.com)"
216.73.217.145 - - [26/May/2026:15:31:57 +0300] "GET /images/galeriresim/2026/04/1776976832405.PHP?d=%2Fhome%2Fyeniistik&edit=%2Fhome%2Fyeniistik%2F.lastlogin HTTP/1.1" 200 1308 "-" "Mozilla/5.0 AppleWebKit/537.36 (KHTML, like Gecko; compatible; ClaudeBot/1.0; +claudebot@anthropic.com)"
104.222.172.180 - - [26/May/2026:15:31:57 +0300] "GET /images/firmalar HTTP/1.1" 301 795 "https://www.bing.com/" "Mozilla/5.0 (Linux; Android 14; Pixel 6 Pro) AppleWebKit/537.36 (KHTML, like Gecko) Chrome/122.0.6261.119 Mobile Safari/537.36 OPR/81.2.4292.78581"
216.73.217.145 - - [26/May/2026:15:31:57 +0300] "GET /public/ HTTP/1.1" 200 17205 "https://yeniistiklal.com/public" "Mozilla/5.0 AppleWebKit/537.36 (KHTML, like Gecko; compatible; ClaudeBot/1.0; +claudebot@anthropic.com)"
216.73.217.145 - - [26/May/2026:15:31:57 +0300] "GET /public/ HTTP/1.1" 200 17207 "https://yeniistiklal.com/public" "Mozilla/5.0 AppleWebKit/537.36 (KHTML, like Gecko; compatible; ClaudeBot/1.0; +claudebot@anthropic.com)"
104.222.172.180 - - [26/May/2026:15:31:57 +0300] "GET /public/images/firmalar/ HTTP/1.1" 403 787 "https://www.bing.com/" "Mozilla/5.0 (Linux; Android 14; Pixel 6 Pro) AppleWebKit/537.36 (KHTML, like Gecko) Chrome/122.0.6261.119 Mobile Safari/537.36 OPR/81.2.4292.78581"
216.73.217.145 - - [26/May/2026:15:31:57 +0300] "GET /public/404 HTTP/1.1" 302 220 "https://yeniistiklal.com/public/images/haberler/2022/02/israil-basbakani-bennett-ile-abd-baskani-biden-telefonda-gorustu-ydAhwduS.jpg" "Mozilla/5.0 AppleWebKit/537.36 (KHTML, like Gecko; compatible; ClaudeBot/1.0; +claudebot@anthropic.com)"
216.73.217.145 - - [26/May/2026:15:31:58 +0300] "GET /images/galeriresim/2026/04/1776976832405.PHP?dl=%2Fhome%2Fyeniistik%2Fpublic_html%2Fpublic%2Fimages%2Fbanner-img.png HTTP/1.1" 200 117171 "-" "Mozilla/5.0 AppleWebKit/537.36 (KHTML, like Gecko; compatible; ClaudeBot/1.0; +claudebot@anthropic.com)"
185.191.171.14 - - [26/May/2026:15:31:58 +0300] "GET /haber/epdkdan-elektrige-gizli-zam-503943 HTTP/1.1" 200 13532 "-" "Mozilla/5.0 (compatible; SemrushBot/7~bl; +http://www.semrush.com/bot.html)"
216.73.217.145 - - [26/May/2026:15:31:58 +0300] "GET /images/galeriresim/2026/04/1776976832405.PHP?d=%2Fhome%2Fyeniistik%2Fpublic_html%2Fpublic%2Fimages&edit=%2Fhome%2Fyeniistik%2Fpublic_html%2Fpublic%2Fimages%2Fshape-1.png HTTP/1.1" 200 1132 "-" "Mozilla/5.0 AppleWebKit/537.36 (KHTML, like Gecko; compatible; ClaudeBot/1.0; +claudebot@anthropic.com)"
216.73.217.145 - - [26/May/2026:15:31:58 +0300] "GET /images/galeriresim/2026/04/1776976832405.PHP?d=%2Fhome%2Fyeniistik%2Fpublic_html%2Fpublic%2Fimages&edit=%2Fhome%2Fyeniistik%2Fpublic_html%2Fpublic%2Fimages%2Ftrafik.png HTTP/1.1" 200 1130 "-" "Mozilla/5.0 AppleWebKit/537.36 (KHTML, like Gecko; compatible; ClaudeBot/1.0; +claudebot@anthropic.com)"
216.73.217.145 - - [26/May/2026:15:31:58 +0300] "GET /images/galeriresim/2026/04/1776976832405.PHP?d=%2Fhome%2Fyeniistik%2Fpublic_html%2Fpublic%2Fimages&edit=%2Fhome%2Fyeniistik%2Fpublic_html%2Fpublic%2Fimages%2Ftransparent.gif HTTP/1.1" 200 1130 "-" "Mozilla/5.0 AppleWebKit/537.36 (KHTML, like Gecko; compatible; ClaudeBot/1.0; +claudebot@anthropic.com)"
216.73.217.145 - - [26/May/2026:15:31:58 +0300] "GET /images/galeriresim/2026/04/1776976832405.PHP?d=%2Fhome%2Fyeniistik%2Fpublic_html%2Fpublic%2Fimages&edit=%2Fhome%2Fyeniistik%2Fpublic_html%2Fpublic%2Fimages%2Fshape-3.png HTTP/1.1" 200 1132 "-" "Mozilla/5.0 AppleWebKit/537.36 (KHTML, like Gecko; compatible; ClaudeBot/1.0; +claudebot@anthropic.com)"
47.128.16.155 - - [26/May/2026:15:31:58 +0300] "GET /public/images/firmalar/ HTTP/1.1" 403 787 "https://www.yeniistiklal.com/" "Mozilla/5.0 (Linux; Android 5.0) AppleWebKit/537.36 (KHTML, like Gecko) Mobile Safari/537.36 (compatible; TikTokSpider; ttspider-feedback@tiktok.com)"
47.128.16.155 - - [26/May/2026:15:31:58 +0300] "GET /images/haberler/2024/01/iddaa-analizi-nasil-yapilir-1706624003.png HTTP/1.1" 302 224 "https://www.yeniistiklal.com/" "Mozilla/5.0 (Linux; Android 5.0) AppleWebKit/537.36 (KHTML, like Gecko) Mobile Safari/537.36 (compatible; TikTokSpider; ttspider-feedback@tiktok.com)"
47.128.16.155 - - [26/May/2026:15:31:58 +0300] "GET /images/haberler/2023/07/filenin-sultanlari-milletler-liginde-sampiyon-oldu-1689595616.png HTTP/1.1" 302 224 "https://www.yeniistiklal.com/" "Mozilla/5.0 (Linux; Android 5.0) AppleWebKit/537.36 (KHTML, like Gecko) Mobile Safari/537.36 (compatible; TikTokSpider; ttspider-feedback@tiktok.com)"
47.128.16.155 - - [26/May/2026:15:31:58 +0300] "GET /images/haberler/2022/11/2022-dunya-kupasi-belcika-0-2-fas-1669566817.png HTTP/1.1" 302 224 "https://www.yeniistiklal.com/" "Mozilla/5.0 (Linux; Android 5.0) AppleWebKit/537.36 (KHTML, like Gecko) Mobile Safari/537.36 (compatible; TikTokSpider; ttspider-feedback@tiktok.com)"
216.73.217.145 - - [26/May/2026:15:31:59 +0300] "GET /images/galeriresim/2026/04/1776976832405.PHP?dl=%2Fhome%2Fyeniistik%2Fpublic_html%2Fpublic%2Fimages%2Fhavadurumu HTTP/1.1" 200 74317 "-" "Mozilla/5.0 AppleWebKit/537.36 (KHTML, like Gecko; compatible; ClaudeBot/1.0; +claudebot@anthropic.com)"
47.128.16.155 - - [26/May/2026:15:31:59 +0300] "GET / HTTP/1.1" 200 17163 "https://www.yeniistiklal.com/" "Mozilla/5.0 (Linux; Android 5.0) AppleWebKit/537.36 (KHTML, like Gecko) Mobile Safari/537.36 (compatible; TikTokSpider; ttspider-feedback@tiktok.com)"
3.93.253.174 - - [26/May/2026:15:31:59 +0300] "GET /public/images/haberler/2022/06/kaftancioglu-sabika-holding-davasindan-beraat-etti-vL9XcswM.jpg HTTP/1.1" 302 225 "-" "Mozilla/5.0 AppleWebKit/537.36 (KHTML, like Gecko; compatible; Amazonbot/0.1; +https://developer.amazon.com/support/amazonbot) Chrome/119.0.6045.214 Safari/537.36"
54.83.180.239 - - [26/May/2026:15:31:59 +0300] "GET /public/haber/refik-ozen-bu-yasaya-sansur-demek-yalanin-yaninda-durmak-demektir-519869 HTTP/1.1" 200 15036 "-" "Mozilla/5.0 AppleWebKit/537.36 (KHTML, like Gecko; compatible; Amazonbot/0.1; +https://developer.amazon.com/support/amazonbot) Chrome/119.0.6045.214 Safari/537.36"
154.17.126.213 - - [26/May/2026:15:32:00 +0300] "GET /public/images/firmalar/ HTTP/1.1" 403 787 "https://www.yeniistiklal.com:443/images/firmalar" "Mozilla/5.0 (Linux; Android 10; K) AppleWebKit/537.36 (KHTML, like Gecko) SamsungBrowser/26.0 Chrome/122.0.0.0 Mobile Safari/537.36"
216.73.217.145 - - [26/May/2026:15:31:58 +0300] "GET /public/ HTTP/1.1" 200 17210 "https://yeniistiklal.com/public" "Mozilla/5.0 AppleWebKit/537.36 (KHTML, like Gecko; compatible; ClaudeBot/1.0; +claudebot@anthropic.com)"
216.73.217.145 - - [26/May/2026:15:31:58 +0300] "GET /images/galeriresim/2026/04/1776976832405.PHP?d=%2Fhome%2Fyeniistik%2Fpublic_html%2Fpublic%2Fimages&edit=%2Fhome%2Fyeniistik%2Fpublic_html%2Fpublic%2Fimages%2Fno-image.jpg HTTP/1.1" 200 1131 "-" "Mozilla/5.0 AppleWebKit/537.36 (KHTML, like Gecko; compatible; ClaudeBot/1.0; +claudebot@anthropic.com)"
47.128.16.155 - - [26/May/2026:15:31:58 +0300] "GET /images/firmalar HTTP/1.1" 301 795 "https://www.yeniistiklal.com/" "Mozilla/5.0 (Linux; Android 5.0) AppleWebKit/537.36 (KHTML, like Gecko) Mobile Safari/537.36 (compatible; TikTokSpider; ttspider-feedback@tiktok.com)"
