62.244.225.226 - - [26/May/2026:15:32:52 +0300] "GET /sitemap.xml?type=news HTTP/1.1" 200 201 "https://yeniistiklal.com/sitemap.xml?type=news" "Mozilla/5.0 (Windows NT 6.3; WOW64; Trident/7.0; rv:11.0) like Gecko"
216.73.217.145 - - [26/May/2026:15:32:52 +0300] "GET /public/index.php/haber/yukselen-celikte-birinci-yariyilda-dikkate-deger-buyume-532031 HTTP/1.1" 200 14186 "-" "Mozilla/5.0 AppleWebKit/537.36 (KHTML, like Gecko; compatible; ClaudeBot/1.0; +claudebot@anthropic.com)"
216.73.217.145 - - [26/May/2026:15:32:50 +0300] "GET /404 HTTP/1.1" 302 215 "https://yeniistiklal.com/whatsapp:/send?text=Tuvale+Pozitif+Yans%C4%B1malar+-+https%3A%2Fwww.yeniistiklal.com%2Fhaber%2Ftuvale-pozitif-yansimalar-540595" "Mozilla/5.0 AppleWebKit/537.36 (KHTML, like Gecko; compatible; ClaudeBot/1.0; +claudebot@anthropic.com)"
2a03:2880:f806:43:: - - [26/May/2026:15:32:50 +0300] "GET /public/ HTTP/1.1" 200 17198 "-" "meta-externalagent/1.1 (+https://developers.facebook.com/docs/sharing/webmasters/crawler)"
216.73.217.145 - - [26/May/2026:15:32:51 +0300] "GET /public/index.php/haber/istanbullular-dikkat-e-5-karayolu-5-kasima-kadar-felc-olacak-543390 HTTP/1.1" 200 13603 "-" "Mozilla/5.0 AppleWebKit/537.36 (KHTML, like Gecko; compatible; ClaudeBot/1.0; +claudebot@anthropic.com)"
3.210.29.96 - - [26/May/2026:15:32:51 +0300] "GET /public/haber/bursa-buyuksehirden-mudanyaya-deger-katacak-merkez-541244 HTTP/1.1" 200 14153 "-" "Mozilla/5.0 AppleWebKit/537.36 (KHTML, like Gecko; compatible; Amazonbot/0.1; +https://developer.amazon.com/support/amazonbot) Chrome/119.0.6045.214 Safari/537.36"
216.73.217.145 - - [26/May/2026:15:32:51 +0300] "GET /public/index.php/haber/cuma-is-cikisinda-melike-sahin-sahne-alacak-522388 HTTP/1.1" 200 13717 "-" "Mozilla/5.0 AppleWebKit/537.36 (KHTML, like Gecko; compatible; ClaudeBot/1.0; +claudebot@anthropic.com)"
216.73.217.145 - - [26/May/2026:15:32:51 +0300] "GET /public/index.php/haber/tam-bana-gorede-bergama-standi-ilgi-gordu-543404 HTTP/1.1" 200 13633 "-" "Mozilla/5.0 AppleWebKit/537.36 (KHTML, like Gecko; compatible; ClaudeBot/1.0; +claudebot@anthropic.com)"
216.73.217.145 - - [26/May/2026:15:32:52 +0300] "GET /public/index.php/haber/ariston-kombi-204-arizasi-nasil-giderilirg-471695 HTTP/1.1" 200 13133 "-" "Mozilla/5.0 AppleWebKit/537.36 (KHTML, like Gecko; compatible; ClaudeBot/1.0; +claudebot@anthropic.com)"
216.73.217.145 - - [26/May/2026:15:32:52 +0300] "GET /public/index.php/haber/abd-kuzey-koreyi-tiye-aldi-dikkat-cekmeye-calisiyor-474199 HTTP/1.1" 200 14086 "-" "Mozilla/5.0 AppleWebKit/537.36 (KHTML, like Gecko; compatible; ClaudeBot/1.0; +claudebot@anthropic.com)"
216.73.217.145 - - [26/May/2026:15:32:52 +0300] "GET /haber/gurcistan-abye-hizli-katilim-icin-basvuru-yapacak-498744 HTTP/1.1" 200 13589 "-" "Mozilla/5.0 AppleWebKit/537.36 (KHTML, like Gecko; compatible; ClaudeBot/1.0; +claudebot@anthropic.com)"
216.73.217.145 - - [26/May/2026:15:32:52 +0300] "GET /haber/podcast-dunyasina-birinci-siradan-girdi-540271 HTTP/1.1" 200 14356 "-" "Mozilla/5.0 AppleWebKit/537.36 (KHTML, like Gecko; compatible; ClaudeBot/1.0; +claudebot@anthropic.com)"
216.73.217.145 - - [26/May/2026:15:32:52 +0300] "GET /public/index.php/haber/erdogandan-avrupa-sampiyonlarina-tebrik-515440 HTTP/1.1" 200 13606 "-" "Mozilla/5.0 AppleWebKit/537.36 (KHTML, like Gecko; compatible; ClaudeBot/1.0; +claudebot@anthropic.com)"
216.73.217.145 - - [26/May/2026:15:32:53 +0300] "GET /haber/is-sanata-mustafa-pilevneli-imzali-sergi-540467 HTTP/1.1" 200 15081 "-" "Mozilla/5.0 AppleWebKit/537.36 (KHTML, like Gecko; compatible; ClaudeBot/1.0; +claudebot@anthropic.com)"
216.73.217.145 - - [26/May/2026:15:32:53 +0300] "GET /public/index.php/haber/benzin-ve-motorine-zam-bekleniyor-485092 HTTP/1.1" 200 13588 "-" "Mozilla/5.0 AppleWebKit/537.36 (KHTML, like Gecko; compatible; ClaudeBot/1.0; +claudebot@anthropic.com)"
52.204.174.139 - - [26/May/2026:15:32:54 +0300] "GET /public/images/haberler/2022/09/bursa-buyuksehirden-mudanyaya-deger-katacak-merkez-lUwMLTyT.jpg HTTP/1.1" 302 225 "-" "Mozilla/5.0 AppleWebKit/537.36 (KHTML, like Gecko; compatible; Amazonbot/0.1; +https://developer.amazon.com/support/amazonbot) Chrome/119.0.6045.214 Safari/537.36"
18.205.91.101 - - [26/May/2026:15:32:55 +0300] "GET /public/haber/sisecama-altin-odul-535211 HTTP/1.1" 200 13767 "-" "Mozilla/5.0 AppleWebKit/537.36 (KHTML, like Gecko; compatible; Amazonbot/0.1; +https://developer.amazon.com/support/amazonbot) Chrome/119.0.6045.214 Safari/537.36"
216.73.217.145 - - [26/May/2026:15:32:52 +0300] "GET /public/index.php/haber/denge-kaybedilirse-dovizdeki-drama-krize-donusur-485094 HTTP/1.1" 200 14380 "-" "Mozilla/5.0 AppleWebKit/537.36 (KHTML, like Gecko; compatible; ClaudeBot/1.0; +claudebot@anthropic.com)"
216.73.217.145 - - [26/May/2026:15:32:52 +0300] "GET /public/index.php/haber/erzincana-bahar-yeni-geliyor-519462 HTTP/1.1" 200 13768 "-" "Mozilla/5.0 AppleWebKit/537.36 (KHTML, like Gecko; compatible; ClaudeBot/1.0; +claudebot@anthropic.com)"
216.73.217.145 - - [26/May/2026:15:32:52 +0300] "GET /public/index.php/haber/pfizerin-covid-19-haplari-guney-koreye-teslim-edildi-474213 HTTP/1.1" 200 14253 "-" "Mozilla/5.0 AppleWebKit/537.36 (KHTML, like Gecko; compatible; ClaudeBot/1.0; +claudebot@anthropic.com)"
216.73.217.145 - - [26/May/2026:15:32:53 +0300] "GET /public/index.php/haber/facebook-bir-ozelligine-veda-ediyor-ancak-bir-nedeni-var-531007 HTTP/1.1" 200 14484 "-" "Mozilla/5.0 AppleWebKit/537.36 (KHTML, like Gecko; compatible; ClaudeBot/1.0; +claudebot@anthropic.com)"
216.73.217.145 - - [26/May/2026:15:32:53 +0300] "GET /haber/korfez-atalar-sahil-parkinda-sona-dogru-541160 HTTP/1.1" 200 14246 "-" "Mozilla/5.0 AppleWebKit/537.36 (KHTML, like Gecko; compatible; ClaudeBot/1.0; +claudebot@anthropic.com)"
3.212.219.113 - - [26/May/2026:15:32:53 +0300] "GET /public/index.php/haber/sakaryada-temizlik-calismalariyla-bisiklet-yollari-daha-guvenli-hale-getiriliyor-516658 HTTP/1.1" 200 14149 "-" "Mozilla/5.0 AppleWebKit/537.36 (KHTML, like Gecko; compatible; Amazonbot/0.1; +https://developer.amazon.com/support/amazonbot) Chrome/119.0.6045.214 Safari/537.36"
216.73.217.145 - - [26/May/2026:15:32:53 +0300] "GET /public/index.php/haber/paymes-misirdaki-sosyal-ticareti-buyutecek-515946 HTTP/1.1" 200 15511 "-" "Mozilla/5.0 AppleWebKit/537.36 (KHTML, like Gecko; compatible; ClaudeBot/1.0; +claudebot@anthropic.com)"
216.73.217.145 - - [26/May/2026:15:32:53 +0300] "GET /haber/kimlik-belgelerinde-yeni-donem-basladi-498696 HTTP/1.1" 200 13265 "-" "Mozilla/5.0 AppleWebKit/537.36 (KHTML, like Gecko; compatible; ClaudeBot/1.0; +claudebot@anthropic.com)"
85.208.96.203 - - [26/May/2026:15:32:54 +0300] "GET /haber/murat-salar-turkiye-10-yil-icinde-bambaska-bir-seviyede-olacaktir-529656 HTTP/1.1" 200 14358 "-" "Mozilla/5.0 (compatible; SemrushBot/7~bl; +http://www.semrush.com/bot.html)"
34.236.41.241 - - [26/May/2026:15:32:55 +0300] "GET /public/index.php/images/haberler/2022/05/sakaryada-temizlik-calismalariyla-bisiklet-yollari-daha-guvenli-hale-getiriliyor-GdZvCQFh.jpg HTTP/1.1" 302 238 "-" "Mozilla/5.0 AppleWebKit/537.36 (KHTML, like Gecko; compatible; Amazonbot/0.1; +https://developer.amazon.com/support/amazonbot) Chrome/119.0.6045.214 Safari/537.36"
185.191.171.11 - - [26/May/2026:15:32:57 +0300] "GET /haber/cumhurbaskani-erdogandan-binali-yildirima-ziyaret-546474 HTTP/1.1" 200 13388 "-" "Mozilla/5.0 (compatible; SemrushBot/7~bl; +http://www.semrush.com/bot.html)"
52.205.113.104 - - [26/May/2026:15:32:58 +0300] "GET /public/images/haberler/2022/08/sisecama-altin-odul-FxRbsnKg.jpg HTTP/1.1" 302 225 "-" "Mozilla/5.0 AppleWebKit/537.36 (KHTML, like Gecko; compatible; Amazonbot/0.1; +https://developer.amazon.com/support/amazonbot) Chrome/119.0.6045.214 Safari/537.36"
85.208.96.202 - - [26/May/2026:15:32:58 +0300] "GET /haber/10-dakikada-hemoroid-hastaliginizdan-kurtulun-544692 HTTP/1.1" 200 14383 "-" "Mozilla/5.0 (compatible; SemrushBot/7~bl; +http://www.semrush.com/bot.html)"
2a03:2880:f806:9:: - - [26/May/2026:15:33:00 +0300] "GET /images/haberler/2022/10/mudanya-belediyesinden-barisin-100-yilina-ozel-kutlama-EL7a8Xcl.jpg HTTP/1.1" 302 224 "-" "meta-externalagent/1.1 (+https://developers.facebook.com/docs/sharing/webmasters/crawler)"
2a03:2880:f806:36:: - - [26/May/2026:15:33:00 +0300] "GET /images/haberler/2022/02/kilicdaroglu-turkiye-guvenligi-acisinda-montroye-sadik-kalmalidir-EVtS874Z.jpg HTTP/1.1" 302 224 "-" "meta-externalagent/1.1 (+https://developers.facebook.com/docs/sharing/webmasters/crawler)"
185.191.171.13 - - [26/May/2026:15:32:55 +0300] "GET /haber/sahan-gokbakardan-oytun-erbas-taklidi-anadolu-komedyenleri-olarak-sakalari-copten-toplardik-484685 HTTP/1.1" 200 14510 "-" "Mozilla/5.0 (compatible; SemrushBot/7~bl; +http://www.semrush.com/bot.html)"
52.2.4.213 - - [26/May/2026:15:32:57 +0300] "GET /public/index.php/haber/alanya-kultur-merkezi-start-verdi-518993 HTTP/1.1" 200 14281 "-" "Mozilla/5.0 AppleWebKit/537.36 (KHTML, like Gecko; compatible; Amazonbot/0.1; +https://developer.amazon.com/support/amazonbot) Chrome/119.0.6045.214 Safari/537.36"
52.205.222.214 - - [26/May/2026:15:32:59 +0300] "GET /etiketler/baskonsolos-haberleri HTTP/1.1" 200 5717 "-" "Mozilla/5.0 AppleWebKit/537.36 (KHTML, like Gecko; compatible; Amazonbot/0.1; +https://developer.amazon.com/support/amazonbot) Chrome/119.0.6045.214 Safari/537.36"
100.27.153.9 - - [26/May/2026:15:32:59 +0300] "GET /public/index.php/images/haberler/2022/06/alanya-kultur-merkezi-start-verdi-1th9ekv7.jpg HTTP/1.1" 302 238 "-" "Mozilla/5.0 AppleWebKit/537.36 (KHTML, like Gecko; compatible; Amazonbot/0.1; +https://developer.amazon.com/support/amazonbot) Chrome/119.0.6045.214 Safari/537.36"
2a03:2880:f806:e:: - - [26/May/2026:15:33:02 +0300] "GET /404 HTTP/1.1" 302 219 "-" "meta-externalagent/1.1 (+https://developers.facebook.com/docs/sharing/webmasters/crawler)"
216.73.217.145 - - [26/May/2026:15:33:06 +0300] "GET /haber/setur-micedan-surdurulebilirlik-yolunda-buyuk-adim-540249 HTTP/1.1" 200 14041 "-" "Mozilla/5.0 AppleWebKit/537.36 (KHTML, like Gecko; compatible; ClaudeBot/1.0; +claudebot@anthropic.com)"
216.73.217.145 - - [26/May/2026:15:33:06 +0300] "GET /public/index.php/haber/baskan-bocekin-uygulamasi-ogrenciye-can-suyu-oldu-517346 HTTP/1.1" 200 14588 "-" "Mozilla/5.0 AppleWebKit/537.36 (KHTML, like Gecko; compatible; ClaudeBot/1.0; +claudebot@anthropic.com)"
216.73.217.145 - - [26/May/2026:15:33:06 +0300] "GET /public/index.php/haber/oryantiringde-turkiye-sampiyonu-inegol-belediyespor-515433 HTTP/1.1" 200 14526 "-" "Mozilla/5.0 AppleWebKit/537.36 (KHTML, like Gecko; compatible; ClaudeBot/1.0; +claudebot@anthropic.com)"
216.73.217.145 - - [26/May/2026:15:33:06 +0300] "GET /public/index.php/haber/ab-rusyaya-ekonomik-yaptirimlari-6-ay-daha-uzatti-474156 HTTP/1.1" 200 13739 "-" "Mozilla/5.0 AppleWebKit/537.36 (KHTML, like Gecko; compatible; ClaudeBot/1.0; +claudebot@anthropic.com)"
216.73.217.145 - - [26/May/2026:15:33:06 +0300] "GET /public/index.php/haber/bu-konagi-20-yilda-milyonlarca-kisi-ziyaret-etti-486427 HTTP/1.1" 200 14158 "-" "Mozilla/5.0 AppleWebKit/537.36 (KHTML, like Gecko; compatible; ClaudeBot/1.0; +claudebot@anthropic.com)"
216.73.217.145 - - [26/May/2026:15:33:06 +0300] "GET /public/index.php HTTP/1.1" 200 17293 "https://www.yeniistiklal.com/public/index.php/404" "Mozilla/5.0 AppleWebKit/537.36 (KHTML, like Gecko; compatible; ClaudeBot/1.0; +claudebot@anthropic.com)"
216.73.217.145 - - [26/May/2026:15:33:06 +0300] "GET /public/index.php/images/haberler/2022/02/kripto-para-dunyasinda-dev-operasyon-bitfinexin-hacklenmesinde-2-tutuklama-QtsDtMNO.jpg HTTP/1.1" 302 238 "-" "Mozilla/5.0 AppleWebKit/537.36 (KHTML, like Gecko; compatible; ClaudeBot/1.0; +claudebot@anthropic.com)"
216.73.217.145 - - [26/May/2026:15:33:07 +0300] "GET /haber/ukraynadan-kac-turk-tahliye-edildi-bakan-cavusoglu-acikladi-498730 HTTP/1.1" 200 13399 "-" "Mozilla/5.0 AppleWebKit/537.36 (KHTML, like Gecko; compatible; ClaudeBot/1.0; +claudebot@anthropic.com)"
216.73.217.145 - - [26/May/2026:15:33:07 +0300] "GET /haber/bastan-sona-yenilenen-marka-konferansi-29-30-eylulde-gerceklesecek-540237 HTTP/1.1" 200 16299 "-" "Mozilla/5.0 AppleWebKit/537.36 (KHTML, like Gecko; compatible; ClaudeBot/1.0; +claudebot@anthropic.com)"
216.73.217.145 - - [26/May/2026:15:33:07 +0300] "GET /public/index.php/haber/ciscodan-genclere-ve-kadinlara-ozel-dijital-atilim-projesi-522574 HTTP/1.1" 200 15187 "-" "Mozilla/5.0 AppleWebKit/537.36 (KHTML, like Gecko; compatible; ClaudeBot/1.0; +claudebot@anthropic.com)"
54.209.100.30 - - [26/May/2026:15:33:00 +0300] "GET /teknoloji?page=2 HTTP/1.1" 200 12146 "-" "Mozilla/5.0 AppleWebKit/537.36 (KHTML, like Gecko; compatible; Amazonbot/0.1; +https://developer.amazon.com/support/amazonbot) Chrome/119.0.6045.214 Safari/537.36"
2a03:2880:f806:17:: - - [26/May/2026:15:33:01 +0300] "GET /404 HTTP/1.1" 302 219 "-" "meta-externalagent/1.1 (+https://developers.facebook.com/docs/sharing/webmasters/crawler)"
185.191.171.3 - - [26/May/2026:15:33:02 +0300] "GET /haber/12-dakika-oynadi-kadro-disi-kaldi-550567 HTTP/1.1" 200 13882 "-" "Mozilla/5.0 (compatible; SemrushBot/7~bl; +http://www.semrush.com/bot.html)"
2a03:2880:f806:8:: - - [26/May/2026:15:33:03 +0300] "GET / HTTP/1.1" 200 17160 "-" "meta-externalagent/1.1 (+https://developers.facebook.com/docs/sharing/webmasters/crawler)"
2a03:2880:f806:1d:: - - [26/May/2026:15:33:04 +0300] "GET / HTTP/1.1" 200 17146 "-" "meta-externalagent/1.1 (+https://developers.facebook.com/docs/sharing/webmasters/crawler)"
54.235.172.108 - - [26/May/2026:15:33:03 +0300] "GET /etiketler/unsur-haberleri HTTP/1.1" 200 5606 "-" "Mozilla/5.0 AppleWebKit/537.36 (KHTML, like Gecko; compatible; Amazonbot/0.1; +https://developer.amazon.com/support/amazonbot) Chrome/119.0.6045.214 Safari/537.36"
18.209.137.234 - - [26/May/2026:15:33:04 +0300] "GET /public/index.php/haber/diyarbakirda-akintiya-kapilan-coban-bulundu-528983 HTTP/1.1" 200 13757 "-" "Mozilla/5.0 AppleWebKit/537.36 (KHTML, like Gecko; compatible; Amazonbot/0.1; +https://developer.amazon.com/support/amazonbot) Chrome/119.0.6045.214 Safari/537.36"
216.73.217.145 - - [26/May/2026:15:33:06 +0300] "GET /public/index.php/images/haberler/2022/02/el-salvadordan-imfye-ret-eGsZp9Cc.jpg HTTP/1.1" 302 238 "-" "Mozilla/5.0 AppleWebKit/537.36 (KHTML, like Gecko; compatible; ClaudeBot/1.0; +claudebot@anthropic.com)"
216.73.217.145 - - [26/May/2026:15:33:06 +0300] "GET /images/haberler/2022/03/istanbulda-mart-kari-basladi-2vSJNHAC.jpeg HTTP/1.1" 302 224 "-" "Mozilla/5.0 AppleWebKit/537.36 (KHTML, like Gecko; compatible; ClaudeBot/1.0; +claudebot@anthropic.com)"
216.73.217.145 - - [26/May/2026:15:33:06 +0300] "GET /404 HTTP/1.1" 302 219 "https://www.yeniistiklal.com/images/haberler/2022/03/istanbulda-mart-kari-basladi-2vSJNHAC.jpeg" "Mozilla/5.0 AppleWebKit/537.36 (KHTML, like Gecko; compatible; ClaudeBot/1.0; +claudebot@anthropic.com)"
216.73.217.145 - - [26/May/2026:15:33:06 +0300] "GET /public/index.php/404 HTTP/1.1" 302 232 "https://www.yeniistiklal.com/public/index.php/images/haberler/2022/02/el-salvadordan-imfye-ret-eGsZp9Cc.jpg" "Mozilla/5.0 AppleWebKit/537.36 (KHTML, like Gecko; compatible; ClaudeBot/1.0; +claudebot@anthropic.com)"
216.73.217.145 - - [26/May/2026:15:33:06 +0300] "GET /haber/sut-tuketimi-cocuklarin-ogrenme-becerilerini-etkiliyor-541271 HTTP/1.1" 200 14914 "-" "Mozilla/5.0 AppleWebKit/537.36 (KHTML, like Gecko; compatible; ClaudeBot/1.0; +claudebot@anthropic.com)"
216.73.217.145 - - [26/May/2026:15:33:07 +0300] "GET /public/index.php/404 HTTP/1.1" 302 232 "https://www.yeniistiklal.com/public/index.php/images/haberler/2022/02/kripto-para-dunyasinda-dev-operasyon-bitfinexin-hacklenmesinde-2-tutuklama-QtsDtMNO.jpg" "Mozilla/5.0 AppleWebKit/537.36 (KHTML, like Gecko; compatible; ClaudeBot/1.0; +claudebot@anthropic.com)"
216.73.217.145 - - [26/May/2026:15:33:07 +0300] "GET /haber/kuresel-ekonomiye-metaverse-etkisi-2030a-kadar-5-trilyon-dolari-bulacak-540146 HTTP/1.1" 200 15630 "-" "Mozilla/5.0 AppleWebKit/537.36 (KHTML, like Gecko; compatible; ClaudeBot/1.0; +claudebot@anthropic.com)"
216.73.217.145 - - [26/May/2026:15:33:07 +0300] "GET /haber/kievde-binlerce-kisi-metro-istasyonlarina-sigindi-498680 HTTP/1.1" 200 13941 "-" "Mozilla/5.0 AppleWebKit/537.36 (KHTML, like Gecko; compatible; ClaudeBot/1.0; +claudebot@anthropic.com)"
216.73.217.145 - - [26/May/2026:15:33:07 +0300] "GET /public/index.php/haber/karacabeyin-tiyatro-derslerine-buyuk-ilgi-515706 HTTP/1.1" 200 13697 "-" "Mozilla/5.0 AppleWebKit/537.36 (KHTML, like Gecko; compatible; ClaudeBot/1.0; +claudebot@anthropic.com)"
216.73.217.145 - - [26/May/2026:15:33:07 +0300] "GET /public/index.php HTTP/1.1" 200 17292 "https://www.yeniistiklal.com/public/index.php/404" "Mozilla/5.0 AppleWebKit/537.36 (KHTML, like Gecko; compatible; ClaudeBot/1.0; +claudebot@anthropic.com)"
216.73.217.145 - - [26/May/2026:15:33:07 +0300] "GET /public/index.php/haber/uzmanlar-uyardi-yeni-bir-meteor-yagmuru-gelebilir-516847 HTTP/1.1" 200 14000 "-" "Mozilla/5.0 AppleWebKit/537.36 (KHTML, like Gecko; compatible; ClaudeBot/1.0; +claudebot@anthropic.com)"
216.73.217.145 - - [26/May/2026:15:33:07 +0300] "GET /public/index.php/haber/ingiltereden-korkutan-arastirma-10-gun-sonra-da-yayiliyor-474306 HTTP/1.1" 200 13793 "-" "Mozilla/5.0 AppleWebKit/537.36 (KHTML, like Gecko; compatible; ClaudeBot/1.0; +claudebot@anthropic.com)"
216.73.217.145 - - [26/May/2026:15:33:07 +0300] "GET /haber/ozgur-ozel-den-devlet-bahceli-ye-cok-sert-yanit-dun-birbirine-kufur-edip-sovenler-499015 HTTP/1.1" 200 13296 "-" "Mozilla/5.0 AppleWebKit/537.36 (KHTML, like Gecko; compatible; ClaudeBot/1.0; +claudebot@anthropic.com)"
216.73.217.145 - - [26/May/2026:15:33:08 +0300] "GET /public/index.php/haber/yapi-ruhsati-verilen-yapilarin-yuzolcumu-218-azaldi-515925 HTTP/1.1" 200 13912 "-" "Mozilla/5.0 AppleWebKit/537.36 (KHTML, like Gecko; compatible; ClaudeBot/1.0; +claudebot@anthropic.com)"
3.230.69.161 - - [26/May/2026:15:33:08 +0300] "GET /haber/baskan-erdem-kiz-cocuklariyla-bulustu-544776 HTTP/1.1" 200 14170 "-" "Mozilla/5.0 AppleWebKit/537.36 (KHTML, like Gecko; compatible; Amazonbot/0.1; +https://developer.amazon.com/support/amazonbot) Chrome/119.0.6045.214 Safari/537.36"
216.73.217.145 - - [26/May/2026:15:33:08 +0300] "GET /public/index.php/haber/avrupa-depolarindaki-gaz-hizla-tukeniyor-485251 HTTP/1.1" 200 14074 "-" "Mozilla/5.0 AppleWebKit/537.36 (KHTML, like Gecko; compatible; ClaudeBot/1.0; +claudebot@anthropic.com)"
216.73.217.145 - - [26/May/2026:15:33:08 +0300] "GET /public/index.php/haber/rus-disisleri-ukraynada-gerilimi-dusurecegimiz-bir-sey-yok-491178 HTTP/1.1" 200 13783 "-" "Mozilla/5.0 AppleWebKit/537.36 (KHTML, like Gecko; compatible; ClaudeBot/1.0; +claudebot@anthropic.com)"
216.73.217.145 - - [26/May/2026:15:33:08 +0300] "GET /public/index.php/haber/gida-ve-icecek-sektoru-ihracati-birinci-ceyrekte-64-milyar-dolar-516673 HTTP/1.1" 200 14862 "-" "Mozilla/5.0 AppleWebKit/537.36 (KHTML, like Gecko; compatible; ClaudeBot/1.0; +claudebot@anthropic.com)"
216.73.217.145 - - [26/May/2026:15:33:09 +0300] "GET /haber/otokar-afrikaya-ihracatini-artirmayi-hedefliyor-540272 HTTP/1.1" 200 15042 "-" "Mozilla/5.0 AppleWebKit/537.36 (KHTML, like Gecko; compatible; ClaudeBot/1.0; +claudebot@anthropic.com)"
216.73.217.145 - - [26/May/2026:15:33:09 +0300] "GET /public/index.php/haber/bolukbasi-barcelona-yarislarini-tamamladi-sira-monte-carloda-515537 HTTP/1.1" 200 14557 "-" "Mozilla/5.0 AppleWebKit/537.36 (KHTML, like Gecko; compatible; ClaudeBot/1.0; +claudebot@anthropic.com)"
3.221.244.28 - - [26/May/2026:15:33:09 +0300] "GET /public/index.php/etiketler/vurusu-haberleri HTTP/1.1" 200 5876 "-" "Mozilla/5.0 AppleWebKit/537.36 (KHTML, like Gecko; compatible; Amazonbot/0.1; +https://developer.amazon.com/support/amazonbot) Chrome/119.0.6045.214 Safari/537.36"
216.73.217.145 - - [26/May/2026:15:33:10 +0300] "GET /public/haber/kripto-para-yatirimcilari-icin-guvenlik-ipuclari-543515 HTTP/1.1" 200 15432 "-" "Mozilla/5.0 AppleWebKit/537.36 (KHTML, like Gecko; compatible; ClaudeBot/1.0; +claudebot@anthropic.com)"
216.73.217.145 - - [26/May/2026:15:33:10 +0300] "GET /public/404 HTTP/1.1" 302 220 "https://yeniistiklal.com/public/images/haberler/2022/09/microsoftun-girisimcilik-programi-growthx-acceleratorin-3-donemi-basladi-NIm1LeDg.jpg" "Mozilla/5.0 AppleWebKit/537.36 (KHTML, like Gecko; compatible; ClaudeBot/1.0; +claudebot@anthropic.com)"
216.73.217.145 - - [26/May/2026:15:33:09 +0300] "GET /haber/sinan-akcil-38-mustafa-ceceli-38-merve-ozbey-durum-cok-acil-477185 HTTP/1.1" 200 13492 "-" "Mozilla/5.0 AppleWebKit/537.36 (KHTML, like Gecko; compatible; ClaudeBot/1.0; +claudebot@anthropic.com)"
3.93.98.99 - - [26/May/2026:15:33:07 +0300] "GET /public/index.php/images/haberler/2022/07/diyarbakirda-akintiya-kapilan-coban-bulundu-f81ZNqFZ.jpg HTTP/1.1" 302 238 "-" "Mozilla/5.0 AppleWebKit/537.36 (KHTML, like Gecko; compatible; Amazonbot/0.1; +https://developer.amazon.com/support/amazonbot) Chrome/119.0.6045.214 Safari/537.36"
216.73.217.145 - - [26/May/2026:15:33:07 +0300] "GET /public/index.php/haber/japonyada-covid-19-vakalari-bir-haftada-8-kat-artti-18-bin-673-vaka-474214 HTTP/1.1" 200 14083 "-" "Mozilla/5.0 AppleWebKit/537.36 (KHTML, like Gecko; compatible; ClaudeBot/1.0; +claudebot@anthropic.com)"
216.73.217.145 - - [26/May/2026:15:33:08 +0300] "GET /public/index.php/haber/mugla-buyuksehir-ekipleri-marmaris-yanginina-mudahale-ediyor-522585 HTTP/1.1" 200 14637 "-" "Mozilla/5.0 AppleWebKit/537.36 (KHTML, like Gecko; compatible; ClaudeBot/1.0; +claudebot@anthropic.com)"
216.73.217.145 - - [26/May/2026:15:33:08 +0300] "GET /haber/akpli-belediyenin-imar-duzenlemesine-yargi-dur-dedi-498702 HTTP/1.1" 200 14164 "-" "Mozilla/5.0 AppleWebKit/537.36 (KHTML, like Gecko; compatible; ClaudeBot/1.0; +claudebot@anthropic.com)"
216.73.217.145 - - [26/May/2026:15:33:08 +0300] "GET /public/index.php/haber/310-sporcu-taekwondo-kusak-sinavini-basari-ile-tamamladi-515657 HTTP/1.1" 200 13855 "-" "Mozilla/5.0 AppleWebKit/537.36 (KHTML, like Gecko; compatible; ClaudeBot/1.0; +claudebot@anthropic.com)"
216.73.217.145 - - [26/May/2026:15:33:08 +0300] "GET /public/index.php/haber/son-dakikaabd-ukraynadaki-buyukelcilik-operasyonlarini-lvive-tasidi-491151 HTTP/1.1" 200 13118 "-" "Mozilla/5.0 AppleWebKit/537.36 (KHTML, like Gecko; compatible; ClaudeBot/1.0; +claudebot@anthropic.com)"
216.73.217.145 - - [26/May/2026:15:33:08 +0300] "GET /public/index.php/haber/bagcilar-belediyesinde-vatandaslara-surpriz-konser-522418 HTTP/1.1" 200 13815 "-" "Mozilla/5.0 AppleWebKit/537.36 (KHTML, like Gecko; compatible; ClaudeBot/1.0; +claudebot@anthropic.com)"
216.73.217.145 - - [26/May/2026:15:33:09 +0300] "GET /public/haber/diyarbakirda-vatandaslara-kandillik-ikram-543801 HTTP/1.1" 200 13411 "-" "Mozilla/5.0 AppleWebKit/537.36 (KHTML, like Gecko; compatible; ClaudeBot/1.0; +claudebot@anthropic.com)"
216.73.217.145 - - [26/May/2026:15:33:09 +0300] "GET /public/images/haberler/2022/09/microsoftun-girisimcilik-programi-growthx-acceleratorin-3-donemi-basladi-NIm1LeDg.jpg HTTP/1.1" 302 225 "-" "Mozilla/5.0 AppleWebKit/537.36 (KHTML, like Gecko; compatible; ClaudeBot/1.0; +claudebot@anthropic.com)"
216.73.217.145 - - [26/May/2026:15:33:10 +0300] "GET /public/haber/canbay-sosyal-medyada-zirve-yolunda-541904 HTTP/1.1" 200 13813 "-" "Mozilla/5.0 AppleWebKit/537.36 (KHTML, like Gecko; compatible; ClaudeBot/1.0; +claudebot@anthropic.com)"
216.73.217.145 - - [26/May/2026:15:33:10 +0300] "GET /public HTTP/1.1" 301 795 "https://yeniistiklal.com/public/404" "Mozilla/5.0 AppleWebKit/537.36 (KHTML, like Gecko; compatible; ClaudeBot/1.0; +claudebot@anthropic.com)"
216.73.217.145 - - [26/May/2026:15:33:10 +0300] "GET /haber/putinin-ukrayna-isgaliyle-ilgili-ilk-emri-2-marta-kadar-zafer-497301 HTTP/1.1" 200 14046 "-" "Mozilla/5.0 AppleWebKit/537.36 (KHTML, like Gecko; compatible; ClaudeBot/1.0; +claudebot@anthropic.com)"
216.73.217.145 - - [26/May/2026:15:33:10 +0300] "GET /haber/fatma-turgut-ah-bir-atas-ver-joyturk-akustik-2022-477232 HTTP/1.1" 200 13114 "-" "Mozilla/5.0 AppleWebKit/537.36 (KHTML, like Gecko; compatible; ClaudeBot/1.0; +claudebot@anthropic.com)"
216.73.217.145 - - [26/May/2026:15:33:10 +0300] "GET /whatsapp:/send?text=Mehmet%C3%A7ikten+ter%C3%B6re+darbe+-+https%3A%2Fwww.yeniistiklal.com%2Fhaber%2Fmehmetcikten-terore-darbe-510993 HTTP/1.1" 302 219 "-" "Mozilla/5.0 AppleWebKit/537.36 (KHTML, like Gecko; compatible; ClaudeBot/1.0; +claudebot@anthropic.com)"
216.73.217.145 - - [26/May/2026:15:33:10 +0300] "GET /haber/duayen-diplomattan-putin-yorumu-gercekten-cok-basarili-497278 HTTP/1.1" 200 13534 "-" "Mozilla/5.0 AppleWebKit/537.36 (KHTML, like Gecko; compatible; ClaudeBot/1.0; +claudebot@anthropic.com)"
216.73.217.145 - - [26/May/2026:15:33:10 +0300] "GET /404 HTTP/1.1" 302 215 "https://yeniistiklal.com/whatsapp:/send?text=Mehmet%C3%A7ikten+ter%C3%B6re+darbe+-+https%3A%2Fwww.yeniistiklal.com%2Fhaber%2Fmehmetcikten-terore-darbe-510993" "Mozilla/5.0 AppleWebKit/537.36 (KHTML, like Gecko; compatible; ClaudeBot/1.0; +claudebot@anthropic.com)"
52.202.233.37 - - [26/May/2026:15:33:10 +0300] "GET /images/haberler/2022/10/baskan-erdem-kiz-cocuklariyla-bulustu-NGjepTdB.jpg HTTP/1.1" 302 219 "-" "Mozilla/5.0 AppleWebKit/537.36 (KHTML, like Gecko; compatible; Amazonbot/0.1; +https://developer.amazon.com/support/amazonbot) Chrome/119.0.6045.214 Safari/537.36"
170.84.185.207 - - [26/May/2026:15:33:13 +0300] "GET /public/images/haberler/2022/06/elektrikli-arac-sarj-istasyonlarina-zam-iste-yeni-fiyatlar-pTjQbm1j.jpg HTTP/1.1" 302 225 "https://yeniistiklal.com/public/haber/elektrikli-arac-sarj-istasyonlarina-zam-iste-yeni-fiyatlar-518034" "Mozilla/5.0 (Linux; Android 6.0; Nexus 5 Build/MRA58N) AppleWebKit/537.36 (KHTML, like Gecko) Chrome/51.0.4283.1393 Mobile Safari/537.36"
107.20.25.33 - - [26/May/2026:15:33:13 +0300] "GET /public/index.php/etiketler/maliyetleri-haberleri HTTP/1.1" 200 5912 "-" "Mozilla/5.0 AppleWebKit/537.36 (KHTML, like Gecko; compatible; Amazonbot/0.1; +https://developer.amazon.com/support/amazonbot) Chrome/119.0.6045.214 Safari/537.36"
185.191.171.12 - - [26/May/2026:15:33:14 +0300] "GET /haber/kemal-kilicdaroglu-ndan-enes-kara-mesaji-473531 HTTP/1.1" 200 13174 "-" "Mozilla/5.0 (compatible; SemrushBot/7~bl; +http://www.semrush.com/bot.html)"
85.208.96.208 - - [26/May/2026:15:33:14 +0300] "GET /haber/michelin-yildizli-alman-sef-julia-komp-ve-sef-aylin-yazicioglu-gastronomi-ogrencileri-ve-genc-sektor-profesyonelleriyle-gastronometroda-bir-araya-geldi-546823 HTTP/1.1" 200 14765 "-" "Mozilla/5.0 (compatible; SemrushBot/7~bl; +http://www.semrush.com/bot.html)"
98.84.70.201 - - [26/May/2026:15:33:14 +0300] "GET /images/haberler/2022/02/caykur-2022-isci-alimi-basvuru-ekrani-CrfAiqGO.jpg HTTP/1.1" 302 219 "-" "Mozilla/5.0 AppleWebKit/537.36 (KHTML, like Gecko; compatible; Amazonbot/0.1; +https://developer.amazon.com/support/amazonbot) Chrome/119.0.6045.214 Safari/537.36"
170.84.185.207 - - [26/May/2026:15:33:15 +0300] "GET /public/404 HTTP/1.1" 302 220 "https://yeniistiklal.com/public/haber/elektrikli-arac-sarj-istasyonlarina-zam-iste-yeni-fiyatlar-518034" "Mozilla/5.0 (Linux; Android 6.0; Nexus 5 Build/MRA58N) AppleWebKit/537.36 (KHTML, like Gecko) Chrome/51.0.4283.1393 Mobile Safari/537.36"
170.84.185.207 - - [26/May/2026:15:33:16 +0300] "GET /hava-durumu/ajax?sehir_isim=6 HTTP/1.1" 200 77 "https://yeniistiklal.com/public/haber/elektrikli-arac-sarj-istasyonlarina-zam-iste-yeni-fiyatlar-518034" "Mozilla/5.0 (Linux; Android 6.0; Nexus 5 Build/MRA58N) AppleWebKit/537.36 (KHTML, like Gecko) Chrome/51.0.4283.1393 Mobile Safari/537.36"
170.84.185.207 - - [26/May/2026:15:33:16 +0300] "GET /public HTTP/1.1" 301 795 "https://yeniistiklal.com/public/haber/elektrikli-arac-sarj-istasyonlarina-zam-iste-yeni-fiyatlar-518034" "Mozilla/5.0 (Linux; Android 6.0; Nexus 5 Build/MRA58N) AppleWebKit/537.36 (KHTML, like Gecko) Chrome/51.0.4283.1393 Mobile Safari/537.36"
216.73.217.145 - - [26/May/2026:15:33:17 +0300] "GET /public/haber/hizmet-uretici-fiyat-endeksi-aralik-2021de-yukseldi-479689 HTTP/1.1" 200 14112 "-" "Mozilla/5.0 AppleWebKit/537.36 (KHTML, like Gecko; compatible; ClaudeBot/1.0; +claudebot@anthropic.com)"
216.73.217.145 - - [26/May/2026:15:33:17 +0300] "GET /haber/kontrolden-cikan-spacex-roketi-aya-dogru-gidiyor-478350 HTTP/1.1" 200 14086 "-" "Mozilla/5.0 AppleWebKit/537.36 (KHTML, like Gecko; compatible; ClaudeBot/1.0; +claudebot@anthropic.com)"
216.73.217.145 - - [26/May/2026:15:33:17 +0300] "GET /public/haber/butce-dostu-redmi-padin-ozellikleri-lansmandan-once-sizdirildi-541700 HTTP/1.1" 200 14161 "-" "Mozilla/5.0 AppleWebKit/537.36 (KHTML, like Gecko; compatible; ClaudeBot/1.0; +claudebot@anthropic.com)"
3.210.223.61 - - [26/May/2026:15:33:17 +0300] "GET /public/index.php/etiketler/ekonomik-kriz-haberleri HTTP/1.1" 200 5772 "-" "Mozilla/5.0 AppleWebKit/537.36 (KHTML, like Gecko; compatible; Amazonbot/0.1; +https://developer.amazon.com/support/amazonbot) Chrome/119.0.6045.214 Safari/537.36"
216.73.217.145 - - [26/May/2026:15:33:17 +0300] "GET /public/haber/egede-facia-cansiz-bedenleri-kiyiya-vurdu-498009 HTTP/1.1" 200 13470 "-" "Mozilla/5.0 AppleWebKit/537.36 (KHTML, like Gecko; compatible; ClaudeBot/1.0; +claudebot@anthropic.com)"
216.73.217.145 - - [26/May/2026:15:33:17 +0300] "GET /public/haber/huawei-3-farkli-kategoride-yeni-urunlerini-tanitti-541773 HTTP/1.1" 200 17165 "-" "Mozilla/5.0 AppleWebKit/537.36 (KHTML, like Gecko; compatible; ClaudeBot/1.0; +claudebot@anthropic.com)"
216.73.217.145 - - [26/May/2026:15:33:17 +0300] "GET /public/haber/intel-13-nesil-raptor-lake-tanitildi-iste-ozellikleri-541670 HTTP/1.1" 200 14660 "-" "Mozilla/5.0 AppleWebKit/537.36 (KHTML, like Gecko; compatible; ClaudeBot/1.0; +claudebot@anthropic.com)"
170.84.185.207 - - [26/May/2026:15:33:17 +0300] "GET /public/ HTTP/1.1" 200 17192 "https://yeniistiklal.com/public/haber/elektrikli-arac-sarj-istasyonlarina-zam-iste-yeni-fiyatlar-518034" "Mozilla/5.0 (Linux; Android 6.0; Nexus 5 Build/MRA58N) AppleWebKit/537.36 (KHTML, like Gecko) Chrome/51.0.4283.1393 Mobile Safari/537.36"
216.73.217.145 - - [26/May/2026:15:33:17 +0300] "GET /public/haber/savas-kazandiran-lojistik-dlsste-tartisildi-543516 HTTP/1.1" 200 15013 "-" "Mozilla/5.0 AppleWebKit/537.36 (KHTML, like Gecko; compatible; ClaudeBot/1.0; +claudebot@anthropic.com)"
216.73.217.145 - - [26/May/2026:15:33:18 +0300] "GET /404 HTTP/1.1" 302 215 "https://yeniistiklal.com/whatsapp:/send?text=Teoman%27%C4%B1n+%C4%B0lhan+%C4%B0rem+s%C4%B1rr%C4%B1+-+https%3A%2Fwww.yeniistiklal.com%2Fhaber%2Fteomanin-ilhan-irem-sirri-498845" "Mozilla/5.0 AppleWebKit/537.36 (KHTML, like Gecko; compatible; ClaudeBot/1.0; +claudebot@anthropic.com)"
216.73.217.145 - - [26/May/2026:15:33:18 +0300] "GET /public/haber/apple-patronu-sektordeki-kadin-sayisindan-rahatsiz-541656 HTTP/1.1" 200 14172 "-" "Mozilla/5.0 AppleWebKit/537.36 (KHTML, like Gecko; compatible; ClaudeBot/1.0; +claudebot@anthropic.com)"
136.0.120.210 - - [26/May/2026:15:33:18 +0300] "GET / HTTP/1.1" 200 17088 "-" "Mozilla/5.0 (Macintosh; Intel Mac OS X 10_15_7; rv:125.0) Gecko/20100101 Firefox/125.0"
216.73.217.145 - - [26/May/2026:15:33:18 +0300] "GET /haber/ukraynalilarin-istanbuldaki-savas-protestosuna-ruslar-da-katildi-497222 HTTP/1.1" 200 13653 "-" "Mozilla/5.0 AppleWebKit/537.36 (KHTML, like Gecko; compatible; ClaudeBot/1.0; +claudebot@anthropic.com)"
148.135.151.80 - - [26/May/2026:15:33:18 +0300] "GET /haber/fenerbahce-beko-euroleaguede-sampiyon-oldu-551656 HTTP/1.1" 200 13102 "-" "Mozilla/5.0 (iPad; CPU OS 14_6 like Mac OS X) AppleWebKit/537.36 (KHTML, like Gecko) Chrome/138.0.5908.2 Safari/537.36 Edg/96.0.1748.43"
174.140.200.34 - - [26/May/2026:15:33:18 +0300] "GET /haber/kok-hucreler-ameliyatsiz-diz-kireclemesi-tedavisi-icin-cozum-sunuyor-551687 HTTP/1.1" 200 15143 "-" "Mozilla/5.0 (iPhone; CPU iPhone OS 14_6 like Mac OS X) AppleWebKit/537.36 (KHTML, like Gecko) Chrome/124.0.6508.54 Safari/537.36 OPR/83.0.3752.43"
216.73.217.145 - - [26/May/2026:15:33:18 +0300] "GET /public/index.php/images/haberler/2022/06/zabitadan-gida-kontrolu-SnXC8AcA.jpg HTTP/1.1" 302 238 "-" "Mozilla/5.0 AppleWebKit/537.36 (KHTML, like Gecko; compatible; ClaudeBot/1.0; +claudebot@anthropic.com)"
104.239.104.39 - - [26/May/2026:15:33:18 +0300] "GET /haber/son-dakika-kktc-serbest-piyasa-doviz-kurlari-26-mayis-2025-551655 HTTP/1.1" 200 13010 "-" "Mozilla/5.0 (iPhone; CPU iPhone OS 14_6 like Mac OS X; rv:101.0) Gecko/20100101 Firefox/101.0"
216.73.217.145 - - [26/May/2026:15:33:19 +0300] "GET /haber/anil-adem-yarisi-survivor-all-star-2022-36-bolum-498848 HTTP/1.1" 200 13665 "-" "Mozilla/5.0 AppleWebKit/537.36 (KHTML, like Gecko; compatible; ClaudeBot/1.0; +claudebot@anthropic.com)"
216.73.217.145 - - [26/May/2026:15:33:10 +0300] "GET /public/haber/uyaran-eksikligi-otizmle-karistiriliyor-536256 HTTP/1.1" 200 15029 "-" "Mozilla/5.0 AppleWebKit/537.36 (KHTML, like Gecko; compatible; ClaudeBot/1.0; +claudebot@anthropic.com)"
216.73.217.145 - - [26/May/2026:15:33:10 +0300] "GET /public/ HTTP/1.1" 200 17210 "https://yeniistiklal.com/public" "Mozilla/5.0 AppleWebKit/537.36 (KHTML, like Gecko; compatible; ClaudeBot/1.0; +claudebot@anthropic.com)"
170.84.185.207 - - [26/May/2026:15:33:11 +0300] "GET /public/haber/elektrikli-arac-sarj-istasyonlarina-zam-iste-yeni-fiyatlar-518034 HTTP/1.1" 200 13940 "-" "Mozilla/5.0 (Linux; Android 6.0; Nexus 5 Build/MRA58N) AppleWebKit/537.36 (KHTML, like Gecko) Chrome/51.0.4283.1393 Mobile Safari/537.36"
44.196.118.6 - - [26/May/2026:15:33:11 +0300] "GET /haber/caykur-2022-isci-alimi-basvuru-ekrani-497466 HTTP/1.1" 200 15710 "-" "Mozilla/5.0 AppleWebKit/537.36 (KHTML, like Gecko; compatible; Amazonbot/0.1; +https://developer.amazon.com/support/amazonbot) Chrome/119.0.6045.214 Safari/537.36"
34.169.80.22 - - [26/May/2026:15:33:13 +0300] "GET /images/haberler/2022/08/kktc-cumhurbaskani-tatar-gunseli-test-etti-gsJHYuDU.jpg HTTP/1.1" 302 219 "-" "Mozilla/5.0 (X11; Linux x86_64) AppleWebKit/537.36 (KHTML, like Gecko) Chrome/91.0.4472.114 Safari/537.36"
34.169.80.22 - - [26/May/2026:15:33:14 +0300] "GET /404 HTTP/1.1" 302 215 "-" "Mozilla/5.0 (X11; Linux x86_64) AppleWebKit/537.36 (KHTML, like Gecko) Chrome/91.0.4472.114 Safari/537.36"
34.169.80.22 - - [26/May/2026:15:33:14 +0300] "GET / HTTP/1.1" 200 17085 "-" "Mozilla/5.0 (X11; Linux x86_64) AppleWebKit/537.36 (KHTML, like Gecko) Chrome/91.0.4472.114 Safari/537.36"
170.84.185.207 - - [26/May/2026:15:33:14 +0300] "GET /public/assets/frontend/tema9/images/google-news.svg HTTP/1.1" 200 2757 "https://yeniistiklal.com/public/assets/frontend/tema9/css/hdetay.css?v=1.5" "Mozilla/5.0 (Linux; Android 6.0; Nexus 5 Build/MRA58N) AppleWebKit/537.36 (KHTML, like Gecko) Chrome/51.0.4283.1393 Mobile Safari/537.36"
18.205.127.11 - - [26/May/2026:15:33:15 +0300] "GET /etiketler/bufeleri-haberleri HTTP/1.1" 200 5618 "-" "Mozilla/5.0 AppleWebKit/537.36 (KHTML, like Gecko; compatible; Amazonbot/0.1; +https://developer.amazon.com/support/amazonbot) Chrome/119.0.6045.214 Safari/537.36"
216.73.217.145 - - [26/May/2026:15:33:17 +0300] "GET /public/haber/nvidia-geforce-51748-surucusu-cikti-iste-yenilikler-541666 HTTP/1.1" 200 14875 "-" "Mozilla/5.0 AppleWebKit/537.36 (KHTML, like Gecko; compatible; ClaudeBot/1.0; +claudebot@anthropic.com)"
216.73.217.145 - - [26/May/2026:15:33:17 +0300] "GET /public/haber/yuksek-hizli-sarj-adaptorleri-100-kat-daha-cevreci-541597 HTTP/1.1" 200 15623 "-" "Mozilla/5.0 AppleWebKit/537.36 (KHTML, like Gecko; compatible; ClaudeBot/1.0; +claudebot@anthropic.com)"
216.73.217.145 - - [26/May/2026:15:33:17 +0300] "GET /whatsapp:/send?text=Teoman%27%C4%B1n+%C4%B0lhan+%C4%B0rem+s%C4%B1rr%C4%B1+-+https%3A%2Fwww.yeniistiklal.com%2Fhaber%2Fteomanin-ilhan-irem-sirri-498845 HTTP/1.1" 302 219 "-" "Mozilla/5.0 AppleWebKit/537.36 (KHTML, like Gecko; compatible; ClaudeBot/1.0; +claudebot@anthropic.com)"
216.73.217.145 - - [26/May/2026:15:33:18 +0300] "GET /public/haber/kaspersky-avrupada-iki-tesis-daha-acarak-yeni-seffaflik-merkezi-formatini-tanitti-541772 HTTP/1.1" 200 14872 "-" "Mozilla/5.0 AppleWebKit/537.36 (KHTML, like Gecko; compatible; ClaudeBot/1.0; +claudebot@anthropic.com)"
104.239.104.39 - - [26/May/2026:15:33:18 +0300] "GET /haber/matcha-cayi-nedir-551608 HTTP/1.1" 200 13261 "-" "Mozilla/5.0 (Macintosh; Intel Mac OS X 11_2_3) AppleWebKit/537.36 (KHTML, like Gecko) Chrome/136.0.6803.47 Safari/537.36"
216.73.217.145 - - [26/May/2026:15:33:19 +0300] "GET /public/index.php/images/haberler/2022/05/senin-farkin-var-KT5OnDVy.jpg HTTP/1.1" 302 238 "-" "Mozilla/5.0 AppleWebKit/537.36 (KHTML, like Gecko; compatible; ClaudeBot/1.0; +claudebot@anthropic.com)"
216.73.217.145 - - [26/May/2026:15:33:19 +0300] "GET /public/index.php/404 HTTP/1.1" 302 232 "https://www.yeniistiklal.com/public/index.php/images/haberler/2022/06/zabitadan-gida-kontrolu-SnXC8AcA.jpg" "Mozilla/5.0 AppleWebKit/537.36 (KHTML, like Gecko; compatible; ClaudeBot/1.0; +claudebot@anthropic.com)"
216.73.217.145 - - [26/May/2026:15:33:19 +0300] "GET /public/index.php/images/haberler/2022/05/romanyada-bilegimiz-bukulmedi-g7QdFV5L.jpg HTTP/1.1" 302 238 "-" "Mozilla/5.0 AppleWebKit/537.36 (KHTML, like Gecko; compatible; ClaudeBot/1.0; +claudebot@anthropic.com)"
216.73.217.145 - - [26/May/2026:15:33:19 +0300] "GET /public/index.php/images/haberler/2022/06/anadoludan-harman-olan-turkuler-akmde-J3DqcAtc.jpg HTTP/1.1" 302 238 "-" "Mozilla/5.0 AppleWebKit/537.36 (KHTML, like Gecko; compatible; ClaudeBot/1.0; +claudebot@anthropic.com)"
216.73.217.145 - - [26/May/2026:15:33:19 +0300] "GET /public/index.php/404 HTTP/1.1" 302 232 "https://www.yeniistiklal.com/public/index.php/images/haberler/2022/06/anadoludan-harman-olan-turkuler-akmde-J3DqcAtc.jpg" "Mozilla/5.0 AppleWebKit/537.36 (KHTML, like Gecko; compatible; ClaudeBot/1.0; +claudebot@anthropic.com)"
216.73.217.145 - - [26/May/2026:15:33:19 +0300] "GET /public/index.php HTTP/1.1" 200 17294 "https://www.yeniistiklal.com/public/index.php/404" "Mozilla/5.0 AppleWebKit/537.36 (KHTML, like Gecko; compatible; ClaudeBot/1.0; +claudebot@anthropic.com)"
216.73.217.145 - - [26/May/2026:15:33:19 +0300] "GET /public/index.php/haber/erken-yaslanan-unlu-youtuber-15-yasinda-hayatini-kaybetti-474307 HTTP/1.1" 200 13642 "-" "Mozilla/5.0 AppleWebKit/537.36 (KHTML, like Gecko; compatible; ClaudeBot/1.0; +claudebot@anthropic.com)"
216.73.217.145 - - [26/May/2026:15:33:19 +0300] "GET /public/index.php/images/haberler/2022/06/afyonkarahisar-valisi-trafik-egitiminde-8ricmSdZ.jpg HTTP/1.1" 302 238 "-" "Mozilla/5.0 AppleWebKit/537.36 (KHTML, like Gecko; compatible; ClaudeBot/1.0; +claudebot@anthropic.com)"
216.73.217.145 - - [26/May/2026:15:33:19 +0300] "GET /public/index.php/images/haberler/2022/05/romanyada-bilegimiz-bukulmedi-MRLcQCqB.jpg HTTP/1.1" 302 238 "-" "Mozilla/5.0 AppleWebKit/537.36 (KHTML, like Gecko; compatible; ClaudeBot/1.0; +claudebot@anthropic.com)"
216.73.217.145 - - [26/May/2026:15:33:19 +0300] "GET /public/index.php HTTP/1.1" 200 17301 "https://www.yeniistiklal.com/public/index.php/404" "Mozilla/5.0 AppleWebKit/537.36 (KHTML, like Gecko; compatible; ClaudeBot/1.0; +claudebot@anthropic.com)"
216.73.217.145 - - [26/May/2026:15:33:19 +0300] "GET /public/index.php/haber/tokyoda-universite-sinavina-giden-ogrencilere-saldiri-474749 HTTP/1.1" 200 13673 "-" "Mozilla/5.0 AppleWebKit/537.36 (KHTML, like Gecko; compatible; ClaudeBot/1.0; +claudebot@anthropic.com)"
216.73.217.145 - - [26/May/2026:15:33:19 +0300] "GET /public/index.php HTTP/1.1" 200 17307 "https://www.yeniistiklal.com/public/index.php/404" "Mozilla/5.0 AppleWebKit/537.36 (KHTML, like Gecko; compatible; ClaudeBot/1.0; +claudebot@anthropic.com)"
216.73.217.145 - - [26/May/2026:15:33:20 +0300] "GET /public/index.php/404 HTTP/1.1" 302 232 "https://www.yeniistiklal.com/public/index.php/images/haberler/2022/05/romanyada-bilegimiz-bukulmedi-MRLcQCqB.jpg" "Mozilla/5.0 AppleWebKit/537.36 (KHTML, like Gecko; compatible; ClaudeBot/1.0; +claudebot@anthropic.com)"
216.73.217.145 - - [26/May/2026:15:33:19 +0300] "GET /public/index.php/haber/kadin-calisanlara-is-dunyasinda-pozitif-ayrimcilik-519172 HTTP/1.1" 200 16188 "-" "Mozilla/5.0 AppleWebKit/537.36 (KHTML, like Gecko; compatible; ClaudeBot/1.0; +claudebot@anthropic.com)"
216.73.217.145 - - [26/May/2026:15:33:19 +0300] "GET /public/index.php/haber/erdogandan-kazakistan-icin-liderlerle-telefon-gorusmesi-gerceklestirdi-471125 HTTP/1.1" 200 14232 "-" "Mozilla/5.0 AppleWebKit/537.36 (KHTML, like Gecko; compatible; ClaudeBot/1.0; +claudebot@anthropic.com)"
216.73.217.145 - - [26/May/2026:15:33:18 +0300] "GET /public/index.php/haber/7-kattan-dusen-sedefnurun-sorusturmasinda-yeni-gelisme-472703 HTTP/1.1" 200 13580 "-" "Mozilla/5.0 AppleWebKit/537.36 (KHTML, like Gecko; compatible; ClaudeBot/1.0; +claudebot@anthropic.com)"
216.73.217.145 - - [26/May/2026:15:33:19 +0300] "GET /public/index.php/404 HTTP/1.1" 302 232 "https://www.yeniistiklal.com/public/index.php/images/haberler/2022/05/senin-farkin-var-KT5OnDVy.jpg" "Mozilla/5.0 AppleWebKit/537.36 (KHTML, like Gecko; compatible; ClaudeBot/1.0; +claudebot@anthropic.com)"
216.73.217.145 - - [26/May/2026:15:33:19 +0300] "GET /public/index.php/404 HTTP/1.1" 302 232 "https://www.yeniistiklal.com/public/index.php/images/haberler/2022/05/romanyada-bilegimiz-bukulmedi-g7QdFV5L.jpg" "Mozilla/5.0 AppleWebKit/537.36 (KHTML, like Gecko; compatible; ClaudeBot/1.0; +claudebot@anthropic.com)"
44.215.210.112 - - [26/May/2026:15:33:19 +0300] "GET /etiketler/basket-haberleri HTTP/1.1" 200 8189 "-" "Mozilla/5.0 AppleWebKit/537.36 (KHTML, like Gecko; compatible; Amazonbot/0.1; +https://developer.amazon.com/support/amazonbot) Chrome/119.0.6045.214 Safari/537.36"
216.73.217.145 - - [26/May/2026:15:33:19 +0300] "GET /public/index.php/404 HTTP/1.1" 302 232 "https://www.yeniistiklal.com/public/index.php/images/haberler/2022/06/afyonkarahisar-valisi-trafik-egitiminde-8ricmSdZ.jpg" "Mozilla/5.0 AppleWebKit/537.36 (KHTML, like Gecko; compatible; ClaudeBot/1.0; +claudebot@anthropic.com)"
216.73.217.145 - - [26/May/2026:15:33:19 +0300] "GET /public/index.php HTTP/1.1" 200 17306 "https://www.yeniistiklal.com/public/index.php/404" "Mozilla/5.0 AppleWebKit/537.36 (KHTML, like Gecko; compatible; ClaudeBot/1.0; +claudebot@anthropic.com)"
216.73.217.145 - - [26/May/2026:15:33:19 +0300] "GET /public/index.php/haber/zelenskiy-16-subati-birlik-gunu-olarak-resmi-tatil-ilan-etti-491146 HTTP/1.1" 200 13388 "-" "Mozilla/5.0 AppleWebKit/537.36 (KHTML, like Gecko; compatible; ClaudeBot/1.0; +claudebot@anthropic.com)"
216.73.217.145 - - [26/May/2026:15:33:20 +0300] "GET /haber/kuresel-capta-yasanan-enerji-krizinin-cozumu-5-maddelik-formulde-540136 HTTP/1.1" 200 15037 "-" "Mozilla/5.0 AppleWebKit/537.36 (KHTML, like Gecko; compatible; ClaudeBot/1.0; +claudebot@anthropic.com)"
216.73.217.145 - - [26/May/2026:15:33:20 +0300] "GET /public/index.php HTTP/1.1" 200 17290 "https://www.yeniistiklal.com/public/index.php/404" "Mozilla/5.0 AppleWebKit/537.36 (KHTML, like Gecko; compatible; ClaudeBot/1.0; +claudebot@anthropic.com)"
216.73.217.145 - - [26/May/2026:15:33:20 +0300] "GET /public/index.php/haber/norm-holdingden-esiad-yatirim-zirvesine-sponsorluk-destegi-519730 HTTP/1.1" 200 14137 "-" "Mozilla/5.0 AppleWebKit/537.36 (KHTML, like Gecko; compatible; ClaudeBot/1.0; +claudebot@anthropic.com)"
216.73.217.145 - - [26/May/2026:15:33:20 +0300] "GET /haber/ege-seramik-50yilini-izmirli-mimar-ve-ic-mimarlar-ile-kutladi-540219 HTTP/1.1" 200 14974 "-" "Mozilla/5.0 AppleWebKit/537.36 (KHTML, like Gecko; compatible; ClaudeBot/1.0; +claudebot@anthropic.com)"
216.73.217.145 - - [26/May/2026:15:33:20 +0300] "GET /public/index.php/haber/tuik-hayvansal-uretim-istatistikleri-haziran-2022-532067 HTTP/1.1" 200 13593 "-" "Mozilla/5.0 AppleWebKit/537.36 (KHTML, like Gecko; compatible; ClaudeBot/1.0; +claudebot@anthropic.com)"
216.73.217.145 - - [26/May/2026:15:33:20 +0300] "GET /public/index.php/images/haberler/2022/02/dolar-ve-euro-bugun-ne-kadar-WEalLm2R.jpg HTTP/1.1" 302 238 "-" "Mozilla/5.0 AppleWebKit/537.36 (KHTML, like Gecko; compatible; ClaudeBot/1.0; +claudebot@anthropic.com)"
216.73.217.145 - - [26/May/2026:15:33:21 +0300] "GET /public/index.php/haber/bu-da-oldu-klozeti-oyun-bilgisayarina-cevirdiler-530886 HTTP/1.1" 200 13967 "-" "Mozilla/5.0 AppleWebKit/537.36 (KHTML, like Gecko; compatible; ClaudeBot/1.0; +claudebot@anthropic.com)"
2a03:2880:f806:11:: - - [26/May/2026:15:33:20 +0300] "GET /public/images/haberler/2022/10/semiramis-pekkandan-yeni-sarki-Fh9HsRXL.jpg HTTP/1.1" 302 225 "-" "meta-externalagent/1.1 (+https://developers.facebook.com/docs/sharing/webmasters/crawler)"
216.73.217.145 - - [26/May/2026:15:33:20 +0300] "GET /public/index.php/images/haberler/2022/05/cevre-dostu-cocuklar-kZmOemfO.jpg HTTP/1.1" 302 238 "-" "Mozilla/5.0 AppleWebKit/537.36 (KHTML, like Gecko; compatible; ClaudeBot/1.0; +claudebot@anthropic.com)"
216.73.217.145 - - [26/May/2026:15:33:20 +0300] "GET /public/index.php HTTP/1.1" 200 17288 "https://www.yeniistiklal.com/public/index.php/404" "Mozilla/5.0 AppleWebKit/537.36 (KHTML, like Gecko; compatible; ClaudeBot/1.0; +claudebot@anthropic.com)"
216.73.217.145 - - [26/May/2026:15:33:20 +0300] "GET /public/index.php/haber/prens-andrew-hakkindaki-cinsel-saldiri-davasindan-neler-bekleniyor-474215 HTTP/1.1" 200 16735 "-" "Mozilla/5.0 AppleWebKit/537.36 (KHTML, like Gecko; compatible; ClaudeBot/1.0; +claudebot@anthropic.com)"
216.73.217.145 - - [26/May/2026:15:33:20 +0300] "GET /public/index.php/haber/avustralya-507-derece-ile-son-60-yilin-en-sicak-gununu-yasadi-474216 HTTP/1.1" 200 13837 "-" "Mozilla/5.0 AppleWebKit/537.36 (KHTML, like Gecko; compatible; ClaudeBot/1.0; +claudebot@anthropic.com)"
216.73.217.145 - - [26/May/2026:15:33:20 +0300] "GET /public/index.php/haber/izmir-aliaga-merhaba-cumhuriyet-konserinde-bulustu-547789 HTTP/1.1" 200 14033 "-" "Mozilla/5.0 AppleWebKit/537.36 (KHTML, like Gecko; compatible; ClaudeBot/1.0; +claudebot@anthropic.com)"
216.73.217.145 - - [26/May/2026:15:33:20 +0300] "GET /public/index.php/404 HTTP/1.1" 302 232 "https://www.yeniistiklal.com/public/index.php/images/haberler/2022/05/cevre-dostu-cocuklar-kZmOemfO.jpg" "Mozilla/5.0 AppleWebKit/537.36 (KHTML, like Gecko; compatible; ClaudeBot/1.0; +claudebot@anthropic.com)"
216.73.217.145 - - [26/May/2026:15:33:20 +0300] "GET /haber/rusya-savunma-bakanligi-498-rus-askeri-hayatini-kaybetti-498667 HTTP/1.1" 200 14003 "-" "Mozilla/5.0 AppleWebKit/537.36 (KHTML, like Gecko; compatible; ClaudeBot/1.0; +claudebot@anthropic.com)"
216.73.217.145 - - [26/May/2026:15:33:20 +0300] "GET /public/index.php HTTP/1.1" 200 17295 "https://www.yeniistiklal.com/public/index.php/404" "Mozilla/5.0 AppleWebKit/537.36 (KHTML, like Gecko; compatible; ClaudeBot/1.0; +claudebot@anthropic.com)"
216.73.217.145 - - [26/May/2026:15:33:21 +0300] "GET /public/index.php/404 HTTP/1.1" 302 232 "https://www.yeniistiklal.com/public/index.php/images/haberler/2022/02/dolar-ve-euro-bugun-ne-kadar-WEalLm2R.jpg" "Mozilla/5.0 AppleWebKit/537.36 (KHTML, like Gecko; compatible; ClaudeBot/1.0; +claudebot@anthropic.com)"
216.73.217.145 - - [26/May/2026:15:33:21 +0300] "GET /public/index.php/haber/toyota-subat-ayinda-otomobil-uretimini-artiracak-476080 HTTP/1.1" 200 13508 "-" "Mozilla/5.0 AppleWebKit/537.36 (KHTML, like Gecko; compatible; ClaudeBot/1.0; +claudebot@anthropic.com)"
216.73.217.145 - - [26/May/2026:15:33:21 +0300] "GET /public/index.php HTTP/1.1" 200 17302 "https://www.yeniistiklal.com/public/index.php/404" "Mozilla/5.0 AppleWebKit/537.36 (KHTML, like Gecko; compatible; ClaudeBot/1.0; +claudebot@anthropic.com)"
3.89.170.186 - - [26/May/2026:15:33:21 +0300] "GET /public/index.php/etiketler/sana-haberleri HTTP/1.1" 200 8427 "-" "Mozilla/5.0 AppleWebKit/537.36 (KHTML, like Gecko; compatible; Amazonbot/0.1; +https://developer.amazon.com/support/amazonbot) Chrome/119.0.6045.214 Safari/537.36"
2a03:2880:f806:43:: - - [26/May/2026:15:33:21 +0300] "GET /public/404 HTTP/1.1" 302 220 "-" "meta-externalagent/1.1 (+https://developers.facebook.com/docs/sharing/webmasters/crawler)"
216.73.217.145 - - [26/May/2026:15:33:22 +0300] "GET /public/haber/ipados-16-eski-ipadlere-yeni-ozellikler-kazandiriyor-541668 HTTP/1.1" 200 14233 "-" "Mozilla/5.0 AppleWebKit/537.36 (KHTML, like Gecko; compatible; ClaudeBot/1.0; +claudebot@anthropic.com)"
216.73.217.145 - - [26/May/2026:15:33:21 +0300] "GET /public/index.php/haber/sabanci-vakfi-7-kisa-film-yarismasina-basvurular-basladi-522532 HTTP/1.1" 200 15364 "-" "Mozilla/5.0 AppleWebKit/537.36 (KHTML, like Gecko; compatible; ClaudeBot/1.0; +claudebot@anthropic.com)"
216.73.217.145 - - [26/May/2026:15:33:21 +0300] "GET /public/index.php/images/haberler/2022/02/avrupada-eksi-faizle-borc-donemi-bitiyor-IfSVfgRs.jpg HTTP/1.1" 302 238 "-" "Mozilla/5.0 AppleWebKit/537.36 (KHTML, like Gecko; compatible; ClaudeBot/1.0; +claudebot@anthropic.com)"
216.73.217.145 - - [26/May/2026:15:33:21 +0300] "GET /public/index.php/404 HTTP/1.1" 302 232 "https://www.yeniistiklal.com/public/index.php/images/haberler/2022/02/avrupada-eksi-faizle-borc-donemi-bitiyor-IfSVfgRs.jpg" "Mozilla/5.0 AppleWebKit/537.36 (KHTML, like Gecko; compatible; ClaudeBot/1.0; +claudebot@anthropic.com)"
216.73.217.145 - - [26/May/2026:15:33:21 +0300] "GET /public/index.php HTTP/1.1" 200 17295 "https://www.yeniistiklal.com/public/index.php/404" "Mozilla/5.0 AppleWebKit/537.36 (KHTML, like Gecko; compatible; ClaudeBot/1.0; +claudebot@anthropic.com)"
216.73.217.145 - - [26/May/2026:15:33:22 +0300] "GET /public/images/haberler/2022/05/atletizmde-finaldeyiz-xNfz87OG.jpg HTTP/1.1" 302 225 "-" "Mozilla/5.0 AppleWebKit/537.36 (KHTML, like Gecko; compatible; ClaudeBot/1.0; +claudebot@anthropic.com)"
2a03:2880:f806:42:: - - [26/May/2026:15:33:23 +0300] "GET /public HTTP/1.1" 301 795 "-" "meta-externalagent/1.1 (+https://developers.facebook.com/docs/sharing/webmasters/crawler)"
216.73.217.145 - - [26/May/2026:15:33:23 +0300] "GET /public/haber/erdal-saglam-kurun-10-un-altina-inmesi-mumkun-degil-476917 HTTP/1.1" 200 13432 "-" "Mozilla/5.0 AppleWebKit/537.36 (KHTML, like Gecko; compatible; ClaudeBot/1.0; +claudebot@anthropic.com)"
