2a03:2880:f806:36:: - - [26/May/2026:15:21:24 +0300] "GET /public/images/haberler/2022/06/garanti-bbva-ceppostan-artik-tum-is-yerleri-yararlanabiliyor-VrbNV3ic.jpg HTTP/1.1" 302 225 "-" "meta-externalagent/1.1 (+https://developers.facebook.com/docs/sharing/webmasters/crawler)"
2a03:2880:f806:1f:: - - [26/May/2026:15:21:26 +0300] "GET /public/404 HTTP/1.1" 302 220 "-" "meta-externalagent/1.1 (+https://developers.facebook.com/docs/sharing/webmasters/crawler)"
142.44.233.229 - - [26/May/2026:15:21:27 +0300] "GET /public/haber/kibar-elisagil-kazakistanda-ilac-fiyatlarina-devlet-kontrolu-hakkinda-merak-edilenleri-yanitliyor-550489 HTTP/1.1" 200 14525 "-" "Mozilla/5.0 (compatible; AhrefsBot/7.0; +http://ahrefs.com/robot/)"
2a03:2880:f806:52:: - - [26/May/2026:15:21:27 +0300] "GET /public HTTP/1.1" 301 795 "-" "meta-externalagent/1.1 (+https://developers.facebook.com/docs/sharing/webmasters/crawler)"
2a03:2880:f806:11:: - - [26/May/2026:15:21:29 +0300] "GET /public/ HTTP/1.1" 200 17203 "-" "meta-externalagent/1.1 (+https://developers.facebook.com/docs/sharing/webmasters/crawler)"
37.202.73.10 - - [26/May/2026:15:21:30 +0300] "GET /public/haber/edremitte-balkan-ezgileriyle-rumeli-senligi-522397 HTTP/1.1" 200 14002 "-" "Mozilla/5.0 (Linux; Android 8.0; Pixel 2 Build/OPD3.170816.012) AppleWebKit/537.36 (KHTML, like Gecko) Chrome/49.0.8888.1014 Mobile Safari/537.36"
45.61.97.119 - - [26/May/2026:15:21:32 +0300] "GET /haber/lefkosalefkegazimagusa-kibrista-kac-sehir-var-551625 HTTP/1.1" 200 12960 "https://yeniistiklal.com" "Mozilla/5.0 (Linux; Android 11; SM-G998U; rv:124.0) Gecko/20100101 Firefox/124.0"
37.202.73.10 - - [26/May/2026:15:21:33 +0300] "GET /public/assets/frontend/tema9/images/speech-bubble-with-dots.png HTTP/1.1" 200 2663 "https://www.yeniistiklal.com/public/haber/edremitte-balkan-ezgileriyle-rumeli-senligi-522397" "Mozilla/5.0 (Linux; Android 8.0; Pixel 2 Build/OPD3.170816.012) AppleWebKit/537.36 (KHTML, like Gecko) Chrome/49.0.8888.1014 Mobile Safari/537.36"
183.171.249.122 - - [26/May/2026:15:21:34 +0300] "GET /assets/frontend/tema9/images/saskin.svg HTTP/1.1" 200 399 "https://yeniistiklal.com/assets/frontend/tema9/css/all.css?id=84aa2e07518a81ccdb7b" "Mozilla/5.0 (Linux; Android 8.0; Pixel 2 Build/OPD3.170816.012) AppleWebKit/537.36 (KHTML, like Gecko) Chrome/49.0.8888.1014 Mobile Safari/537.36"
183.171.249.122 - - [26/May/2026:15:21:34 +0300] "GET /assets/frontend/tema9/images/sevdim.svg HTTP/1.1" 200 404 "https://yeniistiklal.com/assets/frontend/tema9/css/all.css?id=84aa2e07518a81ccdb7b" "Mozilla/5.0 (Linux; Android 8.0; Pixel 2 Build/OPD3.170816.012) AppleWebKit/537.36 (KHTML, like Gecko) Chrome/49.0.8888.1014 Mobile Safari/537.36"
5.255.231.6 - - [26/May/2026:15:21:34 +0300] "GET /rss/sinema-11 HTTP/1.1" 200 21504 "-" "Mozilla/5.0 (compatible; YandexBot/3.0; +http://yandex.com/bots)"
82.24.212.178 - - [26/May/2026:15:21:35 +0300] "GET /haber/kibrista-dolar-euro-fiyalari-yok-artik-dedirtti-551620 HTTP/1.1" 200 12804 "https://yeniistiklal.com" "Mozilla/5.0 (Macintosh; Windows NT 10.0; Win64; x64) AppleWebKit/605.1.15 (KHTML, like Gecko) Version/17.0.2 Safari/605.1.15"
82.24.212.178 - - [26/May/2026:15:21:35 +0300] "GET /haber/ercan-havalimani-girne-arasi-ulasim-kac-tl-551626 HTTP/1.1" 200 12884 "https://yeniistiklal.com" "Mozilla/5.0 (Macintosh; Intel Mac OS X 11_2_3) AppleWebKit/537.36 (KHTML, like Gecko) Chrome/126.0.6867.22 Safari/537.36"
104.239.106.5 - - [26/May/2026:15:21:35 +0300] "GET /haber/yaz-firsatlari-552140 HTTP/1.1" 200 15890 "https://yeniistiklal.com" "Mozilla/5.0 (iPhone; CPU iPhone OS 14_6 like Mac OS X) AppleWebKit/537.36 (KHTML, like Gecko) Chrome/136.0.5224.89 Safari/537.36 Edg/102.0.1723.11"
82.24.212.178 - - [26/May/2026:15:21:37 +0300] "GET /haber/serbest-piyasada-dolar-ve-euroda-son-durum-551791 HTTP/1.1" 200 13132 "https://yeniistiklal.com" "Mozilla/5.0 (iPhone; CPU iPhone OS 14_6 like Mac OS X) AppleWebKit/537.36 (KHTML, like Gecko) Chrome/118.0.6088.16 Safari/537.36"
82.24.212.178 - - [26/May/2026:15:21:37 +0300] "GET /haber/kamu-iscileri-icin-zam-teklifinde-yeni-gelisme-551757 HTTP/1.1" 200 13308 "https://yeniistiklal.com" "Mozilla/5.0 (Macintosh; Intel Mac OS X 10_15_7) AppleWebKit/537.36 (KHTML, like Gecko) Chrome/118.0.5998.142 Safari/537.36 OPR/82.0.3983.29"
114.119.143.119 - - [26/May/2026:15:21:38 +0300] "GET /404 HTTP/1.1" 302 215 "https://yeniistiklal.com/video-galeri/sesli-kose-yazilari/baymak-lambert-kombi-sicak-su-vermiyor-ne-yapmaliyim-397738" "Mozilla/5.0 (Linux; Android 7.0;) AppleWebKit/537.36 (HTML, like Gecko) Mobile Safari/537.36 (compatible; PetalBot;+https://webmaster.petalsearch.com/site/petalbot)"
200.153.178.245 - - [26/May/2026:15:21:38 +0300] "GET /public/index.php/images/haberler/2025/12/survivor-2026-yarismacilari-tam-liste-y-1765786623.png HTTP/1.1" 302 238 "https://www.yeniistiklal.com/public/index.php" "Mozilla/5.0 (Linux; Android 6.0; Nexus 5 Build/MRA58N) AppleWebKit/537.36 (KHTML, like Gecko) Chrome/40.0.1776.1943 Mobile Safari/537.36"
114.119.143.119 - - [26/May/2026:15:21:38 +0300] "GET / HTTP/1.1" 200 17086 "https://yeniistiklal.com/video-galeri/sesli-kose-yazilari/baymak-lambert-kombi-sicak-su-vermiyor-ne-yapmaliyim-397738" "Mozilla/5.0 (Linux; Android 7.0;) AppleWebKit/537.36 (HTML, like Gecko) Mobile Safari/537.36 (compatible; PetalBot;+https://webmaster.petalsearch.com/site/petalbot)"
45.61.97.119 - - [26/May/2026:15:21:38 +0300] "GET /haber-arsivi HTTP/1.1" 200 5725 "https://yeniistiklal.com" "Mozilla/5.0 (Linux; Android 11; SM-G998U) AppleWebKit/537.36 (KHTML, like Gecko) Chrome/133.0.5413.86 Safari/537.36"
82.24.212.178 - - [26/May/2026:15:21:39 +0300] "GET /sitemap.xml HTTP/1.1" 200 201 "https://yeniistiklal.com" "Mozilla/5.0 (Macintosh; Intel Mac OS X 11_2_3; rv:104.0) Gecko/20100101 Firefox/104.0"
82.24.212.178 - - [26/May/2026:15:21:39 +0300] "GET /sitene-ekle HTTP/1.1" 200 5594 "https://yeniistiklal.com" "Mozilla/5.0 (iPhone; CPU iPhone OS 14_6 like Mac OS X) AppleWebKit/537.36 (KHTML, like Gecko) Chrome/137.0.5546.149 Safari/537.36 OPR/96.0.3929.39"
45.41.179.235 - - [26/May/2026:15:21:39 +0300] "GET /haber/altin-fiyatlarinda-son-durum-gram-ve-ceyrek-altin-ne-kadar-oldu-551790 HTTP/1.1" 200 12968 "https://yeniistiklal.com" "Mozilla/5.0 (Windows NT 10.0; Win64; x64; rv:112.0) Gecko/20100101 Firefox/112.0"
2a02:c207:2317:3204::1 - - [26/May/2026:15:21:39 +0300] "GET / HTTP/1.1" 200 17080 "-" "Mozilla/5.0 (Windows NT 10.0; Win64; x64) AppleWebKit/537.36 (KHTML, like Gecko) Chrome/120.0.0.0 Safari/537.36"
191.96.130.161 - - [26/May/2026:15:21:39 +0300] "GET /haber/gunes-yanigina-veda-edin-aciyi-dindiren-ev-yapimi-cozumler-551785 HTTP/1.1" 200 14419 "https://yeniistiklal.com" "Mozilla/5.0 (Linux; Android 11; SM-G998U; rv:121.0) Gecko/20100101 Firefox/121.0"
4.193.189.92 - - [26/May/2026:15:21:40 +0300] "GET /1.php HTTP/1.1" 302 219 "-" "Mozilla/5.0 (Windows NT 10.0; Win64; x64) AppleWebKit/537.36 (KHTML, like Gecko) Chrome/120.0.0.0 Safari/537.36"
45.61.97.119 - - [26/May/2026:15:21:40 +0300] "GET /rss HTTP/1.1" 200 5987 "https://yeniistiklal.com" "Mozilla/5.0 (iPad; CPU OS 14_6 like Mac OS X) AppleWebKit/537.36 (KHTML, like Gecko) Chrome/102.0.6115.84 Safari/537.36 Edg/103.0.1576.78"
183.171.249.122 - - [26/May/2026:15:21:34 +0300] "GET /assets/frontend/tema9/images/kizgin.svg HTTP/1.1" 200 461 "https://yeniistiklal.com/assets/frontend/tema9/css/all.css?id=84aa2e07518a81ccdb7b" "Mozilla/5.0 (Linux; Android 8.0; Pixel 2 Build/OPD3.170816.012) AppleWebKit/537.36 (KHTML, like Gecko) Chrome/49.0.8888.1014 Mobile Safari/537.36"
183.171.249.122 - - [26/May/2026:15:21:34 +0300] "GET /assets/frontend/tema9/images/uzgun.svg HTTP/1.1" 200 246 "https://yeniistiklal.com/assets/frontend/tema9/css/all.css?id=84aa2e07518a81ccdb7b" "Mozilla/5.0 (Linux; Android 8.0; Pixel 2 Build/OPD3.170816.012) AppleWebKit/537.36 (KHTML, like Gecko) Chrome/49.0.8888.1014 Mobile Safari/537.36"
202.46.62.91 - - [26/May/2026:15:21:34 +0300] "GET /public/index.php/haber/tozkoparan-iskender-40-bolum-fragmani-buyuk-savas-492748 HTTP/1.1" 200 13853 "-" "Mozilla/5.0 (Windows NT 10.0; Win64; x64) AppleWebKit/537.36 (KHTML, like Gecko) Chrome/133.0.6943.141 Safari/537.36"
45.61.97.119 - - [26/May/2026:15:21:34 +0300] "GET /haber/son-dakika-kktc-serbest-piyasa-doviz-kurlari-26-mayis-2025-551655 HTTP/1.1" 200 13012 "https://yeniistiklal.com" "Mozilla/5.0 (Windows NT 10.0; Win64; x64; rv:103.0) Gecko/20100101 Firefox/103.0"
82.24.212.178 - - [26/May/2026:15:21:35 +0300] "GET /haber/fenerbahce-beko-euroleaguede-sampiyon-oldu-551656 HTTP/1.1" 200 13102 "https://yeniistiklal.com" "Mozilla/5.0 (Linux; Android 11; SM-G998U) AppleWebKit/537.36 (KHTML, like Gecko) Chrome/121.0.6326.100 Safari/537.36 OPR/85.0.3461.54"
104.239.106.5 - - [26/May/2026:15:21:35 +0300] "GET /haberler HTTP/1.1" 200 10700 "https://yeniistiklal.com" "Mozilla/5.0 (Macintosh; Windows NT 10.0; Win64; x64) AppleWebKit/605.1.15 (KHTML, like Gecko) Version/18.0.3 Safari/605.1.15"
191.96.130.161 - - [26/May/2026:15:21:35 +0300] "GET /haber/super-ligde-35-hafta-hakemleri-belli-oldu-nefesler-tutuldu-551627 HTTP/1.1" 200 13870 "https://yeniistiklal.com" "Mozilla/5.0 (Macintosh; Intel Mac OS X 11_2_3) AppleWebKit/537.36 (KHTML, like Gecko) Chrome/133.0.5468.55 Safari/537.36 OPR/84.0.3806.60"
36.69.7.52 - - [26/May/2026:15:21:37 +0300] "OPTIONS /hava-durumu/ajax?sehir_isim=6 HTTP/1.1" 200 20 "https://www.yeniistiklal.com/" "Mozilla/5.0 (Linux; Android 8.0; Pixel 2 Build/OPD3.170816.012) AppleWebKit/537.36 (KHTML, like Gecko) Chrome/49.0.8888.1014 Mobile Safari/537.36"
191.96.130.161 - - [26/May/2026:15:21:38 +0300] "GET /haber-gonder HTTP/1.1" 200 5719 "https://yeniistiklal.com" "Mozilla/5.0 (Macintosh; Intel Mac OS X 10_15_7) AppleWebKit/537.36 (KHTML, like Gecko) Chrome/131.0.5980.109 Safari/537.36 Edg/104.0.1558.61"
82.24.212.178 - - [26/May/2026:15:21:39 +0300] "GET /haber/surucu-belgesi-yenileme-suresi-son-kez-uzatildi-551758 HTTP/1.1" 200 13675 "https://yeniistiklal.com" "Mozilla/5.0 (iPad; CPU OS 14_6 like Mac OS X) AppleWebKit/537.36 (KHTML, like Gecko) Chrome/126.0.6642.3 Safari/537.36 OPR/82.0.3909.93"
2a02:c207:2317:3204::1 - - [26/May/2026:15:21:39 +0300] "GET /images/haberler/2022/06/aydin-buyuksehir-belediyesi-didimde-yollari-yeniliyor-kdu1fnlP.jpg HTTP/1.1" 302 219 "-" "Mozilla/5.0 (Windows NT 10.0; Win64; x64) AppleWebKit/537.36 (KHTML, like Gecko) Chrome/120.0.0.0 Safari/537.36"
2a02:c207:2317:3204::1 - - [26/May/2026:15:21:39 +0300] "GET /404 HTTP/1.1" 302 215 "-" "Mozilla/5.0 (Windows NT 10.0; Win64; x64) AppleWebKit/537.36 (KHTML, like Gecko) Chrome/120.0.0.0 Safari/537.36"
191.96.130.161 - - [26/May/2026:15:21:39 +0300] "GET /haber/yeni-tarifeler-petrol-piyasasini-nasil-etkiliyor-551760 HTTP/1.1" 200 13484 "https://yeniistiklal.com" "Mozilla/5.0 (Windows NT 10.0; Win64; x64) AppleWebKit/537.36 (KHTML, like Gecko) Chrome/105.0.5274.62 Safari/537.36 Edg/105.0.1939.52"
191.96.130.161 - - [26/May/2026:15:21:40 +0300] "GET /haber/piyasalar-sallaniyor-gram-altin-tarihi-zirvelere-kosuyor-551786 HTTP/1.1" 200 12917 "https://yeniistiklal.com" "Mozilla/5.0 (Windows NT 10.0; Win64; x64; rv:103.0) Gecko/20100101 Firefox/103.0"
45.41.179.235 - - [26/May/2026:15:21:40 +0300] "GET /haber/yavas-ve-bilincli-adimlarin-dansi-japon-yuruyusu-551761 HTTP/1.1" 200 14686 "https://yeniistiklal.com" "Mozilla/5.0 (iPhone; CPU iPhone OS 14_6 like Mac OS X) AppleWebKit/537.36 (KHTML, like Gecko) Chrome/116.0.5169.58 Safari/537.36 OPR/91.0.3525.79"
4.193.189.92 - - [26/May/2026:15:21:40 +0300] "GET /2.php HTTP/1.1" 302 219 "-" "Mozilla/5.0 (Windows NT 10.0; Win64; x64) AppleWebKit/537.36 (KHTML, like Gecko) Chrome/120.0.0.0 Safari/537.36"
82.24.212.178 - - [26/May/2026:15:21:40 +0300] "GET /haber/ayni-reklam-butcesiyle-daha-fazla-e-ticaret-gelir-elde-etmek-mumkun-mu-552352 HTTP/1.1" 200 14665 "https://yeniistiklal.com" "Mozilla/5.0 (Macintosh; Macintosh; Intel Mac OS X 10_15_7) AppleWebKit/605.1.15 (KHTML, like Gecko) Version/17.0.1 Safari/605.1.15"
45.41.179.235 - - [26/May/2026:15:21:40 +0300] "GET /haber/hepsiburada-takipci-satin-al-552350 HTTP/1.1" 200 14794 "https://yeniistiklal.com" "Mozilla/5.0 (Windows NT 10.0; Win64; x64) AppleWebKit/537.36 (KHTML, like Gecko) Chrome/107.0.6703.74 Safari/537.36 OPR/90.0.3148.11"
202.46.62.24 - - [26/May/2026:15:21:40 +0300] "GET /public/index.php/images/haberler/2022/02/tozkoparan-iskender-40-bolum-fragmani-buyuk-savas.jpg HTTP/1.1" 302 238 "https://www.yeniistiklal.com/public/index.php/haber/tozkoparan-iskender-40-bolum-fragmani-buyuk-savas-492748" "Mozilla/5.0 (Windows NT 10.0; Win64; x64) AppleWebKit/537.36 (KHTML, like Gecko) Chrome/133.0.6943.141 Safari/537.36"
202.46.62.75 - - [26/May/2026:15:21:40 +0300] "GET /public/index.php/assets/frontend/tema9/images/a-increase.png HTTP/1.1" 302 238 "https://www.yeniistiklal.com/public/index.php/haber/tozkoparan-iskender-40-bolum-fragmani-buyuk-savas-492748" "Mozilla/5.0 (Windows NT 10.0; Win64; x64) AppleWebKit/537.36 (KHTML, like Gecko) Chrome/133.0.6943.141 Safari/537.36"
202.46.62.90 - - [26/May/2026:15:21:40 +0300] "GET /public/index.php/images/tn/2025/11/mersin-il-saglik-mudurlugu-sahada-firtina-gibi-esti-7-0lik-zafer-1761999357.jpeg HTTP/1.1" 302 238 "https://www.yeniistiklal.com/public/index.php/haber/tozkoparan-iskender-40-bolum-fragmani-buyuk-savas-492748" "Mozilla/5.0 (Windows NT 10.0; Win64; x64) AppleWebKit/537.36 (KHTML, like Gecko) Chrome/133.0.6943.141 Safari/537.36"
202.46.62.7 - - [26/May/2026:15:21:41 +0300] "OPTIONS /hava-durumu/ajax?sehir_isim=6 HTTP/1.1" 200 20 "https://www.yeniistiklal.com/" "Mozilla/5.0 (Windows NT 10.0; Win64; x64) AppleWebKit/537.36 (KHTML, like Gecko) Chrome/133.0.6943.141 Safari/537.36"
82.24.212.178 - - [26/May/2026:15:21:41 +0300] "GET /haber/labrador-retriever-yavru-ilanlari-ve-fiyatlari-552354 HTTP/1.1" 200 14980 "https://yeniistiklal.com" "Mozilla/5.0 (Macintosh; iPad; CPU OS 14_6 like Mac OS X) AppleWebKit/605.1.15 (KHTML, like Gecko) Version/15.0.4 Safari/605.1.15"
45.61.97.119 - - [26/May/2026:15:21:41 +0300] "GET /haber/gebzenin-dikkat-ceken-mekanlari-552358 HTTP/1.1" 200 13623 "https://yeniistiklal.com" "Mozilla/5.0 (Macintosh; iPhone; CPU iPhone OS 14_6 like Mac OS X) AppleWebKit/605.1.15 (KHTML, like Gecko) Version/14.0.6 Safari/605.1.15"
45.61.97.119 - - [26/May/2026:15:21:41 +0300] "GET /biyografiler/kemal-sunal-3 HTTP/1.1" 200 8222 "https://yeniistiklal.com" "Mozilla/5.0 (Macintosh; Intel Mac OS X 10_15_7) AppleWebKit/537.36 (KHTML, like Gecko) Chrome/129.0.6441.6 Safari/537.36 Edg/109.0.1918.81"
82.24.212.178 - - [26/May/2026:15:21:41 +0300] "GET /biyografiler/mustafa-kemal-ataturk-1 HTTP/1.1" 200 9412 "https://yeniistiklal.com" "Mozilla/5.0 (Macintosh; iPhone; CPU iPhone OS 14_6 like Mac OS X) AppleWebKit/605.1.15 (KHTML, like Gecko) Version/16.0.1 Safari/605.1.15"
82.24.212.178 - - [26/May/2026:15:21:42 +0300] "GET /haber/trv-vertigo-manevra-koltugu-ile-bas-donmesi-tedavisinde-basari-orani-cok-yuksek-552357 HTTP/1.1" 200 14603 "https://yeniistiklal.com" "Mozilla/5.0 (Linux; Android 11; SM-G998U) AppleWebKit/537.36 (KHTML, like Gecko) Chrome/121.0.5344.146 Safari/537.36"
202.46.62.58 - - [26/May/2026:15:21:40 +0300] "GET /public/index.php/assets/frontend/tema9/images/print.png HTTP/1.1" 302 238 "https://www.yeniistiklal.com/public/index.php/haber/tozkoparan-iskender-40-bolum-fragmani-buyuk-savas-492748" "Mozilla/5.0 (Windows NT 10.0; Win64; x64) AppleWebKit/537.36 (KHTML, like Gecko) Chrome/133.0.6943.141 Safari/537.36"
4.193.189.92 - - [26/May/2026:15:21:40 +0300] "GET /7.php HTTP/1.1" 302 219 "-" "Mozilla/5.0 (Windows NT 10.0; Win64; x64) AppleWebKit/537.36 (KHTML, like Gecko) Chrome/120.0.0.0 Safari/537.36"
202.46.62.5 - - [26/May/2026:15:21:40 +0300] "GET /public/index.php/assets/frontend/tema9/images/a-decrease.png HTTP/1.1" 302 238 "https://www.yeniistiklal.com/public/index.php/haber/tozkoparan-iskender-40-bolum-fragmani-buyuk-savas-492748" "Mozilla/5.0 (Windows NT 10.0; Win64; x64) AppleWebKit/537.36 (KHTML, like Gecko) Chrome/133.0.6943.141 Safari/537.36"
4.193.189.92 - - [26/May/2026:15:21:41 +0300] "GET /10.php HTTP/1.1" 302 219 "-" "Mozilla/5.0 (Windows NT 10.0; Win64; x64) AppleWebKit/537.36 (KHTML, like Gecko) Chrome/120.0.0.0 Safari/537.36"
4.193.189.92 - - [26/May/2026:15:21:41 +0300] "GET /13.php HTTP/1.1" 302 219 "-" "Mozilla/5.0 (Windows NT 10.0; Win64; x64) AppleWebKit/537.36 (KHTML, like Gecko) Chrome/120.0.0.0 Safari/537.36"
4.193.189.92 - - [26/May/2026:15:21:41 +0300] "GET /100.php HTTP/1.1" 302 219 "-" "Mozilla/5.0 (Windows NT 10.0; Win64; x64) AppleWebKit/537.36 (KHTML, like Gecko) Chrome/120.0.0.0 Safari/537.36"
202.46.62.2 - - [26/May/2026:15:21:41 +0300] "GET /public/index.php/assets/frontend/tema9/images/speech-bubble-with-dots.png HTTP/1.1" 302 238 "https://www.yeniistiklal.com/public/index.php/haber/tozkoparan-iskender-40-bolum-fragmani-buyuk-savas-492748" "Mozilla/5.0 (Windows NT 10.0; Win64; x64) AppleWebKit/537.36 (KHTML, like Gecko) Chrome/133.0.6943.141 Safari/537.36"
4.193.189.92 - - [26/May/2026:15:21:41 +0300] "GET /222.php HTTP/1.1" 302 219 "-" "Mozilla/5.0 (Windows NT 10.0; Win64; x64) AppleWebKit/537.36 (KHTML, like Gecko) Chrome/120.0.0.0 Safari/537.36"
202.46.62.4 - - [26/May/2026:15:21:42 +0300] "GET /public/index.php/images/tn/2022/11/baskan-halicidan-pes-pese-ziyaretler-1668861426.jpg HTTP/1.1" 302 238 "https://www.yeniistiklal.com/public/index.php/haber/tozkoparan-iskender-40-bolum-fragmani-buyuk-savas-492748" "Mozilla/5.0 (Windows NT 10.0; Win64; x64) AppleWebKit/537.36 (KHTML, like Gecko) Chrome/133.0.6943.141 Safari/537.36"
191.96.130.161 - - [26/May/2026:15:21:41 +0300] "GET /haber/corlu-fizyoterapist-yusuf-kazar-552356 HTTP/1.1" 200 14316 "https://yeniistiklal.com" "Mozilla/5.0 (iPhone; CPU iPhone OS 14_6 like Mac OS X) AppleWebKit/537.36 (KHTML, like Gecko) Chrome/102.0.6150.25 Safari/537.36 OPR/90.0.3139.51"
4.193.189.92 - - [26/May/2026:15:21:42 +0300] "GET /adminfuns.php HTTP/1.1" 302 219 "-" "Mozilla/5.0 (Windows NT 10.0; Win64; x64) AppleWebKit/537.36 (KHTML, like Gecko) Chrome/120.0.0.0 Safari/537.36"
4.193.189.92 - - [26/May/2026:15:21:42 +0300] "GET /abcd.php HTTP/1.1" 302 219 "-" "Mozilla/5.0 (Windows NT 10.0; Win64; x64) AppleWebKit/537.36 (KHTML, like Gecko) Chrome/120.0.0.0 Safari/537.36"
200.153.178.245 - - [26/May/2026:15:21:42 +0300] "GET /public/index.php/images/haberler/2025/12/kuzey-kibris-turk-cumhuriyetindeki-kktc-en-yuksek-bina-y-1765199017.png HTTP/1.1" 302 238 "https://www.yeniistiklal.com/public/index.php" "Mozilla/5.0 (Linux; Android 6.0; Nexus 5 Build/MRA58N) AppleWebKit/537.36 (KHTML, like Gecko) Chrome/40.0.1776.1943 Mobile Safari/537.36"
216.73.217.145 - - [26/May/2026:15:21:42 +0300] "GET /whatsapp:/send?text=%E2%80%9CMisi%E2%80%99den+G%C3%BCm%C3%BC%C5%9Ftepe%E2%80%99ye%E2%80%9D+-+https%3A%2Fyeniistiklal.com%2Fpublic%2Fhaber%2Fmisiden-gumustepeye-543870 HTTP/1.1" 302 219 "-" "Mozilla/5.0 AppleWebKit/537.36 (KHTML, like Gecko; compatible; ClaudeBot/1.0; +claudebot@anthropic.com)"
4.193.189.92 - - [26/May/2026:15:21:42 +0300] "GET /al.php HTTP/1.1" 302 219 "-" "Mozilla/5.0 (Windows NT 10.0; Win64; x64) AppleWebKit/537.36 (KHTML, like Gecko) Chrome/120.0.0.0 Safari/537.36"
4.193.189.92 - - [26/May/2026:15:21:42 +0300] "GET /alfa.php HTTP/1.1" 302 219 "-" "Mozilla/5.0 (Windows NT 10.0; Win64; x64) AppleWebKit/537.36 (KHTML, like Gecko) Chrome/120.0.0.0 Safari/537.36"
216.73.217.145 - - [26/May/2026:15:21:42 +0300] "GET /whatsapp:/send?text=Mahkum+9.+B%C3%B6l%C3%BCm+Fragman%C4%B1+-+https%3A%2Fyeniistiklal.com%2Fhaber%2Fmahkum-9-bolum-fragmani-483964 HTTP/1.1" 302 219 "-" "Mozilla/5.0 AppleWebKit/537.36 (KHTML, like Gecko; compatible; ClaudeBot/1.0; +claudebot@anthropic.com)"
4.193.189.92 - - [26/May/2026:15:21:42 +0300] "GET /as.php HTTP/1.1" 302 219 "-" "Mozilla/5.0 (Windows NT 10.0; Win64; x64) AppleWebKit/537.36 (KHTML, like Gecko) Chrome/120.0.0.0 Safari/537.36"
216.73.217.145 - - [26/May/2026:15:21:42 +0300] "GET /haber/samsung-galaxy-s23-ile-citayi-yukseltiyor-200-megapiksel-sensor-hazir-512121 HTTP/1.1" 200 14030 "-" "Mozilla/5.0 AppleWebKit/537.36 (KHTML, like Gecko; compatible; ClaudeBot/1.0; +claudebot@anthropic.com)"
216.73.217.145 - - [26/May/2026:15:21:42 +0300] "GET /haber/whatsapp-ios-icin-yeni-ozelliklerini-duyurdu-477831 HTTP/1.1" 200 13819 "-" "Mozilla/5.0 AppleWebKit/537.36 (KHTML, like Gecko; compatible; ClaudeBot/1.0; +claudebot@anthropic.com)"
216.73.217.145 - - [26/May/2026:15:21:42 +0300] "GET /public/haber/balcovada-kadin-erkek-esitligi-icin-onemli-adim-543871 HTTP/1.1" 200 14158 "-" "Mozilla/5.0 AppleWebKit/537.36 (KHTML, like Gecko; compatible; ClaudeBot/1.0; +claudebot@anthropic.com)"
216.73.217.145 - - [26/May/2026:15:21:43 +0300] "GET /public/haber/sekapark-as-organik-tarima-gecis-surecini-baslatti-517896 HTTP/1.1" 200 14233 "-" "Mozilla/5.0 AppleWebKit/537.36 (KHTML, like Gecko; compatible; ClaudeBot/1.0; +claudebot@anthropic.com)"
216.73.217.145 - - [26/May/2026:15:21:43 +0300] "GET /haber/bosch-elektrikli-mobilite-egitim-programindan-60-ogrenci-mezun-oldu-515636 HTTP/1.1" 200 15067 "-" "Mozilla/5.0 AppleWebKit/537.36 (KHTML, like Gecko; compatible; ClaudeBot/1.0; +claudebot@anthropic.com)"
45.41.179.235 - - [26/May/2026:15:21:43 +0300] "GET /firma-rehberi/deha-patent-anonim-sirketi-887 HTTP/1.1" 200 7153 "https://yeniistiklal.com" "Mozilla/5.0 (Linux; Android 11; SM-G998U; rv:109.0) Gecko/20100101 Firefox/109.0"
4.193.189.92 - - [26/May/2026:15:21:43 +0300] "GET /av.php HTTP/1.1" 302 219 "-" "Mozilla/5.0 (Windows NT 10.0; Win64; x64) AppleWebKit/537.36 (KHTML, like Gecko) Chrome/120.0.0.0 Safari/537.36"
4.193.189.92 - - [26/May/2026:15:21:44 +0300] "GET /autoload_classmap.php HTTP/1.1" 302 219 "-" "Mozilla/5.0 (Windows NT 10.0; Win64; x64) AppleWebKit/537.36 (KHTML, like Gecko) Chrome/120.0.0.0 Safari/537.36"
216.73.217.145 - - [26/May/2026:15:21:44 +0300] "GET /haber/kucukcekmece-belediyesinde-19-mayisa-ozel-bir-dizi-etkinlik-514891 HTTP/1.1" 200 14437 "-" "Mozilla/5.0 AppleWebKit/537.36 (KHTML, like Gecko; compatible; ClaudeBot/1.0; +claudebot@anthropic.com)"
4.193.189.92 - - [26/May/2026:15:21:44 +0300] "GET /about.php HTTP/1.1" 302 219 "-" "Mozilla/5.0 (Windows NT 10.0; Win64; x64) AppleWebKit/537.36 (KHTML, like Gecko) Chrome/120.0.0.0 Safari/537.36"
4.193.189.92 - - [26/May/2026:15:21:44 +0300] "GET /atomlib.php HTTP/1.1" 302 219 "-" "Mozilla/5.0 (Windows NT 10.0; Win64; x64) AppleWebKit/537.36 (KHTML, like Gecko) Chrome/120.0.0.0 Safari/537.36"
4.193.189.92 - - [26/May/2026:15:21:45 +0300] "GET /b.php HTTP/1.1" 302 219 "-" "Mozilla/5.0 (Windows NT 10.0; Win64; x64) AppleWebKit/537.36 (KHTML, like Gecko) Chrome/120.0.0.0 Safari/537.36"
4.193.189.92 - - [26/May/2026:15:21:45 +0300] "GET /buy.php HTTP/1.1" 302 219 "-" "Mozilla/5.0 (Windows NT 10.0; Win64; x64) AppleWebKit/537.36 (KHTML, like Gecko) Chrome/120.0.0.0 Safari/537.36"
45.41.179.235 - - [26/May/2026:15:21:42 +0300] "GET /firma-rehberi/besiktas-su-tesisatcisi-hizmetleri-859 HTTP/1.1" 200 8977 "https://yeniistiklal.com" "Mozilla/5.0 (iPad; CPU OS 14_6 like Mac OS X) AppleWebKit/537.36 (KHTML, like Gecko) Chrome/120.0.5710.106 Safari/537.36"
82.24.212.178 - - [26/May/2026:15:21:42 +0300] "GET /firma-rehberi/local-seo-857 HTTP/1.1" 200 7009 "https://yeniistiklal.com" "Mozilla/5.0 (Macintosh; Intel Mac OS X 10_15_7) AppleWebKit/537.36 (KHTML, like Gecko) Chrome/104.0.6923.33 Safari/537.36"
216.73.217.145 - - [26/May/2026:15:21:43 +0300] "GET /404 HTTP/1.1" 302 215 "https://yeniistiklal.com/whatsapp:/send?text=Mahkum+9.+B%C3%B6l%C3%BCm+Fragman%C4%B1+-+https%3A%2Fyeniistiklal.com%2Fhaber%2Fmahkum-9-bolum-fragmani-483964" "Mozilla/5.0 AppleWebKit/537.36 (KHTML, like Gecko; compatible; ClaudeBot/1.0; +claudebot@anthropic.com)"
216.73.217.145 - - [26/May/2026:15:21:43 +0300] "GET /404 HTTP/1.1" 302 215 "https://yeniistiklal.com/whatsapp:/send?text=%E2%80%9CMisi%E2%80%99den+G%C3%BCm%C3%BC%C5%9Ftepe%E2%80%99ye%E2%80%9D+-+https%3A%2Fyeniistiklal.com%2Fpublic%2Fhaber%2Fmisiden-gumustepeye-543870" "Mozilla/5.0 AppleWebKit/537.36 (KHTML, like Gecko; compatible; ClaudeBot/1.0; +claudebot@anthropic.com)"
216.73.217.145 - - [26/May/2026:15:21:42 +0300] "GET /public/haber/zafer-havalimani-isleticisi-bir-koydu-dort-alacak-534111 HTTP/1.1" 200 15463 "-" "Mozilla/5.0 AppleWebKit/537.36 (KHTML, like Gecko; compatible; ClaudeBot/1.0; +claudebot@anthropic.com)"
104.239.106.5 - - [26/May/2026:15:21:43 +0300] "GET /firma-ekle HTTP/1.1" 200 6673 "https://yeniistiklal.com" "Mozilla/5.0 (iPhone; CPU iPhone OS 14_6 like Mac OS X) AppleWebKit/537.36 (KHTML, like Gecko) Chrome/121.0.6865.148 Safari/537.36"
216.73.217.145 - - [26/May/2026:15:21:43 +0300] "GET /public/haber/genclik-meclisi-yilin-son-toplantisini-gerceklestirdi-534445 HTTP/1.1" 200 14367 "-" "Mozilla/5.0 AppleWebKit/537.36 (KHTML, like Gecko; compatible; ClaudeBot/1.0; +claudebot@anthropic.com)"
45.61.97.119 - - [26/May/2026:15:21:43 +0300] "GET /firma-rehberi/nolto-bilisim-872 HTTP/1.1" 200 6920 "https://yeniistiklal.com" "Mozilla/5.0 (Macintosh; Intel Mac OS X 11_2_3) AppleWebKit/537.36 (KHTML, like Gecko) Chrome/119.0.6373.126 Safari/537.36 OPR/81.0.3321.52"
4.193.189.92 - - [26/May/2026:15:21:43 +0300] "GET /aa.php HTTP/1.1" 302 219 "-" "Mozilla/5.0 (Windows NT 10.0; Win64; x64) AppleWebKit/537.36 (KHTML, like Gecko) Chrome/120.0.0.0 Safari/537.36"
4.193.189.92 - - [26/May/2026:15:21:43 +0300] "GET /abc.php HTTP/1.1" 302 219 "-" "Mozilla/5.0 (Windows NT 10.0; Win64; x64) AppleWebKit/537.36 (KHTML, like Gecko) Chrome/120.0.0.0 Safari/537.36"
216.73.217.145 - - [26/May/2026:15:21:44 +0300] "GET /haber/ayvalikin-kum-zakkumlarinda-cicek-zamani-541636 HTTP/1.1" 200 14227 "-" "Mozilla/5.0 AppleWebKit/537.36 (KHTML, like Gecko; compatible; ClaudeBot/1.0; +claudebot@anthropic.com)"
4.193.189.92 - - [26/May/2026:15:21:44 +0300] "GET /asus.php HTTP/1.1" 302 219 "-" "Mozilla/5.0 (Windows NT 10.0; Win64; x64) AppleWebKit/537.36 (KHTML, like Gecko) Chrome/120.0.0.0 Safari/537.36"
4.193.189.92 - - [26/May/2026:15:21:45 +0300] "GET /alfa-rex.php7 HTTP/1.1" 302 219 "-" "Mozilla/5.0 (Windows NT 10.0; Win64; x64) AppleWebKit/537.36 (KHTML, like Gecko) Chrome/120.0.0.0 Safari/537.36"
191.96.130.161 - - [26/May/2026:15:21:45 +0300] "GET /haber/matcha-cayi-nedir-551608 HTTP/1.1" 200 13265 "https://yeniistiklal.com" "Mozilla/5.0 (iPad; CPU OS 14_6 like Mac OS X) AppleWebKit/537.36 (KHTML, like Gecko) Chrome/108.0.6602.76 Safari/537.36"
45.41.179.235 - - [26/May/2026:15:21:45 +0300] "GET /haber/kablo-makarasi-552353 HTTP/1.1" 200 14609 "https://yeniistiklal.com" "Mozilla/5.0 (Windows NT 10.0; Win64; x64; rv:106.0) Gecko/20100101 Firefox/106.0"
4.193.189.92 - - [26/May/2026:15:21:46 +0300] "GET /cache.php HTTP/1.1" 302 219 "-" "Mozilla/5.0 (Windows NT 10.0; Win64; x64) AppleWebKit/537.36 (KHTML, like Gecko) Chrome/120.0.0.0 Safari/537.36"
45.61.97.119 - - [26/May/2026:15:21:46 +0300] "GET /ilan-ekle HTTP/1.1" 200 6437 "https://yeniistiklal.com" "Mozilla/5.0 (iPhone; CPU iPhone OS 14_6 like Mac OS X) AppleWebKit/537.36 (KHTML, like Gecko) Chrome/125.0.5769.111 Safari/537.36 Edg/105.0.1722.91"
82.24.212.178 - - [26/May/2026:15:21:46 +0300] "GET /haber/iddaa-analizi-nasil-yapilir-550740 HTTP/1.1" 200 14298 "https://yeniistiklal.com" "Mozilla/5.0 (Windows NT 10.0; Win64; x64; rv:94.0) Gecko/20100101 Firefox/94.0"
45.41.179.235 - - [26/May/2026:15:21:46 +0300] "GET /haber/filenin-sultanlari-milletler-liginde-sampiyon-oldu-550007 HTTP/1.1" 200 13623 "https://yeniistiklal.com" "Mozilla/5.0 (iPad; CPU OS 14_6 like Mac OS X; rv:130.0) Gecko/20100101 Firefox/130.0"
4.193.189.92 - - [26/May/2026:15:21:46 +0300] "GET /classwithtostring.php HTTP/1.1" 302 219 "-" "Mozilla/5.0 (Windows NT 10.0; Win64; x64) AppleWebKit/537.36 (KHTML, like Gecko) Chrome/120.0.0.0 Safari/537.36"
4.193.189.92 - - [26/May/2026:15:21:46 +0300] "GET /css.php HTTP/1.1" 302 219 "-" "Mozilla/5.0 (Windows NT 10.0; Win64; x64) AppleWebKit/537.36 (KHTML, like Gecko) Chrome/120.0.0.0 Safari/537.36"
4.193.189.92 - - [26/May/2026:15:21:47 +0300] "GET /chosen.php HTTP/1.1" 302 219 "-" "Mozilla/5.0 (Windows NT 10.0; Win64; x64) AppleWebKit/537.36 (KHTML, like Gecko) Chrome/120.0.0.0 Safari/537.36"
185.191.171.13 - - [26/May/2026:15:21:47 +0300] "GET /haber/fiat-egea-sedan-2022-fiyat-listesi-499029 HTTP/1.1" 200 14251 "-" "Mozilla/5.0 (compatible; SemrushBot/7~bl; +http://www.semrush.com/bot.html)"
4.193.189.92 - - [26/May/2026:15:21:47 +0300] "GET /doc.php HTTP/1.1" 302 219 "-" "Mozilla/5.0 (Windows NT 10.0; Win64; x64) AppleWebKit/537.36 (KHTML, like Gecko) Chrome/120.0.0.0 Safari/537.36"
200.153.178.245 - - [26/May/2026:15:21:47 +0300] "GET /public/index.php/images/haberler/2025/11/aksa-kimin-aksa-enerjinin-sahibi-kimdir-y-1762258173.png HTTP/1.1" 302 238 "https://www.yeniistiklal.com/public/index.php" "Mozilla/5.0 (Linux; Android 6.0; Nexus 5 Build/MRA58N) AppleWebKit/537.36 (KHTML, like Gecko) Chrome/40.0.1776.1943 Mobile Safari/537.36"
200.153.178.245 - - [26/May/2026:15:21:47 +0300] "GET /public/index.php/images/haberler/2025/08/altin-fiyatlarinda-son-durum-gram-ve-ceyrek-altin-ne-kadar-oldu-y-1754903378.jpeg HTTP/1.1" 302 238 "https://www.yeniistiklal.com/public/index.php" "Mozilla/5.0 (Linux; Android 6.0; Nexus 5 Build/MRA58N) AppleWebKit/537.36 (KHTML, like Gecko) Chrome/40.0.1776.1943 Mobile Safari/537.36"
200.153.178.245 - - [26/May/2026:15:21:47 +0300] "GET /public/index.php/images/haberler/2025/10/kktcde-su-tesisatcisi-arayanlar-icin-oneriler-y-1760527324.png HTTP/1.1" 302 238 "https://www.yeniistiklal.com/public/index.php" "Mozilla/5.0 (Linux; Android 6.0; Nexus 5 Build/MRA58N) AppleWebKit/537.36 (KHTML, like Gecko) Chrome/40.0.1776.1943 Mobile Safari/537.36"
200.153.178.245 - - [26/May/2026:15:21:47 +0300] "GET /public/index.php/images/haberler/2025/08/serbest-piyasada-dolar-ve-euroda-son-durum-1754903576.jpeg HTTP/1.1" 302 238 "https://www.yeniistiklal.com/public/index.php" "Mozilla/5.0 (Linux; Android 6.0; Nexus 5 Build/MRA58N) AppleWebKit/537.36 (KHTML, like Gecko) Chrome/40.0.1776.1943 Mobile Safari/537.36"
200.153.178.245 - - [26/May/2026:15:21:47 +0300] "GET /public/index.php/images/haberler/2025/10/kktc-doviz-kurlarindaki-son-durum-dolar-euro-sterlin-15-ekim-2025-1760527641.jpg HTTP/1.1" 302 238 "https://www.yeniistiklal.com/public/index.php" "Mozilla/5.0 (Linux; Android 6.0; Nexus 5 Build/MRA58N) AppleWebKit/537.36 (KHTML, like Gecko) Chrome/40.0.1776.1943 Mobile Safari/537.36"
82.24.212.178 - - [26/May/2026:15:21:47 +0300] "GET /haber/eytde-kritik-guncelleme-yas-sarti-ve-prim-gunleri-yeniden-gundemde-552359 HTTP/1.1" 200 14037 "https://yeniistiklal.com" "Mozilla/5.0 (Windows NT 10.0; Win64; x64) AppleWebKit/537.36 (KHTML, like Gecko) Chrome/109.0.5219.62 Safari/537.36 OPR/84.0.3082.25"
45.41.179.235 - - [26/May/2026:15:21:45 +0300] "GET /haber/hurda-fiyatlari-2025-hurda-bakir-aluminyum-kablo-fiyatlari-551969 HTTP/1.1" 200 15119 "https://yeniistiklal.com" "Mozilla/5.0 (iPhone; CPU iPhone OS 14_6 like Mac OS X) AppleWebKit/537.36 (KHTML, like Gecko) Chrome/119.0.5386.1 Safari/537.36"
45.41.179.235 - - [26/May/2026:15:21:45 +0300] "GET /haber/profesyonel-temizlik-ekipmanlarina-talep-artiyor-552351 HTTP/1.1" 200 19433 "https://yeniistiklal.com" "Mozilla/5.0 (Windows NT 10.0; Win64; x64) AppleWebKit/537.36 (KHTML, like Gecko) Chrome/115.0.5324.115 Safari/537.36 OPR/87.0.3208.52"
45.61.97.119 - - [26/May/2026:15:21:45 +0300] "GET /haber/saclar-neden-beyazlar-yaslanmanin-gorunur-izi-ve-genetik-sirlari-551771 HTTP/1.1" 200 14690 "https://yeniistiklal.com" "Mozilla/5.0 (Macintosh; Macintosh; Intel Mac OS X 10_15_7) AppleWebKit/605.1.15 (KHTML, like Gecko) Version/15.0.3 Safari/605.1.15"
45.41.179.235 - - [26/May/2026:15:21:45 +0300] "GET /haber/hametan-merhem-2025-fiyatlari-551596 HTTP/1.1" 200 13701 "https://yeniistiklal.com" "Mozilla/5.0 (iPad; CPU OS 14_6 like Mac OS X) AppleWebKit/537.36 (KHTML, like Gecko) Chrome/126.0.6413.117 Safari/537.36 Edg/107.0.1523.18"
191.96.130.161 - - [26/May/2026:15:21:45 +0300] "GET /firma-rehberi/nyp-nootebook-yedek-parca-satis-merkezi-914 HTTP/1.1" 200 7201 "https://yeniistiklal.com" "Mozilla/5.0 (Macintosh; Intel Mac OS X 10_15_7; rv:128.0) Gecko/20100101 Firefox/128.0"
4.193.189.92 - - [26/May/2026:15:21:45 +0300] "GET /bless.php HTTP/1.1" 302 219 "-" "Mozilla/5.0 (Windows NT 10.0; Win64; x64) AppleWebKit/537.36 (KHTML, like Gecko) Chrome/120.0.0.0 Safari/537.36"
4.193.189.92 - - [26/May/2026:15:21:46 +0300] "GET /class-t.api.php HTTP/1.1" 302 219 "-" "Mozilla/5.0 (Windows NT 10.0; Win64; x64) AppleWebKit/537.36 (KHTML, like Gecko) Chrome/120.0.0.0 Safari/537.36"
45.41.179.235 - - [26/May/2026:15:21:46 +0300] "GET /haber/supplementlerin-sporcular-icin-onemi-548537 HTTP/1.1" 200 13364 "https://yeniistiklal.com" "Mozilla/5.0 (iPad; CPU OS 14_6 like Mac OS X) AppleWebKit/537.36 (KHTML, like Gecko) Chrome/121.0.6287.89 Safari/537.36"
4.193.189.92 - - [26/May/2026:15:21:46 +0300] "GET /content.php HTTP/1.1" 302 219 "-" "Mozilla/5.0 (Windows NT 10.0; Win64; x64) AppleWebKit/537.36 (KHTML, like Gecko) Chrome/120.0.0.0 Safari/537.36"
191.96.130.161 - - [26/May/2026:15:21:46 +0300] "GET /haber/fenerbahce-galatasaray-derbisi-ne-zaman-saat-kacta-hangi-kanalda-551505 HTTP/1.1" 200 13188 "https://yeniistiklal.com" "Mozilla/5.0 (Macintosh; iPhone; CPU iPhone OS 14_6 like Mac OS X) AppleWebKit/605.1.15 (KHTML, like Gecko) Version/14.0.2 Safari/605.1.15"
191.96.130.161 - - [26/May/2026:15:21:46 +0300] "GET /haber/2022-dunya-kupasi-belcika-0-2-fas-548688 HTTP/1.1" 200 13058 "https://yeniistiklal.com" "Mozilla/5.0 (Macintosh; Macintosh; Intel Mac OS X 11_2_3) AppleWebKit/605.1.15 (KHTML, like Gecko) Version/16.0.2 Safari/605.1.15"
104.239.106.5 - - [26/May/2026:15:21:46 +0300] "GET /haber/genc-yetenek-naim-saruhan-donmez-1461-trabzon-fk-formasi-giyecek-551711 HTTP/1.1" 200 15230 "https://yeniistiklal.com" "Mozilla/5.0 (Linux; Android 11; SM-G998U) AppleWebKit/537.36 (KHTML, like Gecko) Chrome/125.0.6819.35 Safari/537.36"
200.153.178.245 - - [26/May/2026:15:21:47 +0300] "GET /public/index.php/images/haberler/2025/11/dunyanin-en-buyuk-dagi-hangisidir-everest-mi-mauna-kea-mi-y-1762260895.png HTTP/1.1" 302 238 "https://www.yeniistiklal.com/public/index.php" "Mozilla/5.0 (Linux; Android 6.0; Nexus 5 Build/MRA58N) AppleWebKit/537.36 (KHTML, like Gecko) Chrome/40.0.1776.1943 Mobile Safari/537.36"
200.153.178.245 - - [26/May/2026:15:21:47 +0300] "GET /public/index.php/images/tn/2025/08/24-saat-boyunca-ac-kalirsak-ne-olur-1755454218.jpeg HTTP/1.1" 302 238 "https://www.yeniistiklal.com/public/index.php" "Mozilla/5.0 (Linux; Android 6.0; Nexus 5 Build/MRA58N) AppleWebKit/537.36 (KHTML, like Gecko) Chrome/40.0.1776.1943 Mobile Safari/537.36"
200.153.178.245 - - [26/May/2026:15:21:47 +0300] "GET /public/index.php/images/tn/2026/01/yaz-firsatlari-1768457002.png HTTP/1.1" 302 238 "https://www.yeniistiklal.com/public/index.php" "Mozilla/5.0 (Linux; Android 6.0; Nexus 5 Build/MRA58N) AppleWebKit/537.36 (KHTML, like Gecko) Chrome/40.0.1776.1943 Mobile Safari/537.36"
200.153.178.245 - - [26/May/2026:15:21:47 +0300] "GET /public/index.php/images/transparent.gif HTTP/1.1" 302 238 "https://www.yeniistiklal.com/public/index.php" "Mozilla/5.0 (Linux; Android 6.0; Nexus 5 Build/MRA58N) AppleWebKit/537.36 (KHTML, like Gecko) Chrome/40.0.1776.1943 Mobile Safari/537.36"
200.153.178.245 - - [26/May/2026:15:21:47 +0300] "GET /public/index.php/images/tn/2025/11/canik-kime-ait-turkiyenin-global-silah-devi-1762258557.jpeg HTTP/1.1" 302 238 "https://www.yeniistiklal.com/public/index.php" "Mozilla/5.0 (Linux; Android 6.0; Nexus 5 Build/MRA58N) AppleWebKit/537.36 (KHTML, like Gecko) Chrome/40.0.1776.1943 Mobile Safari/537.36"
200.153.178.245 - - [26/May/2026:15:21:47 +0300] "GET /public/index.php/images/tn/2026/01/bodrum-otelleri-1768456675.png HTTP/1.1" 302 238 "https://www.yeniistiklal.com/public/index.php" "Mozilla/5.0 (Linux; Android 6.0; Nexus 5 Build/MRA58N) AppleWebKit/537.36 (KHTML, like Gecko) Chrome/40.0.1776.1943 Mobile Safari/537.36"
200.153.178.245 - - [26/May/2026:15:21:47 +0300] "GET /public/index.php/images/tn/2025/11/otokar-sahibi-kim-otokar-kime-ait-1762258385.jpeg HTTP/1.1" 302 238 "https://www.yeniistiklal.com/public/index.php" "Mozilla/5.0 (Linux; Android 6.0; Nexus 5 Build/MRA58N) AppleWebKit/537.36 (KHTML, like Gecko) Chrome/40.0.1776.1943 Mobile Safari/537.36"
4.193.189.92 - - [26/May/2026:15:21:47 +0300] "GET /elp.php HTTP/1.1" 302 219 "-" "Mozilla/5.0 (Windows NT 10.0; Win64; x64) AppleWebKit/537.36 (KHTML, like Gecko) Chrome/120.0.0.0 Safari/537.36"
45.61.97.119 - - [26/May/2026:15:21:47 +0300] "GET /haber/bakimli-ellerde-estetik-gorunum-arayisi-552361 HTTP/1.1" 200 13855 "https://yeniistiklal.com" "Mozilla/5.0 (iPhone; CPU iPhone OS 14_6 like Mac OS X; rv:96.0) Gecko/20100101 Firefox/96.0"
45.61.97.119 - - [26/May/2026:15:21:47 +0300] "GET /haber/veri-guvenligi-acisindan-avusturya-kurumsal-hosting-hizmetlerinin-onemi-552362 HTTP/1.1" 200 16469 "https://yeniistiklal.com" "Mozilla/5.0 (Macintosh; iPad; CPU OS 14_6 like Mac OS X) AppleWebKit/605.1.15 (KHTML, like Gecko) Version/18.0.2 Safari/605.1.15"
104.239.106.5 - - [26/May/2026:15:21:47 +0300] "GET /haber/bir-satisin-gercek-degerini-ancak-tahsilat-tamamlandiginda-anlarsiniz-552363 HTTP/1.1" 200 15432 "https://yeniistiklal.com" "Mozilla/5.0 (Macintosh; Intel Mac OS X 10_15_7) AppleWebKit/537.36 (KHTML, like Gecko) Chrome/114.0.5269.43 Safari/537.36"
104.239.106.5 - - [26/May/2026:15:21:47 +0300] "GET /haber/turkiye-diyanet-vakfi-yayinlari-hadis-tarihi-kulliyatini-genisletiyor-552364 HTTP/1.1" 200 13939 "https://yeniistiklal.com" "Mozilla/5.0 (Linux; Android 11; SM-G998U; rv:116.0) Gecko/20100101 Firefox/116.0"
4.193.189.92 - - [26/May/2026:15:21:48 +0300] "GET /Exception-class.php HTTP/1.1" 302 219 "-" "Mozilla/5.0 (Windows NT 10.0; Win64; x64) AppleWebKit/537.36 (KHTML, like Gecko) Chrome/120.0.0.0 Safari/537.36"
4.193.189.92 - - [26/May/2026:15:21:48 +0300] "GET /ee.php HTTP/1.1" 302 219 "-" "Mozilla/5.0 (Windows NT 10.0; Win64; x64) AppleWebKit/537.36 (KHTML, like Gecko) Chrome/120.0.0.0 Safari/537.36"
4.193.189.92 - - [26/May/2026:15:21:49 +0300] "GET /fff.php HTTP/1.1" 302 219 "-" "Mozilla/5.0 (Windows NT 10.0; Win64; x64) AppleWebKit/537.36 (KHTML, like Gecko) Chrome/120.0.0.0 Safari/537.36"
104.239.106.5 - - [26/May/2026:15:21:49 +0300] "GET /haber/23-nisan-coskusu-izmiri-sardi-552310 HTTP/1.1" 200 14044 "https://yeniistiklal.com" "Mozilla/5.0 (Macintosh; Intel Mac OS X 10_15_7) AppleWebKit/537.36 (KHTML, like Gecko) Chrome/115.0.5316.131 Safari/537.36 Edg/102.0.1968.49"
200.153.178.245 - - [26/May/2026:15:21:47 +0300] "GET /public/index.php/images/tn/2025/10/kktcde-su-tesisatcisi-arayanlar-icin-oneriler-1760527324.png HTTP/1.1" 302 238 "https://www.yeniistiklal.com/public/index.php" "Mozilla/5.0 (Linux; Android 6.0; Nexus 5 Build/MRA58N) AppleWebKit/537.36 (KHTML, like Gecko) Chrome/40.0.1776.1943 Mobile Safari/537.36"
200.153.178.245 - - [26/May/2026:15:21:47 +0300] "GET /public/index.php/images/tn/2025/10/kktc-doviz-kurlarindaki-son-durum-dolar-euro-sterlin-15-ekim-2025-1760527641.jpg HTTP/1.1" 302 238 "https://www.yeniistiklal.com/public/index.php" "Mozilla/5.0 (Linux; Android 6.0; Nexus 5 Build/MRA58N) AppleWebKit/537.36 (KHTML, like Gecko) Chrome/40.0.1776.1943 Mobile Safari/537.36"
200.153.178.245 - - [26/May/2026:15:21:47 +0300] "GET /public/index.php/images/tn/2026/01/antalya-otelleri-1768456799.png HTTP/1.1" 302 238 "https://www.yeniistiklal.com/public/index.php" "Mozilla/5.0 (Linux; Android 6.0; Nexus 5 Build/MRA58N) AppleWebKit/537.36 (KHTML, like Gecko) Chrome/40.0.1776.1943 Mobile Safari/537.36"
200.153.178.245 - - [26/May/2026:15:21:47 +0300] "GET /public/index.php/images/tn/2025/12/kuzey-kibris-turk-cumhuriyetindeki-kktc-en-yuksek-bina-1765199017.png HTTP/1.1" 302 238 "https://www.yeniistiklal.com/public/index.php" "Mozilla/5.0 (Linux; Android 6.0; Nexus 5 Build/MRA58N) AppleWebKit/537.36 (KHTML, like Gecko) Chrome/40.0.1776.1943 Mobile Safari/537.36"
45.41.179.235 - - [26/May/2026:15:21:47 +0300] "GET /haber/basarili-reklam-pr-danismani-gokalp-tekmanli-mutlu-yillar-dileriz-552360 HTTP/1.1" 200 13068 "https://yeniistiklal.com" "Mozilla/5.0 (iPhone; CPU iPhone OS 14_6 like Mac OS X) AppleWebKit/537.36 (KHTML, like Gecko) Chrome/113.0.6756.120 Safari/537.36 OPR/86.0.3437.87"
191.96.130.161 - - [26/May/2026:15:21:48 +0300] "GET /haber/mendereste-minik-kramponlar-sahaya-cikti-552305 HTTP/1.1" 200 13954 "https://yeniistiklal.com" "Mozilla/5.0 (iPhone; CPU iPhone OS 14_6 like Mac OS X; rv:106.0) Gecko/20100101 Firefox/106.0"
4.193.189.92 - - [26/May/2026:15:21:48 +0300] "GET /edit.php HTTP/1.1" 302 219 "-" "Mozilla/5.0 (Windows NT 10.0; Win64; x64) AppleWebKit/537.36 (KHTML, like Gecko) Chrome/120.0.0.0 Safari/537.36"
4.193.189.92 - - [26/May/2026:15:21:48 +0300] "GET /f35.php HTTP/1.1" 302 219 "-" "Mozilla/5.0 (Windows NT 10.0; Win64; x64) AppleWebKit/537.36 (KHTML, like Gecko) Chrome/120.0.0.0 Safari/537.36"
82.24.212.178 - - [26/May/2026:15:21:49 +0300] "GET /haber/sahika-ercumenden-dunya-kupasinda-tarihi-basari-86-metreyle-turkiye-rekoru-552306 HTTP/1.1" 200 13979 "https://yeniistiklal.com" "Mozilla/5.0 (Linux; Android 11; SM-G998U; rv:112.0) Gecko/20100101 Firefox/112.0"
45.41.179.235 - - [26/May/2026:15:21:49 +0300] "GET /haber/okul-saldirisinda-hayatini-kaybeden-ogretmen-ve-ogrenciler-icin-keciorendeki-camilerde-mevlit-okutuldu-552308 HTTP/1.1" 200 13666 "https://yeniistiklal.com" "Mozilla/5.0 (Linux; Android 11; SM-G998U) AppleWebKit/537.36 (KHTML, like Gecko) Chrome/101.0.6275.126 Safari/537.36"
82.24.212.178 - - [26/May/2026:15:21:49 +0300] "GET /haber/izsudan-icme-suyunda-teknolojik-donusum-552309 HTTP/1.1" 200 13673 "https://yeniistiklal.com" "Mozilla/5.0 (Macintosh; Windows NT 10.0; Win64; x64) AppleWebKit/605.1.15 (KHTML, like Gecko) Version/16.0.1 Safari/605.1.15"
4.193.189.92 - - [26/May/2026:15:21:49 +0300] "GET /ff1.php HTTP/1.1" 302 219 "-" "Mozilla/5.0 (Windows NT 10.0; Win64; x64) AppleWebKit/537.36 (KHTML, like Gecko) Chrome/120.0.0.0 Safari/537.36"
4.193.189.92 - - [26/May/2026:15:21:49 +0300] "GET /file.php HTTP/1.1" 302 219 "-" "Mozilla/5.0 (Windows NT 10.0; Win64; x64) AppleWebKit/537.36 (KHTML, like Gecko) Chrome/120.0.0.0 Safari/537.36"
4.193.189.92 - - [26/May/2026:15:21:49 +0300] "GET /goods.php HTTP/1.1" 302 219 "-" "Mozilla/5.0 (Windows NT 10.0; Win64; x64) AppleWebKit/537.36 (KHTML, like Gecko) Chrome/120.0.0.0 Safari/537.36"
104.239.106.5 - - [26/May/2026:15:21:49 +0300] "GET /haber/halktan-biri-seyirciyle-bulustu-552311 HTTP/1.1" 200 13661 "https://yeniistiklal.com" "Mozilla/5.0 (Macintosh; Intel Mac OS X 11_2_3) AppleWebKit/537.36 (KHTML, like Gecko) Chrome/132.0.5994.110 Safari/537.36 Edg/98.0.1972.37"
45.41.179.235 - - [26/May/2026:15:21:49 +0300] "GET /haber/oyunda-kesintisiz-performans-sunan-bilgisayar-modelleri-552318 HTTP/1.1" 200 14238 "https://yeniistiklal.com" "Mozilla/5.0 (Windows NT 10.0; Win64; x64) AppleWebKit/537.36 (KHTML, like Gecko) Chrome/108.0.6477.3 Safari/537.36"
200.153.178.245 - - [26/May/2026:15:21:49 +0300] "GET /public/index.php/404 HTTP/1.1" 302 232 "https://www.yeniistiklal.com/public/index.php" "Mozilla/5.0 (Linux; Android 6.0; Nexus 5 Build/MRA58N) AppleWebKit/537.36 (KHTML, like Gecko) Chrome/40.0.1776.1943 Mobile Safari/537.36"
4.193.189.92 - - [26/May/2026:15:21:49 +0300] "GET /flower.php HTTP/1.1" 302 219 "-" "Mozilla/5.0 (Windows NT 10.0; Win64; x64) AppleWebKit/537.36 (KHTML, like Gecko) Chrome/120.0.0.0 Safari/537.36"
200.153.178.245 - - [26/May/2026:15:21:50 +0300] "GET /public/index.php/404 HTTP/1.1" 302 232 "https://www.yeniistiklal.com/public/index.php" "Mozilla/5.0 (Linux; Android 6.0; Nexus 5 Build/MRA58N) AppleWebKit/537.36 (KHTML, like Gecko) Chrome/40.0.1776.1943 Mobile Safari/537.36"
45.41.179.235 - - [26/May/2026:15:21:50 +0300] "GET /haber/avokado-domates-ve-havucla-birlikte-tuketilmeli-552320 HTTP/1.1" 200 14399 "https://yeniistiklal.com" "Mozilla/5.0 (Macintosh; Macintosh; Intel Mac OS X 11_2_3) AppleWebKit/605.1.15 (KHTML, like Gecko) Version/14.0.4 Safari/605.1.15"
104.239.106.5 - - [26/May/2026:15:21:50 +0300] "GET /haber/niluferin-gida-modeli-bukreste-anlatildi-552322 HTTP/1.1" 200 14023 "https://yeniistiklal.com" "Mozilla/5.0 (Macintosh; Intel Mac OS X 11_2_3; rv:132.0) Gecko/20100101 Firefox/132.0"
45.41.179.235 - - [26/May/2026:15:21:50 +0300] "GET /haber/bucada-anneler-gunu-etkinlikleri-552321 HTTP/1.1" 200 13904 "https://yeniistiklal.com" "Mozilla/5.0 (iPhone; CPU iPhone OS 14_6 like Mac OS X) AppleWebKit/537.36 (KHTML, like Gecko) Chrome/103.0.5040.56 Safari/537.36 Edg/112.0.1512.95"
45.41.179.235 - - [26/May/2026:15:21:50 +0300] "GET /haber/karsiyaka-cicek-festivaline-geri-sayim-basladi-552319 HTTP/1.1" 200 14011 "https://yeniistiklal.com" "Mozilla/5.0 (iPad; CPU OS 14_6 like Mac OS X) AppleWebKit/537.36 (KHTML, like Gecko) Chrome/104.0.5571.133 Safari/537.36 Edg/97.0.1673.3"
189.81.113.241 - - [26/May/2026:15:21:50 +0300] "GET /public/index.php/images/haberler/2022/01/vodafone-cep-kartvizit-kapatma.jpg HTTP/1.1" 302 238 "-" "Mozilla/5.0 (compatible; crawler)"
82.24.212.178 - - [26/May/2026:15:21:50 +0300] "GET /haber/qnb-turkiyeden-yenilenebilir-enerji-yatirimlarina-38-milyon-euro-tutarinda-uzun-vadeli-finansman-destegi-552324 HTTP/1.1" 200 15012 "https://yeniistiklal.com" "Mozilla/5.0 (Macintosh; Intel Mac OS X 11_2_3) AppleWebKit/537.36 (KHTML, like Gecko) Chrome/103.0.6584.96 Safari/537.36 OPR/95.0.3171.66"
4.193.189.92 - - [26/May/2026:15:21:50 +0300] "GET /ioxi-o.php HTTP/1.1" 302 219 "-" "Mozilla/5.0 (Windows NT 10.0; Win64; x64) AppleWebKit/537.36 (KHTML, like Gecko) Chrome/120.0.0.0 Safari/537.36"
189.81.113.241 - - [26/May/2026:15:21:51 +0300] "GET /public/index.php/404 HTTP/1.1" 302 232 "-" "Mozilla/5.0 (compatible; crawler)"
4.193.189.92 - - [26/May/2026:15:21:51 +0300] "GET /info.php HTTP/1.1" 302 219 "-" "Mozilla/5.0 (Windows NT 10.0; Win64; x64) AppleWebKit/537.36 (KHTML, like Gecko) Chrome/120.0.0.0 Safari/537.36"
4.193.189.92 - - [26/May/2026:15:21:51 +0300] "GET /inputs.php HTTP/1.1" 302 219 "-" "Mozilla/5.0 (Windows NT 10.0; Win64; x64) AppleWebKit/537.36 (KHTML, like Gecko) Chrome/120.0.0.0 Safari/537.36"
4.193.189.92 - - [26/May/2026:15:21:51 +0300] "GET /item.php HTTP/1.1" 302 219 "-" "Mozilla/5.0 (Windows NT 10.0; Win64; x64) AppleWebKit/537.36 (KHTML, like Gecko) Chrome/120.0.0.0 Safari/537.36"
189.81.113.241 - - [26/May/2026:15:21:51 +0300] "GET /public/index.php HTTP/1.1" 200 17300 "-" "Mozilla/5.0 (compatible; crawler)"
45.41.179.235 - - [26/May/2026:15:21:50 +0300] "GET /haber/400-bin-tlnin-aylik-getirisi-nedir-552082 HTTP/1.1" 200 13843 "https://yeniistiklal.com" "Mozilla/5.0 (Windows NT 10.0; Win64; x64) AppleWebKit/537.36 (KHTML, like Gecko) Chrome/120.0.6466.85 Safari/537.36 Edg/104.0.1966.43"
4.193.189.92 - - [26/May/2026:15:21:50 +0300] "GET /g.php HTTP/1.1" 302 219 "-" "Mozilla/5.0 (Windows NT 10.0; Win64; x64) AppleWebKit/537.36 (KHTML, like Gecko) Chrome/120.0.0.0 Safari/537.36"
4.193.189.92 - - [26/May/2026:15:21:50 +0300] "GET /hplfuns.php HTTP/1.1" 302 219 "-" "Mozilla/5.0 (Windows NT 10.0; Win64; x64) AppleWebKit/537.36 (KHTML, like Gecko) Chrome/120.0.0.0 Safari/537.36"
45.41.179.235 - - [26/May/2026:15:21:50 +0300] "GET /haber/xte-erisim-ve-guvenlik-alarmi-sikayetler-bir-haftada-yuzde-452-artti-552323 HTTP/1.1" 200 14215 "https://yeniistiklal.com" "Mozilla/5.0 (Macintosh; Intel Mac OS X 11_2_3; rv:130.0) Gecko/20100101 Firefox/130.0"
4.193.189.92 - - [26/May/2026:15:21:50 +0300] "GET /in.php HTTP/1.1" 302 219 "-" "Mozilla/5.0 (Windows NT 10.0; Win64; x64) AppleWebKit/537.36 (KHTML, like Gecko) Chrome/120.0.0.0 Safari/537.36"
4.193.189.92 - - [26/May/2026:15:21:51 +0300] "GET /k.php HTTP/1.1" 302 219 "-" "Mozilla/5.0 (Windows NT 10.0; Win64; x64) AppleWebKit/537.36 (KHTML, like Gecko) Chrome/120.0.0.0 Safari/537.36"
45.61.97.119 - - [26/May/2026:15:21:51 +0300] "GET /haber/orka-banyo-yesil-donusumunu-tamamliyor-2030-yol-haritasi-hazir-552328 HTTP/1.1" 200 15667 "https://yeniistiklal.com" "Mozilla/5.0 (Macintosh; Intel Mac OS X 11_2_3; rv:134.0) Gecko/20100101 Firefox/134.0"
82.24.212.178 - - [26/May/2026:15:21:51 +0300] "GET /haber/mendereste-engelsiz-festival-552330 HTTP/1.1" 200 13433 "https://yeniistiklal.com" "Mozilla/5.0 (iPhone; CPU iPhone OS 14_6 like Mac OS X) AppleWebKit/537.36 (KHTML, like Gecko) Chrome/105.0.5572.93 Safari/537.36 OPR/83.0.3333.11"
104.239.106.5 - - [26/May/2026:15:21:51 +0300] "GET /haber/enerjisa-enerji-2026-yilinin-ilk-ceyreginde-yatirim-kararliligini-surdurdu-552331 HTTP/1.1" 200 15152 "https://yeniistiklal.com" "Mozilla/5.0 (Windows NT 10.0; Win64; x64) AppleWebKit/537.36 (KHTML, like Gecko) Chrome/118.0.5713.53 Safari/537.36 Edg/110.0.1779.68"
104.239.106.5 - - [26/May/2026:15:21:51 +0300] "GET /haber/kirmizi-et-uretim-istatistikleri-2025-552329 HTTP/1.1" 200 13460 "https://yeniistiklal.com" "Mozilla/5.0 (Macintosh; Intel Mac OS X 11_2_3; rv:123.0) Gecko/20100101 Firefox/123.0"
4.193.189.92 - - [26/May/2026:15:21:51 +0300] "GET /license.php HTTP/1.1" 302 219 "-" "Mozilla/5.0 (Windows NT 10.0; Win64; x64) AppleWebKit/537.36 (KHTML, like Gecko) Chrome/120.0.0.0 Safari/537.36"
45.61.97.119 - - [26/May/2026:15:21:51 +0300] "GET /haber/enparadan-kaskoda-ezber-bozan-teklif-15-nakit-iade-552327 HTTP/1.1" 200 14551 "https://yeniistiklal.com" "Mozilla/5.0 (iPhone; CPU iPhone OS 14_6 like Mac OS X) AppleWebKit/537.36 (KHTML, like Gecko) Chrome/115.0.5791.55 Safari/537.36 Edg/99.0.1649.75"
200.153.178.245 - - [26/May/2026:15:21:51 +0300] "GET /public/index.php/404 HTTP/1.1" 302 232 "https://www.yeniistiklal.com/public/index.php" "Mozilla/5.0 (Linux; Android 6.0; Nexus 5 Build/MRA58N) AppleWebKit/537.36 (KHTML, like Gecko) Chrome/40.0.1776.1943 Mobile Safari/537.36"
191.96.130.161 - - [26/May/2026:15:21:52 +0300] "GET /haber/cocuklarda-alerjik-rinitin-gorulme-sikligi-artiyor-552326 HTTP/1.1" 200 14523 "https://yeniistiklal.com" "Mozilla/5.0 (Macintosh; Intel Mac OS X 10_15_7; rv:118.0) Gecko/20100101 Firefox/118.0"
