54.39.6.87 - - [26/May/2026:15:22:15 +0300] "GET /public/haber/trv-vertigo-manevra-koltugu-ile-bas-donmesi-tedavisinde-basari-orani-cok-yuksek-552357 HTTP/1.1" 200 14640 "-" "Mozilla/5.0 (compatible; AhrefsBot/7.0; +http://ahrefs.com/robot/)"
216.73.217.145 - - [26/May/2026:15:22:19 +0300] "GET /public/images/haberler/2022/05/rockstar-max-payne-3-icin-mujdeyi-verdi-pmTnQTlL.jpg HTTP/1.1" 302 225 "-" "Mozilla/5.0 AppleWebKit/537.36 (KHTML, like Gecko; compatible; ClaudeBot/1.0; +claudebot@anthropic.com)"
216.73.217.145 - - [26/May/2026:15:22:19 +0300] "GET /public/haber/konservatuvar-ogrencilerinden-sanatla-ve-hayvan-sevgisini-birlestiren-proje-544197 HTTP/1.1" 200 13865 "-" "Mozilla/5.0 AppleWebKit/537.36 (KHTML, like Gecko; compatible; ClaudeBot/1.0; +claudebot@anthropic.com)"
216.73.217.145 - - [26/May/2026:15:22:19 +0300] "GET /public/images/haberler/2022/01/malezyada-15-milyar-dolarlik-hasar-5Mdyfq64.jpg HTTP/1.1" 302 225 "-" "Mozilla/5.0 AppleWebKit/537.36 (KHTML, like Gecko; compatible; ClaudeBot/1.0; +claudebot@anthropic.com)"
216.73.217.145 - - [26/May/2026:15:22:19 +0300] "GET /public/images/haberler/2022/06/tuketici-guven-endeksi-634-oldu-P8ETPYH2.jpg HTTP/1.1" 302 225 "-" "Mozilla/5.0 AppleWebKit/537.36 (KHTML, like Gecko; compatible; ClaudeBot/1.0; +claudebot@anthropic.com)"
216.73.217.145 - - [26/May/2026:15:22:19 +0300] "GET /public/404 HTTP/1.1" 302 220 "https://yeniistiklal.com/public/images/haberler/2022/06/bu-yil-babalar-gununde-maneviyat-on-planda-yFraZg2j.jpg" "Mozilla/5.0 AppleWebKit/537.36 (KHTML, like Gecko; compatible; ClaudeBot/1.0; +claudebot@anthropic.com)"
216.73.217.145 - - [26/May/2026:15:22:19 +0300] "GET /public/404 HTTP/1.1" 302 220 "https://yeniistiklal.com/public/images/haberler/2022/01/malezyada-15-milyar-dolarlik-hasar-5Mdyfq64.jpg" "Mozilla/5.0 AppleWebKit/537.36 (KHTML, like Gecko; compatible; ClaudeBot/1.0; +claudebot@anthropic.com)"
216.73.217.145 - - [26/May/2026:15:22:19 +0300] "GET /public/404 HTTP/1.1" 302 220 "https://yeniistiklal.com/public/images/haberler/2022/05/rockstar-max-payne-3-icin-mujdeyi-verdi-pmTnQTlL.jpg" "Mozilla/5.0 AppleWebKit/537.36 (KHTML, like Gecko; compatible; ClaudeBot/1.0; +claudebot@anthropic.com)"
216.73.217.145 - - [26/May/2026:15:22:19 +0300] "GET /public HTTP/1.1" 301 795 "https://yeniistiklal.com/public/404" "Mozilla/5.0 AppleWebKit/537.36 (KHTML, like Gecko; compatible; ClaudeBot/1.0; +claudebot@anthropic.com)"
216.73.217.145 - - [26/May/2026:15:22:19 +0300] "GET /public HTTP/1.1" 301 795 "https://yeniistiklal.com/public/404" "Mozilla/5.0 AppleWebKit/537.36 (KHTML, like Gecko; compatible; ClaudeBot/1.0; +claudebot@anthropic.com)"
216.73.217.145 - - [26/May/2026:15:22:19 +0300] "GET /public HTTP/1.1" 301 795 "https://yeniistiklal.com/public/404" "Mozilla/5.0 AppleWebKit/537.36 (KHTML, like Gecko; compatible; ClaudeBot/1.0; +claudebot@anthropic.com)"
216.73.217.145 - - [26/May/2026:15:22:19 +0300] "GET /public/404 HTTP/1.1" 302 220 "https://yeniistiklal.com/public/images/haberler/2022/06/tuketici-guven-endeksi-634-oldu-P8ETPYH2.jpg" "Mozilla/5.0 AppleWebKit/537.36 (KHTML, like Gecko; compatible; ClaudeBot/1.0; +claudebot@anthropic.com)"
216.73.217.145 - - [26/May/2026:15:22:19 +0300] "GET /public HTTP/1.1" 301 795 "https://yeniistiklal.com/public/404" "Mozilla/5.0 AppleWebKit/537.36 (KHTML, like Gecko; compatible; ClaudeBot/1.0; +claudebot@anthropic.com)"
216.73.217.145 - - [26/May/2026:15:22:19 +0300] "GET /public/404 HTTP/1.1" 302 220 "https://yeniistiklal.com/public/images/haberler/2022/01/didimde-bir-kadin-evinde-olu-bulundu-YK6lhs3q.jpg" "Mozilla/5.0 AppleWebKit/537.36 (KHTML, like Gecko; compatible; ClaudeBot/1.0; +claudebot@anthropic.com)"
216.73.217.145 - - [26/May/2026:15:22:19 +0300] "GET /public/haber/abd-rusyanin-ukraynanin-natoya-alinmamasi-talebine-olumsuz-yanit-verdi-478808 HTTP/1.1" 200 14911 "-" "Mozilla/5.0 AppleWebKit/537.36 (KHTML, like Gecko; compatible; ClaudeBot/1.0; +claudebot@anthropic.com)"
216.73.217.145 - - [26/May/2026:15:22:19 +0300] "GET /public/ HTTP/1.1" 200 17207 "https://yeniistiklal.com/public" "Mozilla/5.0 AppleWebKit/537.36 (KHTML, like Gecko; compatible; ClaudeBot/1.0; +claudebot@anthropic.com)"
216.73.217.145 - - [26/May/2026:15:22:19 +0300] "GET /public/haber/elimizden-gelenin-fazlasini-basarmak-zorundayiz-517177 HTTP/1.1" 200 14965 "-" "Mozilla/5.0 AppleWebKit/537.36 (KHTML, like Gecko; compatible; ClaudeBot/1.0; +claudebot@anthropic.com)"
216.73.217.145 - - [26/May/2026:15:22:19 +0300] "GET /public/ HTTP/1.1" 200 17208 "https://yeniistiklal.com/public" "Mozilla/5.0 AppleWebKit/537.36 (KHTML, like Gecko; compatible; ClaudeBot/1.0; +claudebot@anthropic.com)"
216.73.217.145 - - [26/May/2026:15:22:19 +0300] "GET /public/ HTTP/1.1" 200 17195 "https://yeniistiklal.com/public" "Mozilla/5.0 AppleWebKit/537.36 (KHTML, like Gecko; compatible; ClaudeBot/1.0; +claudebot@anthropic.com)"
216.73.217.145 - - [26/May/2026:15:22:19 +0300] "GET /404 HTTP/1.1" 302 215 "https://yeniistiklal.com/images/haberler/2022/05/genc-baskan-ve-gencler-festivalde-bulustu-a2EPQd2v.jpg" "Mozilla/5.0 AppleWebKit/537.36 (KHTML, like Gecko; compatible; ClaudeBot/1.0; +claudebot@anthropic.com)"
216.73.217.145 - - [26/May/2026:15:22:20 +0300] "GET /haber/xiaomi-kapsamli-aiot-urunleri-ile-modern-yasami-yeniden-tanimliyor-543120 HTTP/1.1" 200 16992 "-" "Mozilla/5.0 AppleWebKit/537.36 (KHTML, like Gecko; compatible; ClaudeBot/1.0; +claudebot@anthropic.com)"
85.208.96.212 - - [26/May/2026:15:22:21 +0300] "GET /haber/masaj-salonu-operasyonu-1-polis-tutuklandi-482477 HTTP/1.1" 200 13841 "-" "Mozilla/5.0 (compatible; SemrushBot/7~bl; +http://www.semrush.com/bot.html)"
101.32.128.28 - - [26/May/2026:15:22:25 +0300] "GET /firma-rehberi/local-seo-857 HTTP/1.1" 200 7006 "-" "Mozilla/5.0 (iPhone; CPU iPhone OS 13_2_3 like Mac OS X) AppleWebKit/605.1.15 (KHTML, like Gecko) Version/13.0.3 Mobile/15E148 Safari/604.1"
216.73.217.145 - - [26/May/2026:15:22:19 +0300] "GET /public/images/haberler/2022/01/didimde-bir-kadin-evinde-olu-bulundu-YK6lhs3q.jpg HTTP/1.1" 302 225 "-" "Mozilla/5.0 AppleWebKit/537.36 (KHTML, like Gecko; compatible; ClaudeBot/1.0; +claudebot@anthropic.com)"
185.191.171.1 - - [26/May/2026:15:22:19 +0300] "GET /haber/bursa-mudanyada-iki-ayri-iftar-cadiri-kuruldu-504008 HTTP/1.1" 200 13616 "-" "Mozilla/5.0 (compatible; SemrushBot/7~bl; +http://www.semrush.com/bot.html)"
216.73.217.145 - - [26/May/2026:15:22:19 +0300] "GET /images/haberler/2022/05/genc-baskan-ve-gencler-festivalde-bulustu-a2EPQd2v.jpg HTTP/1.1" 302 219 "-" "Mozilla/5.0 AppleWebKit/537.36 (KHTML, like Gecko; compatible; ClaudeBot/1.0; +claudebot@anthropic.com)"
216.73.217.145 - - [26/May/2026:15:22:19 +0300] "GET /public HTTP/1.1" 301 795 "https://yeniistiklal.com/public/404" "Mozilla/5.0 AppleWebKit/537.36 (KHTML, like Gecko; compatible; ClaudeBot/1.0; +claudebot@anthropic.com)"
216.73.217.145 - - [26/May/2026:15:22:19 +0300] "GET /public/ HTTP/1.1" 200 17202 "https://yeniistiklal.com/public" "Mozilla/5.0 AppleWebKit/537.36 (KHTML, like Gecko; compatible; ClaudeBot/1.0; +claudebot@anthropic.com)"
216.73.217.145 - - [26/May/2026:15:22:20 +0300] "GET /public/ HTTP/1.1" 200 17193 "https://yeniistiklal.com/public" "Mozilla/5.0 AppleWebKit/537.36 (KHTML, like Gecko; compatible; ClaudeBot/1.0; +claudebot@anthropic.com)"
185.191.171.5 - - [26/May/2026:15:22:23 +0300] "GET /haber/masumlar-apartmaninda-sukru-ozyildiz-surprizi-478132 HTTP/1.1" 200 13878 "-" "Mozilla/5.0 (compatible; SemrushBot/7~bl; +http://www.semrush.com/bot.html)"
42.113.157.246 - - [26/May/2026:15:22:27 +0300] "GET /public/haber/bilge-nesiller-piknikte-bulustu-522389 HTTP/1.1" 200 13709 "-" "Mozilla/5.0 (iPhone; CPU iPhone OS 11_0 like Mac OS X) AppleWebKit/537.36 (KHTML, like Gecko) Chrome/39.0.6018.1754 Mobile Safari/537.36"
138.99.39.142 - - [26/May/2026:15:22:30 +0300] "GET /public/index.php HTTP/1.1" 200 17306 "-" "Mozilla/5.0 (iPhone; CPU iPhone OS 17_3_1 like Mac OS X) AppleWebKit/605.1.15 (KHTML, like Gecko) FxiOS/124.0 Mobile/15E148 Safari/605.1.15"
185.191.171.1 - - [26/May/2026:15:22:31 +0300] "GET /haber/son-dakika-istanbul-ankara-otoyolu-bolu-dagi-gecidi-ulasima-kapatildi-478537 HTTP/1.1" 200 13431 "-" "Mozilla/5.0 (compatible; SemrushBot/7~bl; +http://www.semrush.com/bot.html)"
185.191.171.5 - - [26/May/2026:15:22:34 +0300] "GET /haber/didimin-engelsiz-plaji-bu-yil-da-hizmete-acildi-525449 HTTP/1.1" 200 13923 "-" "Mozilla/5.0 (compatible; SemrushBot/7~bl; +http://www.semrush.com/bot.html)"
85.208.96.193 - - [26/May/2026:15:22:36 +0300] "GET /haber/mugla-buyuksehirin-otopark-kapasitesi-bin-200u-asti-537534 HTTP/1.1" 200 13927 "-" "Mozilla/5.0 (compatible; SemrushBot/7~bl; +http://www.semrush.com/bot.html)"
216.73.217.145 - - [26/May/2026:15:22:37 +0300] "GET /public/index.php/images/haberler/2022/01/japonyada-tsunami-panigi-bircok-ulke-alarma-gecti-RRnNnjSB.jpg HTTP/1.1" 302 238 "-" "Mozilla/5.0 AppleWebKit/537.36 (KHTML, like Gecko; compatible; ClaudeBot/1.0; +claudebot@anthropic.com)"
216.73.217.145 - - [26/May/2026:15:22:37 +0300] "GET /images/haberler/2022/05/izmir-torbalida-dayibaslari-dernegi-kuruldu-pxTvTrnJ.jpg HTTP/1.1" 302 224 "-" "Mozilla/5.0 AppleWebKit/537.36 (KHTML, like Gecko; compatible; ClaudeBot/1.0; +claudebot@anthropic.com)"
216.73.217.145 - - [26/May/2026:15:22:37 +0300] "GET /public/index.php/404 HTTP/1.1" 302 232 "https://www.yeniistiklal.com/public/index.php/images/haberler/2022/01/japonyada-tsunami-panigi-bircok-ulke-alarma-gecti-RRnNnjSB.jpg" "Mozilla/5.0 AppleWebKit/537.36 (KHTML, like Gecko; compatible; ClaudeBot/1.0; +claudebot@anthropic.com)"
216.73.217.145 - - [26/May/2026:15:22:38 +0300] "GET /images/haberler/2022/05/mehmet-bekaroglu-bursada-iktidari-elestirdi-FRMee3cO.jpg HTTP/1.1" 302 219 "-" "Mozilla/5.0 AppleWebKit/537.36 (KHTML, like Gecko; compatible; ClaudeBot/1.0; +claudebot@anthropic.com)"
185.191.171.8 - - [26/May/2026:15:22:29 +0300] "GET /haber/yerel-tohumlar-2023-yili-icin-toprakla-bulusuyor-506188 HTTP/1.1" 200 13685 "-" "Mozilla/5.0 (compatible; SemrushBot/7~bl; +http://www.semrush.com/bot.html)"
185.191.171.8 - - [26/May/2026:15:22:31 +0300] "GET /haber/tartismali-ucaklar-bakimdan-gecti-goreve-hazir-521392 HTTP/1.1" 200 13759 "-" "Mozilla/5.0 (compatible; SemrushBot/7~bl; +http://www.semrush.com/bot.html)"
42.113.157.246 - - [26/May/2026:15:22:35 +0300] "GET /public/images/haberler/2022/06/bilge-nesiller-piknikte-bulustu-sEA4faYj.jpg HTTP/1.1" 302 230 "https://www.yeniistiklal.com/public/haber/bilge-nesiller-piknikte-bulustu-522389" "Mozilla/5.0 (iPhone; CPU iPhone OS 11_0 like Mac OS X) AppleWebKit/537.36 (KHTML, like Gecko) Chrome/39.0.6018.1754 Mobile Safari/537.36"
107.174.191.199 - - [26/May/2026:15:22:36 +0300] "GET / HTTP/1.1" 200 17154 "-" "Mozilla/5.0 (iPhone; CPU iPhone OS 17_6_1 like Mac OS X) AppleWebKit/605.1.15 (KHTML, like Gecko) FxiOS/133.4 Mobile/15E148 Safari/605.1.15"
216.73.217.145 - - [26/May/2026:15:22:37 +0300] "GET /404 HTTP/1.1" 302 219 "https://www.yeniistiklal.com/images/haberler/2022/05/izmir-torbalida-dayibaslari-dernegi-kuruldu-pxTvTrnJ.jpg" "Mozilla/5.0 AppleWebKit/537.36 (KHTML, like Gecko; compatible; ClaudeBot/1.0; +claudebot@anthropic.com)"
216.73.217.145 - - [26/May/2026:15:22:38 +0300] "GET /public/index.php HTTP/1.1" 200 17294 "https://www.yeniistiklal.com/public/index.php/404" "Mozilla/5.0 AppleWebKit/537.36 (KHTML, like Gecko; compatible; ClaudeBot/1.0; +claudebot@anthropic.com)"
216.73.217.145 - - [26/May/2026:15:22:38 +0300] "GET /images/haberler/2022/01/son-dakika-haramidere-e-5te-kar-yagisi-nedeniyle-yollar-kapandi-araclar-mahsur-kaldi-0-mt3FbBmk.jpg HTTP/1.1" 302 219 "-" "Mozilla/5.0 AppleWebKit/537.36 (KHTML, like Gecko; compatible; ClaudeBot/1.0; +claudebot@anthropic.com)"
216.73.217.145 - - [26/May/2026:15:22:38 +0300] "GET /public/images/haberler/2022/02/justin-bieber-koronaviruse-yakalandi-v9IdQH1N.jpg HTTP/1.1" 302 225 "-" "Mozilla/5.0 AppleWebKit/537.36 (KHTML, like Gecko; compatible; ClaudeBot/1.0; +claudebot@anthropic.com)"
216.73.217.145 - - [26/May/2026:15:22:38 +0300] "GET /public/images/haberler/2022/08/baskan-turgay-erdem-ozluce-halkiyla-bulustu-ExWHFE5S.jpg HTTP/1.1" 302 225 "-" "Mozilla/5.0 AppleWebKit/537.36 (KHTML, like Gecko; compatible; ClaudeBot/1.0; +claudebot@anthropic.com)"
216.73.217.145 - - [26/May/2026:15:22:38 +0300] "GET /public/images/haberler/2022/06/karabaglar-belediyesinden-araliksiz-dayanisma-nrZPk7a7.jpg HTTP/1.1" 302 225 "-" "Mozilla/5.0 AppleWebKit/537.36 (KHTML, like Gecko; compatible; ClaudeBot/1.0; +claudebot@anthropic.com)"
216.73.217.145 - - [26/May/2026:15:22:38 +0300] "GET /public/images/haberler/2022/05/cevreci-minik-eller-is-basinda-mppLXNKO.jpg HTTP/1.1" 302 225 "-" "Mozilla/5.0 AppleWebKit/537.36 (KHTML, like Gecko; compatible; ClaudeBot/1.0; +claudebot@anthropic.com)"
216.73.217.145 - - [26/May/2026:15:22:38 +0300] "GET /public/haber/nestl-health-science-turkiyenin-ilk-enteral-beslenme-urunleri-fabrikasini-acti-524802 HTTP/1.1" 200 15538 "-" "Mozilla/5.0 AppleWebKit/537.36 (KHTML, like Gecko; compatible; ClaudeBot/1.0; +claudebot@anthropic.com)"
216.73.217.145 - - [26/May/2026:15:22:38 +0300] "GET /public/404 HTTP/1.1" 302 220 "https://yeniistiklal.com/public/images/haberler/2022/02/justin-bieber-koronaviruse-yakalandi-v9IdQH1N.jpg" "Mozilla/5.0 AppleWebKit/537.36 (KHTML, like Gecko; compatible; ClaudeBot/1.0; +claudebot@anthropic.com)"
216.73.217.145 - - [26/May/2026:15:22:39 +0300] "GET /public/404 HTTP/1.1" 302 220 "https://yeniistiklal.com/public/images/haberler/2022/06/karabaglar-belediyesinden-araliksiz-dayanisma-nrZPk7a7.jpg" "Mozilla/5.0 AppleWebKit/537.36 (KHTML, like Gecko; compatible; ClaudeBot/1.0; +claudebot@anthropic.com)"
216.73.217.145 - - [26/May/2026:15:22:39 +0300] "GET /public/ HTTP/1.1" 200 17195 "https://yeniistiklal.com/public" "Mozilla/5.0 AppleWebKit/537.36 (KHTML, like Gecko; compatible; ClaudeBot/1.0; +claudebot@anthropic.com)"
216.73.217.145 - - [26/May/2026:15:22:38 +0300] "GET /public/haber/yesil-is-zirvesine-guncel-gelismeler-ve-enerji-damgasini-vurdu-516293 HTTP/1.1" 200 22487 "-" "Mozilla/5.0 AppleWebKit/537.36 (KHTML, like Gecko; compatible; ClaudeBot/1.0; +claudebot@anthropic.com)"
216.73.217.145 - - [26/May/2026:15:22:38 +0300] "GET /public/haber/buyuksehirden-universite-ogrencilerine-ucretsiz-camasirhane-hizmeti-521274 HTTP/1.1" 200 14623 "-" "Mozilla/5.0 AppleWebKit/537.36 (KHTML, like Gecko; compatible; ClaudeBot/1.0; +claudebot@anthropic.com)"
216.73.217.145 - - [26/May/2026:15:22:38 +0300] "GET /404 HTTP/1.1" 302 215 "https://yeniistiklal.com/images/haberler/2022/01/son-dakika-haramidere-e-5te-kar-yagisi-nedeniyle-yollar-kapandi-araclar-mahsur-kaldi-0-mt3FbBmk.jpg" "Mozilla/5.0 AppleWebKit/537.36 (KHTML, like Gecko; compatible; ClaudeBot/1.0; +claudebot@anthropic.com)"
216.73.217.145 - - [26/May/2026:15:22:39 +0300] "GET /public HTTP/1.1" 301 795 "https://yeniistiklal.com/public/404" "Mozilla/5.0 AppleWebKit/537.36 (KHTML, like Gecko; compatible; ClaudeBot/1.0; +claudebot@anthropic.com)"
216.73.217.145 - - [26/May/2026:15:22:39 +0300] "GET /public/404 HTTP/1.1" 302 220 "https://yeniistiklal.com/public/images/haberler/2022/08/baskan-turgay-erdem-ozluce-halkiyla-bulustu-ExWHFE5S.jpg" "Mozilla/5.0 AppleWebKit/537.36 (KHTML, like Gecko; compatible; ClaudeBot/1.0; +claudebot@anthropic.com)"
216.73.217.145 - - [26/May/2026:15:22:39 +0300] "GET /public/404 HTTP/1.1" 302 220 "https://yeniistiklal.com/public/images/haberler/2022/05/cevreci-minik-eller-is-basinda-mppLXNKO.jpg" "Mozilla/5.0 AppleWebKit/537.36 (KHTML, like Gecko; compatible; ClaudeBot/1.0; +claudebot@anthropic.com)"
216.73.217.145 - - [26/May/2026:15:22:39 +0300] "GET /404 HTTP/1.1" 302 215 "https://yeniistiklal.com/images/haberler/2022/05/mehmet-bekaroglu-bursada-iktidari-elestirdi-FRMee3cO.jpg" "Mozilla/5.0 AppleWebKit/537.36 (KHTML, like Gecko; compatible; ClaudeBot/1.0; +claudebot@anthropic.com)"
216.73.217.145 - - [26/May/2026:15:22:39 +0300] "GET /public HTTP/1.1" 301 795 "https://yeniistiklal.com/public/404" "Mozilla/5.0 AppleWebKit/537.36 (KHTML, like Gecko; compatible; ClaudeBot/1.0; +claudebot@anthropic.com)"
107.174.191.199 - - [26/May/2026:15:22:39 +0300] "GET /public/index.php/images/haberler/2025/12/survivor-2026-yarismacilari-tam-liste-y-1765786623.png HTTP/1.1" 302 238 "https://www.yeniistiklal.com/" "Mozilla/5.0 (iPhone; CPU iPhone OS 17_6_1 like Mac OS X) AppleWebKit/605.1.15 (KHTML, like Gecko) FxiOS/133.4 Mobile/15E148 Safari/605.1.15"
216.73.217.145 - - [26/May/2026:15:22:39 +0300] "GET /public HTTP/1.1" 301 795 "https://yeniistiklal.com/public/404" "Mozilla/5.0 AppleWebKit/537.36 (KHTML, like Gecko; compatible; ClaudeBot/1.0; +claudebot@anthropic.com)"
216.73.217.145 - - [26/May/2026:15:22:39 +0300] "GET /public/ HTTP/1.1" 200 17216 "https://yeniistiklal.com/public" "Mozilla/5.0 AppleWebKit/537.36 (KHTML, like Gecko; compatible; ClaudeBot/1.0; +claudebot@anthropic.com)"
62.244.225.226 - - [26/May/2026:15:22:39 +0300] "GET /sitemap.xml?type=news HTTP/1.1" 200 201 "https://yeniistiklal.com/sitemap.xml?type=news" "Mozilla/5.0 (Windows NT 6.3; WOW64) AppleWebKit/537.36 (KHTML, like Gecko) Chrome/45.0.2454.85 Safari/537.36"
107.174.191.199 - - [26/May/2026:15:22:39 +0300] "GET /public/index.php/404 HTTP/1.1" 302 232 "https://www.yeniistiklal.com/" "Mozilla/5.0 (iPhone; CPU iPhone OS 17_6_1 like Mac OS X) AppleWebKit/605.1.15 (KHTML, like Gecko) FxiOS/133.4 Mobile/15E148 Safari/605.1.15"
104.171.146.170 - - [26/May/2026:15:22:40 +0300] "GET / HTTP/1.1" 200 17150 "https://www.yahoo.com/" "Mozilla/5.0 (iPhone; CPU iPhone OS 16_3_1 like Mac OS X) AppleWebKit/605.1.15 (KHTML, like Gecko) FxiOS/122.2 Mobile/15E148 Safari/605.1.15"
92.57.142.34 - - [26/May/2026:15:22:40 +0300] "GET /public/index.php HTTP/1.1" 200 17298 "https://www.yeniistiklal.com/" "Mozilla/5.0 (iPhone; CPU iPhone OS 16_0 like Mac OS X) AppleWebKit/605.1.15 (KHTML, like Gecko) Version/16_0 Mobile/15E148 Safari/604.1"
216.73.217.145 - - [26/May/2026:15:22:39 +0300] "GET /public HTTP/1.1" 301 795 "https://yeniistiklal.com/public/404" "Mozilla/5.0 AppleWebKit/537.36 (KHTML, like Gecko; compatible; ClaudeBot/1.0; +claudebot@anthropic.com)"
216.73.217.145 - - [26/May/2026:15:22:39 +0300] "GET /public/ HTTP/1.1" 200 17202 "https://yeniistiklal.com/public" "Mozilla/5.0 AppleWebKit/537.36 (KHTML, like Gecko; compatible; ClaudeBot/1.0; +claudebot@anthropic.com)"
216.73.217.145 - - [26/May/2026:15:22:39 +0300] "GET /public/ HTTP/1.1" 200 17208 "https://yeniistiklal.com/public" "Mozilla/5.0 AppleWebKit/537.36 (KHTML, like Gecko; compatible; ClaudeBot/1.0; +claudebot@anthropic.com)"
107.174.191.199 - - [26/May/2026:15:22:40 +0300] "GET /public/index.php HTTP/1.1" 200 17288 "https://www.yeniistiklal.com/" "Mozilla/5.0 (iPhone; CPU iPhone OS 17_6_1 like Mac OS X) AppleWebKit/605.1.15 (KHTML, like Gecko) FxiOS/133.4 Mobile/15E148 Safari/605.1.15"
92.57.142.34 - - [26/May/2026:15:22:40 +0300] "GET /public/index.php/images/haberler/2025/11/dunyanin-en-buyuk-dagi-hangisidir-everest-mi-mauna-kea-mi-y-1762260895.png HTTP/1.1" 302 238 "https://www.yeniistiklal.com/" "Mozilla/5.0 (iPhone; CPU iPhone OS 16_0 like Mac OS X) AppleWebKit/605.1.15 (KHTML, like Gecko) Version/16_0 Mobile/15E148 Safari/604.1"
92.57.142.34 - - [26/May/2026:15:22:40 +0300] "GET /public/index.php/404 HTTP/1.1" 302 232 "https://www.yeniistiklal.com/" "Mozilla/5.0 (iPhone; CPU iPhone OS 16_0 like Mac OS X) AppleWebKit/605.1.15 (KHTML, like Gecko) Version/16_0 Mobile/15E148 Safari/604.1"
144.31.35.53 - - [26/May/2026:15:22:40 +0300] "GET /images/tn/2022/07/kusadasi-ve-marmaris-bayrami-kenan-dogulu-ile-karsiladi-Bj3G5LVh.jpg HTTP/1.1" 302 219 "-" "Mozilla/5.0 (Windows NT 10.0; Win64; x64) AppleWebKit/537.36 (KHTML, like Gecko) Chrome/122.0.0.0 Safari/537.36"
141.193.202.27 - - [26/May/2026:15:22:40 +0300] "GET / HTTP/1.1" 200 17169 "http://www.baidu.com/" "Mozilla/5.0 (iPhone; CPU iPhone OS 17_3_1 like Mac OS X) AppleWebKit/605.1.15 (KHTML, like Gecko) FxiOS/124.0 Mobile/15E148 Safari/605.1.15"
62.244.225.226 - - [26/May/2026:15:22:41 +0300] "GET /sitemap.xml HTTP/1.1" 200 201 "https://yeniistiklal.com/sitemap.xml" "Mozilla/5.0 (Windows NT 6.1) AppleWebKit/537.36 (KHTML, like Gecko) Chrome/45.0.2454.85 Safari/537.36"
42.113.157.246 - - [26/May/2026:15:22:41 +0300] "GET /public/404 HTTP/1.1" 302 225 "https://www.yeniistiklal.com/public/haber/bilge-nesiller-piknikte-bulustu-522389" "Mozilla/5.0 (iPhone; CPU iPhone OS 11_0 like Mac OS X) AppleWebKit/537.36 (KHTML, like Gecko) Chrome/39.0.6018.1754 Mobile Safari/537.36"
104.171.146.170 - - [26/May/2026:15:22:41 +0300] "GET /public/index.php/images/haberler/2025/10/kktc-doviz-kurlarindaki-son-durum-dolar-euro-sterlin-15-ekim-2025-1760527641.jpg HTTP/1.1" 302 238 "https://www.yeniistiklal.com/" "Mozilla/5.0 (iPhone; CPU iPhone OS 16_3_1 like Mac OS X) AppleWebKit/605.1.15 (KHTML, like Gecko) FxiOS/122.2 Mobile/15E148 Safari/605.1.15"
201.67.88.62 - - [26/May/2026:15:22:42 +0300] "GET /public/index.php/images/haberler/2025/10/kktcde-su-tesisatcisi-arayanlar-icin-oneriler-y-1760527324.png HTTP/1.1" 302 238 "-" "Mozilla/5.0 (iPhone; CPU iPhone OS 17_3_1 like Mac OS X) AppleWebKit/605.1.15 (KHTML, like Gecko) FxiOS/124.0 Mobile/15E148 Safari/605.1.15"
141.193.202.27 - - [26/May/2026:15:22:42 +0300] "GET /public/index.php/404 HTTP/1.1" 302 232 "https://www.yeniistiklal.com/" "Mozilla/5.0 (iPhone; CPU iPhone OS 17_3_1 like Mac OS X) AppleWebKit/605.1.15 (KHTML, like Gecko) FxiOS/124.0 Mobile/15E148 Safari/605.1.15"
201.67.88.62 - - [26/May/2026:15:22:43 +0300] "GET /public/index.php/404 HTTP/1.1" 302 232 "-" "Mozilla/5.0 (iPhone; CPU iPhone OS 17_3_1 like Mac OS X) AppleWebKit/605.1.15 (KHTML, like Gecko) FxiOS/124.0 Mobile/15E148 Safari/605.1.15"
201.67.88.62 - - [26/May/2026:15:22:44 +0300] "GET /public/index.php HTTP/1.1" 200 17298 "-" "Mozilla/5.0 (iPhone; CPU iPhone OS 17_3_1 like Mac OS X) AppleWebKit/605.1.15 (KHTML, like Gecko) FxiOS/124.0 Mobile/15E148 Safari/605.1.15"
144.31.35.53 - - [26/May/2026:15:22:41 +0300] "GET /404 HTTP/1.1" 302 215 "-" "Mozilla/5.0 (Windows NT 10.0; Win64; x64) AppleWebKit/537.36 (KHTML, like Gecko) Chrome/122.0.0.0 Safari/537.36"
144.31.35.53 - - [26/May/2026:15:22:41 +0300] "GET / HTTP/1.1" 200 17097 "-" "Mozilla/5.0 (Windows NT 10.0; Win64; x64) AppleWebKit/537.36 (KHTML, like Gecko) Chrome/122.0.0.0 Safari/537.36"
104.171.146.170 - - [26/May/2026:15:22:42 +0300] "GET /public/index.php/404 HTTP/1.1" 302 232 "https://www.yeniistiklal.com/" "Mozilla/5.0 (iPhone; CPU iPhone OS 16_3_1 like Mac OS X) AppleWebKit/605.1.15 (KHTML, like Gecko) FxiOS/122.2 Mobile/15E148 Safari/605.1.15"
141.193.202.27 - - [26/May/2026:15:22:42 +0300] "GET /public/index.php/images/haberler/2025/11/aksa-kimin-aksa-enerjinin-sahibi-kimdir-y-1762258173.png HTTP/1.1" 302 238 "https://www.yeniistiklal.com/" "Mozilla/5.0 (iPhone; CPU iPhone OS 17_3_1 like Mac OS X) AppleWebKit/605.1.15 (KHTML, like Gecko) FxiOS/124.0 Mobile/15E148 Safari/605.1.15"
104.171.146.170 - - [26/May/2026:15:22:42 +0300] "GET /public/index.php HTTP/1.1" 200 17300 "https://www.yeniistiklal.com/" "Mozilla/5.0 (iPhone; CPU iPhone OS 16_3_1 like Mac OS X) AppleWebKit/605.1.15 (KHTML, like Gecko) FxiOS/122.2 Mobile/15E148 Safari/605.1.15"
141.193.202.27 - - [26/May/2026:15:22:43 +0300] "GET /public/index.php HTTP/1.1" 200 17285 "https://www.yeniistiklal.com/" "Mozilla/5.0 (iPhone; CPU iPhone OS 17_3_1 like Mac OS X) AppleWebKit/605.1.15 (KHTML, like Gecko) FxiOS/124.0 Mobile/15E148 Safari/605.1.15"
66.249.66.194 - - [26/May/2026:15:22:44 +0300] "GET / HTTP/1.1" 200 17082 "-" "Mozilla/5.0 (compatible; Googlebot/2.1; +http://www.google.com/bot.html)"
62.244.225.226 - - [26/May/2026:15:22:44 +0300] "GET /rss/haber-feed.xml HTTP/1.1" 200 173857 "https://yeniistiklal.com/rss/haber-feed.xml" "Mozilla/5.0 (Windows NT 6.1; rv:40.0) Gecko/20100101 Firefox/40.0"
82.22.101.188 - - [26/May/2026:15:22:44 +0300] "GET /images/haberler/2022/06/muglada-antik-yapilasmaya-karsi-dava-iH9OWQ2n.jpg HTTP/1.1" 302 219 "-" "Mozilla/5.0 (compatible; crawler)"
45.93.130.5 - - [26/May/2026:15:22:45 +0300] "GET /public/index.php/images/tn/2026/01/yaz-firsatlari-1768457002.png HTTP/1.1" 302 238 "-" "Mozilla/5.0 (iPhone; CPU iPhone OS 17_4_1 like Mac OS X) AppleWebKit/605.1.15 (KHTML, like Gecko) Version/17.4.1 Mobile/15E148 Safari/604.1"
45.93.130.5 - - [26/May/2026:15:22:45 +0300] "GET /public/index.php/404 HTTP/1.1" 302 232 "https://www.yeniistiklal.com:443/public/index.php/images/tn/2026/01/yaz-firsatlari-1768457002.png" "Mozilla/5.0 (iPhone; CPU iPhone OS 17_4_1 like Mac OS X) AppleWebKit/605.1.15 (KHTML, like Gecko) Version/17.4.1 Mobile/15E148 Safari/604.1"
107.174.109.117 - - [26/May/2026:15:22:45 +0300] "GET / HTTP/1.1" 200 17156 "-" "Mozilla/5.0 (iPhone; CPU iPhone OS 17_4 like Mac OS X) AppleWebKit/605.1.15 (KHTML, like Gecko) EdgiOS/122.0.2365.99 Version/17.0 Mobile/15E148 Safari/604.1"
45.93.130.5 - - [26/May/2026:15:22:45 +0300] "GET /public/index.php HTTP/1.1" 200 17297 "https://www.yeniistiklal.com/public/index.php/404" "Mozilla/5.0 (iPhone; CPU iPhone OS 17_4_1 like Mac OS X) AppleWebKit/605.1.15 (KHTML, like Gecko) Version/17.4.1 Mobile/15E148 Safari/604.1"
38.77.223.30 - - [26/May/2026:15:22:46 +0300] "GET /public/index.php/images/tn/2026/01/antalya-otelleri-1768456799.png HTTP/1.1" 302 238 "https://www.yandex.com/" "Mozilla/5.0 (iPhone; CPU iPhone OS 15_6 like Mac OS X) AppleWebKit/605.1.15 (KHTML, like Gecko) Version/15_6 Mobile/15E148 Safari/604.1"
82.22.101.188 - - [26/May/2026:15:22:46 +0300] "GET / HTTP/1.1" 200 17079 "-" "Mozilla/5.0 (compatible; crawler)"
38.77.223.30 - - [26/May/2026:15:22:47 +0300] "GET /public/index.php HTTP/1.1" 200 17288 "https://www.yandex.com/" "Mozilla/5.0 (iPhone; CPU iPhone OS 15_6 like Mac OS X) AppleWebKit/605.1.15 (KHTML, like Gecko) Version/15_6 Mobile/15E148 Safari/604.1"
82.22.101.188 - - [26/May/2026:15:22:45 +0300] "GET /404 HTTP/1.1" 302 215 "-" "Mozilla/5.0 (compatible; crawler)"
66.249.66.193 - - [26/May/2026:15:22:46 +0300] "GET /hava-durumu/ajax?sehir_isim=6 HTTP/1.1" 200 77 "https://yeniistiklal.com/" "Mozilla/5.0 AppleWebKit/537.36 (KHTML, like Gecko; compatible; Googlebot/2.1; +http://www.google.com/bot.html) Chrome/148.0.7778.96 Safari/537.36"
158.222.113.203 - - [26/May/2026:15:22:47 +0300] "GET /public/index.php/images/tn/2025/12/kuzey-kibris-turk-cumhuriyetindeki-kktc-en-yuksek-bina-1765199017.png HTTP/1.1" 302 238 "-" "Mozilla/5.0 (iPhone; CPU iPhone OS 17_4 like Mac OS X) AppleWebKit/605.1.15 (KHTML, like Gecko) EdgiOS/122.0.2365.99 Version/17.0 Mobile/15E148 Safari/604.1"
38.77.223.30 - - [26/May/2026:15:22:47 +0300] "GET /public/index.php/404 HTTP/1.1" 302 232 "https://www.yandex.com/" "Mozilla/5.0 (iPhone; CPU iPhone OS 15_6 like Mac OS X) AppleWebKit/605.1.15 (KHTML, like Gecko) Version/15_6 Mobile/15E148 Safari/604.1"
158.222.113.203 - - [26/May/2026:15:22:47 +0300] "GET /public/index.php/404 HTTP/1.1" 302 232 "https://www.yeniistiklal.com:443/public/index.php/images/tn/2025/12/kuzey-kibris-turk-cumhuriyetindeki-kktc-en-yuksek-bina-1765199017.png" "Mozilla/5.0 (iPhone; CPU iPhone OS 17_4 like Mac OS X) AppleWebKit/605.1.15 (KHTML, like Gecko) EdgiOS/122.0.2365.99 Version/17.0 Mobile/15E148 Safari/604.1"
134.228.245.87 - - [26/May/2026:15:22:47 +0300] "GET /public/index.php/images/tn/2026/01/bodrum-otelleri-1768456675.png HTTP/1.1" 302 238 "-" "Mozilla/5.0 (iPhone; CPU iPhone OS 15_6 like Mac OS X) AppleWebKit/605.1.15 (KHTML, like Gecko) Version/15_6 Mobile/15E148 Safari/604.1"
107.174.109.117 - - [26/May/2026:15:22:47 +0300] "GET /public/index.php/images/haberler/2025/12/kuzey-kibris-turk-cumhuriyetindeki-kktc-en-yuksek-bina-y-1765199017.png HTTP/1.1" 302 238 "https://www.yeniistiklal.com/" "Mozilla/5.0 (iPhone; CPU iPhone OS 17_4 like Mac OS X) AppleWebKit/605.1.15 (KHTML, like Gecko) EdgiOS/122.0.2365.99 Version/17.0 Mobile/15E148 Safari/604.1"
62.244.225.226 - - [26/May/2026:15:22:47 +0300] "GET /googlenews.xml HTTP/1.1" 200 937831 "https://yeniistiklal.com/googlenews.xml" "Mozilla/5.0 (iPad; CPU OS 8_4 like Mac OS X) AppleWebKit/600.1.4 (KHTML, like Gecko) Version/8.0 Mobile/12H143 Safari/600.1.4"
134.228.245.87 - - [26/May/2026:15:22:48 +0300] "GET /public/index.php/404 HTTP/1.1" 302 232 "https://www.yeniistiklal.com:443/public/index.php/images/tn/2026/01/bodrum-otelleri-1768456675.png" "Mozilla/5.0 (iPhone; CPU iPhone OS 15_6 like Mac OS X) AppleWebKit/605.1.15 (KHTML, like Gecko) Version/15_6 Mobile/15E148 Safari/604.1"
107.174.109.117 - - [26/May/2026:15:22:48 +0300] "GET /public/index.php/404 HTTP/1.1" 302 232 "https://www.yeniistiklal.com/" "Mozilla/5.0 (iPhone; CPU iPhone OS 17_4 like Mac OS X) AppleWebKit/605.1.15 (KHTML, like Gecko) EdgiOS/122.0.2365.99 Version/17.0 Mobile/15E148 Safari/604.1"
23.80.49.233 - - [26/May/2026:15:22:48 +0300] "GET /public/index.php/images/tn/2025/11/canik-kime-ait-turkiyenin-global-silah-devi-1762258557.jpeg HTTP/1.1" 302 238 "https://www.yeniistiklal.com/" "Mozilla/5.0 (iPhone; CPU iPhone OS 17_4 like Mac OS X) AppleWebKit/605.1.15 (KHTML, like Gecko) CriOS/123.0.6312.52 Mobile/15E148 Safari/604.1"
134.228.245.87 - - [26/May/2026:15:22:48 +0300] "GET /public/index.php HTTP/1.1" 200 17298 "https://www.yeniistiklal.com/public/index.php/404" "Mozilla/5.0 (iPhone; CPU iPhone OS 15_6 like Mac OS X) AppleWebKit/605.1.15 (KHTML, like Gecko) Version/15_6 Mobile/15E148 Safari/604.1"
23.80.49.233 - - [26/May/2026:15:22:48 +0300] "GET /public/index.php/404 HTTP/1.1" 302 232 "https://www.yeniistiklal.com/" "Mozilla/5.0 (iPhone; CPU iPhone OS 17_4 like Mac OS X) AppleWebKit/605.1.15 (KHTML, like Gecko) CriOS/123.0.6312.52 Mobile/15E148 Safari/604.1"
158.222.113.203 - - [26/May/2026:15:22:47 +0300] "GET /public/index.php HTTP/1.1" 200 17304 "https://www.yeniistiklal.com/public/index.php/404" "Mozilla/5.0 (iPhone; CPU iPhone OS 17_4 like Mac OS X) AppleWebKit/605.1.15 (KHTML, like Gecko) EdgiOS/122.0.2365.99 Version/17.0 Mobile/15E148 Safari/604.1"
107.174.15.60 - - [26/May/2026:15:22:48 +0300] "GET /public/index.php/images/tn/2025/11/otokar-sahibi-kim-otokar-kime-ait-1762258385.jpeg HTTP/1.1" 302 238 "-" "Mozilla/5.0 (iPhone; CPU iPhone OS 17_4 like Mac OS X) AppleWebKit/605.1.15 (KHTML, like Gecko) CriOS/123.0.6312.52 Mobile/15E148 Safari/604.1"
107.174.15.60 - - [26/May/2026:15:22:48 +0300] "GET /public/index.php/404 HTTP/1.1" 302 232 "https://www.yeniistiklal.com:443/public/index.php/images/tn/2025/11/otokar-sahibi-kim-otokar-kime-ait-1762258385.jpeg" "Mozilla/5.0 (iPhone; CPU iPhone OS 17_4 like Mac OS X) AppleWebKit/605.1.15 (KHTML, like Gecko) CriOS/123.0.6312.52 Mobile/15E148 Safari/604.1"
107.174.15.60 - - [26/May/2026:15:22:48 +0300] "GET /public/index.php HTTP/1.1" 200 17294 "https://www.yeniistiklal.com/public/index.php/404" "Mozilla/5.0 (iPhone; CPU iPhone OS 17_4 like Mac OS X) AppleWebKit/605.1.15 (KHTML, like Gecko) CriOS/123.0.6312.52 Mobile/15E148 Safari/604.1"
107.174.109.117 - - [26/May/2026:15:22:48 +0300] "GET /public/index.php HTTP/1.1" 200 17300 "https://www.yeniistiklal.com/" "Mozilla/5.0 (iPhone; CPU iPhone OS 17_4 like Mac OS X) AppleWebKit/605.1.15 (KHTML, like Gecko) EdgiOS/122.0.2365.99 Version/17.0 Mobile/15E148 Safari/604.1"
23.80.49.233 - - [26/May/2026:15:22:49 +0300] "GET /public/index.php HTTP/1.1" 200 17296 "https://www.yeniistiklal.com/" "Mozilla/5.0 (iPhone; CPU iPhone OS 17_4 like Mac OS X) AppleWebKit/605.1.15 (KHTML, like Gecko) CriOS/123.0.6312.52 Mobile/15E148 Safari/604.1"
87.250.224.37 - - [26/May/2026:15:22:49 +0300] "GET /public/rss/genel-0 HTTP/1.1" 200 173955 "-" "Mozilla/5.0 (compatible; YandexBot/3.0; +http://yandex.com/bots)"
85.208.96.202 - - [26/May/2026:15:22:50 +0300] "GET /haber/istanbulda-tarihi-liman-hanin-acilisi-yapildi-537516 HTTP/1.1" 200 14182 "-" "Mozilla/5.0 (compatible; SemrushBot/7~bl; +http://www.semrush.com/bot.html)"
47.84.190.51 - - [26/May/2026:15:22:49 +0300] "GET /googlenews.xml HTTP/1.1" 200 937831 "-" "Mozilla/5.0 (Windows NT 6.1; WOW64) AppleWebKit/537.36 (KHTML, like Gecko) Chrome/30.0.1599.101 Safari/537.36"
92.208.165.148 - - [26/May/2026:15:22:51 +0300] "GET /public/index.php/404 HTTP/1.1" 302 232 "https://www.google.com/" "Mozilla/5.0 (iPhone; CPU iPhone OS 18_0 like Mac OS X) AppleWebKit/605.1.15 (KHTML, like Gecko) Version/18.0 Mobile/15E148 Safari/604.1"
92.208.165.148 - - [26/May/2026:15:22:51 +0300] "GET /public/index.php HTTP/1.1" 200 17294 "https://www.google.com/" "Mozilla/5.0 (iPhone; CPU iPhone OS 18_0 like Mac OS X) AppleWebKit/605.1.15 (KHTML, like Gecko) Version/18.0 Mobile/15E148 Safari/604.1"
42.113.157.246 - - [26/May/2026:15:22:51 +0300] "GET /public/assets/frontend/tema9/images/speech-bubble-with-dots.png HTTP/1.1" 200 2663 "https://www.yeniistiklal.com/public/haber/bilge-nesiller-piknikte-bulustu-522389" "Mozilla/5.0 (iPhone; CPU iPhone OS 11_0 like Mac OS X) AppleWebKit/537.36 (KHTML, like Gecko) Chrome/39.0.6018.1754 Mobile Safari/537.36"
216.73.217.145 - - [26/May/2026:15:22:52 +0300] "GET /public/index.php/404 HTTP/1.1" 302 232 "https://www.yeniistiklal.com/public/index.php/images/haberler/2022/01/asisizlara-test-zorunlulugu-kalkti-asisizlara-artik-her-yer-serbest.jpg" "Mozilla/5.0 AppleWebKit/537.36 (KHTML, like Gecko; compatible; ClaudeBot/1.0; +claudebot@anthropic.com)"
154.28.241.92 - - [26/May/2026:15:22:52 +0300] "GET / HTTP/1.1" 200 17158 "http://www.baidu.com/" "Mozilla/5.0 (iPhone; CPU iPhone OS 17_3 like Mac OS X) AppleWebKit/605.1.15 (KHTML, like Gecko) CriOS/114.0.5735.124 Mobile/15E148 Safari/604.1"
216.73.217.145 - - [26/May/2026:15:22:52 +0300] "GET /public/index.php HTTP/1.1" 200 17304 "https://www.yeniistiklal.com/public/index.php/404" "Mozilla/5.0 AppleWebKit/537.36 (KHTML, like Gecko; compatible; ClaudeBot/1.0; +claudebot@anthropic.com)"
92.208.165.148 - - [26/May/2026:15:22:51 +0300] "GET /public/index.php/images/tn/2025/10/kktcde-su-tesisatcisi-arayanlar-icin-oneriler-1760527324.png HTTP/1.1" 302 238 "https://www.google.com/" "Mozilla/5.0 (iPhone; CPU iPhone OS 18_0 like Mac OS X) AppleWebKit/605.1.15 (KHTML, like Gecko) Version/18.0 Mobile/15E148 Safari/604.1"
146.247.137.127 - - [26/May/2026:15:22:51 +0300] "GET / HTTP/1.1" 200 17095 "-" "Mozilla/5.0 (Windows NT 6.1; WOW64; rv:29.0) Gecko/20100101 Firefox/29.0"
216.73.217.145 - - [26/May/2026:15:22:51 +0300] "GET /public/index.php/images/haberler/2022/02/yetimhaneden-siginma-evine-umudu-yirtik-cebinde-mehmetin-hikayesi-UhOia8Kw.jpg HTTP/1.1" 302 238 "-" "Mozilla/5.0 AppleWebKit/537.36 (KHTML, like Gecko; compatible; ClaudeBot/1.0; +claudebot@anthropic.com)"
216.73.217.145 - - [26/May/2026:15:22:52 +0300] "GET /public/index.php/images/haberler/2022/01/asisizlara-test-zorunlulugu-kalkti-asisizlara-artik-her-yer-serbest.jpg HTTP/1.1" 302 238 "-" "Mozilla/5.0 AppleWebKit/537.36 (KHTML, like Gecko; compatible; ClaudeBot/1.0; +claudebot@anthropic.com)"
216.73.217.145 - - [26/May/2026:15:22:52 +0300] "GET /images/haberler/2022/10/hayvanat-bahcesi-ozel-ogrencileri-agirladi-37aRlrwE.jpg HTTP/1.1" 302 224 "-" "Mozilla/5.0 AppleWebKit/537.36 (KHTML, like Gecko; compatible; ClaudeBot/1.0; +claudebot@anthropic.com)"
216.73.217.145 - - [26/May/2026:15:22:52 +0300] "GET /public/index.php/404 HTTP/1.1" 302 232 "https://www.yeniistiklal.com/public/index.php/images/haberler/2022/02/yetimhaneden-siginma-evine-umudu-yirtik-cebinde-mehmetin-hikayesi-UhOia8Kw.jpg" "Mozilla/5.0 AppleWebKit/537.36 (KHTML, like Gecko; compatible; ClaudeBot/1.0; +claudebot@anthropic.com)"
216.73.217.145 - - [26/May/2026:15:22:52 +0300] "GET /404 HTTP/1.1" 302 219 "https://www.yeniistiklal.com/images/haberler/2022/10/hayvanat-bahcesi-ozel-ogrencileri-agirladi-37aRlrwE.jpg" "Mozilla/5.0 AppleWebKit/537.36 (KHTML, like Gecko; compatible; ClaudeBot/1.0; +claudebot@anthropic.com)"
216.73.217.145 - - [26/May/2026:15:22:52 +0300] "GET /public/index.php HTTP/1.1" 200 17283 "https://www.yeniistiklal.com/public/index.php/404" "Mozilla/5.0 AppleWebKit/537.36 (KHTML, like Gecko; compatible; ClaudeBot/1.0; +claudebot@anthropic.com)"
42.113.157.246 - - [26/May/2026:15:22:52 +0300] "GET /public HTTP/1.1" 301 795 "https://www.yeniistiklal.com/public/haber/bilge-nesiller-piknikte-bulustu-522389" "Mozilla/5.0 (iPhone; CPU iPhone OS 11_0 like Mac OS X) AppleWebKit/537.36 (KHTML, like Gecko) Chrome/39.0.6018.1754 Mobile Safari/537.36"
154.28.241.92 - - [26/May/2026:15:22:53 +0300] "GET /public/index.php/images/transparent.gif HTTP/1.1" 302 238 "https://www.yeniistiklal.com/" "Mozilla/5.0 (iPhone; CPU iPhone OS 17_3 like Mac OS X) AppleWebKit/605.1.15 (KHTML, like Gecko) CriOS/114.0.5735.124 Mobile/15E148 Safari/604.1"
24.240.20.200 - - [26/May/2026:15:22:53 +0300] "GET /public/index.php/images/tn/2025/10/kktc-doviz-kurlarindaki-son-durum-dolar-euro-sterlin-15-ekim-2025-1760527641.jpg HTTP/1.1" 302 238 "https://www.yeniistiklal.com/" "Mozilla/5.0 (iPhone; CPU iPhone OS 16_3 like Mac OS X) AppleWebKit/605.1.15 (KHTML, like Gecko) CriOS/92.0.4515.90 Mobile/15E148 Safari/604.1"
154.28.241.92 - - [26/May/2026:15:22:53 +0300] "GET /public/index.php/404 HTTP/1.1" 302 232 "https://www.yeniistiklal.com/" "Mozilla/5.0 (iPhone; CPU iPhone OS 17_3 like Mac OS X) AppleWebKit/605.1.15 (KHTML, like Gecko) CriOS/114.0.5735.124 Mobile/15E148 Safari/604.1"
154.28.241.92 - - [26/May/2026:15:22:53 +0300] "GET /public/index.php HTTP/1.1" 200 17300 "https://www.yeniistiklal.com/" "Mozilla/5.0 (iPhone; CPU iPhone OS 17_3 like Mac OS X) AppleWebKit/605.1.15 (KHTML, like Gecko) CriOS/114.0.5735.124 Mobile/15E148 Safari/604.1"
24.240.20.200 - - [26/May/2026:15:22:54 +0300] "GET /public/index.php/404 HTTP/1.1" 302 232 "https://www.yeniistiklal.com/" "Mozilla/5.0 (iPhone; CPU iPhone OS 16_3 like Mac OS X) AppleWebKit/605.1.15 (KHTML, like Gecko) CriOS/92.0.4515.90 Mobile/15E148 Safari/604.1"
216.73.217.145 - - [26/May/2026:15:22:54 +0300] "GET /public/haber/turkiye-tarimina-bursadan-farkli-bir-bakis-zengin-topraklarin-fakiri-olmayi-hak-etmiyoruz-519092 HTTP/1.1" 200 15136 "-" "Mozilla/5.0 AppleWebKit/537.36 (KHTML, like Gecko; compatible; ClaudeBot/1.0; +claudebot@anthropic.com)"
216.73.217.145 - - [26/May/2026:15:22:54 +0300] "GET /public/images/haberler/2022/02/zuckerbergden-facebook-messengerda-ekran-goruntusu-alan-kullanicilara-uyari-PbqBqMYM.jpg HTTP/1.1" 302 225 "-" "Mozilla/5.0 AppleWebKit/537.36 (KHTML, like Gecko; compatible; ClaudeBot/1.0; +claudebot@anthropic.com)"
216.73.217.145 - - [26/May/2026:15:22:54 +0300] "GET /images/haberler/2022/07/huzurlu-universite-kaliteli-egitim-aydinlik-gelecek-ege-universitesi-vaQuBBtF.jpg HTTP/1.1" 302 219 "-" "Mozilla/5.0 AppleWebKit/537.36 (KHTML, like Gecko; compatible; ClaudeBot/1.0; +claudebot@anthropic.com)"
216.73.217.145 - - [26/May/2026:15:22:54 +0300] "GET /public/404 HTTP/1.1" 302 220 "https://yeniistiklal.com/public/images/haberler/2022/02/zuckerbergden-facebook-messengerda-ekran-goruntusu-alan-kullanicilara-uyari-PbqBqMYM.jpg" "Mozilla/5.0 AppleWebKit/537.36 (KHTML, like Gecko; compatible; ClaudeBot/1.0; +claudebot@anthropic.com)"
216.73.217.145 - - [26/May/2026:15:22:54 +0300] "GET /public/images/haberler/2022/02/chpli-oztrak-erdoganin-deneyi-milletimize-cok-pahaliya-patladi-W2FRWWBw.jpg HTTP/1.1" 302 225 "-" "Mozilla/5.0 AppleWebKit/537.36 (KHTML, like Gecko; compatible; ClaudeBot/1.0; +claudebot@anthropic.com)"
216.73.217.145 - - [26/May/2026:15:22:54 +0300] "GET /public/images/haberler/2022/01/ogeday-dan-evrim-e-elestiri-survivor-all-star-2022-10-bolum.jpg HTTP/1.1" 302 225 "-" "Mozilla/5.0 AppleWebKit/537.36 (KHTML, like Gecko; compatible; ClaudeBot/1.0; +claudebot@anthropic.com)"
97.200.185.57 - - [26/May/2026:15:22:54 +0300] "GET /public/index.php/images/tn/2025/08/24-saat-boyunca-ac-kalirsak-ne-olur-1755454218.jpeg HTTP/1.1" 302 238 "https://www.yeniistiklal.com/" "Mozilla/5.0 (iPhone; CPU iPhone OS 17_0 like Mac OS X) AppleWebKit/605.1.15 (KHTML, like Gecko) Version/17.0 Mobile/15E148 Safari/604.1"
216.73.217.145 - - [26/May/2026:15:22:55 +0300] "GET /public HTTP/1.1" 301 795 "https://yeniistiklal.com/public/404" "Mozilla/5.0 AppleWebKit/537.36 (KHTML, like Gecko; compatible; ClaudeBot/1.0; +claudebot@anthropic.com)"
114.119.134.212 - - [26/May/2026:15:22:55 +0300] "GET /video-galeri/sesli-kose-yazilari/23-kasim-2021-altin-fiyatlari-tum-cesitler-gram-ceyrek-yarim-tam-bilezik-ata-resat-411181 HTTP/1.1" 302 219 "https://yeniistiklal.com/muzik/berk-koksal-seviyorum-seni-411221" "Mozilla/5.0 (Linux; Android 7.0;) AppleWebKit/537.36 (HTML, like Gecko) Mobile Safari/537.36 (compatible; PetalBot;+https://webmaster.petalsearch.com/site/petalbot)"
216.73.217.145 - - [26/May/2026:15:22:55 +0300] "GET /public/ HTTP/1.1" 200 17189 "https://yeniistiklal.com/public" "Mozilla/5.0 AppleWebKit/537.36 (KHTML, like Gecko; compatible; ClaudeBot/1.0; +claudebot@anthropic.com)"
97.200.185.57 - - [26/May/2026:15:22:55 +0300] "GET /public/index.php/404 HTTP/1.1" 302 232 "https://www.yeniistiklal.com/" "Mozilla/5.0 (iPhone; CPU iPhone OS 17_0 like Mac OS X) AppleWebKit/605.1.15 (KHTML, like Gecko) Version/17.0 Mobile/15E148 Safari/604.1"
41.239.194.85 - - [26/May/2026:15:22:55 +0300] "GET /assets/frontend/tema9/images/alkis.svg HTTP/1.1" 304 0 "https://yeniistiklal.com/assets/frontend/tema9/css/all.css?id=84aa2e07518a81ccdb7b" "Mozilla/5.0 (iPhone; CPU iPhone OS 11_0 like Mac OS X) AppleWebKit/537.36 (KHTML, like Gecko) Chrome/39.0.6018.1754 Mobile Safari/537.36"
104.164.123.18 - - [26/May/2026:15:22:55 +0300] "GET / HTTP/1.1" 200 17147 "https://www.bing.com/" "Mozilla/5.0 (iPhone; CPU iPhone OS 17_1_2 like Mac OS X) AppleWebKit/605.1.15 (KHTML, like Gecko) Version/17.1.2 Mobile/15E148 Safari/604.1"
24.240.20.200 - - [26/May/2026:15:22:54 +0300] "GET /public/index.php HTTP/1.1" 200 17289 "https://www.yeniistiklal.com/" "Mozilla/5.0 (iPhone; CPU iPhone OS 16_3 like Mac OS X) AppleWebKit/605.1.15 (KHTML, like Gecko) CriOS/92.0.4515.90 Mobile/15E148 Safari/604.1"
216.73.217.145 - - [26/May/2026:15:22:54 +0300] "GET /public/haber/dunyanin-ve-avrasyanin-gozu-bu-fuarda-3-gun-surecek-beautyeurasia-fuari-basladi-521083 HTTP/1.1" 200 16803 "-" "Mozilla/5.0 AppleWebKit/537.36 (KHTML, like Gecko; compatible; ClaudeBot/1.0; +claudebot@anthropic.com)"
216.73.217.145 - - [26/May/2026:15:22:54 +0300] "GET /images/haberler/2022/01/son-dakika-haramidere-e-5te-kar-yagisi-nedeniyle-yollar-kapandi-araclar-mahsur-kaldi-4WFmWjgq.jpg HTTP/1.1" 302 219 "-" "Mozilla/5.0 AppleWebKit/537.36 (KHTML, like Gecko; compatible; ClaudeBot/1.0; +claudebot@anthropic.com)"
216.73.217.145 - - [26/May/2026:15:22:54 +0300] "GET /images/haberler/2022/03/beren-saat-e-kivanc-tatlitug-lu-film-soruldu-yas-gununde-bulustular.jpg HTTP/1.1" 302 219 "-" "Mozilla/5.0 AppleWebKit/537.36 (KHTML, like Gecko; compatible; ClaudeBot/1.0; +claudebot@anthropic.com)"
216.73.217.145 - - [26/May/2026:15:22:54 +0300] "GET /public HTTP/1.1" 301 795 "https://yeniistiklal.com/public/404" "Mozilla/5.0 AppleWebKit/537.36 (KHTML, like Gecko; compatible; ClaudeBot/1.0; +claudebot@anthropic.com)"
216.73.217.145 - - [26/May/2026:15:22:54 +0300] "GET /404 HTTP/1.1" 302 215 "https://yeniistiklal.com/images/haberler/2022/07/huzurlu-universite-kaliteli-egitim-aydinlik-gelecek-ege-universitesi-vaQuBBtF.jpg" "Mozilla/5.0 AppleWebKit/537.36 (KHTML, like Gecko; compatible; ClaudeBot/1.0; +claudebot@anthropic.com)"
216.73.217.145 - - [26/May/2026:15:22:54 +0300] "GET /404 HTTP/1.1" 302 215 "https://yeniistiklal.com/images/haberler/2022/01/son-dakika-haramidere-e-5te-kar-yagisi-nedeniyle-yollar-kapandi-araclar-mahsur-kaldi-4WFmWjgq.jpg" "Mozilla/5.0 AppleWebKit/537.36 (KHTML, like Gecko; compatible; ClaudeBot/1.0; +claudebot@anthropic.com)"
216.73.217.145 - - [26/May/2026:15:22:54 +0300] "GET /404 HTTP/1.1" 302 215 "https://yeniistiklal.com/images/haberler/2022/03/beren-saat-e-kivanc-tatlitug-lu-film-soruldu-yas-gununde-bulustular.jpg" "Mozilla/5.0 AppleWebKit/537.36 (KHTML, like Gecko; compatible; ClaudeBot/1.0; +claudebot@anthropic.com)"
216.73.217.145 - - [26/May/2026:15:22:54 +0300] "GET /public/404 HTTP/1.1" 302 220 "https://yeniistiklal.com/public/images/haberler/2022/02/chpli-oztrak-erdoganin-deneyi-milletimize-cok-pahaliya-patladi-W2FRWWBw.jpg" "Mozilla/5.0 AppleWebKit/537.36 (KHTML, like Gecko; compatible; ClaudeBot/1.0; +claudebot@anthropic.com)"
216.73.217.145 - - [26/May/2026:15:22:54 +0300] "GET /public/ HTTP/1.1" 200 17196 "https://yeniistiklal.com/public" "Mozilla/5.0 AppleWebKit/537.36 (KHTML, like Gecko; compatible; ClaudeBot/1.0; +claudebot@anthropic.com)"
216.73.217.145 - - [26/May/2026:15:22:55 +0300] "GET /public HTTP/1.1" 301 795 "https://yeniistiklal.com/public/404" "Mozilla/5.0 AppleWebKit/537.36 (KHTML, like Gecko; compatible; ClaudeBot/1.0; +claudebot@anthropic.com)"
216.73.217.145 - - [26/May/2026:15:22:55 +0300] "GET /public/404 HTTP/1.1" 302 220 "https://yeniistiklal.com/public/images/haberler/2022/01/ogeday-dan-evrim-e-elestiri-survivor-all-star-2022-10-bolum.jpg" "Mozilla/5.0 AppleWebKit/537.36 (KHTML, like Gecko; compatible; ClaudeBot/1.0; +claudebot@anthropic.com)"
216.73.217.145 - - [26/May/2026:15:22:55 +0300] "GET /public/ HTTP/1.1" 200 17213 "https://yeniistiklal.com/public" "Mozilla/5.0 AppleWebKit/537.36 (KHTML, like Gecko; compatible; ClaudeBot/1.0; +claudebot@anthropic.com)"
97.200.185.57 - - [26/May/2026:15:22:55 +0300] "GET /public/index.php HTTP/1.1" 200 17290 "https://www.yeniistiklal.com/" "Mozilla/5.0 (iPhone; CPU iPhone OS 17_0 like Mac OS X) AppleWebKit/605.1.15 (KHTML, like Gecko) Version/17.0 Mobile/15E148 Safari/604.1"
166.88.121.168 - - [26/May/2026:15:22:56 +0300] "GET /public/index.php/404 HTTP/1.1" 302 232 "-" "Mozilla/5.0 (iPhone; CPU iPhone OS 14_4 like Mac OS X) AppleWebKit/605.1.15 (KHTML, like Gecko) FxiOS/129.0 Mobile/15E148 Safari/605.1.15"
154.49.206.99 - - [26/May/2026:15:22:57 +0300] "GET /public/index.php/404 HTTP/1.1" 302 232 "https://www.bing.com/" "Mozilla/5.0 (iPhone; CPU iPhone OS 16_3_1 like Mac OS X) AppleWebKit/605.1.15 (KHTML, like Gecko) FxiOS/122.2 Mobile/15E148 Safari/605.1.15"
166.88.121.168 - - [26/May/2026:15:22:57 +0300] "GET /public/index.php HTTP/1.1" 200 17301 "-" "Mozilla/5.0 (iPhone; CPU iPhone OS 14_4 like Mac OS X) AppleWebKit/605.1.15 (KHTML, like Gecko) FxiOS/129.0 Mobile/15E148 Safari/605.1.15"
104.164.123.18 - - [26/May/2026:15:22:57 +0300] "GET /public/index.php/images/haberler/2025/08/serbest-piyasada-dolar-ve-euroda-son-durum-1754903576.jpeg HTTP/1.1" 302 238 "https://www.yeniistiklal.com/" "Mozilla/5.0 (iPhone; CPU iPhone OS 17_1_2 like Mac OS X) AppleWebKit/605.1.15 (KHTML, like Gecko) Version/17.1.2 Mobile/15E148 Safari/604.1"
38.77.223.30 - - [26/May/2026:15:22:58 +0300] "GET /public/index.php/images/haberler/2025/08/altin-fiyatlarinda-son-durum-gram-ve-ceyrek-altin-ne-kadar-oldu-y-1754903378.jpeg HTTP/1.1" 302 238 "https://www.yandex.com/" "Mozilla/5.0 (iPhone; CPU iPhone OS 15_6 like Mac OS X) AppleWebKit/605.1.15 (KHTML, like Gecko) Version/15_6 Mobile/15E148 Safari/604.1"
38.77.223.30 - - [26/May/2026:15:22:59 +0300] "GET /public/index.php/404 HTTP/1.1" 302 232 "https://www.yandex.com/" "Mozilla/5.0 (iPhone; CPU iPhone OS 15_6 like Mac OS X) AppleWebKit/605.1.15 (KHTML, like Gecko) Version/15_6 Mobile/15E148 Safari/604.1"
114.119.134.212 - - [26/May/2026:15:22:59 +0300] "GET / HTTP/1.1" 200 17083 "https://yeniistiklal.com/muzik/berk-koksal-seviyorum-seni-411221" "Mozilla/5.0 (Linux; Android 7.0;) AppleWebKit/537.36 (HTML, like Gecko) Mobile Safari/537.36 (compatible; PetalBot;+https://webmaster.petalsearch.com/site/petalbot)"
172.11.100.164 - - [26/May/2026:15:23:00 +0300] "GET /public/index.php/404 HTTP/1.1" 302 232 "https://www.google.com/" "Mozilla/5.0 (iPhone; CPU iPhone OS 15_6 like Mac OS X) AppleWebKit/605.1.15 (KHTML, like Gecko) Version/15_6 Mobile/15E148 Safari/604.1"
138.94.219.13 - - [26/May/2026:15:23:00 +0300] "GET /public/index.php/images/tn/2025/10/kktcde-su-tesisatcisi-arayanlar-icin-oneriler-1760527324.png HTTP/1.1" 302 238 "https://www.google.com/" "Mozilla/5.0 (iPhone; CPU iPhone OS 17_4 like Mac OS X) AppleWebKit/605.1.15 (KHTML, like Gecko) CriOS/123.0.6312.52 Mobile/15E148 Safari/604.1"
172.11.100.164 - - [26/May/2026:15:23:01 +0300] "GET /public/index.php HTTP/1.1" 200 17304 "https://www.google.com/" "Mozilla/5.0 (iPhone; CPU iPhone OS 15_6 like Mac OS X) AppleWebKit/605.1.15 (KHTML, like Gecko) Version/15_6 Mobile/15E148 Safari/604.1"
138.94.219.13 - - [26/May/2026:15:23:01 +0300] "GET /public/index.php/404 HTTP/1.1" 302 232 "https://www.google.com/" "Mozilla/5.0 (iPhone; CPU iPhone OS 17_4 like Mac OS X) AppleWebKit/605.1.15 (KHTML, like Gecko) CriOS/123.0.6312.52 Mobile/15E148 Safari/604.1"
73.113.26.84 - - [26/May/2026:15:23:01 +0300] "GET /public/index.php/images/haberler/2025/08/surucu-belgesi-yenileme-suresi-son-kez-uzatildi-y-1754022315.jpeg HTTP/1.1" 302 238 "-" "Mozilla/5.0 (iPhone; CPU iPhone OS 18_5 like Mac OS X) AppleWebKit/605.1.15 (KHTML, like Gecko) FxiOS/143.0 Mobile/15E148 Safari/604.1"
171.97.26.68 - - [26/May/2026:15:23:01 +0300] "GET /public/haber/ogrencisini-doven-ogretmen-ile-ilgili-yeni-gelisme-491387 HTTP/1.1" 200 13273 "-" "Mozilla/5.0 (Linux; Android 6.0; Nexus 5 Build/MRA58N) AppleWebKit/537.36 (KHTML, like Gecko) Chrome/56.0.3908.1526 Mobile Safari/537.36"
73.113.26.84 - - [26/May/2026:15:23:01 +0300] "GET /public/index.php/404 HTTP/1.1" 302 232 "-" "Mozilla/5.0 (iPhone; CPU iPhone OS 18_5 like Mac OS X) AppleWebKit/605.1.15 (KHTML, like Gecko) FxiOS/143.0 Mobile/15E148 Safari/604.1"
166.88.121.168 - - [26/May/2026:15:22:56 +0300] "GET /public/index.php/images/haberler/2025/08/piyasalar-sallaniyor-gram-altin-tarihi-zirvelere-kosuyor-y-1754648723.jpeg HTTP/1.1" 302 238 "-" "Mozilla/5.0 (iPhone; CPU iPhone OS 14_4 like Mac OS X) AppleWebKit/605.1.15 (KHTML, like Gecko) FxiOS/129.0 Mobile/15E148 Safari/605.1.15"
154.49.206.99 - - [26/May/2026:15:22:57 +0300] "GET /public/index.php/images/haberler/2025/08/yavas-ve-bilincli-adimlarin-dansi-japon-yuruyusu-y-1754032734.jpeg HTTP/1.1" 302 238 "https://www.bing.com/" "Mozilla/5.0 (iPhone; CPU iPhone OS 16_3_1 like Mac OS X) AppleWebKit/605.1.15 (KHTML, like Gecko) FxiOS/122.2 Mobile/15E148 Safari/605.1.15"
