62.244.225.226 - - [26/May/2026:15:39:57 +0300] "GET /haber/turkiye-diyanet-vakfi-yayinlari-hadis-tarihi-kulliyatini-genisletiyor-552364 HTTP/1.1" 200 13889 "https://yeniistiklal.com/haber/daha-17de-manifest-surprizi-552365" "Mozilla/5.0 (Windows NT 6.3; WOW64) AppleWebKit/537.36 (KHTML, like Gecko) Chrome/45.0.2454.85 Safari/537.36"
216.73.217.145 - - [26/May/2026:15:39:57 +0300] "GET /images/haberler/2022/08/kocaelinde-4-kafkasya-yaz-senlikleri-basladi-sISFKh7t.jpg HTTP/1.1" 302 224 "-" "Mozilla/5.0 AppleWebKit/537.36 (KHTML, like Gecko; compatible; ClaudeBot/1.0; +claudebot@anthropic.com)"
216.73.217.145 - - [26/May/2026:15:39:57 +0300] "GET /404 HTTP/1.1" 302 219 "https://www.yeniistiklal.com/images/haberler/2022/06/canakkale-valisi-okul-turunda-i1kvTv9D.jpg" "Mozilla/5.0 AppleWebKit/537.36 (KHTML, like Gecko; compatible; ClaudeBot/1.0; +claudebot@anthropic.com)"
62.244.225.226 - - [26/May/2026:15:39:57 +0300] "GET /haber/bir-satisin-gercek-degerini-ancak-tahsilat-tamamlandiginda-anlarsiniz-552363 HTTP/1.1" 200 15379 "https://yeniistiklal.com/haber/daha-17de-manifest-surprizi-552365" "Mozilla/5.0 (Windows NT 6.1; WOW64; rv:40.0) Gecko/20100101 Firefox/40.0"
216.73.217.145 - - [26/May/2026:15:39:57 +0300] "GET /404 HTTP/1.1" 302 219 "https://www.yeniistiklal.com/images/haberler/2022/09/bursa-gursunun-geceleri-gunesle-aydinlanacak-1JCQZhCX.jpg" "Mozilla/5.0 AppleWebKit/537.36 (KHTML, like Gecko; compatible; ClaudeBot/1.0; +claudebot@anthropic.com)"
216.73.217.145 - - [26/May/2026:15:39:57 +0300] "GET /public/index.php HTTP/1.1" 200 17281 "https://www.yeniistiklal.com/public/index.php/404" "Mozilla/5.0 AppleWebKit/537.36 (KHTML, like Gecko; compatible; ClaudeBot/1.0; +claudebot@anthropic.com)"
216.73.217.145 - - [26/May/2026:15:39:57 +0300] "GET /images/haberler/2022/03/adriana-limadan-hamilelik-pozu-MCU9xtt7.jpg HTTP/1.1" 302 224 "-" "Mozilla/5.0 AppleWebKit/537.36 (KHTML, like Gecko; compatible; ClaudeBot/1.0; +claudebot@anthropic.com)"
216.73.217.145 - - [26/May/2026:15:39:57 +0300] "GET /404 HTTP/1.1" 302 219 "https://www.yeniistiklal.com/images/haberler/2022/08/kocaelinde-4-kafkasya-yaz-senlikleri-basladi-sISFKh7t.jpg" "Mozilla/5.0 AppleWebKit/537.36 (KHTML, like Gecko; compatible; ClaudeBot/1.0; +claudebot@anthropic.com)"
216.73.217.145 - - [26/May/2026:15:39:57 +0300] "GET /public/index.php/images/haberler/2022/01/istanbullular-dikkat-beklenen-kar-geliyor-XUdL8lV6.jpg HTTP/1.1" 302 238 "-" "Mozilla/5.0 AppleWebKit/537.36 (KHTML, like Gecko; compatible; ClaudeBot/1.0; +claudebot@anthropic.com)"
216.73.217.145 - - [26/May/2026:15:39:58 +0300] "GET /images/haberler/2022/09/kmo-izmirde-akilli-ulasim-sistemlerini-tanitti-TyGnwNvR.jpg HTTP/1.1" 302 224 "-" "Mozilla/5.0 AppleWebKit/537.36 (KHTML, like Gecko; compatible; ClaudeBot/1.0; +claudebot@anthropic.com)"
216.73.217.145 - - [26/May/2026:15:39:57 +0300] "GET /public/index.php HTTP/1.1" 200 17279 "https://www.yeniistiklal.com/public/index.php/404" "Mozilla/5.0 AppleWebKit/537.36 (KHTML, like Gecko; compatible; ClaudeBot/1.0; +claudebot@anthropic.com)"
216.73.217.145 - - [26/May/2026:15:39:57 +0300] "GET /public/index.php/images/haberler/2022/02/ikinci-el-piyasasi-can-cekisiyor-kij1V5N9.jpg HTTP/1.1" 302 238 "-" "Mozilla/5.0 AppleWebKit/537.36 (KHTML, like Gecko; compatible; ClaudeBot/1.0; +claudebot@anthropic.com)"
216.73.217.145 - - [26/May/2026:15:39:57 +0300] "GET /404 HTTP/1.1" 302 219 "https://www.yeniistiklal.com/images/haberler/2022/03/adriana-limadan-hamilelik-pozu-MCU9xtt7.jpg" "Mozilla/5.0 AppleWebKit/537.36 (KHTML, like Gecko; compatible; ClaudeBot/1.0; +claudebot@anthropic.com)"
216.73.217.145 - - [26/May/2026:15:39:57 +0300] "GET /public/index.php/404 HTTP/1.1" 302 232 "https://www.yeniistiklal.com/public/index.php/images/haberler/2022/02/ikinci-el-piyasasi-can-cekisiyor-kij1V5N9.jpg" "Mozilla/5.0 AppleWebKit/537.36 (KHTML, like Gecko; compatible; ClaudeBot/1.0; +claudebot@anthropic.com)"
216.73.217.145 - - [26/May/2026:15:39:58 +0300] "GET /public/index.php/images/haberler/2022/01/bitcoin-olum-kavsagina-yaklasiyor-z4mSUX1J.jpg HTTP/1.1" 302 238 "-" "Mozilla/5.0 AppleWebKit/537.36 (KHTML, like Gecko; compatible; ClaudeBot/1.0; +claudebot@anthropic.com)"
216.73.217.145 - - [26/May/2026:15:39:58 +0300] "GET /public/index.php/404 HTTP/1.1" 302 232 "https://www.yeniistiklal.com/public/index.php/images/haberler/2022/01/istanbullular-dikkat-beklenen-kar-geliyor-XUdL8lV6.jpg" "Mozilla/5.0 AppleWebKit/537.36 (KHTML, like Gecko; compatible; ClaudeBot/1.0; +claudebot@anthropic.com)"
216.73.217.145 - - [26/May/2026:15:39:58 +0300] "GET /public/index.php HTTP/1.1" 200 17286 "https://www.yeniistiklal.com/public/index.php/404" "Mozilla/5.0 AppleWebKit/537.36 (KHTML, like Gecko; compatible; ClaudeBot/1.0; +claudebot@anthropic.com)"
216.73.217.145 - - [26/May/2026:15:39:58 +0300] "GET /public/index.php HTTP/1.1" 200 17288 "https://www.yeniistiklal.com/public/index.php/404" "Mozilla/5.0 AppleWebKit/537.36 (KHTML, like Gecko; compatible; ClaudeBot/1.0; +claudebot@anthropic.com)"
216.73.217.145 - - [26/May/2026:15:39:58 +0300] "GET /public/index.php/images/haberler/2022/01/yeni-ipad-pro-icin-ilk-iddialar-camdan-apple-logosu-f6yCRnmx.jpg HTTP/1.1" 302 238 "-" "Mozilla/5.0 AppleWebKit/537.36 (KHTML, like Gecko; compatible; ClaudeBot/1.0; +claudebot@anthropic.com)"
216.73.217.145 - - [26/May/2026:15:39:58 +0300] "GET /public/index.php/images/haberler/2022/01/erciyeste-cig-faciasi-1-kisi-oldu-AHXi84wg.jpg HTTP/1.1" 302 238 "-" "Mozilla/5.0 AppleWebKit/537.36 (KHTML, like Gecko; compatible; ClaudeBot/1.0; +claudebot@anthropic.com)"
216.73.217.145 - - [26/May/2026:15:39:58 +0300] "GET /public/index.php/404 HTTP/1.1" 302 232 "https://www.yeniistiklal.com/public/index.php/images/haberler/2022/01/yeni-ipad-pro-icin-ilk-iddialar-camdan-apple-logosu-f6yCRnmx.jpg" "Mozilla/5.0 AppleWebKit/537.36 (KHTML, like Gecko; compatible; ClaudeBot/1.0; +claudebot@anthropic.com)"
216.73.217.145 - - [26/May/2026:15:39:58 +0300] "GET /public/index.php/404 HTTP/1.1" 302 232 "https://www.yeniistiklal.com/public/index.php/images/haberler/2022/01/erciyeste-cig-faciasi-1-kisi-oldu-AHXi84wg.jpg" "Mozilla/5.0 AppleWebKit/537.36 (KHTML, like Gecko; compatible; ClaudeBot/1.0; +claudebot@anthropic.com)"
216.73.217.145 - - [26/May/2026:15:39:58 +0300] "GET /public/index.php HTTP/1.1" 200 17287 "https://www.yeniistiklal.com/public/index.php/404" "Mozilla/5.0 AppleWebKit/537.36 (KHTML, like Gecko; compatible; ClaudeBot/1.0; +claudebot@anthropic.com)"
216.73.217.145 - - [26/May/2026:15:39:58 +0300] "GET /public/index.php/404 HTTP/1.1" 302 232 "https://www.yeniistiklal.com/public/index.php/images/haberler/2022/01/prof-dr-naci-gorurden-kayseri-depremi-aciklamasi-lFzpBNMZ.jpg" "Mozilla/5.0 AppleWebKit/537.36 (KHTML, like Gecko; compatible; ClaudeBot/1.0; +claudebot@anthropic.com)"
185.191.171.13 - - [26/May/2026:15:39:58 +0300] "GET /haber/cigli-belediyespor-3-lige-kenetlendi-506530 HTTP/1.1" 200 13948 "-" "Mozilla/5.0 (compatible; SemrushBot/7~bl; +http://www.semrush.com/bot.html)"
216.73.217.145 - - [26/May/2026:15:39:58 +0300] "GET /public/index.php/404 HTTP/1.1" 302 232 "https://www.yeniistiklal.com/public/index.php/images/haberler/2022/01/bitcoin-olum-kavsagina-yaklasiyor-z4mSUX1J.jpg" "Mozilla/5.0 AppleWebKit/537.36 (KHTML, like Gecko; compatible; ClaudeBot/1.0; +claudebot@anthropic.com)"
216.73.217.145 - - [26/May/2026:15:39:58 +0300] "GET /public/index.php/images/haberler/2022/01/iyi-parti-kurucusu-yenerer-istifa-etti-nZsYwZFU.jpg HTTP/1.1" 302 238 "-" "Mozilla/5.0 AppleWebKit/537.36 (KHTML, like Gecko; compatible; ClaudeBot/1.0; +claudebot@anthropic.com)"
216.73.217.145 - - [26/May/2026:15:39:58 +0300] "GET /404 HTTP/1.1" 302 219 "https://www.yeniistiklal.com/images/haberler/2022/09/kmo-izmirde-akilli-ulasim-sistemlerini-tanitti-TyGnwNvR.jpg" "Mozilla/5.0 AppleWebKit/537.36 (KHTML, like Gecko; compatible; ClaudeBot/1.0; +claudebot@anthropic.com)"
216.73.217.145 - - [26/May/2026:15:39:58 +0300] "GET /public/index.php HTTP/1.1" 200 17278 "https://www.yeniistiklal.com/public/index.php/404" "Mozilla/5.0 AppleWebKit/537.36 (KHTML, like Gecko; compatible; ClaudeBot/1.0; +claudebot@anthropic.com)"
216.73.217.145 - - [26/May/2026:15:39:58 +0300] "GET /public/index.php/404 HTTP/1.1" 302 232 "https://www.yeniistiklal.com/public/index.php/images/haberler/2022/01/iyi-parti-kurucusu-yenerer-istifa-etti-nZsYwZFU.jpg" "Mozilla/5.0 AppleWebKit/537.36 (KHTML, like Gecko; compatible; ClaudeBot/1.0; +claudebot@anthropic.com)"
216.73.217.145 - - [26/May/2026:15:39:58 +0300] "GET /public/index.php/images/haberler/2022/01/prof-dr-naci-gorurden-kayseri-depremi-aciklamasi-lFzpBNMZ.jpg HTTP/1.1" 302 238 "-" "Mozilla/5.0 AppleWebKit/537.36 (KHTML, like Gecko; compatible; ClaudeBot/1.0; +claudebot@anthropic.com)"
216.73.217.145 - - [26/May/2026:15:39:58 +0300] "GET /public/index.php HTTP/1.1" 200 17280 "https://www.yeniistiklal.com/public/index.php/404" "Mozilla/5.0 AppleWebKit/537.36 (KHTML, like Gecko; compatible; ClaudeBot/1.0; +claudebot@anthropic.com)"
95.108.213.102 - - [26/May/2026:15:39:58 +0300] "GET /haber/daha-17de-manifest-surprizi-552365 HTTP/1.1" 200 14047 "-" "Mozilla/5.0 (compatible; YandexBot/3.0; +http://yandex.com/bots)"
216.73.217.145 - - [26/May/2026:15:39:58 +0300] "GET /public/index.php HTTP/1.1" 200 17280 "https://www.yeniistiklal.com/public/index.php/404" "Mozilla/5.0 AppleWebKit/537.36 (KHTML, like Gecko; compatible; ClaudeBot/1.0; +claudebot@anthropic.com)"
198.244.168.180 - - [26/May/2026:15:39:58 +0300] "GET /googlenews.xml HTTP/1.1" 200 937808 "-" "Mozilla/5.0 (compatible; AhrefsBot/7.0; +http://ahrefs.com/robot/)"
216.73.217.145 - - [26/May/2026:15:39:59 +0300] "GET /public/images/haberler/2022/09/ios-161-beta-3-surumu-neler-getiriyor-X8cH39ZY.jpg HTTP/1.1" 302 225 "-" "Mozilla/5.0 AppleWebKit/537.36 (KHTML, like Gecko; compatible; ClaudeBot/1.0; +claudebot@anthropic.com)"
216.73.217.145 - - [26/May/2026:15:39:59 +0300] "GET /public/404 HTTP/1.1" 302 220 "https://yeniistiklal.com/public/images/haberler/2022/02/bursada-ekmege-zam-yapildi-ygr7LdON.jpg" "Mozilla/5.0 AppleWebKit/537.36 (KHTML, like Gecko; compatible; ClaudeBot/1.0; +claudebot@anthropic.com)"
216.73.217.145 - - [26/May/2026:15:39:59 +0300] "GET /public/haber/sporcumuz-yildizlar-halter-sampiyonasinda-turkiye-2si-oldu-516877 HTTP/1.1" 200 13652 "-" "Mozilla/5.0 AppleWebKit/537.36 (KHTML, like Gecko; compatible; ClaudeBot/1.0; +claudebot@anthropic.com)"
216.73.217.145 - - [26/May/2026:15:39:59 +0300] "GET /images/haberler/2022/01/unlu-perakende-sirketinden-metaverse-adimi-0-kUgz6NOs.jpg HTTP/1.1" 302 219 "-" "Mozilla/5.0 AppleWebKit/537.36 (KHTML, like Gecko; compatible; ClaudeBot/1.0; +claudebot@anthropic.com)"
216.73.217.145 - - [26/May/2026:15:39:58 +0300] "GET /public/index.php HTTP/1.1" 200 17290 "https://www.yeniistiklal.com/public/index.php/404" "Mozilla/5.0 AppleWebKit/537.36 (KHTML, like Gecko; compatible; ClaudeBot/1.0; +claudebot@anthropic.com)"
216.73.217.145 - - [26/May/2026:15:39:59 +0300] "GET /public/images/haberler/2022/02/bursada-ekmege-zam-yapildi-ygr7LdON.jpg HTTP/1.1" 302 225 "-" "Mozilla/5.0 AppleWebKit/537.36 (KHTML, like Gecko; compatible; ClaudeBot/1.0; +claudebot@anthropic.com)"
216.73.217.145 - - [26/May/2026:15:39:59 +0300] "GET /public/images/haberler/2022/07/herkes-gider-mersine-buca-gider-tersine-AiOGmWwX.jpg HTTP/1.1" 302 225 "-" "Mozilla/5.0 AppleWebKit/537.36 (KHTML, like Gecko; compatible; ClaudeBot/1.0; +claudebot@anthropic.com)"
216.73.217.145 - - [26/May/2026:15:39:59 +0300] "GET /images/haberler/2022/01/bitcoin-olum-kavsagina-yaklasiyor-0-DXUr9ng9.jpg HTTP/1.1" 302 219 "-" "Mozilla/5.0 AppleWebKit/537.36 (KHTML, like Gecko; compatible; ClaudeBot/1.0; +claudebot@anthropic.com)"
216.73.217.145 - - [26/May/2026:15:39:59 +0300] "GET /public/404 HTTP/1.1" 302 220 "https://yeniistiklal.com/public/images/haberler/2022/07/herkes-gider-mersine-buca-gider-tersine-AiOGmWwX.jpg" "Mozilla/5.0 AppleWebKit/537.36 (KHTML, like Gecko; compatible; ClaudeBot/1.0; +claudebot@anthropic.com)"
216.73.217.145 - - [26/May/2026:15:39:59 +0300] "GET /public/404 HTTP/1.1" 302 220 "https://yeniistiklal.com/public/images/haberler/2022/09/ios-161-beta-3-surumu-neler-getiriyor-X8cH39ZY.jpg" "Mozilla/5.0 AppleWebKit/537.36 (KHTML, like Gecko; compatible; ClaudeBot/1.0; +claudebot@anthropic.com)"
216.73.217.145 - - [26/May/2026:15:39:59 +0300] "GET /public HTTP/1.1" 301 795 "https://yeniistiklal.com/public/404" "Mozilla/5.0 AppleWebKit/537.36 (KHTML, like Gecko; compatible; ClaudeBot/1.0; +claudebot@anthropic.com)"
34.197.28.78 - - [26/May/2026:15:39:59 +0300] "GET /public/haber/faruk-bildiriciden-nevsin-menguye-artik-acikca-yapiyor-495386 HTTP/1.1" 200 13542 "-" "Mozilla/5.0 AppleWebKit/537.36 (KHTML, like Gecko; compatible; Amazonbot/0.1; +https://developer.amazon.com/support/amazonbot) Chrome/119.0.6045.214 Safari/537.36"
216.73.217.145 - - [26/May/2026:15:39:59 +0300] "GET /public HTTP/1.1" 301 795 "https://yeniistiklal.com/public/404" "Mozilla/5.0 AppleWebKit/537.36 (KHTML, like Gecko; compatible; ClaudeBot/1.0; +claudebot@anthropic.com)"
216.73.217.145 - - [26/May/2026:15:39:59 +0300] "GET /public/images/haberler/2022/05/apple-wwdc-etkinliginde-arvr-surprizi-yapabilir-TJj9lD1L.jpg HTTP/1.1" 302 225 "-" "Mozilla/5.0 AppleWebKit/537.36 (KHTML, like Gecko; compatible; ClaudeBot/1.0; +claudebot@anthropic.com)"
98.84.184.80 - - [26/May/2026:15:39:59 +0300] "GET /public/index.php/images/haberler/2022/10/mugla-milasta-galibiyet-serisi-3-maca-cikti-n7MyFkqq.jpg HTTP/1.1" 302 238 "-" "Mozilla/5.0 AppleWebKit/537.36 (KHTML, like Gecko; compatible; Amazonbot/0.1; +https://developer.amazon.com/support/amazonbot) Chrome/119.0.6045.214 Safari/537.36"
216.73.217.145 - - [26/May/2026:15:39:59 +0300] "GET /public HTTP/1.1" 301 795 "https://yeniistiklal.com/public/404" "Mozilla/5.0 AppleWebKit/537.36 (KHTML, like Gecko; compatible; ClaudeBot/1.0; +claudebot@anthropic.com)"
216.73.217.145 - - [26/May/2026:15:39:59 +0300] "GET /404 HTTP/1.1" 302 215 "https://yeniistiklal.com/images/haberler/2022/01/bitcoin-olum-kavsagina-yaklasiyor-0-DXUr9ng9.jpg" "Mozilla/5.0 AppleWebKit/537.36 (KHTML, like Gecko; compatible; ClaudeBot/1.0; +claudebot@anthropic.com)"
216.73.217.145 - - [26/May/2026:15:39:59 +0300] "GET /public/ HTTP/1.1" 200 17194 "https://yeniistiklal.com/public" "Mozilla/5.0 AppleWebKit/537.36 (KHTML, like Gecko; compatible; ClaudeBot/1.0; +claudebot@anthropic.com)"
216.73.217.145 - - [26/May/2026:15:39:59 +0300] "GET /public/images/haberler/2022/02/abd-baskani-biden-katar-emiri-el-sani-ile-gorustu-N447xlgW.jpg HTTP/1.1" 302 225 "-" "Mozilla/5.0 AppleWebKit/537.36 (KHTML, like Gecko; compatible; ClaudeBot/1.0; +claudebot@anthropic.com)"
216.73.217.145 - - [26/May/2026:15:39:59 +0300] "GET /404 HTTP/1.1" 302 215 "https://yeniistiklal.com/images/haberler/2022/01/unlu-perakende-sirketinden-metaverse-adimi-0-kUgz6NOs.jpg" "Mozilla/5.0 AppleWebKit/537.36 (KHTML, like Gecko; compatible; ClaudeBot/1.0; +claudebot@anthropic.com)"
216.73.217.145 - - [26/May/2026:15:39:59 +0300] "GET /public/404 HTTP/1.1" 302 220 "https://yeniistiklal.com/public/images/haberler/2022/05/apple-wwdc-etkinliginde-arvr-surprizi-yapabilir-TJj9lD1L.jpg" "Mozilla/5.0 AppleWebKit/537.36 (KHTML, like Gecko; compatible; ClaudeBot/1.0; +claudebot@anthropic.com)"
216.73.217.145 - - [26/May/2026:15:39:59 +0300] "GET /public/404 HTTP/1.1" 302 220 "https://yeniistiklal.com/public/images/haberler/2022/02/abd-baskani-biden-katar-emiri-el-sani-ile-gorustu-N447xlgW.jpg" "Mozilla/5.0 AppleWebKit/537.36 (KHTML, like Gecko; compatible; ClaudeBot/1.0; +claudebot@anthropic.com)"
216.73.217.145 - - [26/May/2026:15:39:59 +0300] "GET /images/haberler/2022/01/bitcoin-olum-kavsagina-yaklasiyor-1-UmwLOFqW.jpg HTTP/1.1" 302 219 "-" "Mozilla/5.0 AppleWebKit/537.36 (KHTML, like Gecko; compatible; ClaudeBot/1.0; +claudebot@anthropic.com)"
216.73.217.145 - - [26/May/2026:15:39:59 +0300] "GET /public/haber/rusyanin-uzayda-birakmakla-tehdit-ettigi-astronotun-akibeti-belli-oldu-503481 HTTP/1.1" 200 14267 "-" "Mozilla/5.0 AppleWebKit/537.36 (KHTML, like Gecko; compatible; ClaudeBot/1.0; +claudebot@anthropic.com)"
216.73.217.145 - - [26/May/2026:15:40:00 +0300] "GET /404 HTTP/1.1" 302 215 "https://yeniistiklal.com/images/haberler/2022/01/bitcoin-olum-kavsagina-yaklasiyor-1-UmwLOFqW.jpg" "Mozilla/5.0 AppleWebKit/537.36 (KHTML, like Gecko; compatible; ClaudeBot/1.0; +claudebot@anthropic.com)"
216.73.217.145 - - [26/May/2026:15:40:00 +0300] "GET /public/images/haberler/2022/09/samsung-sasirtiyor-galaxy-s23-serisiyle-ilgili-yeni-iddia-RQupyKKl.jpg HTTP/1.1" 302 225 "-" "Mozilla/5.0 AppleWebKit/537.36 (KHTML, like Gecko; compatible; ClaudeBot/1.0; +claudebot@anthropic.com)"
216.73.217.145 - - [26/May/2026:15:40:00 +0300] "GET /public/haber/siirt-jandarmasindan-fistik-hirsizligina-termal-takip-532918 HTTP/1.1" 200 13478 "-" "Mozilla/5.0 AppleWebKit/537.36 (KHTML, like Gecko; compatible; ClaudeBot/1.0; +claudebot@anthropic.com)"
216.73.217.145 - - [26/May/2026:15:40:00 +0300] "GET /public/ HTTP/1.1" 200 17196 "https://yeniistiklal.com/public" "Mozilla/5.0 AppleWebKit/537.36 (KHTML, like Gecko; compatible; ClaudeBot/1.0; +claudebot@anthropic.com)"
216.73.217.145 - - [26/May/2026:15:40:00 +0300] "GET /public/ HTTP/1.1" 200 17184 "https://yeniistiklal.com/public" "Mozilla/5.0 AppleWebKit/537.36 (KHTML, like Gecko; compatible; ClaudeBot/1.0; +claudebot@anthropic.com)"
216.73.217.145 - - [26/May/2026:15:40:00 +0300] "GET /public/images/haberler/2022/10/baskan-ceritoglu-sengelden-esnafa-kira-mujdesi-gDitFOpP.jpg HTTP/1.1" 302 225 "-" "Mozilla/5.0 AppleWebKit/537.36 (KHTML, like Gecko; compatible; ClaudeBot/1.0; +claudebot@anthropic.com)"
2a03:2880:f806:27:: - - [26/May/2026:15:40:00 +0300] "GET /public/index.php/images/haberler/2022/07/tesla-uretimi-artiriyor-iste-cindeki-yeni-fabrika-Ffl7IxXc.jpg HTTP/1.1" 302 238 "-" "meta-externalagent/1.1 (+https://developers.facebook.com/docs/sharing/webmasters/crawler)"
216.73.217.145 - - [26/May/2026:15:40:00 +0300] "GET /public/404 HTTP/1.1" 302 220 "https://yeniistiklal.com/public/images/haberler/2022/10/baskan-ceritoglu-sengelden-esnafa-kira-mujdesi-gDitFOpP.jpg" "Mozilla/5.0 AppleWebKit/537.36 (KHTML, like Gecko; compatible; ClaudeBot/1.0; +claudebot@anthropic.com)"
216.73.217.145 - - [26/May/2026:15:40:00 +0300] "GET /public/images/haberler/2022/02/ukraynali-yahudiler-ne-yapacak-israilden-hamle-65cTaUKk.jpeg HTTP/1.1" 302 225 "-" "Mozilla/5.0 AppleWebKit/537.36 (KHTML, like Gecko; compatible; ClaudeBot/1.0; +claudebot@anthropic.com)"
216.73.217.145 - - [26/May/2026:15:39:59 +0300] "GET /public/ HTTP/1.1" 200 17186 "https://yeniistiklal.com/public" "Mozilla/5.0 AppleWebKit/537.36 (KHTML, like Gecko; compatible; ClaudeBot/1.0; +claudebot@anthropic.com)"
216.73.217.145 - - [26/May/2026:15:39:59 +0300] "GET /haber/savasin-ortasinda-bir-insan-hikayesi-annem-rus-babam-ukraynali-ben-hangisinden-vazgeceyim-497489 HTTP/1.1" 200 13460 "-" "Mozilla/5.0 AppleWebKit/537.36 (KHTML, like Gecko; compatible; ClaudeBot/1.0; +claudebot@anthropic.com)"
185.191.171.1 - - [26/May/2026:15:39:59 +0300] "GET /haber/alternatif-bank-30-yilinda-guclu-adimlarla-gelecek-biziz-mottosuyla-vizyon-toplantisini-gerceklestirdi-512097 HTTP/1.1" 200 14817 "-" "Mozilla/5.0 (compatible; SemrushBot/7~bl; +http://www.semrush.com/bot.html)"
216.73.217.145 - - [26/May/2026:15:39:59 +0300] "GET /public/ HTTP/1.1" 200 17195 "https://yeniistiklal.com/public" "Mozilla/5.0 AppleWebKit/537.36 (KHTML, like Gecko; compatible; ClaudeBot/1.0; +claudebot@anthropic.com)"
216.73.217.145 - - [26/May/2026:15:40:00 +0300] "GET /public HTTP/1.1" 301 795 "https://yeniistiklal.com/public/404" "Mozilla/5.0 AppleWebKit/537.36 (KHTML, like Gecko; compatible; ClaudeBot/1.0; +claudebot@anthropic.com)"
216.73.217.145 - - [26/May/2026:15:40:00 +0300] "GET /public HTTP/1.1" 301 795 "https://yeniistiklal.com/public/404" "Mozilla/5.0 AppleWebKit/537.36 (KHTML, like Gecko; compatible; ClaudeBot/1.0; +claudebot@anthropic.com)"
216.73.217.145 - - [26/May/2026:15:40:00 +0300] "GET /public/haber/belediye-baskani-ulas-yurdakul-ankaraya-giderek-chp-genel-merkezine-ziyaret-gerceklestirdi-512557 HTTP/1.1" 200 13792 "-" "Mozilla/5.0 AppleWebKit/537.36 (KHTML, like Gecko; compatible; ClaudeBot/1.0; +claudebot@anthropic.com)"
216.73.217.145 - - [26/May/2026:15:40:00 +0300] "GET /public/404 HTTP/1.1" 302 220 "https://yeniistiklal.com/public/images/haberler/2022/09/samsung-sasirtiyor-galaxy-s23-serisiyle-ilgili-yeni-iddia-RQupyKKl.jpg" "Mozilla/5.0 AppleWebKit/537.36 (KHTML, like Gecko; compatible; ClaudeBot/1.0; +claudebot@anthropic.com)"
216.73.217.145 - - [26/May/2026:15:40:00 +0300] "GET /public/images/haberler/2022/06/esma-er-single-oncesi-moral-depoladi-XbNewOvk.jpg HTTP/1.1" 302 225 "-" "Mozilla/5.0 AppleWebKit/537.36 (KHTML, like Gecko; compatible; ClaudeBot/1.0; +claudebot@anthropic.com)"
216.73.217.145 - - [26/May/2026:15:40:00 +0300] "GET /public HTTP/1.1" 301 795 "https://yeniistiklal.com/public/404" "Mozilla/5.0 AppleWebKit/537.36 (KHTML, like Gecko; compatible; ClaudeBot/1.0; +claudebot@anthropic.com)"
95.108.213.215 - - [26/May/2026:15:40:00 +0300] "GET /public/rss/genel-0 HTTP/1.1" 200 169997 "-" "Mozilla/5.0 (compatible; YandexBot/3.0; +http://yandex.com/bots)"
216.73.217.145 - - [26/May/2026:15:40:00 +0300] "GET /public/images/haberler/2022/02/duzcede-doga-katliami-ne-olusune-ne-dirisine-saygi-kalmadi-9Ya3B1HV.jpg HTTP/1.1" 302 225 "-" "Mozilla/5.0 AppleWebKit/537.36 (KHTML, like Gecko; compatible; ClaudeBot/1.0; +claudebot@anthropic.com)"
216.73.217.145 - - [26/May/2026:15:40:00 +0300] "GET /public HTTP/1.1" 301 795 "https://yeniistiklal.com/public/404" "Mozilla/5.0 AppleWebKit/537.36 (KHTML, like Gecko; compatible; ClaudeBot/1.0; +claudebot@anthropic.com)"
216.73.217.145 - - [26/May/2026:15:40:00 +0300] "GET /public/ HTTP/1.1" 200 17192 "https://yeniistiklal.com/public" "Mozilla/5.0 AppleWebKit/537.36 (KHTML, like Gecko; compatible; ClaudeBot/1.0; +claudebot@anthropic.com)"
216.73.217.145 - - [26/May/2026:15:40:00 +0300] "GET /public/ HTTP/1.1" 200 17197 "https://yeniistiklal.com/public" "Mozilla/5.0 AppleWebKit/537.36 (KHTML, like Gecko; compatible; ClaudeBot/1.0; +claudebot@anthropic.com)"
216.73.217.145 - - [26/May/2026:15:40:01 +0300] "GET /public HTTP/1.1" 301 795 "https://yeniistiklal.com/public/404" "Mozilla/5.0 AppleWebKit/537.36 (KHTML, like Gecko; compatible; ClaudeBot/1.0; +claudebot@anthropic.com)"
216.73.217.145 - - [26/May/2026:15:40:00 +0300] "GET /public/404 HTTP/1.1" 302 220 "https://yeniistiklal.com/public/images/haberler/2022/06/esma-er-single-oncesi-moral-depoladi-XbNewOvk.jpg" "Mozilla/5.0 AppleWebKit/537.36 (KHTML, like Gecko; compatible; ClaudeBot/1.0; +claudebot@anthropic.com)"
216.73.217.145 - - [26/May/2026:15:40:00 +0300] "GET /public HTTP/1.1" 301 795 "https://yeniistiklal.com/public/404" "Mozilla/5.0 AppleWebKit/537.36 (KHTML, like Gecko; compatible; ClaudeBot/1.0; +claudebot@anthropic.com)"
216.73.217.145 - - [26/May/2026:15:40:00 +0300] "GET /public/404 HTTP/1.1" 302 220 "https://yeniistiklal.com/public/images/haberler/2022/02/ukraynali-yahudiler-ne-yapacak-israilden-hamle-65cTaUKk.jpeg" "Mozilla/5.0 AppleWebKit/537.36 (KHTML, like Gecko; compatible; ClaudeBot/1.0; +claudebot@anthropic.com)"
216.73.217.145 - - [26/May/2026:15:40:00 +0300] "GET /public/404 HTTP/1.1" 302 220 "https://yeniistiklal.com/public/images/haberler/2022/02/duzcede-doga-katliami-ne-olusune-ne-dirisine-saygi-kalmadi-9Ya3B1HV.jpg" "Mozilla/5.0 AppleWebKit/537.36 (KHTML, like Gecko; compatible; ClaudeBot/1.0; +claudebot@anthropic.com)"
216.73.217.145 - - [26/May/2026:15:40:01 +0300] "GET /public HTTP/1.1" 301 795 "https://yeniistiklal.com/public/404" "Mozilla/5.0 AppleWebKit/537.36 (KHTML, like Gecko; compatible; ClaudeBot/1.0; +claudebot@anthropic.com)"
216.73.217.145 - - [26/May/2026:15:40:00 +0300] "GET /public/ HTTP/1.1" 200 17187 "https://yeniistiklal.com/public" "Mozilla/5.0 AppleWebKit/537.36 (KHTML, like Gecko; compatible; ClaudeBot/1.0; +claudebot@anthropic.com)"
87.250.224.223 - - [26/May/2026:15:40:01 +0300] "GET /public/haber/daha-17de-manifest-surprizi-552365 HTTP/1.1" 200 14061 "-" "Mozilla/5.0 (compatible; YandexBot/3.0; +http://yandex.com/bots)"
52.200.54.136 - - [26/May/2026:15:40:01 +0300] "GET /public/index.php/haber/izmir-efeste-atalik-tohum-ve-fide-uretim-egitimi-verildi-509286 HTTP/1.1" 200 14365 "-" "Mozilla/5.0 AppleWebKit/537.36 (KHTML, like Gecko; compatible; Amazonbot/0.1; +https://developer.amazon.com/support/amazonbot) Chrome/119.0.6045.214 Safari/537.36"
216.73.217.145 - - [26/May/2026:15:40:01 +0300] "GET /public/ HTTP/1.1" 200 17196 "https://yeniistiklal.com/public" "Mozilla/5.0 AppleWebKit/537.36 (KHTML, like Gecko; compatible; ClaudeBot/1.0; +claudebot@anthropic.com)"
136.117.177.105 - - [26/May/2026:15:40:01 +0300] "GET /404 HTTP/1.1" 302 215 "-" "Mozilla/5.0 (X11; Linux x86_64) AppleWebKit/537.36 (KHTML, like Gecko) Chrome/91.0.4472.114 Safari/537.36"
2a03:2880:f806:26:: - - [26/May/2026:15:40:01 +0300] "GET /public/index.php/404 HTTP/1.1" 302 232 "-" "meta-externalagent/1.1 (+https://developers.facebook.com/docs/sharing/webmasters/crawler)"
136.117.177.105 - - [26/May/2026:15:40:02 +0300] "GET / HTTP/1.1" 200 17068 "-" "Mozilla/5.0 (X11; Linux x86_64) AppleWebKit/537.36 (KHTML, like Gecko) Chrome/91.0.4472.114 Safari/537.36"
95.108.213.117 - - [26/May/2026:15:40:02 +0300] "GET /rss/sinema-11 HTTP/1.1" 200 21504 "-" "Mozilla/5.0 (compatible; YandexBot/3.0; +http://yandex.com/bots)"
50.19.79.213 - - [26/May/2026:15:40:02 +0300] "GET /public/images/haberler/2022/02/faruk-bildiriciden-nevsin-menguye-artik-acikca-yapiyor-UWEJjjNh.jpg HTTP/1.1" 302 225 "-" "Mozilla/5.0 AppleWebKit/537.36 (KHTML, like Gecko; compatible; Amazonbot/0.1; +https://developer.amazon.com/support/amazonbot) Chrome/119.0.6045.214 Safari/537.36"
216.73.217.145 - - [26/May/2026:15:40:03 +0300] "GET /public/index.php/images/haberler/2022/01/elazig-daki-tarikat-abisi-kimg-feto-ile-nasil-is-birligi-yaptig-baris-pehlivan-anlatti.jpg HTTP/1.1" 302 238 "-" "Mozilla/5.0 AppleWebKit/537.36 (KHTML, like Gecko; compatible; ClaudeBot/1.0; +claudebot@anthropic.com)"
216.73.217.145 - - [26/May/2026:15:40:03 +0300] "GET /public/index.php/images/haberler/2022/04/dohadernden-23-nisana-ozel-gelecegin-fidanlarini-yetistiriyoruz-etkinligi-lP8dvs1p.jpg HTTP/1.1" 302 238 "-" "Mozilla/5.0 AppleWebKit/537.36 (KHTML, like Gecko; compatible; ClaudeBot/1.0; +claudebot@anthropic.com)"
216.73.217.145 - - [26/May/2026:15:40:01 +0300] "GET /public/ HTTP/1.1" 200 17197 "https://yeniistiklal.com/public" "Mozilla/5.0 AppleWebKit/537.36 (KHTML, like Gecko; compatible; ClaudeBot/1.0; +claudebot@anthropic.com)"
136.117.177.105 - - [26/May/2026:15:40:01 +0300] "GET /images/haberler/2022/07/fenerbahceli-eski-futbolculardan-hataya-ziyaret-5yQVBJBS.jpg HTTP/1.1" 302 219 "-" "Mozilla/5.0 (X11; Linux x86_64) AppleWebKit/537.36 (KHTML, like Gecko) Chrome/91.0.4472.114 Safari/537.36"
23.21.228.180 - - [26/May/2026:15:40:03 +0300] "GET /public/etiketler/erken-teshis-haberleri HTTP/1.1" 200 5671 "-" "Mozilla/5.0 AppleWebKit/537.36 (KHTML, like Gecko; compatible; Amazonbot/0.1; +https://developer.amazon.com/support/amazonbot) Chrome/119.0.6045.214 Safari/537.36"
216.73.217.145 - - [26/May/2026:15:40:03 +0300] "GET /images/haberler/2022/09/togg-konsept-akilli-cihazinin-turkiyedeki-yeni-duragi-galataport-istanbul-oldu-4enek3mp.jpg HTTP/1.1" 302 224 "-" "Mozilla/5.0 AppleWebKit/537.36 (KHTML, like Gecko; compatible; ClaudeBot/1.0; +claudebot@anthropic.com)"
98.84.131.195 - - [26/May/2026:15:40:03 +0300] "GET /public/index.php/images/haberler/2022/04/izmir-efeste-atalik-tohum-ve-fide-uretim-egitimi-verildi-sELyvZdj.jpg HTTP/1.1" 302 238 "-" "Mozilla/5.0 AppleWebKit/537.36 (KHTML, like Gecko; compatible; Amazonbot/0.1; +https://developer.amazon.com/support/amazonbot) Chrome/119.0.6045.214 Safari/537.36"
2a03:2880:f806:21:: - - [26/May/2026:15:40:03 +0300] "GET /public/index.php HTTP/1.1" 200 17285 "-" "meta-externalagent/1.1 (+https://developers.facebook.com/docs/sharing/webmasters/crawler)"
216.73.217.145 - - [26/May/2026:15:40:03 +0300] "GET /public/index.php/haber/bilgisayar-sektorunun-lideri-casper-turkiyenin-en-buyuk-sirketlerine-kurumsal-cozumler-sunuyor-519279 HTTP/1.1" 200 14794 "-" "Mozilla/5.0 AppleWebKit/537.36 (KHTML, like Gecko; compatible; ClaudeBot/1.0; +claudebot@anthropic.com)"
5.255.231.53 - - [26/May/2026:15:40:03 +0300] "GET /rss/genel-0 HTTP/1.1" 200 169906 "-" "Mozilla/5.0 (compatible; YandexBot/3.0; +http://yandex.com/bots)"
216.73.217.145 - - [26/May/2026:15:40:03 +0300] "GET /public/index.php/404 HTTP/1.1" 302 232 "https://www.yeniistiklal.com/public/index.php/images/haberler/2022/04/dohadernden-23-nisana-ozel-gelecegin-fidanlarini-yetistiriyoruz-etkinligi-lP8dvs1p.jpg" "Mozilla/5.0 AppleWebKit/537.36 (KHTML, like Gecko; compatible; ClaudeBot/1.0; +claudebot@anthropic.com)"
216.73.217.145 - - [26/May/2026:15:40:04 +0300] "GET /404 HTTP/1.1" 302 219 "https://www.yeniistiklal.com/images/haberler/2022/09/nevsehir-belediye-baskani-savran-recep-tayyip-erdogan-anadolu-lisesini-ziyaret-etti-dfKNAkhN.jpg" "Mozilla/5.0 AppleWebKit/537.36 (KHTML, like Gecko; compatible; ClaudeBot/1.0; +claudebot@anthropic.com)"
216.73.217.145 - - [26/May/2026:15:40:04 +0300] "GET /public/index.php/images/haberler/2022/02/sahan-isyan-etti-hirsiz-disarida-gezerken-gazetecilerin-hapse-girmesi-beni-cok-uzuyor-dda3CyRV.jpg HTTP/1.1" 302 238 "-" "Mozilla/5.0 AppleWebKit/537.36 (KHTML, like Gecko; compatible; ClaudeBot/1.0; +claudebot@anthropic.com)"
216.73.217.145 - - [26/May/2026:15:40:04 +0300] "GET /404 HTTP/1.1" 302 219 "https://www.yeniistiklal.com/images/haberler/2022/09/simdi-tasidigi-okul-cantasi-yetiskinlikte-hastalik-nedeni-olabilir-Tv8R3Dk7.jpg" "Mozilla/5.0 AppleWebKit/537.36 (KHTML, like Gecko; compatible; ClaudeBot/1.0; +claudebot@anthropic.com)"
216.73.217.145 - - [26/May/2026:15:40:04 +0300] "GET /images/haberler/2022/10/soner-cetin-adanaspora-750-bin-tl-yardimda-bulundu-fvMTsiZs.jpg HTTP/1.1" 302 224 "-" "Mozilla/5.0 AppleWebKit/537.36 (KHTML, like Gecko; compatible; ClaudeBot/1.0; +claudebot@anthropic.com)"
216.73.217.145 - - [26/May/2026:15:40:04 +0300] "GET /public/index.php HTTP/1.1" 200 17282 "https://www.yeniistiklal.com/public/index.php/404" "Mozilla/5.0 AppleWebKit/537.36 (KHTML, like Gecko; compatible; ClaudeBot/1.0; +claudebot@anthropic.com)"
216.73.217.145 - - [26/May/2026:15:40:03 +0300] "GET /images/haberler/2022/09/nevsehir-belediye-baskani-savran-recep-tayyip-erdogan-anadolu-lisesini-ziyaret-etti-dfKNAkhN.jpg HTTP/1.1" 302 224 "-" "Mozilla/5.0 AppleWebKit/537.36 (KHTML, like Gecko; compatible; ClaudeBot/1.0; +claudebot@anthropic.com)"
216.73.217.145 - - [26/May/2026:15:40:03 +0300] "GET /404 HTTP/1.1" 302 219 "https://www.yeniistiklal.com/images/haberler/2022/09/togg-konsept-akilli-cihazinin-turkiyedeki-yeni-duragi-galataport-istanbul-oldu-4enek3mp.jpg" "Mozilla/5.0 AppleWebKit/537.36 (KHTML, like Gecko; compatible; ClaudeBot/1.0; +claudebot@anthropic.com)"
216.73.217.145 - - [26/May/2026:15:40:03 +0300] "GET /public/index.php/404 HTTP/1.1" 302 232 "https://www.yeniistiklal.com/public/index.php/images/haberler/2022/01/elazig-daki-tarikat-abisi-kimg-feto-ile-nasil-is-birligi-yaptig-baris-pehlivan-anlatti.jpg" "Mozilla/5.0 AppleWebKit/537.36 (KHTML, like Gecko; compatible; ClaudeBot/1.0; +claudebot@anthropic.com)"
216.73.217.145 - - [26/May/2026:15:40:03 +0300] "GET /images/haberler/2022/09/simdi-tasidigi-okul-cantasi-yetiskinlikte-hastalik-nedeni-olabilir-Tv8R3Dk7.jpg HTTP/1.1" 302 224 "-" "Mozilla/5.0 AppleWebKit/537.36 (KHTML, like Gecko; compatible; ClaudeBot/1.0; +claudebot@anthropic.com)"
216.73.217.145 - - [26/May/2026:15:40:04 +0300] "GET /public/index.php HTTP/1.1" 200 17284 "https://www.yeniistiklal.com/public/index.php/404" "Mozilla/5.0 AppleWebKit/537.36 (KHTML, like Gecko; compatible; ClaudeBot/1.0; +claudebot@anthropic.com)"
216.73.217.145 - - [26/May/2026:15:40:04 +0300] "GET /public/index.php/haber/suat-ozcelebi-iktidar-ulkeyi-biz-yonetmezsek-ulkenin-bekasi-tehlikeye-girer-algisi-olusturuyor-475217 HTTP/1.1" 200 13389 "-" "Mozilla/5.0 AppleWebKit/537.36 (KHTML, like Gecko; compatible; ClaudeBot/1.0; +claudebot@anthropic.com)"
216.73.217.145 - - [26/May/2026:15:40:04 +0300] "GET /public/index.php HTTP/1.1" 200 17275 "https://www.yeniistiklal.com/public/index.php/404" "Mozilla/5.0 AppleWebKit/537.36 (KHTML, like Gecko; compatible; ClaudeBot/1.0; +claudebot@anthropic.com)"
216.73.217.145 - - [26/May/2026:15:40:04 +0300] "GET /public/index.php/404 HTTP/1.1" 302 232 "https://www.yeniistiklal.com/public/index.php/images/haberler/2022/02/sahan-isyan-etti-hirsiz-disarida-gezerken-gazetecilerin-hapse-girmesi-beni-cok-uzuyor-dda3CyRV.jpg" "Mozilla/5.0 AppleWebKit/537.36 (KHTML, like Gecko; compatible; ClaudeBot/1.0; +claudebot@anthropic.com)"
216.73.217.145 - - [26/May/2026:15:40:04 +0300] "GET /images/haberler/2022/09/bucali-miniklere-ucretsiz-okul-oncesi-egitim-pYrz87jU.jpg HTTP/1.1" 302 224 "-" "Mozilla/5.0 AppleWebKit/537.36 (KHTML, like Gecko; compatible; ClaudeBot/1.0; +claudebot@anthropic.com)"
216.73.217.145 - - [26/May/2026:15:40:04 +0300] "GET /404 HTTP/1.1" 302 219 "https://www.yeniistiklal.com/images/haberler/2022/09/bucali-miniklere-ucretsiz-okul-oncesi-egitim-pYrz87jU.jpg" "Mozilla/5.0 AppleWebKit/537.36 (KHTML, like Gecko; compatible; ClaudeBot/1.0; +claudebot@anthropic.com)"
216.73.217.145 - - [26/May/2026:15:40:04 +0300] "GET /public/index.php/images/haberler/2022/06/dunya-sairi-nazim-hikmet-karsiyakada-anildi-6xswtplC.jpg HTTP/1.1" 302 238 "-" "Mozilla/5.0 AppleWebKit/537.36 (KHTML, like Gecko; compatible; ClaudeBot/1.0; +claudebot@anthropic.com)"
216.73.217.145 - - [26/May/2026:15:40:04 +0300] "GET /public/index.php/404 HTTP/1.1" 302 232 "https://www.yeniistiklal.com/public/index.php/images/haberler/2022/06/dunya-sairi-nazim-hikmet-karsiyakada-anildi-6xswtplC.jpg" "Mozilla/5.0 AppleWebKit/537.36 (KHTML, like Gecko; compatible; ClaudeBot/1.0; +claudebot@anthropic.com)"
216.73.217.145 - - [26/May/2026:15:40:04 +0300] "GET /public/index.php HTTP/1.1" 200 17292 "https://www.yeniistiklal.com/public/index.php/404" "Mozilla/5.0 AppleWebKit/537.36 (KHTML, like Gecko; compatible; ClaudeBot/1.0; +claudebot@anthropic.com)"
216.73.217.145 - - [26/May/2026:15:40:04 +0300] "GET /404 HTTP/1.1" 302 219 "https://www.yeniistiklal.com/images/haberler/2022/10/soner-cetin-adanaspora-750-bin-tl-yardimda-bulundu-fvMTsiZs.jpg" "Mozilla/5.0 AppleWebKit/537.36 (KHTML, like Gecko; compatible; ClaudeBot/1.0; +claudebot@anthropic.com)"
216.73.217.145 - - [26/May/2026:15:40:04 +0300] "GET /images/haberler/2022/09/turkaz-is-kadinlari-istanbulda-bulustu-CdkC527C.jpg HTTP/1.1" 302 224 "-" "Mozilla/5.0 AppleWebKit/537.36 (KHTML, like Gecko; compatible; ClaudeBot/1.0; +claudebot@anthropic.com)"
216.73.217.145 - - [26/May/2026:15:40:04 +0300] "GET /404 HTTP/1.1" 302 219 "https://www.yeniistiklal.com/images/haberler/2022/09/turkaz-is-kadinlari-istanbulda-bulustu-CdkC527C.jpg" "Mozilla/5.0 AppleWebKit/537.36 (KHTML, like Gecko; compatible; ClaudeBot/1.0; +claudebot@anthropic.com)"
216.73.217.145 - - [26/May/2026:15:40:05 +0300] "GET /images/haberler/2022/01/kobani-davasi-oncesi-mithat-sancar-dan-carpici-aciklamalar-erdogan-a-cok-sert-cocuk-tepkisi.jpg HTTP/1.1" 302 219 "-" "Mozilla/5.0 AppleWebKit/537.36 (KHTML, like Gecko; compatible; ClaudeBot/1.0; +claudebot@anthropic.com)"
216.73.217.145 - - [26/May/2026:15:40:05 +0300] "GET /public/404 HTTP/1.1" 302 220 "https://yeniistiklal.com/public/images/haberler/2022/02/chp-grup-baskanvekili-ozgur-ozelden-cumhurbaskani-adayina-iliskin-aciklama-B2Fccj5Y.jpg" "Mozilla/5.0 AppleWebKit/537.36 (KHTML, like Gecko; compatible; ClaudeBot/1.0; +claudebot@anthropic.com)"
216.73.217.145 - - [26/May/2026:15:40:05 +0300] "GET /public HTTP/1.1" 301 795 "https://yeniistiklal.com/public/404" "Mozilla/5.0 AppleWebKit/537.36 (KHTML, like Gecko; compatible; ClaudeBot/1.0; +claudebot@anthropic.com)"
216.73.217.145 - - [26/May/2026:15:40:05 +0300] "GET /public/404 HTTP/1.1" 302 220 "https://yeniistiklal.com/public/images/haberler/2022/08/islam-oyunlarindan-kocaeline-altin-madalya-l5VfJvT7.jpg" "Mozilla/5.0 AppleWebKit/537.36 (KHTML, like Gecko; compatible; ClaudeBot/1.0; +claudebot@anthropic.com)"
216.73.217.145 - - [26/May/2026:15:40:05 +0300] "GET /404 HTTP/1.1" 302 215 "https://yeniistiklal.com/images/haberler/2022/01/kobani-davasi-oncesi-mithat-sancar-dan-carpici-aciklamalar-erdogan-a-cok-sert-cocuk-tepkisi.jpg" "Mozilla/5.0 AppleWebKit/537.36 (KHTML, like Gecko; compatible; ClaudeBot/1.0; +claudebot@anthropic.com)"
216.73.217.145 - - [26/May/2026:15:40:05 +0300] "GET /public HTTP/1.1" 301 795 "https://yeniistiklal.com/public/404" "Mozilla/5.0 AppleWebKit/537.36 (KHTML, like Gecko; compatible; ClaudeBot/1.0; +claudebot@anthropic.com)"
216.73.217.145 - - [26/May/2026:15:40:05 +0300] "GET /public/404 HTTP/1.1" 302 220 "https://yeniistiklal.com/public/images/haberler/2022/06/ogrencilere-savunma-ve-sondurme-egitimi-HAZHKiby.jpg" "Mozilla/5.0 AppleWebKit/537.36 (KHTML, like Gecko; compatible; ClaudeBot/1.0; +claudebot@anthropic.com)"
216.73.217.145 - - [26/May/2026:15:40:05 +0300] "GET /public HTTP/1.1" 301 795 "https://yeniistiklal.com/public/404" "Mozilla/5.0 AppleWebKit/537.36 (KHTML, like Gecko; compatible; ClaudeBot/1.0; +claudebot@anthropic.com)"
216.73.217.145 - - [26/May/2026:15:40:05 +0300] "GET /public/404 HTTP/1.1" 302 220 "https://yeniistiklal.com/public/images/haberler/2022/02/avrupa-birligi-enflasyon-beklentisini-yukseltti-nI6C1wSb.jpg" "Mozilla/5.0 AppleWebKit/537.36 (KHTML, like Gecko; compatible; ClaudeBot/1.0; +claudebot@anthropic.com)"
216.73.217.145 - - [26/May/2026:15:40:05 +0300] "GET /public HTTP/1.1" 301 795 "https://yeniistiklal.com/public/404" "Mozilla/5.0 AppleWebKit/537.36 (KHTML, like Gecko; compatible; ClaudeBot/1.0; +claudebot@anthropic.com)"
216.73.217.145 - - [26/May/2026:15:40:05 +0300] "GET /public/ HTTP/1.1" 200 17197 "https://yeniistiklal.com/public" "Mozilla/5.0 AppleWebKit/537.36 (KHTML, like Gecko; compatible; ClaudeBot/1.0; +claudebot@anthropic.com)"
216.73.217.145 - - [26/May/2026:15:40:05 +0300] "GET /public/ HTTP/1.1" 200 17197 "https://yeniistiklal.com/public" "Mozilla/5.0 AppleWebKit/537.36 (KHTML, like Gecko; compatible; ClaudeBot/1.0; +claudebot@anthropic.com)"
216.73.217.145 - - [26/May/2026:15:40:05 +0300] "GET /public/images/haberler/2022/02/chp-grup-baskanvekili-ozgur-ozelden-cumhurbaskani-adayina-iliskin-aciklama-B2Fccj5Y.jpg HTTP/1.1" 302 225 "-" "Mozilla/5.0 AppleWebKit/537.36 (KHTML, like Gecko; compatible; ClaudeBot/1.0; +claudebot@anthropic.com)"
216.73.217.145 - - [26/May/2026:15:40:05 +0300] "GET /public/images/haberler/2022/08/islam-oyunlarindan-kocaeline-altin-madalya-l5VfJvT7.jpg HTTP/1.1" 302 225 "-" "Mozilla/5.0 AppleWebKit/537.36 (KHTML, like Gecko; compatible; ClaudeBot/1.0; +claudebot@anthropic.com)"
216.73.217.145 - - [26/May/2026:15:40:05 +0300] "GET /public/images/haberler/2022/06/ogrencilere-savunma-ve-sondurme-egitimi-HAZHKiby.jpg HTTP/1.1" 302 225 "-" "Mozilla/5.0 AppleWebKit/537.36 (KHTML, like Gecko; compatible; ClaudeBot/1.0; +claudebot@anthropic.com)"
216.73.217.145 - - [26/May/2026:15:40:05 +0300] "GET /public/images/haberler/2022/10/baskan-erdem-ertugruldaki-okul-alaninda-engellerle-karsilastik-Oty4bjSQ.jpg HTTP/1.1" 302 225 "-" "Mozilla/5.0 AppleWebKit/537.36 (KHTML, like Gecko; compatible; ClaudeBot/1.0; +claudebot@anthropic.com)"
50.16.248.61 - - [26/May/2026:15:40:05 +0300] "GET /public/index.php/etiketler/goksu-haberleri HTTP/1.1" 200 5695 "-" "Mozilla/5.0 AppleWebKit/537.36 (KHTML, like Gecko; compatible; Amazonbot/0.1; +https://developer.amazon.com/support/amazonbot) Chrome/119.0.6045.214 Safari/537.36"
216.73.217.145 - - [26/May/2026:15:40:05 +0300] "GET /public/images/haberler/2022/02/avrupa-birligi-enflasyon-beklentisini-yukseltti-nI6C1wSb.jpg HTTP/1.1" 302 225 "-" "Mozilla/5.0 AppleWebKit/537.36 (KHTML, like Gecko; compatible; ClaudeBot/1.0; +claudebot@anthropic.com)"
216.73.217.145 - - [26/May/2026:15:40:05 +0300] "GET /public/404 HTTP/1.1" 302 220 "https://yeniistiklal.com/public/images/haberler/2022/10/baskan-erdem-ertugruldaki-okul-alaninda-engellerle-karsilastik-Oty4bjSQ.jpg" "Mozilla/5.0 AppleWebKit/537.36 (KHTML, like Gecko; compatible; ClaudeBot/1.0; +claudebot@anthropic.com)"
216.73.217.145 - - [26/May/2026:15:40:05 +0300] "GET /public/haber/59-antalya-altin-portakal-film-festivalinde-oduller-bu-gece-aciklanacak-543890 HTTP/1.1" 200 16042 "-" "Mozilla/5.0 AppleWebKit/537.36 (KHTML, like Gecko; compatible; ClaudeBot/1.0; +claudebot@anthropic.com)"
2a03:2880:f806:15:: - - [26/May/2026:15:40:05 +0300] "GET /images/haberler/2022/10/korfez-alparslan-turkes-spor-kompleksine-sentetik-cim-jk5XkYte.jpg HTTP/1.1" 302 219 "-" "meta-externalagent/1.1 (+https://developers.facebook.com/docs/sharing/webmasters/crawler)"
216.73.217.145 - - [26/May/2026:15:40:05 +0300] "GET /public HTTP/1.1" 301 795 "https://yeniistiklal.com/public/404" "Mozilla/5.0 AppleWebKit/537.36 (KHTML, like Gecko; compatible; ClaudeBot/1.0; +claudebot@anthropic.com)"
216.73.217.145 - - [26/May/2026:15:40:05 +0300] "GET /public/images/haberler/2022/02/manisa-yolunda-tanker-devrildi-icinden-tehlike-cikti-XDbypJjX.jpg HTTP/1.1" 302 225 "-" "Mozilla/5.0 AppleWebKit/537.36 (KHTML, like Gecko; compatible; ClaudeBot/1.0; +claudebot@anthropic.com)"
216.73.217.145 - - [26/May/2026:15:40:05 +0300] "GET /public/ HTTP/1.1" 200 17181 "https://yeniistiklal.com/public" "Mozilla/5.0 AppleWebKit/537.36 (KHTML, like Gecko; compatible; ClaudeBot/1.0; +claudebot@anthropic.com)"
216.73.217.145 - - [26/May/2026:15:40:05 +0300] "GET /public/ HTTP/1.1" 200 17179 "https://yeniistiklal.com/public" "Mozilla/5.0 AppleWebKit/537.36 (KHTML, like Gecko; compatible; ClaudeBot/1.0; +claudebot@anthropic.com)"
216.73.217.145 - - [26/May/2026:15:40:06 +0300] "GET /public/ HTTP/1.1" 200 17190 "https://yeniistiklal.com/public" "Mozilla/5.0 AppleWebKit/537.36 (KHTML, like Gecko; compatible; ClaudeBot/1.0; +claudebot@anthropic.com)"
85.208.96.202 - - [26/May/2026:15:40:06 +0300] "GET /haber/universite-ogrencilerine-anne-corbasi-514540 HTTP/1.1" 200 13535 "-" "Mozilla/5.0 (compatible; SemrushBot/7~bl; +http://www.semrush.com/bot.html)"
216.73.217.145 - - [26/May/2026:15:40:05 +0300] "GET /public/images/haberler/2022/05/van-buyuksehir-7-engelli-vatandasa-tekerlekli-sandalye-hediye-etti-ZRXSFFDM.jpg HTTP/1.1" 302 225 "-" "Mozilla/5.0 AppleWebKit/537.36 (KHTML, like Gecko; compatible; ClaudeBot/1.0; +claudebot@anthropic.com)"
216.73.217.145 - - [26/May/2026:15:40:05 +0300] "GET /public/404 HTTP/1.1" 302 220 "https://yeniistiklal.com/public/images/haberler/2022/05/van-buyuksehir-7-engelli-vatandasa-tekerlekli-sandalye-hediye-etti-ZRXSFFDM.jpg" "Mozilla/5.0 AppleWebKit/537.36 (KHTML, like Gecko; compatible; ClaudeBot/1.0; +claudebot@anthropic.com)"
216.73.217.145 - - [26/May/2026:15:40:05 +0300] "GET /images/haberler/2022/02/diyanet-insan-sacindan-peruk-takmayi-caiz-gormedi-F6bS7CgL.jpg HTTP/1.1" 302 219 "-" "Mozilla/5.0 AppleWebKit/537.36 (KHTML, like Gecko; compatible; ClaudeBot/1.0; +claudebot@anthropic.com)"
216.73.217.145 - - [26/May/2026:15:40:06 +0300] "GET /public/404 HTTP/1.1" 302 220 "https://yeniistiklal.com/public/images/haberler/2022/02/manisa-yolunda-tanker-devrildi-icinden-tehlike-cikti-XDbypJjX.jpg" "Mozilla/5.0 AppleWebKit/537.36 (KHTML, like Gecko; compatible; ClaudeBot/1.0; +claudebot@anthropic.com)"
216.73.217.145 - - [26/May/2026:15:40:06 +0300] "GET /public HTTP/1.1" 301 795 "https://yeniistiklal.com/public/404" "Mozilla/5.0 AppleWebKit/537.36 (KHTML, like Gecko; compatible; ClaudeBot/1.0; +claudebot@anthropic.com)"
216.73.217.145 - - [26/May/2026:15:40:06 +0300] "GET /public/images/haberler/2022/10/ciglide-pinhani-ruzgari-esti-hu9kTtuK.jpg HTTP/1.1" 302 225 "-" "Mozilla/5.0 AppleWebKit/537.36 (KHTML, like Gecko; compatible; ClaudeBot/1.0; +claudebot@anthropic.com)"
216.73.217.145 - - [26/May/2026:15:40:06 +0300] "GET /404 HTTP/1.1" 302 215 "https://yeniistiklal.com/images/haberler/2022/02/diyanet-insan-sacindan-peruk-takmayi-caiz-gormedi-F6bS7CgL.jpg" "Mozilla/5.0 AppleWebKit/537.36 (KHTML, like Gecko; compatible; ClaudeBot/1.0; +claudebot@anthropic.com)"
216.73.217.145 - - [26/May/2026:15:40:06 +0300] "GET /public/404 HTTP/1.1" 302 220 "https://yeniistiklal.com/public/images/haberler/2022/10/ciglide-pinhani-ruzgari-esti-hu9kTtuK.jpg" "Mozilla/5.0 AppleWebKit/537.36 (KHTML, like Gecko; compatible; ClaudeBot/1.0; +claudebot@anthropic.com)"
216.73.217.145 - - [26/May/2026:15:40:06 +0300] "GET /public/images/haberler/2022/08/canikte-yaz-dolu-dolu-geciyor-hIPcZyUR.jpg HTTP/1.1" 302 225 "-" "Mozilla/5.0 AppleWebKit/537.36 (KHTML, like Gecko; compatible; ClaudeBot/1.0; +claudebot@anthropic.com)"
216.73.217.145 - - [26/May/2026:15:40:06 +0300] "GET /public/404 HTTP/1.1" 302 220 "https://yeniistiklal.com/public/images/haberler/2022/10/bsh-turkiyede-ust-duzey-atama-XJwYpTA2.jpg" "Mozilla/5.0 AppleWebKit/537.36 (KHTML, like Gecko; compatible; ClaudeBot/1.0; +claudebot@anthropic.com)"
216.73.217.145 - - [26/May/2026:15:40:06 +0300] "GET /public/ HTTP/1.1" 200 17199 "https://yeniistiklal.com/public" "Mozilla/5.0 AppleWebKit/537.36 (KHTML, like Gecko; compatible; ClaudeBot/1.0; +claudebot@anthropic.com)"
216.73.217.145 - - [26/May/2026:15:40:06 +0300] "GET /public/404 HTTP/1.1" 302 220 "https://yeniistiklal.com/public/images/haberler/2022/08/canikte-yaz-dolu-dolu-geciyor-hIPcZyUR.jpg" "Mozilla/5.0 AppleWebKit/537.36 (KHTML, like Gecko; compatible; ClaudeBot/1.0; +claudebot@anthropic.com)"
216.73.217.145 - - [26/May/2026:15:40:06 +0300] "GET /public/404 HTTP/1.1" 302 220 "https://yeniistiklal.com/public/images/haberler/2022/05/kadin-ureticilerle-tarimsal-is-birligi-vnqD5UpJ.jpg" "Mozilla/5.0 AppleWebKit/537.36 (KHTML, like Gecko; compatible; ClaudeBot/1.0; +claudebot@anthropic.com)"
216.73.217.145 - - [26/May/2026:15:40:06 +0300] "GET /public HTTP/1.1" 301 795 "https://yeniistiklal.com/public/404" "Mozilla/5.0 AppleWebKit/537.36 (KHTML, like Gecko; compatible; ClaudeBot/1.0; +claudebot@anthropic.com)"
216.73.217.145 - - [26/May/2026:15:40:06 +0300] "GET /public HTTP/1.1" 301 795 "https://yeniistiklal.com/public/404" "Mozilla/5.0 AppleWebKit/537.36 (KHTML, like Gecko; compatible; ClaudeBot/1.0; +claudebot@anthropic.com)"
216.73.217.145 - - [26/May/2026:15:40:06 +0300] "GET /public/images/haberler/2022/10/bsh-turkiyede-ust-duzey-atama-XJwYpTA2.jpg HTTP/1.1" 302 225 "-" "Mozilla/5.0 AppleWebKit/537.36 (KHTML, like Gecko; compatible; ClaudeBot/1.0; +claudebot@anthropic.com)"
216.73.217.145 - - [26/May/2026:15:40:06 +0300] "GET /public HTTP/1.1" 301 795 "https://yeniistiklal.com/public/404" "Mozilla/5.0 AppleWebKit/537.36 (KHTML, like Gecko; compatible; ClaudeBot/1.0; +claudebot@anthropic.com)"
216.73.217.145 - - [26/May/2026:15:40:06 +0300] "GET /public/images/haberler/2022/05/kadin-ureticilerle-tarimsal-is-birligi-vnqD5UpJ.jpg HTTP/1.1" 302 225 "-" "Mozilla/5.0 AppleWebKit/537.36 (KHTML, like Gecko; compatible; ClaudeBot/1.0; +claudebot@anthropic.com)"
216.73.217.145 - - [26/May/2026:15:40:06 +0300] "GET /public/ HTTP/1.1" 200 17184 "https://yeniistiklal.com/public" "Mozilla/5.0 AppleWebKit/537.36 (KHTML, like Gecko; compatible; ClaudeBot/1.0; +claudebot@anthropic.com)"
216.73.217.145 - - [26/May/2026:15:40:06 +0300] "GET /public HTTP/1.1" 301 795 "https://yeniistiklal.com/public/404" "Mozilla/5.0 AppleWebKit/537.36 (KHTML, like Gecko; compatible; ClaudeBot/1.0; +claudebot@anthropic.com)"
216.73.217.145 - - [26/May/2026:15:40:06 +0300] "GET /public/images/haberler/2022/09/nft-gunu-meraklilarini-bekliyor-3Pmna9qx.jpg HTTP/1.1" 302 225 "-" "Mozilla/5.0 AppleWebKit/537.36 (KHTML, like Gecko; compatible; ClaudeBot/1.0; +claudebot@anthropic.com)"
216.73.217.145 - - [26/May/2026:15:40:06 +0300] "GET /images/haberler/2022/02/abdli-eski-papaz-cocuga-cinsel-istismar-suclamasini-kabul-etti-aKH2XPi9.jpg HTTP/1.1" 302 219 "-" "Mozilla/5.0 AppleWebKit/537.36 (KHTML, like Gecko; compatible; ClaudeBot/1.0; +claudebot@anthropic.com)"
216.73.217.145 - - [26/May/2026:15:40:06 +0300] "GET /public HTTP/1.1" 301 795 "https://yeniistiklal.com/public/404" "Mozilla/5.0 AppleWebKit/537.36 (KHTML, like Gecko; compatible; ClaudeBot/1.0; +claudebot@anthropic.com)"
216.73.217.145 - - [26/May/2026:15:40:06 +0300] "GET /public/ HTTP/1.1" 200 17194 "https://yeniistiklal.com/public" "Mozilla/5.0 AppleWebKit/537.36 (KHTML, like Gecko; compatible; ClaudeBot/1.0; +claudebot@anthropic.com)"
216.73.217.145 - - [26/May/2026:15:40:06 +0300] "GET /public/404 HTTP/1.1" 302 220 "https://yeniistiklal.com/public/images/haberler/2022/09/nft-gunu-meraklilarini-bekliyor-3Pmna9qx.jpg" "Mozilla/5.0 AppleWebKit/537.36 (KHTML, like Gecko; compatible; ClaudeBot/1.0; +claudebot@anthropic.com)"
216.73.217.145 - - [26/May/2026:15:40:06 +0300] "GET /404 HTTP/1.1" 302 215 "https://yeniistiklal.com/images/haberler/2022/02/abdli-eski-papaz-cocuga-cinsel-istismar-suclamasini-kabul-etti-aKH2XPi9.jpg" "Mozilla/5.0 AppleWebKit/537.36 (KHTML, like Gecko; compatible; ClaudeBot/1.0; +claudebot@anthropic.com)"
216.73.217.145 - - [26/May/2026:15:40:06 +0300] "GET /public/404 HTTP/1.1" 302 220 "https://yeniistiklal.com/public/images/haberler/2022/10/tuik-aylik-en-yuksek-reel-getiri-bist-100-endeksinde-oldu-QKpXedBr.jpg" "Mozilla/5.0 AppleWebKit/537.36 (KHTML, like Gecko; compatible; ClaudeBot/1.0; +claudebot@anthropic.com)"
216.73.217.145 - - [26/May/2026:15:40:06 +0300] "GET /images/haberler/2022/01/kredi-karti-faizleri-degisti-A8UDcgZV.jpg HTTP/1.1" 302 219 "-" "Mozilla/5.0 AppleWebKit/537.36 (KHTML, like Gecko; compatible; ClaudeBot/1.0; +claudebot@anthropic.com)"
216.73.217.145 - - [26/May/2026:15:40:06 +0300] "GET /public/404 HTTP/1.1" 302 220 "https://yeniistiklal.com/public/images/haberler/2022/10/cengiz-aytmatov-parki-acildi-jBwiPFKR.jpg" "Mozilla/5.0 AppleWebKit/537.36 (KHTML, like Gecko; compatible; ClaudeBot/1.0; +claudebot@anthropic.com)"
