216.73.217.145 - - [26/May/2026:15:37:20 +0300] "GET /public/images/haberler/2022/10/trust-tasarim-yarismasi-basladi-ESf3bdFd.jpg HTTP/1.1" 302 225 "-" "Mozilla/5.0 AppleWebKit/537.36 (KHTML, like Gecko; compatible; ClaudeBot/1.0; +claudebot@anthropic.com)"
216.73.217.145 - - [26/May/2026:15:37:19 +0300] "GET /public/images/haberler/2022/09/bmw-ve-amazondan-kritik-ortaklik-asistan-degisiyor-RARNJMSN.jpg HTTP/1.1" 302 225 "-" "Mozilla/5.0 AppleWebKit/537.36 (KHTML, like Gecko; compatible; ClaudeBot/1.0; +claudebot@anthropic.com)"
54.235.191.179 - - [26/May/2026:15:37:19 +0300] "GET /public/index.php/images/haberler/2022/01/askerlik-celp-yerleri-aciklandi-askerlik-yerleri-e-devlet-sorgulama-6dVJy2m6.jpg HTTP/1.1" 302 238 "-" "Mozilla/5.0 AppleWebKit/537.36 (KHTML, like Gecko; compatible; Amazonbot/0.1; +https://developer.amazon.com/support/amazonbot) Chrome/119.0.6045.214 Safari/537.36"
216.73.217.145 - - [26/May/2026:15:37:19 +0300] "GET /404 HTTP/1.1" 302 215 "https://yeniistiklal.com/images/haberler/2022/02/fotograf-tartismasi-nasil-bitti-SicDVrdE.jpg" "Mozilla/5.0 AppleWebKit/537.36 (KHTML, like Gecko; compatible; ClaudeBot/1.0; +claudebot@anthropic.com)"
107.174.4.114 - - [26/May/2026:15:37:19 +0300] "GET /haber/canik-kime-ait-turkiyenin-global-silah-devi-551972 HTTP/1.1" 200 14292 "https://yeniistiklal.com" "Mozilla/5.0 (Linux; Android 11; SM-G998U; rv:123.0) Gecko/20100101 Firefox/123.0"
191.101.26.105 - - [26/May/2026:15:37:19 +0300] "GET /haber/yaz-firsatlari-552140 HTTP/1.1" 200 15896 "https://yeniistiklal.com" "Mozilla/5.0 (iPhone; CPU iPhone OS 14_6 like Mac OS X) AppleWebKit/537.36 (KHTML, like Gecko) Chrome/138.0.6257.111 Safari/537.36 OPR/84.0.3063.9"
216.73.217.145 - - [26/May/2026:15:37:19 +0300] "GET /public/404 HTTP/1.1" 302 220 "https://yeniistiklal.com/public/images/haberler/2022/09/bmw-ve-amazondan-kritik-ortaklik-asistan-degisiyor-RARNJMSN.jpg" "Mozilla/5.0 AppleWebKit/537.36 (KHTML, like Gecko; compatible; ClaudeBot/1.0; +claudebot@anthropic.com)"
216.73.217.145 - - [26/May/2026:15:37:19 +0300] "GET /public/haber/murat-kayadan-bir-kahramanlik-hik-yesi-gayali-yuzyillik-emanet-542176 HTTP/1.1" 200 13950 "-" "Mozilla/5.0 AppleWebKit/537.36 (KHTML, like Gecko; compatible; ClaudeBot/1.0; +claudebot@anthropic.com)"
216.73.217.145 - - [26/May/2026:15:37:19 +0300] "GET /404 HTTP/1.1" 302 215 "https://yeniistiklal.com/images/haberler/2022/02/gonul-dagi-54-bolum-fragmani.jpg" "Mozilla/5.0 AppleWebKit/537.36 (KHTML, like Gecko; compatible; ClaudeBot/1.0; +claudebot@anthropic.com)"
216.73.217.145 - - [26/May/2026:15:37:19 +0300] "GET /public/haber/erdal-besikcioglunun-yeni-dizisi-hakimden-ilk-fragman-yayinlandi-493647 HTTP/1.1" 200 13614 "-" "Mozilla/5.0 AppleWebKit/537.36 (KHTML, like Gecko; compatible; ClaudeBot/1.0; +claudebot@anthropic.com)"
216.73.217.145 - - [26/May/2026:15:37:19 +0300] "GET /public HTTP/1.1" 301 795 "https://yeniistiklal.com/public/404" "Mozilla/5.0 AppleWebKit/537.36 (KHTML, like Gecko; compatible; ClaudeBot/1.0; +claudebot@anthropic.com)"
216.73.217.145 - - [26/May/2026:15:37:20 +0300] "GET /public/haber/cumhurbaskani-erdoganin-begendigi-o-fotografin-hikayesi-508787 HTTP/1.1" 200 14417 "-" "Mozilla/5.0 AppleWebKit/537.36 (KHTML, like Gecko; compatible; ClaudeBot/1.0; +claudebot@anthropic.com)"
216.73.217.145 - - [26/May/2026:15:37:20 +0300] "GET /public/haber/inegolden-iznike-4-gun-boyunca-ucretsiz-otobus-kaldirilacak-541886 HTTP/1.1" 200 14021 "-" "Mozilla/5.0 AppleWebKit/537.36 (KHTML, like Gecko; compatible; ClaudeBot/1.0; +claudebot@anthropic.com)"
216.73.217.145 - - [26/May/2026:15:37:20 +0300] "GET /public/404 HTTP/1.1" 302 220 "https://yeniistiklal.com/public/images/haberler/2022/10/trust-tasarim-yarismasi-basladi-ESf3bdFd.jpg" "Mozilla/5.0 AppleWebKit/537.36 (KHTML, like Gecko; compatible; ClaudeBot/1.0; +claudebot@anthropic.com)"
216.73.217.145 - - [26/May/2026:15:37:20 +0300] "GET /public/ HTTP/1.1" 200 17206 "https://yeniistiklal.com/public" "Mozilla/5.0 AppleWebKit/537.36 (KHTML, like Gecko; compatible; ClaudeBot/1.0; +claudebot@anthropic.com)"
216.73.217.145 - - [26/May/2026:15:37:20 +0300] "GET /public/index.php/images/haberler/2022/08/emirates-mauritius-seferlerini-artiriyor-BI5tmhOe.jpg HTTP/1.1" 302 238 "-" "Mozilla/5.0 AppleWebKit/537.36 (KHTML, like Gecko; compatible; ClaudeBot/1.0; +claudebot@anthropic.com)"
216.73.217.145 - - [26/May/2026:15:37:20 +0300] "GET /public/ HTTP/1.1" 200 17191 "https://yeniistiklal.com/public" "Mozilla/5.0 AppleWebKit/537.36 (KHTML, like Gecko; compatible; ClaudeBot/1.0; +claudebot@anthropic.com)"
216.73.217.145 - - [26/May/2026:15:37:20 +0300] "GET /public/haber/kayasehir-polonyanin-tvn-kanalinda-tanitilacak-544110 HTTP/1.1" 200 13544 "-" "Mozilla/5.0 AppleWebKit/537.36 (KHTML, like Gecko; compatible; ClaudeBot/1.0; +claudebot@anthropic.com)"
216.73.217.145 - - [26/May/2026:15:37:20 +0300] "GET /public HTTP/1.1" 301 795 "https://yeniistiklal.com/public/404" "Mozilla/5.0 AppleWebKit/537.36 (KHTML, like Gecko; compatible; ClaudeBot/1.0; +claudebot@anthropic.com)"
31.57.87.70 - - [26/May/2026:15:37:20 +0300] "GET /haber/lefkosalefkegazimagusa-kibrista-kac-sehir-var-551625 HTTP/1.1" 200 12957 "https://yeniistiklal.com" "Mozilla/5.0 (Macintosh; Intel Mac OS X 11_2_3) AppleWebKit/537.36 (KHTML, like Gecko) Chrome/109.0.6661.114 Safari/537.36 Edg/108.0.1657.2"
216.73.217.145 - - [26/May/2026:15:37:20 +0300] "GET /public/index.php/haber/yazgulu-aldogan-ucuslarda-testi-tekrardan-senin-benim-icin-degil-yabanci-yolcular-icin-getirdiler-475570 HTTP/1.1" 200 13539 "-" "Mozilla/5.0 AppleWebKit/537.36 (KHTML, like Gecko; compatible; ClaudeBot/1.0; +claudebot@anthropic.com)"
216.73.217.145 - - [26/May/2026:15:37:21 +0300] "GET /public/index.php/404 HTTP/1.1" 302 232 "https://www.yeniistiklal.com/public/index.php/images/haberler/2022/08/emirates-mauritius-seferlerini-artiriyor-BI5tmhOe.jpg" "Mozilla/5.0 AppleWebKit/537.36 (KHTML, like Gecko; compatible; ClaudeBot/1.0; +claudebot@anthropic.com)"
216.73.217.145 - - [26/May/2026:15:37:21 +0300] "GET /public/index.php/haber/cenk-erenden-fahrettin-kocaya-muzik-yasagi-tepkisi-aslinda-eglence-olmasa-covid-hemen-biter-485719 HTTP/1.1" 200 14072 "-" "Mozilla/5.0 AppleWebKit/537.36 (KHTML, like Gecko; compatible; ClaudeBot/1.0; +claudebot@anthropic.com)"
34.231.156.59 - - [26/May/2026:15:37:21 +0300] "GET /public/index.php/haber/abdde-bir-kadin-kok-hucre-naklinden-sonra-hivi-atlatan-ucuncu-kisi-oldu-491844 HTTP/1.1" 200 14286 "-" "Mozilla/5.0 AppleWebKit/537.36 (KHTML, like Gecko; compatible; Amazonbot/0.1; +https://developer.amazon.com/support/amazonbot) Chrome/119.0.6045.214 Safari/537.36"
216.73.217.145 - - [26/May/2026:15:37:21 +0300] "GET /images/haberler/2022/06/yatirim-tesvikleri-salihlide-en-yetkili-isim-tarafindan-anlatildi-Rv5Ou7Ik.jpg HTTP/1.1" 302 224 "-" "Mozilla/5.0 AppleWebKit/537.36 (KHTML, like Gecko; compatible; ClaudeBot/1.0; +claudebot@anthropic.com)"
216.73.217.145 - - [26/May/2026:15:37:21 +0300] "GET /404 HTTP/1.1" 302 219 "https://www.yeniistiklal.com/images/haberler/2022/06/yatirim-tesvikleri-salihlide-en-yetkili-isim-tarafindan-anlatildi-Rv5Ou7Ik.jpg" "Mozilla/5.0 AppleWebKit/537.36 (KHTML, like Gecko; compatible; ClaudeBot/1.0; +claudebot@anthropic.com)"
216.73.217.145 - - [26/May/2026:15:37:21 +0300] "GET /haber/baskan-soyer-ile-buyukelci-meyer-landrut-otomobilsiz-kent-gunune-yuruyerek-basladi-540653 HTTP/1.1" 200 14111 "-" "Mozilla/5.0 AppleWebKit/537.36 (KHTML, like Gecko; compatible; ClaudeBot/1.0; +claudebot@anthropic.com)"
216.73.217.145 - - [26/May/2026:15:37:21 +0300] "GET /public/index.php/haber/2023-te-kur-ne-olacakg-ufuk-soylemez-le-konusuyoruz-lale-ozan-arslan-474161 HTTP/1.1" 200 13594 "-" "Mozilla/5.0 AppleWebKit/537.36 (KHTML, like Gecko; compatible; ClaudeBot/1.0; +claudebot@anthropic.com)"
107.174.125.12 - - [26/May/2026:15:37:21 +0300] "GET /images/haberler/2026/05/daha-17de-manifest-surprizi-1779798937.jpeg HTTP/1.1" 200 34123 "https://www.google.com/" "Mozilla/5.0 (iPhone; CPU iPhone OS 15_5 like Mac OS X) AppleWebKit/605.1.15 (KHTML, like Gecko) Version/15_5 Mobile/15E148 Safari/604.1"
216.73.217.145 - - [26/May/2026:15:37:21 +0300] "GET /public/index.php HTTP/1.1" 200 17293 "https://www.yeniistiklal.com/public/index.php/404" "Mozilla/5.0 AppleWebKit/537.36 (KHTML, like Gecko; compatible; ClaudeBot/1.0; +claudebot@anthropic.com)"
216.73.217.145 - - [26/May/2026:15:37:21 +0300] "GET /haber/sanliurfada-yeni-bulunan-tas-tepeler-tarihin-sifir-noktasini-degistirecek-mi-542862 HTTP/1.1" 200 15631 "-" "Mozilla/5.0 AppleWebKit/537.36 (KHTML, like Gecko; compatible; ClaudeBot/1.0; +claudebot@anthropic.com)"
216.73.217.145 - - [26/May/2026:15:37:21 +0300] "GET /public/index.php/images/haberler/2022/02/fatura-isyani-tbbmde-3-bin-600-tl-ile-geciniyorum-elektrik-1419-tl-geldi-BycppjCf.jpg HTTP/1.1" 302 238 "-" "Mozilla/5.0 AppleWebKit/537.36 (KHTML, like Gecko; compatible; ClaudeBot/1.0; +claudebot@anthropic.com)"
107.174.4.114 - - [26/May/2026:15:37:21 +0300] "GET /haber/fenerbahce-beko-euroleaguede-sampiyon-oldu-551656 HTTP/1.1" 200 13102 "https://yeniistiklal.com" "Mozilla/5.0 (iPad; CPU OS 14_6 like Mac OS X) AppleWebKit/537.36 (KHTML, like Gecko) Chrome/119.0.6794.60 Safari/537.36 OPR/94.0.3163.70"
31.57.87.70 - - [26/May/2026:15:37:21 +0300] "GET /haber/super-ligde-35-hafta-hakemleri-belli-oldu-nefesler-tutuldu-551627 HTTP/1.1" 200 13865 "https://yeniistiklal.com" "Mozilla/5.0 (Linux; Android 11; SM-G998U) AppleWebKit/537.36 (KHTML, like Gecko) Chrome/135.0.5202.99 Safari/537.36 Edg/92.0.1960.12"
216.73.217.145 - - [26/May/2026:15:37:21 +0300] "GET /public/index.php/haber/14-haziranda-disneyta-seyirciyle-bulusacak-olan-ilk-turk-orijinal-dizi-kacis-icin-heyecan-suruyor-516287 HTTP/1.1" 200 14800 "-" "Mozilla/5.0 AppleWebKit/537.36 (KHTML, like Gecko; compatible; ClaudeBot/1.0; +claudebot@anthropic.com)"
216.73.217.145 - - [26/May/2026:15:37:21 +0300] "GET /public/index.php HTTP/1.1" 200 17293 "https://www.yeniistiklal.com/public/index.php/404" "Mozilla/5.0 AppleWebKit/537.36 (KHTML, like Gecko; compatible; ClaudeBot/1.0; +claudebot@anthropic.com)"
107.174.125.12 - - [26/May/2026:15:37:22 +0300] "GET /images/firmalar HTTP/1.1" 301 795 "https://yeniistiklal.com/" "Mozilla/5.0 (iPhone; CPU iPhone OS 15_5 like Mac OS X) AppleWebKit/605.1.15 (KHTML, like Gecko) Version/15_5 Mobile/15E148 Safari/604.1"
161.123.101.208 - - [26/May/2026:15:37:22 +0300] "GET /haber/kamu-iscileri-icin-zam-teklifinde-yeni-gelisme-551757 HTTP/1.1" 200 13303 "https://yeniistiklal.com" "Mozilla/5.0 (Linux; Android 11; SM-G998U) AppleWebKit/537.36 (KHTML, like Gecko) Chrome/112.0.6193.94 Safari/537.36 Edg/105.0.1613.53"
62.244.225.226 - - [26/May/2026:15:37:21 +0300] "GET /rss/haber-feed.xml HTTP/1.1" 200 170032 "https://yeniistiklal.com/rss/haber-feed.xml" "Mozilla/5.0 (Windows NT 6.1; WOW64; rv:40.0) Gecko/20100101 Firefox/40.0"
191.101.26.105 - - [26/May/2026:15:37:22 +0300] "GET /haber/yapay-zeka-pankreas-kanserini-yillar-once-fark-etti-552325 HTTP/1.1" 200 13801 "https://yeniistiklal.com" "Mozilla/5.0 (Linux; Android 11; SM-G998U) AppleWebKit/537.36 (KHTML, like Gecko) Chrome/102.0.5863.96 Safari/537.36 OPR/80.0.3220.42"
191.101.26.105 - - [26/May/2026:15:37:22 +0300] "GET /haber/cocuklarda-alerjik-rinitin-gorulme-sikligi-artiyor-552326 HTTP/1.1" 200 14525 "https://yeniistiklal.com" "Mozilla/5.0 (Windows NT 10.0; Win64; x64) AppleWebKit/537.36 (KHTML, like Gecko) Chrome/135.0.6593.132 Safari/537.36 OPR/81.0.3712.17"
38.154.204.193 - - [26/May/2026:15:37:22 +0300] "GET /haber/surucu-belgesi-yenileme-suresi-son-kez-uzatildi-551758 HTTP/1.1" 200 13685 "https://yeniistiklal.com" "Mozilla/5.0 (Macintosh; Intel Mac OS X 11_2_3) AppleWebKit/537.36 (KHTML, like Gecko) Chrome/129.0.5203.74 Safari/537.36 OPR/84.0.3973.12"
107.174.4.114 - - [26/May/2026:15:37:23 +0300] "GET /haber/yavas-ve-bilincli-adimlarin-dansi-japon-yuruyusu-551761 HTTP/1.1" 200 14688 "https://yeniistiklal.com" "Mozilla/5.0 (Macintosh; Intel Mac OS X 11_2_3) AppleWebKit/537.36 (KHTML, like Gecko) Chrome/129.0.6830.128 Safari/537.36 OPR/94.0.3873.96"
216.73.217.145 - - [26/May/2026:15:37:21 +0300] "GET /public/index.php/404 HTTP/1.1" 302 232 "https://www.yeniistiklal.com/public/index.php/images/haberler/2022/02/fatura-isyani-tbbmde-3-bin-600-tl-ile-geciniyorum-elektrik-1419-tl-geldi-BycppjCf.jpg" "Mozilla/5.0 AppleWebKit/537.36 (KHTML, like Gecko; compatible; ClaudeBot/1.0; +claudebot@anthropic.com)"
216.73.217.145 - - [26/May/2026:15:37:21 +0300] "GET /public/index.php/haber/veli-agbaba-meclisi-inletti-akp-li-vekiller-cileden-cikti-ne-kadar-dolandirici-varsa-474173 HTTP/1.1" 200 13338 "-" "Mozilla/5.0 AppleWebKit/537.36 (KHTML, like Gecko; compatible; ClaudeBot/1.0; +claudebot@anthropic.com)"
161.123.101.208 - - [26/May/2026:15:37:21 +0300] "GET /haber/son-dakika-kktc-serbest-piyasa-doviz-kurlari-26-mayis-2025-551655 HTTP/1.1" 200 13009 "https://yeniistiklal.com" "Mozilla/5.0 (Macintosh; Intel Mac OS X 10_15_7) AppleWebKit/537.36 (KHTML, like Gecko) Chrome/113.0.6881.113 Safari/537.36 Edg/97.0.1613.20"
38.154.204.193 - - [26/May/2026:15:37:21 +0300] "GET /haber/ercan-havalimani-girne-arasi-ulasim-kac-tl-551626 HTTP/1.1" 200 12881 "https://yeniistiklal.com" "Mozilla/5.0 (Macintosh; Macintosh; Intel Mac OS X 10_15_7) AppleWebKit/605.1.15 (KHTML, like Gecko) Version/15.0.5 Safari/605.1.15"
107.174.125.12 - - [26/May/2026:15:37:22 +0300] "GET /public/images/firmalar/ HTTP/1.1" 403 787 "https://yeniistiklal.com/" "Mozilla/5.0 (iPhone; CPU iPhone OS 15_5 like Mac OS X) AppleWebKit/605.1.15 (KHTML, like Gecko) Version/15_5 Mobile/15E148 Safari/604.1"
18.215.77.19 - - [26/May/2026:15:37:22 +0300] "GET /images/haberler/2022/02/turk-sinemasinin-duayen-ismi-ayten-erman-koronaviruse-yenildi-tsw85v8Q.jpg HTTP/1.1" 302 219 "-" "Mozilla/5.0 AppleWebKit/537.36 (KHTML, like Gecko; compatible; Amazonbot/0.1; +https://developer.amazon.com/support/amazonbot) Chrome/119.0.6045.214 Safari/537.36"
191.101.26.105 - - [26/May/2026:15:37:23 +0300] "GET /haber/piyasalar-sallaniyor-gram-altin-tarihi-zirvelere-kosuyor-551786 HTTP/1.1" 200 12916 "https://yeniistiklal.com" "Mozilla/5.0 (iPad; CPU OS 14_6 like Mac OS X) AppleWebKit/537.36 (KHTML, like Gecko) Chrome/110.0.5809.26 Safari/537.36 Edg/98.0.1669.34"
44.215.210.112 - - [26/May/2026:15:37:23 +0300] "GET /public/haber/ak-partili-milletvekili-daldan-mujde-503710 HTTP/1.1" 200 14046 "-" "Mozilla/5.0 AppleWebKit/537.36 (KHTML, like Gecko; compatible; Amazonbot/0.1; +https://developer.amazon.com/support/amazonbot) Chrome/119.0.6045.214 Safari/537.36"
31.57.87.70 - - [26/May/2026:15:37:23 +0300] "GET /haber/kktcde-su-tesisatcisi-arayanlar-icin-oneriler-551927 HTTP/1.1" 200 14534 "https://yeniistiklal.com" "Mozilla/5.0 (Macintosh; iPhone; CPU iPhone OS 14_6 like Mac OS X) AppleWebKit/605.1.15 (KHTML, like Gecko) Version/16.0.3 Safari/605.1.15"
161.123.101.208 - - [26/May/2026:15:37:23 +0300] "GET /haber/serbest-piyasada-dolar-ve-euroda-son-durum-551791 HTTP/1.1" 200 13131 "https://yeniistiklal.com" "Mozilla/5.0 (Macintosh; Linux; Android 11; SM-G998U) AppleWebKit/605.1.15 (KHTML, like Gecko) Version/18.0.5 Safari/605.1.15"
2a03:2880:f806:43:: - - [26/May/2026:15:37:23 +0300] "GET /images/haberler/2022/02/sifir-otomobil-fiyatlari-listesi-en-ucuz-sifir-otomobiller-2022-en-ucuz-sifir-araba-hangisi-taksitle-alinabilecek-sifir-otomobiller-7W7TEwJ9.jpg HTTP/1.1" 302 219 "-" "meta-externalagent/1.1 (+https://developers.facebook.com/docs/sharing/webmasters/crawler)"
52.205.141.124 - - [26/May/2026:15:37:23 +0300] "GET /public/index.php/images/haberler/2022/02/abdde-bir-kadin-kok-hucre-naklinden-sonra-hivi-atlatan-ucuncu-kisi-oldu-YucOSJBu.jpg HTTP/1.1" 302 238 "-" "Mozilla/5.0 AppleWebKit/537.36 (KHTML, like Gecko; compatible; Amazonbot/0.1; +https://developer.amazon.com/support/amazonbot) Chrome/119.0.6045.214 Safari/537.36"
2a03:2880:f806:4c:: - - [26/May/2026:15:37:23 +0300] "GET /images/haberler/2021/12/tas-mermi-gibi-kafasina-saplandi-feci-olumu-kamerada-0-QOeIRunz.jpg HTTP/1.1" 302 219 "-" "meta-externalagent/1.1 (+https://developers.facebook.com/docs/sharing/webmasters/crawler)"
38.154.204.193 - - [26/May/2026:15:37:23 +0300] "GET /haber/yeni-tarifeler-petrol-piyasasini-nasil-etkiliyor-551760 HTTP/1.1" 200 13480 "https://yeniistiklal.com" "Mozilla/5.0 (iPad; CPU OS 14_6 like Mac OS X) AppleWebKit/537.36 (KHTML, like Gecko) Chrome/135.0.5519.107 Safari/537.36 OPR/88.0.3010.19"
38.154.204.193 - - [26/May/2026:15:37:23 +0300] "GET /haber/gunes-yanigina-veda-edin-aciyi-dindiren-ev-yapimi-cozumler-551785 HTTP/1.1" 200 14430 "https://yeniistiklal.com" "Mozilla/5.0 (Linux; Android 11; SM-G998U) AppleWebKit/537.36 (KHTML, like Gecko) Chrome/110.0.6611.71 Safari/537.36"
191.101.26.105 - - [26/May/2026:15:37:23 +0300] "GET /haber/altin-fiyatlarinda-son-durum-gram-ve-ceyrek-altin-ne-kadar-oldu-551790 HTTP/1.1" 200 12967 "https://yeniistiklal.com" "Mozilla/5.0 (iPhone; CPU iPhone OS 14_6 like Mac OS X) AppleWebKit/537.36 (KHTML, like Gecko) Chrome/136.0.5398.49 Safari/537.36 OPR/82.0.3802.73"
31.133.30.28 - - [26/May/2026:15:37:24 +0300] "GET /public/images/firmalar/ HTTP/1.1" 403 787 "https://www.yeniistiklal.com/" "Mozilla/5.0 (iPhone; CPU iPhone OS 18_6_2 like Mac OS X) AppleWebKit/605.1.15 (KHTML, like Gecko) FxiOS/142.0.1 Mobile/15E148 Safari/605.1.15"
107.174.4.114 - - [26/May/2026:15:37:24 +0300] "GET /iletisim HTTP/1.1" 200 5450 "https://yeniistiklal.com" "Mozilla/5.0 (Linux; Android 11; SM-G998U) AppleWebKit/537.36 (KHTML, like Gecko) Chrome/104.0.5572.37 Safari/537.36"
191.101.26.105 - - [26/May/2026:15:37:24 +0300] "GET /haber/kibrista-dolar-euro-fiyalari-yok-artik-dedirtti-551620 HTTP/1.1" 200 12800 "https://yeniistiklal.com" "Mozilla/5.0 (Linux; Android 11; SM-G998U) AppleWebKit/537.36 (KHTML, like Gecko) Chrome/129.0.6592.11 Safari/537.36"
38.154.204.193 - - [26/May/2026:15:37:24 +0300] "GET /haber/dunyanin-en-buyuk-dagi-hangisidir-everest-mi-mauna-kea-mi-551973 HTTP/1.1" 200 14746 "https://yeniistiklal.com" "Mozilla/5.0 (Macintosh; Intel Mac OS X 10_15_7) AppleWebKit/537.36 (KHTML, like Gecko) Chrome/122.0.5947.125 Safari/537.36"
31.57.87.70 - - [26/May/2026:15:37:24 +0300] "GET /haber/aksa-kimin-aksa-enerjinin-sahibi-kimdir-551970 HTTP/1.1" 200 13850 "https://yeniistiklal.com" "Mozilla/5.0 (Macintosh; Linux; Android 11; SM-G998U) AppleWebKit/605.1.15 (KHTML, like Gecko) Version/16.0.3 Safari/605.1.15"
38.154.204.193 - - [26/May/2026:15:37:24 +0300] "GET /sayfa/reklam-ve-tanitim-9 HTTP/1.1" 200 5338 "https://yeniistiklal.com" "Mozilla/5.0 (Linux; Android 11; SM-G998U) AppleWebKit/537.36 (KHTML, like Gecko) Chrome/124.0.5698.113 Safari/537.36 OPR/83.0.3170.33"
38.154.204.193 - - [26/May/2026:15:37:24 +0300] "GET /sayfa/gizlilik-politikasi-2 HTTP/1.1" 200 6530 "https://yeniistiklal.com" "Mozilla/5.0 (Macintosh; Linux; Android 11; SM-G998U) AppleWebKit/605.1.15 (KHTML, like Gecko) Version/18.0.4 Safari/605.1.15"
2a03:2880:f806:19:: - - [26/May/2026:15:37:24 +0300] "GET /public/images/haberler/2022/10/bursada-cataltepe-sanayi-sitesi-davutoglunun-gundeminde-4B2DkGA3.jpg HTTP/1.1" 302 225 "-" "meta-externalagent/1.1 (+https://developers.facebook.com/docs/sharing/webmasters/crawler)"
104.243.193.193 - - [26/May/2026:15:37:25 +0300] "GET /public/images/firmalar/ HTTP/1.1" 403 787 "https://www.yandex.com/" "Mozilla/5.0 (iPhone; CPU iPhone OS 16_3_1 like Mac OS X) AppleWebKit/605.1.15 (KHTML, like Gecko) Version/16.3 Mobile/15E148 Safari/604.1"
161.123.101.208 - - [26/May/2026:15:37:25 +0300] "GET /fotogaleri HTTP/1.1" 200 6836 "https://yeniistiklal.com" "Mozilla/5.0 (Windows NT 10.0; Win64; x64) AppleWebKit/537.36 (KHTML, like Gecko) Chrome/128.0.5504.143 Safari/537.36 OPR/87.0.3782.14"
2a03:2880:f806:12:: - - [26/May/2026:15:37:26 +0300] "GET /public/404 HTTP/1.1" 302 220 "-" "meta-externalagent/1.1 (+https://developers.facebook.com/docs/sharing/webmasters/crawler)"
98.83.72.38 - - [26/May/2026:15:37:27 +0300] "GET /haber/ibb-tartisilan-insaat-icin-harekete-gecti-acil-durdurun-484088 HTTP/1.1" 200 14737 "-" "Mozilla/5.0 AppleWebKit/537.36 (KHTML, like Gecko; compatible; Amazonbot/0.1; +https://developer.amazon.com/support/amazonbot) Chrome/119.0.6045.214 Safari/537.36"
31.133.30.28 - - [26/May/2026:15:37:24 +0300] "GET /images/firmalar HTTP/1.1" 301 795 "https://www.yeniistiklal.com/" "Mozilla/5.0 (iPhone; CPU iPhone OS 18_6_2 like Mac OS X) AppleWebKit/605.1.15 (KHTML, like Gecko) FxiOS/142.0.1 Mobile/15E148 Safari/605.1.15"
161.123.101.208 - - [26/May/2026:15:37:24 +0300] "GET /haber/kktc-doviz-kurlarindaki-son-durum-dolar-euro-sterlin-15-ekim-2025-551928 HTTP/1.1" 200 13526 "https://yeniistiklal.com" "Mozilla/5.0 (Macintosh; Intel Mac OS X 10_15_7) AppleWebKit/537.36 (KHTML, like Gecko) Chrome/115.0.6432.106 Safari/537.36 Edg/92.0.1775.84"
2a03:2880:f806:9:: - - [26/May/2026:15:37:25 +0300] "GET /404 HTTP/1.1" 302 215 "-" "meta-externalagent/1.1 (+https://developers.facebook.com/docs/sharing/webmasters/crawler)"
31.57.87.70 - - [26/May/2026:15:37:25 +0300] "GET /sayfa/haber-kaldirma-talebi-3 HTTP/1.1" 200 5652 "https://yeniistiklal.com" "Mozilla/5.0 (Linux; Android 11; SM-G998U; rv:116.0) Gecko/20100101 Firefox/116.0"
107.174.4.114 - - [26/May/2026:15:37:25 +0300] "GET /yol-durumu/6 HTTP/1.1" 200 5454 "https://yeniistiklal.com" "Mozilla/5.0 (Macintosh; Macintosh; Intel Mac OS X 11_2_3) AppleWebKit/605.1.15 (KHTML, like Gecko) Version/16.0.5 Safari/605.1.15"
2a03:2880:f806:40:: - - [26/May/2026:15:37:25 +0300] "GET /404 HTTP/1.1" 302 215 "-" "meta-externalagent/1.1 (+https://developers.facebook.com/docs/sharing/webmasters/crawler)"
34.192.67.98 - - [26/May/2026:15:37:25 +0300] "GET /public/index.php/etiketler/insaat-sektoru-haberleri HTTP/1.1" 200 5611 "-" "Mozilla/5.0 AppleWebKit/537.36 (KHTML, like Gecko; compatible; Amazonbot/0.1; +https://developer.amazon.com/support/amazonbot) Chrome/119.0.6045.214 Safari/537.36"
104.243.193.193 - - [26/May/2026:15:37:25 +0300] "GET /images/firmalar HTTP/1.1" 301 795 "https://www.yandex.com/" "Mozilla/5.0 (iPhone; CPU iPhone OS 16_3_1 like Mac OS X) AppleWebKit/605.1.15 (KHTML, like Gecko) Version/16.3 Mobile/15E148 Safari/604.1"
38.154.204.193 - - [26/May/2026:15:37:25 +0300] "GET /webtv HTTP/1.1" 200 8317 "https://yeniistiklal.com" "Mozilla/5.0 (Macintosh; Windows NT 10.0; Win64; x64) AppleWebKit/605.1.15 (KHTML, like Gecko) Version/17.0.2 Safari/605.1.15"
191.101.26.105 - - [26/May/2026:15:37:25 +0300] "GET /yazarlar HTTP/1.1" 200 5220 "https://yeniistiklal.com" "Mozilla/5.0 (Linux; Android 11; SM-G998U; rv:120.0) Gecko/20100101 Firefox/120.0"
38.154.204.193 - - [26/May/2026:15:37:25 +0300] "GET /tanitim HTTP/1.1" 200 10021 "https://yeniistiklal.com" "Mozilla/5.0 (Macintosh; Intel Mac OS X 11_2_3) AppleWebKit/537.36 (KHTML, like Gecko) Chrome/132.0.6518.42 Safari/537.36"
2a03:2880:f806:24:: - - [26/May/2026:15:37:26 +0300] "GET /haber/ntvita-tetra-dtx-plus-doganin-gucuyle-toksinlerden-arinin-550739 HTTP/1.1" 200 13554 "-" "meta-externalagent/1.1 (+https://developers.facebook.com/docs/sharing/webmasters/crawler)"
2a03:2880:f806:45:: - - [26/May/2026:15:37:26 +0300] "GET / HTTP/1.1" 200 17071 "-" "meta-externalagent/1.1 (+https://developers.facebook.com/docs/sharing/webmasters/crawler)"
54.147.182.90 - - [26/May/2026:15:37:26 +0300] "GET /public/images/haberler/2022/04/ak-partili-milletvekili-daldan-mujde-lHvGEQqM.jpg HTTP/1.1" 302 225 "-" "Mozilla/5.0 AppleWebKit/537.36 (KHTML, like Gecko; compatible; Amazonbot/0.1; +https://developer.amazon.com/support/amazonbot) Chrome/119.0.6045.214 Safari/537.36"
2a03:2880:f806:b:: - - [26/May/2026:15:37:26 +0300] "GET / HTTP/1.1" 200 17072 "-" "meta-externalagent/1.1 (+https://developers.facebook.com/docs/sharing/webmasters/crawler)"
2a03:2880:f806:5:: - - [26/May/2026:15:37:27 +0300] "GET /public HTTP/1.1" 301 795 "-" "meta-externalagent/1.1 (+https://developers.facebook.com/docs/sharing/webmasters/crawler)"
2a03:2880:f806:39:: - - [26/May/2026:15:37:28 +0300] "GET /public/ HTTP/1.1" 200 17198 "-" "meta-externalagent/1.1 (+https://developers.facebook.com/docs/sharing/webmasters/crawler)"
208.102.58.82 - - [26/May/2026:15:37:27 +0300] "GET /images/firmalar HTTP/1.1" 301 795 "-" "Mozilla/5.0 (iPhone; CPU iPhone OS 15_8_4 like Mac OS X) AppleWebKit/605.1.15 (KHTML, like Gecko) GSA/355.0.723646882 Mobile/15E148 Safari/604.1"
208.102.58.82 - - [26/May/2026:15:37:28 +0300] "GET /public/images/firmalar/ HTTP/1.1" 403 787 "-" "Mozilla/5.0 (iPhone; CPU iPhone OS 15_8_4 like Mac OS X) AppleWebKit/605.1.15 (KHTML, like Gecko) GSA/355.0.723646882 Mobile/15E148 Safari/604.1"
18.213.70.100 - - [26/May/2026:15:37:29 +0300] "GET /public/index.php/haber/turkiyede-uyuz-vakalari-artmaya-devam-ediyor-kasinti-semptomu-gosterenler-ne-yapmali-495389 HTTP/1.1" 200 14632 "-" "Mozilla/5.0 AppleWebKit/537.36 (KHTML, like Gecko; compatible; Amazonbot/0.1; +https://developer.amazon.com/support/amazonbot) Chrome/119.0.6045.214 Safari/537.36"
216.73.217.145 - - [26/May/2026:15:37:29 +0300] "GET /images/haberler/2022/09/ingden-goruntulu-gorusme-ile-bireysel-emeklilik-sistemine-bes-basvurma-kolayligi-HP4FuZic.jpg HTTP/1.1" 302 224 "-" "Mozilla/5.0 AppleWebKit/537.36 (KHTML, like Gecko; compatible; ClaudeBot/1.0; +claudebot@anthropic.com)"
216.73.217.145 - - [26/May/2026:15:37:29 +0300] "GET /public/index.php/haber/istanbulun-fethinin-569-yil-donumunde-fetih-istanbul-sergisi-ataturk-kultur-merkezinde-acildi-516936 HTTP/1.1" 200 15137 "-" "Mozilla/5.0 AppleWebKit/537.36 (KHTML, like Gecko; compatible; ClaudeBot/1.0; +claudebot@anthropic.com)"
216.73.217.145 - - [26/May/2026:15:37:29 +0300] "GET /public/index.php/images/haberler/2022/02/ukrayna-rusya-belarus-askeri-tatbikati-ile-ayni-tarihlerde-tatbikat-duzenleyecek-IiijSEZd.jpg HTTP/1.1" 302 238 "-" "Mozilla/5.0 AppleWebKit/537.36 (KHTML, like Gecko; compatible; ClaudeBot/1.0; +claudebot@anthropic.com)"
216.73.217.145 - - [26/May/2026:15:37:29 +0300] "GET /404 HTTP/1.1" 302 219 "https://www.yeniistiklal.com/images/haberler/2022/09/ingden-goruntulu-gorusme-ile-bireysel-emeklilik-sistemine-bes-basvurma-kolayligi-HP4FuZic.jpg" "Mozilla/5.0 AppleWebKit/537.36 (KHTML, like Gecko; compatible; ClaudeBot/1.0; +claudebot@anthropic.com)"
47.84.185.115 - - [26/May/2026:15:37:29 +0300] "GET /googlenews.xml HTTP/1.1" 200 937808 "-" "Mozilla/5.0 (Windows NT 6.1; WOW64) AppleWebKit/537.36 (KHTML, like Gecko) Chrome/30.0.1599.101 Safari/537.36"
216.73.217.145 - - [26/May/2026:15:37:30 +0300] "GET /public/index.php/404 HTTP/1.1" 302 232 "https://www.yeniistiklal.com/public/index.php/images/haberler/2022/02/ukrayna-rusya-belarus-askeri-tatbikati-ile-ayni-tarihlerde-tatbikat-duzenleyecek-IiijSEZd.jpg" "Mozilla/5.0 AppleWebKit/537.36 (KHTML, like Gecko; compatible; ClaudeBot/1.0; +claudebot@anthropic.com)"
216.73.217.145 - - [26/May/2026:15:37:30 +0300] "GET /404 HTTP/1.1" 302 219 "https://www.yeniistiklal.com/images/haberler/2022/04/16-cagdas-yasam-cumhuriyet-odulunun-sahibi-belli-oldu-eeYGhfb6.jpg" "Mozilla/5.0 AppleWebKit/537.36 (KHTML, like Gecko; compatible; ClaudeBot/1.0; +claudebot@anthropic.com)"
216.73.217.145 - - [26/May/2026:15:37:30 +0300] "GET /public/index.php/images/haberler/2022/06/temmuz-sonuna-kadar-bu-belgeyi-almayan-konaklama-tesisleri-faaliyetten-men-edilecek-c8WQkA5S.jpg HTTP/1.1" 302 238 "-" "Mozilla/5.0 AppleWebKit/537.36 (KHTML, like Gecko; compatible; ClaudeBot/1.0; +claudebot@anthropic.com)"
216.73.217.145 - - [26/May/2026:15:37:30 +0300] "GET /public/index.php/404 HTTP/1.1" 302 232 "https://www.yeniistiklal.com/public/index.php/images/haberler/2022/06/temmuz-sonuna-kadar-bu-belgeyi-almayan-konaklama-tesisleri-faaliyetten-men-edilecek-c8WQkA5S.jpg" "Mozilla/5.0 AppleWebKit/537.36 (KHTML, like Gecko; compatible; ClaudeBot/1.0; +claudebot@anthropic.com)"
216.73.217.145 - - [26/May/2026:15:37:30 +0300] "GET /public/index.php/images/haberler/2022/01/tarikat-ve-cemaat-yurtlarinda-neler-oluyorg-nevsin-mengu-soruyor.jpg HTTP/1.1" 302 238 "-" "Mozilla/5.0 AppleWebKit/537.36 (KHTML, like Gecko; compatible; ClaudeBot/1.0; +claudebot@anthropic.com)"
216.73.217.145 - - [26/May/2026:15:37:30 +0300] "GET /public/index.php HTTP/1.1" 200 17287 "https://www.yeniistiklal.com/public/index.php/404" "Mozilla/5.0 AppleWebKit/537.36 (KHTML, like Gecko; compatible; ClaudeBot/1.0; +claudebot@anthropic.com)"
216.73.217.145 - - [26/May/2026:15:37:30 +0300] "GET /public/index.php/images/haberler/2022/06/balikcilar-sorunlarini-masaya-yatirdi-14-madde-tartisildi-2LZ7ReHi.jpg HTTP/1.1" 302 238 "-" "Mozilla/5.0 AppleWebKit/537.36 (KHTML, like Gecko; compatible; ClaudeBot/1.0; +claudebot@anthropic.com)"
216.73.217.145 - - [26/May/2026:15:37:30 +0300] "GET /public/index.php HTTP/1.1" 200 17293 "https://www.yeniistiklal.com/public/index.php/404" "Mozilla/5.0 AppleWebKit/537.36 (KHTML, like Gecko; compatible; ClaudeBot/1.0; +claudebot@anthropic.com)"
216.73.217.145 - - [26/May/2026:15:37:30 +0300] "GET /public/index.php/images/haberler/2022/08/bulut-akacandan-insaat-sektorunun-karbon-ayak-izini-kucultme-cagrisi-4AwtANgO.jpg HTTP/1.1" 302 238 "-" "Mozilla/5.0 AppleWebKit/537.36 (KHTML, like Gecko; compatible; ClaudeBot/1.0; +claudebot@anthropic.com)"
216.73.217.145 - - [26/May/2026:15:37:30 +0300] "GET /public/index.php/404 HTTP/1.1" 302 232 "https://www.yeniistiklal.com/public/index.php/images/haberler/2022/06/balikcilar-sorunlarini-masaya-yatirdi-14-madde-tartisildi-2LZ7ReHi.jpg" "Mozilla/5.0 AppleWebKit/537.36 (KHTML, like Gecko; compatible; ClaudeBot/1.0; +claudebot@anthropic.com)"
216.73.217.145 - - [26/May/2026:15:37:30 +0300] "GET /public/index.php/404 HTTP/1.1" 302 232 "https://www.yeniistiklal.com/public/index.php/images/haberler/2022/08/bulut-akacandan-insaat-sektorunun-karbon-ayak-izini-kucultme-cagrisi-4AwtANgO.jpg" "Mozilla/5.0 AppleWebKit/537.36 (KHTML, like Gecko; compatible; ClaudeBot/1.0; +claudebot@anthropic.com)"
149.36.12.147 - - [26/May/2026:15:37:30 +0300] "GET /images/haberler/2026/05/enparadan-kaskoda-ezber-bozan-teklif-15-nakit-iade-1777974431.jpg HTTP/1.1" 200 10244 "http://www.baidu.com/" "Mozilla/5.0 (iPhone; CPU iPhone OS 16_0 like Mac OS X) AppleWebKit/605.1.15 (KHTML, like Gecko) Version/16_0 Mobile/15E148 Safari/604.1"
216.73.217.145 - - [26/May/2026:15:37:30 +0300] "GET /public/index.php/images/haberler/2022/05/iyzicoda-yeni-donem-barbaros-ozbugutu-yonetim-kurulu-baskani-orkun-saitoglu-ceo-olarak-ataniyor-TExmIPPL.jpg HTTP/1.1" 302 238 "-" "Mozilla/5.0 AppleWebKit/537.36 (KHTML, like Gecko; compatible; ClaudeBot/1.0; +claudebot@anthropic.com)"
216.73.217.145 - - [26/May/2026:15:37:30 +0300] "GET /public/index.php/404 HTTP/1.1" 302 232 "https://www.yeniistiklal.com/public/index.php/images/haberler/2022/01/akpli-beykoz-belediyesinde-kiyim-genel-is-uyesi-isciler-isten-atiliyor-MV7SiT4w.jpeg" "Mozilla/5.0 AppleWebKit/537.36 (KHTML, like Gecko; compatible; ClaudeBot/1.0; +claudebot@anthropic.com)"
34.230.124.21 - - [26/May/2026:15:37:30 +0300] "GET /images/haberler/2022/02/ibb-tartisilan-insaat-icin-harekete-gecti-acil-durdurun-bi1Kb1wz.jpg HTTP/1.1" 302 219 "-" "Mozilla/5.0 AppleWebKit/537.36 (KHTML, like Gecko; compatible; Amazonbot/0.1; +https://developer.amazon.com/support/amazonbot) Chrome/119.0.6045.214 Safari/537.36"
216.73.217.145 - - [26/May/2026:15:37:30 +0300] "GET /public/index.php HTTP/1.1" 200 17286 "https://www.yeniistiklal.com/public/index.php/404" "Mozilla/5.0 AppleWebKit/537.36 (KHTML, like Gecko; compatible; ClaudeBot/1.0; +claudebot@anthropic.com)"
216.73.217.145 - - [26/May/2026:15:37:30 +0300] "GET /public/index.php HTTP/1.1" 200 17280 "https://www.yeniistiklal.com/public/index.php/404" "Mozilla/5.0 AppleWebKit/537.36 (KHTML, like Gecko; compatible; ClaudeBot/1.0; +claudebot@anthropic.com)"
216.73.217.145 - - [26/May/2026:15:37:30 +0300] "GET /public/index.php/images/haberler/2022/01/bese-18-yas-alti-katilimci-sayisi-7-ocak-itibariyla-180-bin-kisiye-ulasti-kmStbFNb.jpg HTTP/1.1" 302 238 "-" "Mozilla/5.0 AppleWebKit/537.36 (KHTML, like Gecko; compatible; ClaudeBot/1.0; +claudebot@anthropic.com)"
216.73.217.145 - - [26/May/2026:15:37:29 +0300] "GET /images/haberler/2022/04/16-cagdas-yasam-cumhuriyet-odulunun-sahibi-belli-oldu-eeYGhfb6.jpg HTTP/1.1" 302 224 "-" "Mozilla/5.0 AppleWebKit/537.36 (KHTML, like Gecko; compatible; ClaudeBot/1.0; +claudebot@anthropic.com)"
216.73.217.145 - - [26/May/2026:15:37:29 +0300] "GET /public/index.php/images/haberler/2022/06/ali-babacan-iktidara-gelince-ilk-is-mulakati-kaldiracagiz-jgZ4deTb.jpg HTTP/1.1" 302 238 "-" "Mozilla/5.0 AppleWebKit/537.36 (KHTML, like Gecko; compatible; ClaudeBot/1.0; +claudebot@anthropic.com)"
216.73.217.145 - - [26/May/2026:15:37:30 +0300] "GET /public/index.php/haber/rize-artvin-havalimanina-buyuk-talep-bolgeye-ucak-bileti-aramalari-yuzde-350-artti-516043 HTTP/1.1" 200 14677 "-" "Mozilla/5.0 AppleWebKit/537.36 (KHTML, like Gecko; compatible; ClaudeBot/1.0; +claudebot@anthropic.com)"
216.73.217.145 - - [26/May/2026:15:37:30 +0300] "GET /public/index.php/404 HTTP/1.1" 302 232 "https://www.yeniistiklal.com/public/index.php/images/haberler/2022/06/ali-babacan-iktidara-gelince-ilk-is-mulakati-kaldiracagiz-jgZ4deTb.jpg" "Mozilla/5.0 AppleWebKit/537.36 (KHTML, like Gecko; compatible; ClaudeBot/1.0; +claudebot@anthropic.com)"
216.73.217.145 - - [26/May/2026:15:37:30 +0300] "GET /public/index.php HTTP/1.1" 200 17285 "https://www.yeniistiklal.com/public/index.php/404" "Mozilla/5.0 AppleWebKit/537.36 (KHTML, like Gecko; compatible; ClaudeBot/1.0; +claudebot@anthropic.com)"
216.73.217.145 - - [26/May/2026:15:37:30 +0300] "GET /public/index.php/images/haberler/2022/01/erdogan-dan-muhalefete-zehir-zemberek-sozler-tek-parti-doneminin-artiklari.jpg HTTP/1.1" 302 238 "-" "Mozilla/5.0 AppleWebKit/537.36 (KHTML, like Gecko; compatible; ClaudeBot/1.0; +claudebot@anthropic.com)"
216.73.217.145 - - [26/May/2026:15:37:30 +0300] "GET /public/index.php/404 HTTP/1.1" 302 232 "https://www.yeniistiklal.com/public/index.php/images/haberler/2022/01/erdogan-dan-muhalefete-zehir-zemberek-sozler-tek-parti-doneminin-artiklari.jpg" "Mozilla/5.0 AppleWebKit/537.36 (KHTML, like Gecko; compatible; ClaudeBot/1.0; +claudebot@anthropic.com)"
216.73.217.145 - - [26/May/2026:15:37:30 +0300] "GET /public/index.php HTTP/1.1" 200 17289 "https://www.yeniistiklal.com/public/index.php/404" "Mozilla/5.0 AppleWebKit/537.36 (KHTML, like Gecko; compatible; ClaudeBot/1.0; +claudebot@anthropic.com)"
216.73.217.145 - - [26/May/2026:15:37:30 +0300] "GET /public/index.php/images/haberler/2022/05/sinema-soylesilerinin-ikinci-konugu-odullu-yonetmen-nisan-dag-oldu-2ibyTCLJ.jpg HTTP/1.1" 302 238 "-" "Mozilla/5.0 AppleWebKit/537.36 (KHTML, like Gecko; compatible; ClaudeBot/1.0; +claudebot@anthropic.com)"
216.73.217.145 - - [26/May/2026:15:37:30 +0300] "GET /public/index.php/404 HTTP/1.1" 302 232 "https://www.yeniistiklal.com/public/index.php/images/haberler/2022/01/tarikat-ve-cemaat-yurtlarinda-neler-oluyorg-nevsin-mengu-soruyor.jpg" "Mozilla/5.0 AppleWebKit/537.36 (KHTML, like Gecko; compatible; ClaudeBot/1.0; +claudebot@anthropic.com)"
216.73.217.145 - - [26/May/2026:15:37:30 +0300] "GET /public/index.php/404 HTTP/1.1" 302 232 "https://www.yeniistiklal.com/public/index.php/images/haberler/2022/05/sinema-soylesilerinin-ikinci-konugu-odullu-yonetmen-nisan-dag-oldu-2ibyTCLJ.jpg" "Mozilla/5.0 AppleWebKit/537.36 (KHTML, like Gecko; compatible; ClaudeBot/1.0; +claudebot@anthropic.com)"
213.180.203.254 - - [26/May/2026:15:37:30 +0300] "GET /public/rss/genel-0 HTTP/1.1" 200 170122 "-" "Mozilla/5.0 (compatible; YandexBot/3.0; +http://yandex.com/bots)"
216.73.217.145 - - [26/May/2026:15:37:30 +0300] "GET /public/index.php/images/haberler/2022/01/akpli-beykoz-belediyesinde-kiyim-genel-is-uyesi-isciler-isten-atiliyor-MV7SiT4w.jpeg HTTP/1.1" 302 238 "-" "Mozilla/5.0 AppleWebKit/537.36 (KHTML, like Gecko; compatible; ClaudeBot/1.0; +claudebot@anthropic.com)"
216.73.217.145 - - [26/May/2026:15:37:31 +0300] "GET /public/index.php/images/haberler/2022/06/gezegenin-gelecegi-icin-surdurulebilir-cozumler-uretiyor-mzs6JSG9.jpg HTTP/1.1" 302 238 "-" "Mozilla/5.0 AppleWebKit/537.36 (KHTML, like Gecko; compatible; ClaudeBot/1.0; +claudebot@anthropic.com)"
216.73.217.145 - - [26/May/2026:15:37:31 +0300] "GET /public/index.php HTTP/1.1" 200 17288 "https://www.yeniistiklal.com/public/index.php/404" "Mozilla/5.0 AppleWebKit/537.36 (KHTML, like Gecko; compatible; ClaudeBot/1.0; +claudebot@anthropic.com)"
216.73.217.145 - - [26/May/2026:15:37:31 +0300] "GET /public/index.php HTTP/1.1" 200 17291 "https://www.yeniistiklal.com/public/index.php/404" "Mozilla/5.0 AppleWebKit/537.36 (KHTML, like Gecko; compatible; ClaudeBot/1.0; +claudebot@anthropic.com)"
158.222.119.145 - - [26/May/2026:15:37:31 +0300] "GET /images/firmalar HTTP/1.1" 301 795 "-" "Mozilla/5.0 (iPhone; CPU iPhone OS 14_6 like Mac OS X) AppleWebKit/537.36 (KHTML, like Gecko) Chrome/104.0.6677.5 Safari/537.36 OPR/85.0.3375.73"
216.73.217.145 - - [26/May/2026:15:37:31 +0300] "GET /public/index.php/404 HTTP/1.1" 302 232 "https://www.yeniistiklal.com/public/index.php/images/haberler/2022/06/gezegenin-gelecegi-icin-surdurulebilir-cozumler-uretiyor-mzs6JSG9.jpg" "Mozilla/5.0 AppleWebKit/537.36 (KHTML, like Gecko; compatible; ClaudeBot/1.0; +claudebot@anthropic.com)"
216.73.217.145 - - [26/May/2026:15:37:31 +0300] "GET /public/index.php HTTP/1.1" 200 17285 "https://www.yeniistiklal.com/public/index.php/404" "Mozilla/5.0 AppleWebKit/537.36 (KHTML, like Gecko; compatible; ClaudeBot/1.0; +claudebot@anthropic.com)"
216.73.217.145 - - [26/May/2026:15:37:31 +0300] "GET /public/index.php HTTP/1.1" 200 17283 "https://www.yeniistiklal.com/public/index.php/404" "Mozilla/5.0 AppleWebKit/537.36 (KHTML, like Gecko; compatible; ClaudeBot/1.0; +claudebot@anthropic.com)"
216.73.217.145 - - [26/May/2026:15:37:31 +0300] "GET /public/index.php HTTP/1.1" 200 17280 "https://www.yeniistiklal.com/public/index.php/404" "Mozilla/5.0 AppleWebKit/537.36 (KHTML, like Gecko; compatible; ClaudeBot/1.0; +claudebot@anthropic.com)"
54.89.90.224 - - [26/May/2026:15:37:31 +0300] "GET /public/index.php/images/haberler/2022/02/turkiyede-uyuz-vakalari-artmaya-devam-ediyor-kasinti-semptomu-gosterenler-ne-yapmali-pzVjy4xf.jpg HTTP/1.1" 302 238 "-" "Mozilla/5.0 AppleWebKit/537.36 (KHTML, like Gecko; compatible; Amazonbot/0.1; +https://developer.amazon.com/support/amazonbot) Chrome/119.0.6045.214 Safari/537.36"
216.73.217.145 - - [26/May/2026:15:37:31 +0300] "GET /public/haber/alternatif-bank-engelsiz-bankaciligi-kurum-kulturunun-temeline-oturtuyor-542306 HTTP/1.1" 200 17134 "-" "Mozilla/5.0 AppleWebKit/537.36 (KHTML, like Gecko; compatible; ClaudeBot/1.0; +claudebot@anthropic.com)"
216.73.217.145 - - [26/May/2026:15:37:31 +0300] "GET /public/images/haberler/2022/02/toplu-tasimaya-zam-18Ze6Y6f.jpg HTTP/1.1" 302 225 "-" "Mozilla/5.0 AppleWebKit/537.36 (KHTML, like Gecko; compatible; ClaudeBot/1.0; +claudebot@anthropic.com)"
216.73.217.145 - - [26/May/2026:15:37:31 +0300] "GET /public/haber/kis-aylarinda-gunesli-bir-kacamak-yapmak-icin-hint-okyanusuna-emirates-ile-ucun-542224 HTTP/1.1" 200 15319 "-" "Mozilla/5.0 AppleWebKit/537.36 (KHTML, like Gecko; compatible; ClaudeBot/1.0; +claudebot@anthropic.com)"
216.73.217.145 - - [26/May/2026:15:37:31 +0300] "GET /public/haber/agustos-ayinda-genel-ticaret-sistemine-gore-ihracat-yuzde-131-ithalat-yuzde-404-artti-542237 HTTP/1.1" 200 15103 "-" "Mozilla/5.0 AppleWebKit/537.36 (KHTML, like Gecko; compatible; ClaudeBot/1.0; +claudebot@anthropic.com)"
216.73.217.145 - - [26/May/2026:15:37:32 +0300] "GET /public/404 HTTP/1.1" 302 220 "https://yeniistiklal.com/public/images/haberler/2022/02/toplu-tasimaya-zam-18Ze6Y6f.jpg" "Mozilla/5.0 AppleWebKit/537.36 (KHTML, like Gecko; compatible; ClaudeBot/1.0; +claudebot@anthropic.com)"
85.208.96.193 - - [26/May/2026:15:37:33 +0300] "GET /haber/nevsehirli-sporculardan-25-madalya-538324 HTTP/1.1" 200 13503 "-" "Mozilla/5.0 (compatible; SemrushBot/7~bl; +http://www.semrush.com/bot.html)"
216.73.217.145 - - [26/May/2026:15:37:30 +0300] "GET /public/index.php HTTP/1.1" 200 17280 "https://www.yeniistiklal.com/public/index.php/404" "Mozilla/5.0 AppleWebKit/537.36 (KHTML, like Gecko; compatible; ClaudeBot/1.0; +claudebot@anthropic.com)"
216.73.217.145 - - [26/May/2026:15:37:31 +0300] "GET /public/index.php/404 HTTP/1.1" 302 232 "https://www.yeniistiklal.com/public/index.php/images/haberler/2022/05/iyzicoda-yeni-donem-barbaros-ozbugutu-yonetim-kurulu-baskani-orkun-saitoglu-ceo-olarak-ataniyor-TExmIPPL.jpg" "Mozilla/5.0 AppleWebKit/537.36 (KHTML, like Gecko; compatible; ClaudeBot/1.0; +claudebot@anthropic.com)"
98.84.60.17 - - [26/May/2026:15:37:31 +0300] "GET /public/haber/turkiye-ittifakina-ihtiyac-var-546478 HTTP/1.1" 200 13951 "-" "Mozilla/5.0 AppleWebKit/537.36 (KHTML, like Gecko; compatible; Amazonbot/0.1; +https://developer.amazon.com/support/amazonbot) Chrome/119.0.6045.214 Safari/537.36"
216.73.217.145 - - [26/May/2026:15:37:31 +0300] "GET /public/index.php/404 HTTP/1.1" 302 232 "https://www.yeniistiklal.com/public/index.php/images/haberler/2022/01/bese-18-yas-alti-katilimci-sayisi-7-ocak-itibariyla-180-bin-kisiye-ulasti-kmStbFNb.jpg" "Mozilla/5.0 AppleWebKit/537.36 (KHTML, like Gecko; compatible; ClaudeBot/1.0; +claudebot@anthropic.com)"
158.222.119.145 - - [26/May/2026:15:37:31 +0300] "GET /public/images/firmalar/ HTTP/1.1" 403 787 "-" "Mozilla/5.0 (iPhone; CPU iPhone OS 14_6 like Mac OS X) AppleWebKit/537.36 (KHTML, like Gecko) Chrome/104.0.6677.5 Safari/537.36 OPR/85.0.3375.73"
216.73.217.145 - - [26/May/2026:15:37:31 +0300] "GET /haber/uc-kurus-13-bolum-oncesi-oktay-oluyor-mug-uc-kurus-yeni-bolum-fragman-ne-zamang-485431 HTTP/1.1" 200 13486 "-" "Mozilla/5.0 AppleWebKit/537.36 (KHTML, like Gecko; compatible; ClaudeBot/1.0; +claudebot@anthropic.com)"
216.73.217.145 - - [26/May/2026:15:37:32 +0300] "GET /public HTTP/1.1" 301 795 "https://yeniistiklal.com/public/404" "Mozilla/5.0 AppleWebKit/537.36 (KHTML, like Gecko; compatible; ClaudeBot/1.0; +claudebot@anthropic.com)"
216.73.217.145 - - [26/May/2026:15:37:32 +0300] "GET /public/ HTTP/1.1" 200 17188 "https://yeniistiklal.com/public" "Mozilla/5.0 AppleWebKit/537.36 (KHTML, like Gecko; compatible; ClaudeBot/1.0; +claudebot@anthropic.com)"
95.108.213.134 - - [26/May/2026:15:37:32 +0300] "GET /rss/genel-0 HTTP/1.1" 200 170032 "-" "Mozilla/5.0 (compatible; YandexBot/3.0; +http://yandex.com/bots)"
54.147.238.89 - - [26/May/2026:15:37:33 +0300] "GET /public/index.php/etiketler/erik-haberleri HTTP/1.1" 200 8843 "-" "Mozilla/5.0 AppleWebKit/537.36 (KHTML, like Gecko; compatible; Amazonbot/0.1; +https://developer.amazon.com/support/amazonbot) Chrome/119.0.6045.214 Safari/537.36"
213.180.203.2 - - [26/May/2026:15:37:33 +0300] "GET /rss/genel-0 HTTP/1.1" 200 170032 "-" "Mozilla/5.0 (compatible; YandexBot/3.0; +http://yandex.com/bots)"
95.108.213.200 - - [26/May/2026:15:37:34 +0300] "GET /public/haber/daha-17de-manifest-surprizi-552365 HTTP/1.1" 200 14225 "-" "Mozilla/5.0 (compatible; YandexBot/3.0; +http://yandex.com/bots)"
51.92.22.66 - - [26/May/2026:15:37:34 +0300] "GET /haber/daha-17de-manifest-surprizi-552365 HTTP/1.1" 200 14195 "-" "Mozilla/5.0 (Windows NT 10.0; Win64; x64; rv:134.0) Gecko/20100101 Firefox/134.0"
213.180.203.248 - - [26/May/2026:15:37:35 +0300] "GET /public/rss/genel-0 HTTP/1.1" 200 170122 "-" "Mozilla/5.0 (compatible; YandexBot/3.0; +http://yandex.com/bots)"
34.233.114.237 - - [26/May/2026:15:37:35 +0300] "GET /etiketler/aile-destekleri-sigortasi-haberleri HTTP/1.1" 200 5625 "-" "Mozilla/5.0 AppleWebKit/537.36 (KHTML, like Gecko; compatible; Amazonbot/0.1; +https://developer.amazon.com/support/amazonbot) Chrome/119.0.6045.214 Safari/537.36"
5.255.231.125 - - [26/May/2026:15:37:36 +0300] "GET /haber/daha-17de-manifest-surprizi-552365 HTTP/1.1" 200 14203 "-" "Mozilla/5.0 (compatible; YandexBot/3.0; +http://yandex.com/bots)"
5.255.231.66 - - [26/May/2026:15:37:34 +0300] "GET /haber/daha-17de-manifest-surprizi-552365 HTTP/1.1" 200 14198 "-" "Mozilla/5.0 (compatible; YandexBot/3.0; +http://yandex.com/bots)"
44.223.116.180 - - [26/May/2026:15:37:35 +0300] "GET /public/images/haberler/2022/10/turkiye-ittifakina-ihtiyac-var-grNzhYb7.jpg HTTP/1.1" 302 225 "-" "Mozilla/5.0 AppleWebKit/537.36 (KHTML, like Gecko; compatible; Amazonbot/0.1; +https://developer.amazon.com/support/amazonbot) Chrome/119.0.6045.214 Safari/537.36"
147.136.65.121 - - [26/May/2026:15:37:35 +0300] "GET /images/haberler/2026/05/cocuklarda-alerjik-rinitin-gorulme-sikligi-artiyor-1777974426.jpg HTTP/1.1" 200 22776 "-" "Mozilla/5.0 (iPhone; CPU iPhone OS 18_5 like Mac OS X) AppleWebKit/605.1.15 (KHTML, like Gecko) Version/18.5 Mobile/15E148 Safari/604.1"
87.250.224.231 - - [26/May/2026:15:37:35 +0300] "GET /rss/sinema-11 HTTP/1.1" 200 21504 "-" "Mozilla/5.0 (compatible; YandexBot/3.0; +http://yandex.com/bots)"
31.76.137.70 - - [26/May/2026:15:37:37 +0300] "GET /images/haberler/2022/06/bu-persembe-geforce-nowa-6-yeni-oyun-ve-2041-guncellemesi-geliyor-arYigOpg.jpg HTTP/1.1" 302 219 "-" "Mozilla/5.0 (compatible; crawler)"
47.84.185.115 - - [26/May/2026:15:37:37 +0300] "GET /haber/daha-17de-manifest-surprizi-552365 HTTP/1.1" 200 14201 "-" "Mozilla/5.0 (Windows NT 6.1; WOW64) AppleWebKit/537.36 (KHTML, like Gecko) Chrome/30.0.1599.101 Safari/537.36"
185.191.171.2 - - [26/May/2026:15:37:38 +0300] "GET /haber/gencler-kizilay-kampinda-tarim-ve-uretimi-yasayarak-ogreniyor-535506 HTTP/1.1" 200 14013 "-" "Mozilla/5.0 (compatible; SemrushBot/7~bl; +http://www.semrush.com/bot.html)"
97.240.48.131 - - [26/May/2026:15:37:40 +0300] "GET /images/haberler/2023/07/filenin-sultanlari-milletler-liginde-sampiyon-oldu-1689595616.png HTTP/1.1" 302 219 "-" "Mozilla/5.0 (iPhone; CPU iPhone OS 17_4 like Mac OS X) AppleWebKit/605.1.15 (KHTML, like Gecko) CriOS/124.0.6367.88 Mobile/15E148 Safari/604.1"
98.113.54.149 - - [26/May/2026:15:37:40 +0300] "GET /images/firmalar HTTP/1.1" 301 795 "https://yeniistiklal.com/" "Mozilla/5.0 (iPhone; CPU iPhone OS 17_4 like Mac OS X) AppleWebKit/605.1.15 (KHTML, like Gecko) EdgiOS/122.0.2365.99 Version/17.0 Mobile/15E148 Safari/604.1"
98.84.200.43 - - [26/May/2026:15:37:41 +0300] "GET /public/index.php/etiketler/mafya-haberleri HTTP/1.1" 200 5621 "-" "Mozilla/5.0 AppleWebKit/537.36 (KHTML, like Gecko; compatible; Amazonbot/0.1; +https://developer.amazon.com/support/amazonbot) Chrome/119.0.6045.214 Safari/537.36"
98.113.54.149 - - [26/May/2026:15:37:41 +0300] "GET /public/images/firmalar/ HTTP/1.1" 403 787 "https://yeniistiklal.com/" "Mozilla/5.0 (iPhone; CPU iPhone OS 17_4 like Mac OS X) AppleWebKit/605.1.15 (KHTML, like Gecko) EdgiOS/122.0.2365.99 Version/17.0 Mobile/15E148 Safari/604.1"
97.240.48.131 - - [26/May/2026:15:37:41 +0300] "GET /404 HTTP/1.1" 302 215 "-" "Mozilla/5.0 (iPhone; CPU iPhone OS 17_4 like Mac OS X) AppleWebKit/605.1.15 (KHTML, like Gecko) CriOS/124.0.6367.88 Mobile/15E148 Safari/604.1"
24.133.80.23 - - [26/May/2026:15:37:42 +0300] "POST /panel/haberler/duzenle/552365 HTTP/1.1" 302 207 "https://yeniistiklal.com/panel/haberler/duzenle/552365" "Mozilla/5.0 (Macintosh; Intel Mac OS X 10_15_7) AppleWebKit/537.36 (KHTML, like Gecko) Chrome/148.0.0.0 Safari/537.36"
24.133.80.23 - - [26/May/2026:15:37:42 +0300] "GET /panel/haberler HTTP/1.1" 200 7209 "https://yeniistiklal.com/panel/haberler/duzenle/552365" "Mozilla/5.0 (Macintosh; Intel Mac OS X 10_15_7) AppleWebKit/537.36 (KHTML, like Gecko) Chrome/148.0.0.0 Safari/537.36"
24.133.80.23 - - [26/May/2026:15:37:43 +0300] "POST /panel/haberler/getNews HTTP/1.1" 200 5460 "https://yeniistiklal.com/panel/haberler" "Mozilla/5.0 (Macintosh; Intel Mac OS X 10_15_7) AppleWebKit/537.36 (KHTML, like Gecko) Chrome/148.0.0.0 Safari/537.36"
34.231.156.59 - - [26/May/2026:15:37:43 +0300] "GET /haber/babacandan-hukumete-acil-cagri-495543 HTTP/1.1" 200 16741 "-" "Mozilla/5.0 AppleWebKit/537.36 (KHTML, like Gecko; compatible; Amazonbot/0.1; +https://developer.amazon.com/support/amazonbot) Chrome/119.0.6045.214 Safari/537.36"
149.36.12.147 - - [26/May/2026:15:37:37 +0300] "GET /images/firmalar HTTP/1.1" 301 795 "https://yeniistiklal.com/" "Mozilla/5.0 (iPhone; CPU iPhone OS 16_0 like Mac OS X) AppleWebKit/605.1.15 (KHTML, like Gecko) Version/16_0 Mobile/15E148 Safari/604.1"
44.205.120.22 - - [26/May/2026:15:37:37 +0300] "GET /public/index.php/etiketler/icinden-haberleri HTTP/1.1" 200 5708 "-" "Mozilla/5.0 AppleWebKit/537.36 (KHTML, like Gecko; compatible; Amazonbot/0.1; +https://developer.amazon.com/support/amazonbot) Chrome/119.0.6045.214 Safari/537.36"
149.36.12.147 - - [26/May/2026:15:37:37 +0300] "GET /public/images/firmalar/ HTTP/1.1" 403 787 "https://yeniistiklal.com/" "Mozilla/5.0 (iPhone; CPU iPhone OS 16_0 like Mac OS X) AppleWebKit/605.1.15 (KHTML, like Gecko) Version/16_0 Mobile/15E148 Safari/604.1"
47.236.51.13 - - [26/May/2026:15:37:39 +0300] "GET /images/haberler/2026/05/daha-17de-manifest-surprizi-1779798937.jpeg HTTP/1.1" 200 34123 "-" "python-httpx/0.28.1"
52.200.58.199 - - [26/May/2026:15:37:39 +0300] "GET /etiketler/yunus-emre-haberleri HTTP/1.1" 200 6300 "-" "Mozilla/5.0 AppleWebKit/537.36 (KHTML, like Gecko; compatible; Amazonbot/0.1; +https://developer.amazon.com/support/amazonbot) Chrome/119.0.6045.214 Safari/537.36"
31.76.137.70 - - [26/May/2026:15:37:40 +0300] "GET /404 HTTP/1.1" 302 215 "-" "Mozilla/5.0 (compatible; crawler)"
20.169.87.125 - - [26/May/2026:15:37:42 +0300] "GET /public/haber/hatay-buyuksehirin-projesine-undp-ve-japonyada-buyuk-destek-517165 HTTP/1.1" 200 15581 "-" "Mozilla/5.0 AppleWebKit/537.36 (KHTML, like Gecko); compatible; ChatGPT-User/1.0; +https://openai.com/bot"
97.240.48.131 - - [26/May/2026:15:37:42 +0300] "GET / HTTP/1.1" 200 17069 "-" "Mozilla/5.0 (iPhone; CPU iPhone OS 17_4 like Mac OS X) AppleWebKit/605.1.15 (KHTML, like Gecko) CriOS/124.0.6367.88 Mobile/15E148 Safari/604.1"
24.133.80.23 - - [26/May/2026:15:37:43 +0300] "GET /panel/bildirimler/ajax HTTP/1.1" 200 95 "https://yeniistiklal.com/panel/haberler" "Mozilla/5.0 (Macintosh; Intel Mac OS X 10_15_7) AppleWebKit/537.36 (KHTML, like Gecko) Chrome/148.0.0.0 Safari/537.36"
