4.193.189.92 - - [26/May/2026:15:21:52 +0300] "GET /media.php HTTP/1.1" 302 219 "-" "Mozilla/5.0 (Windows NT 10.0; Win64; x64) AppleWebKit/537.36 (KHTML, like Gecko) Chrome/120.0.0.0 Safari/537.36"
4.193.189.92 - - [26/May/2026:15:21:52 +0300] "GET /mar.php HTTP/1.1" 302 219 "-" "Mozilla/5.0 (Windows NT 10.0; Win64; x64) AppleWebKit/537.36 (KHTML, like Gecko) Chrome/120.0.0.0 Safari/537.36"
191.96.130.161 - - [26/May/2026:15:21:51 +0300] "GET /haber/yapay-zeka-pankreas-kanserini-yillar-once-fark-etti-552325 HTTP/1.1" 200 13797 "https://yeniistiklal.com" "Mozilla/5.0 (Macintosh; Intel Mac OS X 11_2_3) AppleWebKit/537.36 (KHTML, like Gecko) Chrome/133.0.6642.50 Safari/537.36 OPR/80.0.3549.75"
4.193.189.92 - - [26/May/2026:15:21:52 +0300] "GET /load.php HTTP/1.1" 302 219 "-" "Mozilla/5.0 (Windows NT 10.0; Win64; x64) AppleWebKit/537.36 (KHTML, like Gecko) Chrome/120.0.0.0 Safari/537.36"
4.193.189.92 - - [26/May/2026:15:21:52 +0300] "GET /manager.php HTTP/1.1" 302 219 "-" "Mozilla/5.0 (Windows NT 10.0; Win64; x64) AppleWebKit/537.36 (KHTML, like Gecko) Chrome/120.0.0.0 Safari/537.36"
200.153.178.245 - - [26/May/2026:15:21:53 +0300] "GET /public/index.php/404 HTTP/1.1" 302 232 "https://www.yeniistiklal.com/public/index.php" "Mozilla/5.0 (Linux; Android 6.0; Nexus 5 Build/MRA58N) AppleWebKit/537.36 (KHTML, like Gecko) Chrome/40.0.1776.1943 Mobile Safari/537.36"
4.193.189.92 - - [26/May/2026:15:21:53 +0300] "GET /my1.php HTTP/1.1" 302 219 "-" "Mozilla/5.0 (Windows NT 10.0; Win64; x64) AppleWebKit/537.36 (KHTML, like Gecko) Chrome/120.0.0.0 Safari/537.36"
45.41.179.235 - - [26/May/2026:15:21:53 +0300] "GET /haber/otokar-sahibi-kim-otokar-kime-ait-551971 HTTP/1.1" 200 13686 "https://yeniistiklal.com" "Mozilla/5.0 (iPad; CPU OS 14_6 like Mac OS X) AppleWebKit/537.36 (KHTML, like Gecko) Chrome/101.0.5227.0 Safari/537.36 Edg/98.0.1590.58"
45.41.179.235 - - [26/May/2026:15:21:53 +0300] "GET /haber/24-saat-boyunca-ac-kalirsak-ne-olur-551811 HTTP/1.1" 200 14555 "https://yeniistiklal.com" "Mozilla/5.0 (iPad; CPU OS 14_6 like Mac OS X; rv:122.0) Gecko/20100101 Firefox/122.0"
104.239.106.5 - - [26/May/2026:15:21:53 +0300] "GET /haber/bodrum-otelleri-552138 HTTP/1.1" 200 15524 "https://yeniistiklal.com" "Mozilla/5.0 (Macintosh; Intel Mac OS X 11_2_3) AppleWebKit/537.36 (KHTML, like Gecko) Chrome/125.0.5744.61 Safari/537.36"
4.193.189.92 - - [26/May/2026:15:21:53 +0300] "GET /mm.php HTTP/1.1" 302 219 "-" "Mozilla/5.0 (Windows NT 10.0; Win64; x64) AppleWebKit/537.36 (KHTML, like Gecko) Chrome/120.0.0.0 Safari/537.36"
45.61.97.119 - - [26/May/2026:15:21:53 +0300] "GET /haber/antalya-otelleri-552139 HTTP/1.1" 200 15604 "https://yeniistiklal.com" "Mozilla/5.0 (Linux; Android 11; SM-G998U) AppleWebKit/537.36 (KHTML, like Gecko) Chrome/114.0.5338.86 Safari/537.36 Edg/93.0.1574.28"
4.193.189.92 - - [26/May/2026:15:21:53 +0300] "GET /network.php HTTP/1.1" 302 219 "-" "Mozilla/5.0 (Windows NT 10.0; Win64; x64) AppleWebKit/537.36 (KHTML, like Gecko) Chrome/120.0.0.0 Safari/537.36"
4.193.189.92 - - [26/May/2026:15:21:53 +0300] "GET /new.php HTTP/1.1" 302 219 "-" "Mozilla/5.0 (Windows NT 10.0; Win64; x64) AppleWebKit/537.36 (KHTML, like Gecko) Chrome/120.0.0.0 Safari/537.36"
216.73.217.145 - - [26/May/2026:15:21:54 +0300] "GET /public/haber/kamera-calan-kleptoman-papaganin-cektigi-video-viral-oldu-484156 HTTP/1.1" 200 13598 "-" "Mozilla/5.0 AppleWebKit/537.36 (KHTML, like Gecko; compatible; ClaudeBot/1.0; +claudebot@anthropic.com)"
4.193.189.92 - - [26/May/2026:15:21:54 +0300] "GET /0.php HTTP/1.1" 302 219 "-" "Mozilla/5.0 (Windows NT 10.0; Win64; x64) AppleWebKit/537.36 (KHTML, like Gecko) Chrome/120.0.0.0 Safari/537.36"
216.73.217.145 - - [26/May/2026:15:21:54 +0300] "GET /public/images/haberler/2022/10/misiden-gumustepeye-TIXZ7xce.jpg HTTP/1.1" 302 225 "-" "Mozilla/5.0 AppleWebKit/537.36 (KHTML, like Gecko; compatible; ClaudeBot/1.0; +claudebot@anthropic.com)"
216.73.217.145 - - [26/May/2026:15:21:54 +0300] "GET /public/haber/pkkli-ile-akraba-denilen-ihd-sekreterine-gozalti-483323 HTTP/1.1" 200 13464 "-" "Mozilla/5.0 AppleWebKit/537.36 (KHTML, like Gecko; compatible; ClaudeBot/1.0; +claudebot@anthropic.com)"
216.73.217.145 - - [26/May/2026:15:21:54 +0300] "GET /public/haber/yoneylem-akpnin-oyu-yuzde-27nin-altina-indi-491324 HTTP/1.1" 200 15525 "-" "Mozilla/5.0 AppleWebKit/537.36 (KHTML, like Gecko; compatible; ClaudeBot/1.0; +claudebot@anthropic.com)"
104.239.106.5 - - [26/May/2026:15:21:53 +0300] "GET /haber/asus-ve-rog-2026-model-yapay-zeka-destekli-dizustu-bilgisayar-serisinin-turkiye-lansmanini-gerceklestirdi-552307 HTTP/1.1" 200 14667 "https://yeniistiklal.com" "Mozilla/5.0 (Macintosh; Intel Mac OS X 10_15_7) AppleWebKit/537.36 (KHTML, like Gecko) Chrome/129.0.5674.85 Safari/537.36 OPR/82.0.3411.27"
45.41.179.235 - - [26/May/2026:15:21:53 +0300] "GET /haber/canik-kime-ait-turkiyenin-global-silah-devi-551972 HTTP/1.1" 200 14290 "https://yeniistiklal.com" "Mozilla/5.0 (Windows NT 10.0; Win64; x64) AppleWebKit/537.36 (KHTML, like Gecko) Chrome/126.0.6551.81 Safari/537.36 OPR/80.0.3046.64"
191.96.130.161 - - [26/May/2026:15:21:53 +0300] "GET /haber/huawei-watch-fit-5-pro-teknoloji-ve-stil-bulusmasi-552355 HTTP/1.1" 200 14405 "https://yeniistiklal.com" "Mozilla/5.0 (Linux; Android 11; SM-G998U; rv:97.0) Gecko/20100101 Firefox/97.0"
191.96.130.161 - - [26/May/2026:15:21:53 +0300] "GET /haber/kktcde-su-tesisatcisi-arayanlar-icin-oneriler-551927 HTTP/1.1" 200 14532 "https://yeniistiklal.com" "Mozilla/5.0 (Windows NT 10.0; Win64; x64) AppleWebKit/537.36 (KHTML, like Gecko) Chrome/127.0.5531.36 Safari/537.36 OPR/91.0.3203.1"
4.193.189.92 - - [26/May/2026:15:21:53 +0300] "GET /0x.php HTTP/1.1" 302 219 "-" "Mozilla/5.0 (Windows NT 10.0; Win64; x64) AppleWebKit/537.36 (KHTML, like Gecko) Chrome/120.0.0.0 Safari/537.36"
216.73.217.145 - - [26/May/2026:15:21:54 +0300] "GET /haber/tugba-ozay-ulkenin-en-guzel-vucutlu-insanlarindan-biriyim-501998 HTTP/1.1" 200 13946 "-" "Mozilla/5.0 AppleWebKit/537.36 (KHTML, like Gecko; compatible; ClaudeBot/1.0; +claudebot@anthropic.com)"
4.193.189.92 - - [26/May/2026:15:21:54 +0300] "GET /oxshell.php HTTP/1.1" 302 219 "-" "Mozilla/5.0 (Windows NT 10.0; Win64; x64) AppleWebKit/537.36 (KHTML, like Gecko) Chrome/120.0.0.0 Safari/537.36"
216.73.217.145 - - [26/May/2026:15:21:54 +0300] "GET /public/haber/fiyatlar-bizi-o-kadar-cok-asiyor-ki-479266 HTTP/1.1" 200 13418 "-" "Mozilla/5.0 AppleWebKit/537.36 (KHTML, like Gecko; compatible; ClaudeBot/1.0; +claudebot@anthropic.com)"
216.73.217.145 - - [26/May/2026:15:21:54 +0300] "GET /public/haber/bio-korea-2022de-turkiyeyle-is-birligi-cagrisi-yapildi-516282 HTTP/1.1" 200 15372 "-" "Mozilla/5.0 AppleWebKit/537.36 (KHTML, like Gecko; compatible; ClaudeBot/1.0; +claudebot@anthropic.com)"
216.73.217.145 - - [26/May/2026:15:21:54 +0300] "GET /public/haber/merkez-bankasi-rezervleri-1147-milyar-dolar-oldu-488413 HTTP/1.1" 200 13369 "-" "Mozilla/5.0 AppleWebKit/537.36 (KHTML, like Gecko; compatible; ClaudeBot/1.0; +claudebot@anthropic.com)"
4.193.189.92 - - [26/May/2026:15:21:54 +0300] "GET /php8.php HTTP/1.1" 302 219 "-" "Mozilla/5.0 (Windows NT 10.0; Win64; x64) AppleWebKit/537.36 (KHTML, like Gecko) Chrome/120.0.0.0 Safari/537.36"
216.73.217.145 - - [26/May/2026:15:21:54 +0300] "GET /public/haber/ilkokul-ogrencilerine-ucretsiz-agiz-bakim-seti-544216 HTTP/1.1" 200 14118 "-" "Mozilla/5.0 AppleWebKit/537.36 (KHTML, like Gecko; compatible; ClaudeBot/1.0; +claudebot@anthropic.com)"
216.73.217.145 - - [26/May/2026:15:21:54 +0300] "GET /public/haber/geforce-nowa-agustos-ayinda-38-yeni-oyun-geliyor-531080 HTTP/1.1" 200 15248 "-" "Mozilla/5.0 AppleWebKit/537.36 (KHTML, like Gecko; compatible; ClaudeBot/1.0; +claudebot@anthropic.com)"
4.193.189.92 - - [26/May/2026:15:21:54 +0300] "GET /p.php HTTP/1.1" 302 219 "-" "Mozilla/5.0 (Windows NT 10.0; Win64; x64) AppleWebKit/537.36 (KHTML, like Gecko) Chrome/120.0.0.0 Safari/537.36"
200.153.178.245 - - [26/May/2026:15:21:54 +0300] "GET /public/index.php HTTP/1.1" 200 17307 "https://www.yeniistiklal.com/public/index.php" "Mozilla/5.0 (Linux; Android 6.0; Nexus 5 Build/MRA58N) AppleWebKit/537.36 (KHTML, like Gecko) Chrome/40.0.1776.1943 Mobile Safari/537.36"
200.153.178.245 - - [26/May/2026:15:21:55 +0300] "GET /public/index.php/404 HTTP/1.1" 302 232 "https://www.yeniistiklal.com/public/index.php" "Mozilla/5.0 (Linux; Android 6.0; Nexus 5 Build/MRA58N) AppleWebKit/537.36 (KHTML, like Gecko) Chrome/40.0.1776.1943 Mobile Safari/537.36"
216.73.217.145 - - [26/May/2026:15:21:54 +0300] "GET /public/404 HTTP/1.1" 302 220 "https://yeniistiklal.com/public/images/haberler/2022/10/misiden-gumustepeye-TIXZ7xce.jpg" "Mozilla/5.0 AppleWebKit/537.36 (KHTML, like Gecko; compatible; ClaudeBot/1.0; +claudebot@anthropic.com)"
216.73.217.145 - - [26/May/2026:15:21:54 +0300] "GET /public HTTP/1.1" 301 795 "https://yeniistiklal.com/public/404" "Mozilla/5.0 AppleWebKit/537.36 (KHTML, like Gecko; compatible; ClaudeBot/1.0; +claudebot@anthropic.com)"
216.73.217.145 - - [26/May/2026:15:21:54 +0300] "GET /public/haber/filmbox-ekranlarinda-daniel-graig-ve-cekin-tekindor-sizlerle-522545 HTTP/1.1" 200 15726 "-" "Mozilla/5.0 AppleWebKit/537.36 (KHTML, like Gecko; compatible; ClaudeBot/1.0; +claudebot@anthropic.com)"
200.153.178.245 - - [26/May/2026:15:21:54 +0300] "GET /public/index.php/404 HTTP/1.1" 302 232 "https://www.yeniistiklal.com/public/index.php" "Mozilla/5.0 (Linux; Android 6.0; Nexus 5 Build/MRA58N) AppleWebKit/537.36 (KHTML, like Gecko) Chrome/40.0.1776.1943 Mobile Safari/537.36"
171.228.28.176 - - [26/May/2026:15:21:54 +0300] "OPTIONS /hava-durumu/ajax?sehir_isim=6 HTTP/1.1" 200 20 "https://www.yeniistiklal.com/" "Mozilla/5.0 (Linux; Android 6.0; Nexus 5 Build/MRA58N) AppleWebKit/537.36 (KHTML, like Gecko) Chrome/40.0.1776.1943 Mobile Safari/537.36"
45.61.97.119 - - [26/May/2026:15:21:54 +0300] "GET /haber/kktc-doviz-kurlarindaki-son-durum-dolar-euro-sterlin-15-ekim-2025-551928 HTTP/1.1" 200 13527 "https://yeniistiklal.com" "Mozilla/5.0 (iPhone; CPU iPhone OS 14_6 like Mac OS X) AppleWebKit/537.36 (KHTML, like Gecko) Chrome/140.0.5806.21 Safari/537.36"
104.239.106.5 - - [26/May/2026:15:21:54 +0300] "GET /haber/kuzey-kibris-turk-cumhuriyetindeki-kktc-en-yuksek-bina-552071 HTTP/1.1" 200 13764 "https://yeniistiklal.com" "Mozilla/5.0 (Macintosh; iPhone; CPU iPhone OS 14_6 like Mac OS X) AppleWebKit/605.1.15 (KHTML, like Gecko) Version/17.0.4 Safari/605.1.15"
82.24.212.178 - - [26/May/2026:15:21:54 +0300] "GET /haber/aksa-kimin-aksa-enerjinin-sahibi-kimdir-551970 HTTP/1.1" 200 13854 "https://yeniistiklal.com" "Mozilla/5.0 (Macintosh; Linux; Android 11; SM-G998U) AppleWebKit/605.1.15 (KHTML, like Gecko) Version/17.0.6 Safari/605.1.15"
216.73.217.145 - - [26/May/2026:15:21:54 +0300] "GET /public/ HTTP/1.1" 200 17203 "https://yeniistiklal.com/public" "Mozilla/5.0 AppleWebKit/537.36 (KHTML, like Gecko; compatible; ClaudeBot/1.0; +claudebot@anthropic.com)"
45.41.179.235 - - [26/May/2026:15:21:54 +0300] "GET /haber/survivor-2026-yarismacilari-tam-liste-552081 HTTP/1.1" 200 14760 "https://yeniistiklal.com" "Mozilla/5.0 (iPhone; CPU iPhone OS 14_6 like Mac OS X) AppleWebKit/537.36 (KHTML, like Gecko) Chrome/137.0.5881.39 Safari/537.36"
191.96.130.161 - - [26/May/2026:15:21:54 +0300] "GET /haber/dunyanin-en-buyuk-dagi-hangisidir-everest-mi-mauna-kea-mi-551973 HTTP/1.1" 200 14749 "https://yeniistiklal.com" "Mozilla/5.0 (iPad; CPU OS 14_6 like Mac OS X) AppleWebKit/537.36 (KHTML, like Gecko) Chrome/101.0.6120.60 Safari/537.36 OPR/86.0.3911.61"
4.193.189.92 - - [26/May/2026:15:21:55 +0300] "GET /php.php HTTP/1.1" 302 219 "-" "Mozilla/5.0 (Windows NT 10.0; Win64; x64) AppleWebKit/537.36 (KHTML, like Gecko) Chrome/120.0.0.0 Safari/537.36"
185.191.171.8 - - [26/May/2026:15:21:55 +0300] "GET /haber/besiktas-yurtbay-seramik-ikinci-haftadan-galip-ayrildi-539833 HTTP/1.1" 200 13982 "-" "Mozilla/5.0 (compatible; SemrushBot/7~bl; +http://www.semrush.com/bot.html)"
4.193.189.92 - - [26/May/2026:15:21:55 +0300] "GET /past.php HTTP/1.1" 302 219 "-" "Mozilla/5.0 (Windows NT 10.0; Win64; x64) AppleWebKit/537.36 (KHTML, like Gecko) Chrome/120.0.0.0 Safari/537.36"
45.41.179.235 - - [26/May/2026:15:21:54 +0300] "GET /yemek-tarifleri HTTP/1.1" 200 7789 "https://yeniistiklal.com" "Mozilla/5.0 (Macintosh; Intel Mac OS X 10_15_7; rv:105.0) Gecko/20100101 Firefox/105.0"
4.193.189.92 - - [26/May/2026:15:21:55 +0300] "GET /r.php HTTP/1.1" 302 219 "-" "Mozilla/5.0 (Windows NT 10.0; Win64; x64) AppleWebKit/537.36 (KHTML, like Gecko) Chrome/120.0.0.0 Safari/537.36"
4.193.189.92 - - [26/May/2026:15:21:55 +0300] "GET /root.php HTTP/1.1" 302 219 "-" "Mozilla/5.0 (Windows NT 10.0; Win64; x64) AppleWebKit/537.36 (KHTML, like Gecko) Chrome/120.0.0.0 Safari/537.36"
82.24.212.178 - - [26/May/2026:15:21:56 +0300] "GET /egitim HTTP/1.1" 200 10138 "https://yeniistiklal.com" "Mozilla/5.0 (Macintosh; Linux; Android 11; SM-G998U) AppleWebKit/605.1.15 (KHTML, like Gecko) Version/16.0.5 Safari/605.1.15"
4.193.189.92 - - [26/May/2026:15:21:56 +0300] "GET /shell.php HTTP/1.1" 302 219 "-" "Mozilla/5.0 (Windows NT 10.0; Win64; x64) AppleWebKit/537.36 (KHTML, like Gecko) Chrome/120.0.0.0 Safari/537.36"
4.193.189.92 - - [26/May/2026:15:21:57 +0300] "GET /setup-config.php HTTP/1.1" 302 219 "-" "Mozilla/5.0 (Windows NT 10.0; Win64; x64) AppleWebKit/537.36 (KHTML, like Gecko) Chrome/120.0.0.0 Safari/537.36"
185.191.171.8 - - [26/May/2026:15:21:57 +0300] "GET /haber/kilicdaroglundan-gelecek-icin-yelken-aciyoruz-yolculuguna-destek-510478 HTTP/1.1" 200 14696 "-" "Mozilla/5.0 (compatible; SemrushBot/7~bl; +http://www.semrush.com/bot.html)"
200.153.178.245 - - [26/May/2026:15:21:57 +0300] "GET /public/index.php/404 HTTP/1.1" 302 232 "https://www.yeniistiklal.com/public/index.php" "Mozilla/5.0 (Linux; Android 6.0; Nexus 5 Build/MRA58N) AppleWebKit/537.36 (KHTML, like Gecko) Chrome/40.0.1776.1943 Mobile Safari/537.36"
45.41.179.235 - - [26/May/2026:15:21:57 +0300] "GET /saglik HTTP/1.1" 200 9719 "https://yeniistiklal.com" "Mozilla/5.0 (Macintosh; Macintosh; Intel Mac OS X 10_15_7) AppleWebKit/605.1.15 (KHTML, like Gecko) Version/14.0.6 Safari/605.1.15"
200.153.178.245 - - [26/May/2026:15:21:57 +0300] "GET /public/index.php HTTP/1.1" 200 17290 "https://www.yeniistiklal.com/public/index.php" "Mozilla/5.0 (Linux; Android 6.0; Nexus 5 Build/MRA58N) AppleWebKit/537.36 (KHTML, like Gecko) Chrome/40.0.1776.1943 Mobile Safari/537.36"
45.61.97.119 - - [26/May/2026:15:21:57 +0300] "GET /magazin HTTP/1.1" 200 10453 "https://yeniistiklal.com" "Mozilla/5.0 (Macintosh; Windows NT 10.0; Win64; x64) AppleWebKit/605.1.15 (KHTML, like Gecko) Version/15.0.5 Safari/605.1.15"
185.191.171.13 - - [26/May/2026:15:21:57 +0300] "GET /haber/sinemada-izmir-ekolunun-temelleri-atiliyor-529975 HTTP/1.1" 200 14513 "-" "Mozilla/5.0 (compatible; SemrushBot/7~bl; +http://www.semrush.com/bot.html)"
4.193.189.92 - - [26/May/2026:15:21:57 +0300] "GET /up.php HTTP/1.1" 302 219 "-" "Mozilla/5.0 (Windows NT 10.0; Win64; x64) AppleWebKit/537.36 (KHTML, like Gecko) Chrome/120.0.0.0 Safari/537.36"
191.96.130.161 - - [26/May/2026:15:21:57 +0300] "GET /ekonomi HTTP/1.1" 200 9969 "https://yeniistiklal.com" "Mozilla/5.0 (Windows NT 10.0; Win64; x64) AppleWebKit/537.36 (KHTML, like Gecko) Chrome/101.0.6573.123 Safari/537.36 Edg/91.0.1716.17"
45.61.97.119 - - [26/May/2026:15:21:57 +0300] "GET / HTTP/1.1" 200 17087 "https://yeniistiklal.com" "Mozilla/5.0 (Macintosh; Intel Mac OS X 10_15_7; rv:93.0) Gecko/20100101 Firefox/93.0"
82.24.212.178 - - [26/May/2026:15:21:57 +0300] "GET /haberlermersin HTTP/1.1" 302 219 "https://yeniistiklal.com" "Mozilla/5.0 (Macintosh; Macintosh; Intel Mac OS X 11_2_3) AppleWebKit/605.1.15 (KHTML, like Gecko) Version/17.0.1 Safari/605.1.15"
4.193.189.92 - - [26/May/2026:15:21:57 +0300] "GET /vv.php HTTP/1.1" 302 219 "-" "Mozilla/5.0 (Windows NT 10.0; Win64; x64) AppleWebKit/537.36 (KHTML, like Gecko) Chrome/120.0.0.0 Safari/537.36"
200.153.178.245 - - [26/May/2026:15:21:57 +0300] "GET /public/index.php/404 HTTP/1.1" 302 232 "https://www.yeniistiklal.com/public/index.php" "Mozilla/5.0 (Linux; Android 6.0; Nexus 5 Build/MRA58N) AppleWebKit/537.36 (KHTML, like Gecko) Chrome/40.0.1776.1943 Mobile Safari/537.36"
4.193.189.92 - - [26/May/2026:15:21:58 +0300] "GET /V5.php HTTP/1.1" 302 219 "-" "Mozilla/5.0 (Windows NT 10.0; Win64; x64) AppleWebKit/537.36 (KHTML, like Gecko) Chrome/120.0.0.0 Safari/537.36"
4.193.189.92 - - [26/May/2026:15:21:58 +0300] "GET /wp-user.php HTTP/1.1" 302 219 "-" "Mozilla/5.0 (Windows NT 10.0; Win64; x64) AppleWebKit/537.36 (KHTML, like Gecko) Chrome/120.0.0.0 Safari/537.36"
4.193.189.92 - - [26/May/2026:15:21:56 +0300] "GET /sid3.php HTTP/1.1" 302 219 "-" "Mozilla/5.0 (Windows NT 10.0; Win64; x64) AppleWebKit/537.36 (KHTML, like Gecko) Chrome/120.0.0.0 Safari/537.36"
104.239.106.5 - - [26/May/2026:15:21:56 +0300] "GET /dunya HTTP/1.1" 200 10104 "https://yeniistiklal.com" "Mozilla/5.0 (Windows NT 10.0; Win64; x64) AppleWebKit/537.36 (KHTML, like Gecko) Chrome/112.0.5392.80 Safari/537.36 OPR/85.0.3394.12"
4.193.189.92 - - [26/May/2026:15:21:56 +0300] "GET /ss.php HTTP/1.1" 302 219 "-" "Mozilla/5.0 (Windows NT 10.0; Win64; x64) AppleWebKit/537.36 (KHTML, like Gecko) Chrome/120.0.0.0 Safari/537.36"
4.193.189.92 - - [26/May/2026:15:21:56 +0300] "GET /sts.php HTTP/1.1" 302 219 "-" "Mozilla/5.0 (Windows NT 10.0; Win64; x64) AppleWebKit/537.36 (KHTML, like Gecko) Chrome/120.0.0.0 Safari/537.36"
142.44.228.168 - - [26/May/2026:15:21:56 +0300] "GET /public/etiketler/hacettepe-univesitesi-haberleri HTTP/1.1" 200 5412 "-" "Mozilla/5.0 (compatible; AhrefsBot/7.0; +http://ahrefs.com/robot/)"
45.61.97.119 - - [26/May/2026:15:21:57 +0300] "GET /gundem HTTP/1.1" 200 10643 "https://yeniistiklal.com" "Mozilla/5.0 (Macintosh; iPad; CPU OS 14_6 like Mac OS X) AppleWebKit/605.1.15 (KHTML, like Gecko) Version/14.0.6 Safari/605.1.15"
4.193.189.92 - - [26/May/2026:15:21:57 +0300] "GET /t.php HTTP/1.1" 302 219 "-" "Mozilla/5.0 (Windows NT 10.0; Win64; x64) AppleWebKit/537.36 (KHTML, like Gecko) Chrome/120.0.0.0 Safari/537.36"
104.239.106.5 - - [26/May/2026:15:21:57 +0300] "GET /teknoloji HTTP/1.1" 200 10170 "https://yeniistiklal.com" "Mozilla/5.0 (iPhone; CPU iPhone OS 14_6 like Mac OS X) AppleWebKit/537.36 (KHTML, like Gecko) Chrome/119.0.5283.81 Safari/537.36 Edg/105.0.1774.99"
4.193.189.92 - - [26/May/2026:15:21:57 +0300] "GET /ultra.php HTTP/1.1" 302 219 "-" "Mozilla/5.0 (Windows NT 10.0; Win64; x64) AppleWebKit/537.36 (KHTML, like Gecko) Chrome/120.0.0.0 Safari/537.36"
4.193.189.92 - - [26/May/2026:15:21:58 +0300] "GET /wp-blog.php HTTP/1.1" 302 219 "-" "Mozilla/5.0 (Windows NT 10.0; Win64; x64) AppleWebKit/537.36 (KHTML, like Gecko) Chrome/120.0.0.0 Safari/537.36"
4.193.189.92 - - [26/May/2026:15:21:58 +0300] "GET /wp.php HTTP/1.1" 302 219 "-" "Mozilla/5.0 (Windows NT 10.0; Win64; x64) AppleWebKit/537.36 (KHTML, like Gecko) Chrome/120.0.0.0 Safari/537.36"
200.153.178.245 - - [26/May/2026:15:21:58 +0300] "GET /public/index.php/404 HTTP/1.1" 302 232 "https://www.yeniistiklal.com/public/index.php" "Mozilla/5.0 (Linux; Android 6.0; Nexus 5 Build/MRA58N) AppleWebKit/537.36 (KHTML, like Gecko) Chrome/40.0.1776.1943 Mobile Safari/537.36"
200.153.178.245 - - [26/May/2026:15:21:58 +0300] "GET /public/index.php HTTP/1.1" 200 17300 "https://www.yeniistiklal.com/public/index.php" "Mozilla/5.0 (Linux; Android 6.0; Nexus 5 Build/MRA58N) AppleWebKit/537.36 (KHTML, like Gecko) Chrome/40.0.1776.1943 Mobile Safari/537.36"
104.239.106.5 - - [26/May/2026:15:21:58 +0300] "GET /sayfa/reklam-ve-tanitim-9 HTTP/1.1" 200 5337 "https://yeniistiklal.com" "Mozilla/5.0 (Macintosh; iPad; CPU OS 14_6 like Mac OS X) AppleWebKit/605.1.15 (KHTML, like Gecko) Version/18.0.3 Safari/605.1.15"
191.96.130.161 - - [26/May/2026:15:21:59 +0300] "GET /habergazetesi HTTP/1.1" 302 219 "https://yeniistiklal.com" "Mozilla/5.0 (Windows NT 10.0; Win64; x64; rv:107.0) Gecko/20100101 Firefox/107.0"
4.193.189.92 - - [26/May/2026:15:21:59 +0300] "GET /wp-themes.php HTTP/1.1" 302 219 "-" "Mozilla/5.0 (Windows NT 10.0; Win64; x64) AppleWebKit/537.36 (KHTML, like Gecko) Chrome/120.0.0.0 Safari/537.36"
4.193.189.92 - - [26/May/2026:15:21:59 +0300] "GET /wp-signin.php HTTP/1.1" 302 219 "-" "Mozilla/5.0 (Windows NT 10.0; Win64; x64) AppleWebKit/537.36 (KHTML, like Gecko) Chrome/120.0.0.0 Safari/537.36"
4.193.189.92 - - [26/May/2026:15:21:59 +0300] "GET /wp-blog-header.php HTTP/1.1" 302 219 "-" "Mozilla/5.0 (Windows NT 10.0; Win64; x64) AppleWebKit/537.36 (KHTML, like Gecko) Chrome/120.0.0.0 Safari/537.36"
4.193.189.92 - - [26/May/2026:15:21:59 +0300] "GET /wp-links-opml HTTP/1.1" 302 219 "-" "Mozilla/5.0 (Windows NT 10.0; Win64; x64) AppleWebKit/537.36 (KHTML, like Gecko) Chrome/120.0.0.0 Safari/537.36"
191.96.130.161 - - [26/May/2026:15:21:59 +0300] "GET /sayfa/gizlilik-politikasi-2 HTTP/1.1" 200 6527 "https://yeniistiklal.com" "Mozilla/5.0 (Macintosh; Macintosh; Intel Mac OS X 11_2_3) AppleWebKit/605.1.15 (KHTML, like Gecko) Version/15.0.3 Safari/605.1.15"
191.96.130.161 - - [26/May/2026:15:21:59 +0300] "GET /yol-durumu/6 HTTP/1.1" 200 5457 "https://yeniistiklal.com" "Mozilla/5.0 (iPad; CPU OS 14_6 like Mac OS X) AppleWebKit/537.36 (KHTML, like Gecko) Chrome/131.0.5189.36 Safari/537.36 Edg/106.0.1676.91"
200.153.178.245 - - [26/May/2026:15:21:59 +0300] "GET /public/index.php/404 HTTP/1.1" 302 232 "https://www.yeniistiklal.com/public/index.php" "Mozilla/5.0 (Linux; Android 6.0; Nexus 5 Build/MRA58N) AppleWebKit/537.36 (KHTML, like Gecko) Chrome/40.0.1776.1943 Mobile Safari/537.36"
4.193.189.92 - - [26/May/2026:15:22:00 +0300] "GET /ws.php HTTP/1.1" 302 219 "-" "Mozilla/5.0 (Windows NT 10.0; Win64; x64) AppleWebKit/537.36 (KHTML, like Gecko) Chrome/120.0.0.0 Safari/537.36"
191.96.130.161 - - [26/May/2026:15:22:00 +0300] "GET /sayfa/haber-kaldirma-talebi-3 HTTP/1.1" 200 5653 "https://yeniistiklal.com" "Mozilla/5.0 (Macintosh; Intel Mac OS X 11_2_3; rv:127.0) Gecko/20100101 Firefox/127.0"
4.193.189.92 - - [26/May/2026:15:22:00 +0300] "GET /wsa.php HTTP/1.1" 302 219 "-" "Mozilla/5.0 (Windows NT 10.0; Win64; x64) AppleWebKit/537.36 (KHTML, like Gecko) Chrome/120.0.0.0 Safari/537.36"
4.193.189.92 - - [26/May/2026:15:22:00 +0300] "GET /w.php HTTP/1.1" 302 219 "-" "Mozilla/5.0 (Windows NT 10.0; Win64; x64) AppleWebKit/537.36 (KHTML, like Gecko) Chrome/120.0.0.0 Safari/537.36"
35.252.141.163 - - [26/May/2026:15:22:00 +0300] "GET / HTTP/1.1" 200 17151 "-" "Mozilla/5.0 (X11; Linux x86_64) AppleWebKit/537.36 (KHTML, like Gecko) Chrome/91.0.4472.114 Safari/537.36"
200.153.178.245 - - [26/May/2026:15:22:00 +0300] "GET /public/index.php/404 HTTP/1.1" 302 232 "https://www.yeniistiklal.com/public/index.php" "Mozilla/5.0 (Linux; Android 6.0; Nexus 5 Build/MRA58N) AppleWebKit/537.36 (KHTML, like Gecko) Chrome/40.0.1776.1943 Mobile Safari/537.36"
45.61.97.119 - - [26/May/2026:15:22:00 +0300] "GET /fotogaleri HTTP/1.1" 200 6836 "https://yeniistiklal.com" "Mozilla/5.0 (Macintosh; Linux; Android 11; SM-G998U) AppleWebKit/605.1.15 (KHTML, like Gecko) Version/16.0.3 Safari/605.1.15"
82.24.212.178 - - [26/May/2026:15:22:00 +0300] "GET /webtv HTTP/1.1" 200 8322 "https://yeniistiklal.com" "Mozilla/5.0 (iPhone; CPU iPhone OS 14_6 like Mac OS X) AppleWebKit/537.36 (KHTML, like Gecko) Chrome/113.0.6769.113 Safari/537.36"
200.153.178.245 - - [26/May/2026:15:22:00 +0300] "GET /public/index.php HTTP/1.1" 200 17306 "https://www.yeniistiklal.com/public/index.php" "Mozilla/5.0 (Linux; Android 6.0; Nexus 5 Build/MRA58N) AppleWebKit/537.36 (KHTML, like Gecko) Chrome/40.0.1776.1943 Mobile Safari/537.36"
4.193.189.92 - - [26/May/2026:15:22:01 +0300] "GET /xmlrpc.php HTTP/1.1" 302 219 "-" "Mozilla/5.0 (Windows NT 10.0; Win64; x64) AppleWebKit/537.36 (KHTML, like Gecko) Chrome/120.0.0.0 Safari/537.36"
4.193.189.92 - - [26/May/2026:15:22:01 +0300] "GET /y.php HTTP/1.1" 302 219 "-" "Mozilla/5.0 (Windows NT 10.0; Win64; x64) AppleWebKit/537.36 (KHTML, like Gecko) Chrome/120.0.0.0 Safari/537.36"
82.24.212.178 - - [26/May/2026:15:22:02 +0300] "GET /404 HTTP/1.1" 302 215 "https://yeniistiklal.com" "Mozilla/5.0 (Windows NT 10.0; Win64; x64; rv:111.0) Gecko/20100101 Firefox/111.0"
185.191.171.4 - - [26/May/2026:15:22:03 +0300] "GET /haber/murat-kayadan-bir-kahramanlik-hik-yesi-gayali-yuzyillik-emanet-542176 HTTP/1.1" 200 13949 "-" "Mozilla/5.0 (compatible; SemrushBot/7~bl; +http://www.semrush.com/bot.html)"
104.239.106.5 - - [26/May/2026:15:22:03 +0300] "GET /aktuel HTTP/1.1" 200 9650 "https://yeniistiklal.com" "Mozilla/5.0 (Linux; Android 11; SM-G998U; rv:119.0) Gecko/20100101 Firefox/119.0"
45.61.97.119 - - [26/May/2026:15:21:58 +0300] "GET /iletisim HTTP/1.1" 200 5448 "https://yeniistiklal.com" "Mozilla/5.0 (Macintosh; Intel Mac OS X 11_2_3) AppleWebKit/537.36 (KHTML, like Gecko) Chrome/122.0.5849.116 Safari/537.36"
4.193.189.92 - - [26/May/2026:15:21:58 +0300] "GET /worksec.php HTTP/1.1" 302 219 "-" "Mozilla/5.0 (Windows NT 10.0; Win64; x64) AppleWebKit/537.36 (KHTML, like Gecko) Chrome/120.0.0.0 Safari/537.36"
104.239.106.5 - - [26/May/2026:15:21:58 +0300] "GET /nobetci-eczaneler HTTP/1.1" 200 5313 "https://yeniistiklal.com" "Mozilla/5.0 (iPhone; CPU iPhone OS 14_6 like Mac OS X) AppleWebKit/537.36 (KHTML, like Gecko) Chrome/106.0.6317.79 Safari/537.36"
35.252.141.163 - - [26/May/2026:15:21:59 +0300] "GET /images/haberler/2022/03/cicis-kardeslerden-esra-ersoy-13-yasindaymis-gibi-durmuyordu.jpg HTTP/1.1" 302 224 "-" "Mozilla/5.0 (X11; Linux x86_64) AppleWebKit/537.36 (KHTML, like Gecko) Chrome/91.0.4472.114 Safari/537.36"
200.153.178.245 - - [26/May/2026:15:22:00 +0300] "GET /public/index.php HTTP/1.1" 200 17283 "https://www.yeniistiklal.com/public/index.php" "Mozilla/5.0 (Linux; Android 6.0; Nexus 5 Build/MRA58N) AppleWebKit/537.36 (KHTML, like Gecko) Chrome/40.0.1776.1943 Mobile Safari/537.36"
35.252.141.163 - - [26/May/2026:15:22:00 +0300] "GET /404 HTTP/1.1" 302 219 "-" "Mozilla/5.0 (X11; Linux x86_64) AppleWebKit/537.36 (KHTML, like Gecko) Chrome/91.0.4472.114 Safari/537.36"
45.61.97.119 - - [26/May/2026:15:22:00 +0300] "GET /tanitim HTTP/1.1" 200 10036 "https://yeniistiklal.com" "Mozilla/5.0 (Macintosh; Intel Mac OS X 10_15_7) AppleWebKit/537.36 (KHTML, like Gecko) Chrome/138.0.6782.131 Safari/537.36 Edg/112.0.1518.38"
82.24.212.178 - - [26/May/2026:15:22:00 +0300] "GET /yazarlar HTTP/1.1" 200 5223 "https://yeniistiklal.com" "Mozilla/5.0 (iPhone; CPU iPhone OS 14_6 like Mac OS X; rv:124.0) Gecko/20100101 Firefox/124.0"
4.193.189.92 - - [26/May/2026:15:22:00 +0300] "GET /x.php HTTP/1.1" 302 219 "-" "Mozilla/5.0 (Windows NT 10.0; Win64; x64) AppleWebKit/537.36 (KHTML, like Gecko) Chrome/120.0.0.0 Safari/537.36"
4.193.189.92 - - [26/May/2026:15:22:00 +0300] "GET /xx.php HTTP/1.1" 302 219 "-" "Mozilla/5.0 (Windows NT 10.0; Win64; x64) AppleWebKit/537.36 (KHTML, like Gecko) Chrome/120.0.0.0 Safari/537.36"
200.153.178.245 - - [26/May/2026:15:22:01 +0300] "GET /public/index.php/404 HTTP/1.1" 302 232 "https://www.yeniistiklal.com/public/index.php" "Mozilla/5.0 (Linux; Android 6.0; Nexus 5 Build/MRA58N) AppleWebKit/537.36 (KHTML, like Gecko) Chrome/40.0.1776.1943 Mobile Safari/537.36"
45.61.97.119 - - [26/May/2026:15:22:02 +0300] "GET /para-kazanma HTTP/1.1" 200 6715 "https://yeniistiklal.com" "Mozilla/5.0 (Macintosh; iPad; CPU OS 14_6 like Mac OS X) AppleWebKit/605.1.15 (KHTML, like Gecko) Version/15.0.1 Safari/605.1.15"
45.61.97.119 - - [26/May/2026:15:22:03 +0300] "GET /sinema HTTP/1.1" 200 9489 "https://yeniistiklal.com" "Mozilla/5.0 (Linux; Android 11; SM-G998U; rv:97.0) Gecko/20100101 Firefox/97.0"
45.41.179.235 - - [26/May/2026:15:22:04 +0300] "GET /foto-galeri-eski HTTP/1.1" 200 10462 "https://yeniistiklal.com" "Mozilla/5.0 (iPad; CPU OS 14_6 like Mac OS X; rv:92.0) Gecko/20100101 Firefox/92.0"
85.208.96.212 - - [26/May/2026:15:22:04 +0300] "GET /haber/huseyin-bas-tc-pasaportunu-da-ozellestirdiler-507582 HTTP/1.1" 200 13828 "-" "Mozilla/5.0 (compatible; SemrushBot/7~bl; +http://www.semrush.com/bot.html)"
216.73.217.145 - - [26/May/2026:15:22:07 +0300] "GET /public/haber/madeni-isler-ve-demirciler-odasinda-mesem-konusuldu-518777 HTTP/1.1" 200 14547 "-" "Mozilla/5.0 AppleWebKit/537.36 (KHTML, like Gecko; compatible; ClaudeBot/1.0; +claudebot@anthropic.com)"
216.73.217.145 - - [26/May/2026:15:22:08 +0300] "GET /public/haber/batur-kentsel-donusumu-seffaflik-icerisinde-yurutuyoruz-523292 HTTP/1.1" 200 15661 "-" "Mozilla/5.0 AppleWebKit/537.36 (KHTML, like Gecko; compatible; ClaudeBot/1.0; +claudebot@anthropic.com)"
191.96.130.161 - - [26/May/2026:15:22:03 +0300] "GET /medya HTTP/1.1" 200 9586 "https://yeniistiklal.com" "Mozilla/5.0 (Macintosh; Intel Mac OS X 11_2_3; rv:132.0) Gecko/20100101 Firefox/132.0"
82.24.212.178 - - [26/May/2026:15:22:03 +0300] "GET /sesli-kose-yazilari HTTP/1.1" 200 7314 "https://yeniistiklal.com" "Mozilla/5.0 (iPhone; CPU iPhone OS 14_6 like Mac OS X) AppleWebKit/537.36 (KHTML, like Gecko) Chrome/107.0.5939.127 Safari/537.36 Edg/101.0.1780.85"
104.239.106.5 - - [26/May/2026:15:22:04 +0300] "GET /spor HTTP/1.1" 200 10015 "https://yeniistiklal.com" "Mozilla/5.0 (Macintosh; Intel Mac OS X 10_15_7) AppleWebKit/537.36 (KHTML, like Gecko) Chrome/137.0.6266.98 Safari/537.36 OPR/83.0.3282.10"
45.61.97.119 - - [26/May/2026:15:22:04 +0300] "GET /muzik HTTP/1.1" 200 10270 "https://yeniistiklal.com" "Mozilla/5.0 (Macintosh; Intel Mac OS X 11_2_3) AppleWebKit/537.36 (KHTML, like Gecko) Chrome/102.0.6980.63 Safari/537.36"
45.61.97.119 - - [26/May/2026:15:22:05 +0300] "GET /video-galeri HTTP/1.1" 200 10127 "https://yeniistiklal.com" "Mozilla/5.0 (Macintosh; Intel Mac OS X 10_15_7) AppleWebKit/537.36 (KHTML, like Gecko) Chrome/138.0.6324.127 Safari/537.36 OPR/93.0.3174.67"
216.73.217.145 - - [26/May/2026:15:22:07 +0300] "GET /images/haberler/2022/04/nilufer-farka-kostu-iDYJNlF9.jpg HTTP/1.1" 302 219 "-" "Mozilla/5.0 AppleWebKit/537.36 (KHTML, like Gecko; compatible; ClaudeBot/1.0; +claudebot@anthropic.com)"
216.73.217.145 - - [26/May/2026:15:22:07 +0300] "GET /public/haber/bakanlik-tarafindan-mustehcen-ilan-edilen-kitap-netflixte-dizi-oluyor-478079 HTTP/1.1" 200 15029 "-" "Mozilla/5.0 AppleWebKit/537.36 (KHTML, like Gecko; compatible; ClaudeBot/1.0; +claudebot@anthropic.com)"
216.73.217.145 - - [26/May/2026:15:22:07 +0300] "GET /public/haber/vergi-kimlik-numarasi-tespitini-gerektiren-tutar-siniri-yukseltildi-521182 HTTP/1.1" 200 13531 "-" "Mozilla/5.0 AppleWebKit/537.36 (KHTML, like Gecko; compatible; ClaudeBot/1.0; +claudebot@anthropic.com)"
216.73.217.145 - - [26/May/2026:15:22:07 +0300] "GET /haber/dunyadaki-online-nufusun-yuzde-79u-oyunlarla-ilgileniyor-526849 HTTP/1.1" 200 14842 "-" "Mozilla/5.0 AppleWebKit/537.36 (KHTML, like Gecko; compatible; ClaudeBot/1.0; +claudebot@anthropic.com)"
216.73.217.145 - - [26/May/2026:15:22:08 +0300] "GET /404 HTTP/1.1" 302 215 "https://yeniistiklal.com/images/haberler/2022/04/nilufer-farka-kostu-iDYJNlF9.jpg" "Mozilla/5.0 AppleWebKit/537.36 (KHTML, like Gecko; compatible; ClaudeBot/1.0; +claudebot@anthropic.com)"
45.61.97.119 - - [26/May/2026:15:22:07 +0300] "GET /news HTTP/1.1" 200 6855 "https://yeniistiklal.com" "Mozilla/5.0 (Linux; Android 11; SM-G998U) AppleWebKit/537.36 (KHTML, like Gecko) Chrome/123.0.5567.32 Safari/537.36 OPR/89.0.3653.75"
216.73.217.145 - - [26/May/2026:15:22:08 +0300] "GET /images/haberler/2022/01/davutoglundan-erdogani-kizdiracak-video-hBi7bMBA.jpg HTTP/1.1" 302 224 "-" "Mozilla/5.0 AppleWebKit/537.36 (KHTML, like Gecko; compatible; ClaudeBot/1.0; +claudebot@anthropic.com)"
216.73.217.145 - - [26/May/2026:15:22:09 +0300] "GET /404 HTTP/1.1" 302 219 "https://www.yeniistiklal.com/images/haberler/2022/09/gaziantepte-100-cografi-isaretli-urunden-60ina-toplu-tescil-RmDKfR3q.jpg" "Mozilla/5.0 AppleWebKit/537.36 (KHTML, like Gecko; compatible; ClaudeBot/1.0; +claudebot@anthropic.com)"
200.153.178.245 - - [26/May/2026:15:22:10 +0300] "GET /public/index.php/images/haberler/2025/08/kamu-iscileri-icin-zam-teklifinde-yeni-gelisme-1754022164.jpeg HTTP/1.1" 302 238 "https://www.yeniistiklal.com/public/index.php" "Mozilla/5.0 (Linux; Android 6.0; Nexus 5 Build/MRA58N) AppleWebKit/537.36 (KHTML, like Gecko) Chrome/40.0.1776.1943 Mobile Safari/537.36"
200.153.178.245 - - [26/May/2026:15:22:10 +0300] "GET /public/index.php/images/haberler/2025/05/lefkosalefkegazimagusa-kibrista-kac-sehir-var-y-1746698952.jpeg HTTP/1.1" 302 238 "https://www.yeniistiklal.com/public/index.php" "Mozilla/5.0 (Linux; Android 6.0; Nexus 5 Build/MRA58N) AppleWebKit/537.36 (KHTML, like Gecko) Chrome/40.0.1776.1943 Mobile Safari/537.36"
216.73.217.145 - - [26/May/2026:15:22:08 +0300] "GET /haber/gokyuzunden-deniz-seviyesine-pedal-cevirdiler-508860 HTTP/1.1" 200 15158 "-" "Mozilla/5.0 AppleWebKit/537.36 (KHTML, like Gecko; compatible; ClaudeBot/1.0; +claudebot@anthropic.com)"
216.73.217.145 - - [26/May/2026:15:22:08 +0300] "GET /images/haberler/2022/05/podbee-mediadan-bir-belgesel-podcast-yapim-sen-ben-o-e4GHFV12.jpg HTTP/1.1" 302 224 "-" "Mozilla/5.0 AppleWebKit/537.36 (KHTML, like Gecko; compatible; ClaudeBot/1.0; +claudebot@anthropic.com)"
216.73.217.145 - - [26/May/2026:15:22:08 +0300] "GET /public/index.php/haber/iyi-ki-dogdun-nazim-hikmet-ekrem-imamoglu-nazim-a-olan-hayranligini-anlatiyor-474981 HTTP/1.1" 200 13561 "-" "Mozilla/5.0 AppleWebKit/537.36 (KHTML, like Gecko; compatible; ClaudeBot/1.0; +claudebot@anthropic.com)"
216.73.217.145 - - [26/May/2026:15:22:08 +0300] "GET /images/haberler/2022/09/gaziantepte-100-cografi-isaretli-urunden-60ina-toplu-tescil-RmDKfR3q.jpg HTTP/1.1" 302 224 "-" "Mozilla/5.0 AppleWebKit/537.36 (KHTML, like Gecko; compatible; ClaudeBot/1.0; +claudebot@anthropic.com)"
216.73.217.145 - - [26/May/2026:15:22:09 +0300] "GET /404 HTTP/1.1" 302 219 "https://www.yeniistiklal.com/images/haberler/2022/05/podbee-mediadan-bir-belgesel-podcast-yapim-sen-ben-o-e4GHFV12.jpg" "Mozilla/5.0 AppleWebKit/537.36 (KHTML, like Gecko; compatible; ClaudeBot/1.0; +claudebot@anthropic.com)"
216.73.217.145 - - [26/May/2026:15:22:09 +0300] "GET /404 HTTP/1.1" 302 219 "https://www.yeniistiklal.com/images/haberler/2022/01/davutoglundan-erdogani-kizdiracak-video-hBi7bMBA.jpg" "Mozilla/5.0 AppleWebKit/537.36 (KHTML, like Gecko; compatible; ClaudeBot/1.0; +claudebot@anthropic.com)"
200.153.178.245 - - [26/May/2026:15:22:10 +0300] "GET /public/index.php/images/haberler/2025/08/gunes-yanigina-veda-edin-aciyi-dindiren-ev-yapimi-cozumler-y-1754642979.jpeg HTTP/1.1" 302 238 "https://www.yeniistiklal.com/public/index.php" "Mozilla/5.0 (Linux; Android 6.0; Nexus 5 Build/MRA58N) AppleWebKit/537.36 (KHTML, like Gecko) Chrome/40.0.1776.1943 Mobile Safari/537.36"
200.153.178.245 - - [26/May/2026:15:22:10 +0300] "GET /public/index.php/images/haberler/2025/08/piyasalar-sallaniyor-gram-altin-tarihi-zirvelere-kosuyor-y-1754648723.jpeg HTTP/1.1" 302 238 "https://www.yeniistiklal.com/public/index.php" "Mozilla/5.0 (Linux; Android 6.0; Nexus 5 Build/MRA58N) AppleWebKit/537.36 (KHTML, like Gecko) Chrome/40.0.1776.1943 Mobile Safari/537.36"
200.153.178.245 - - [26/May/2026:15:22:10 +0300] "GET /public/index.php/404 HTTP/1.1" 302 232 "https://www.yeniistiklal.com/public/index.php" "Mozilla/5.0 (Linux; Android 6.0; Nexus 5 Build/MRA58N) AppleWebKit/537.36 (KHTML, like Gecko) Chrome/40.0.1776.1943 Mobile Safari/537.36"
200.153.178.245 - - [26/May/2026:15:22:10 +0300] "GET /public/index.php/images/haberler/2025/05/super-ligde-35-hafta-hakemleri-belli-oldu-nefesler-tutuldu-y-1746707520.jpeg HTTP/1.1" 302 238 "https://www.yeniistiklal.com/public/index.php" "Mozilla/5.0 (Linux; Android 6.0; Nexus 5 Build/MRA58N) AppleWebKit/537.36 (KHTML, like Gecko) Chrome/40.0.1776.1943 Mobile Safari/537.36"
200.153.178.245 - - [26/May/2026:15:22:10 +0300] "GET /public/index.php/images/haberler/2025/08/surucu-belgesi-yenileme-suresi-son-kez-uzatildi-y-1754022315.jpeg HTTP/1.1" 302 238 "https://www.yeniistiklal.com/public/index.php" "Mozilla/5.0 (Linux; Android 6.0; Nexus 5 Build/MRA58N) AppleWebKit/537.36 (KHTML, like Gecko) Chrome/40.0.1776.1943 Mobile Safari/537.36"
200.153.178.245 - - [26/May/2026:15:22:10 +0300] "GET /public/index.php/images/tn/2025/05/hametan-merhem-2025-fiyatlari-1746092676.jpeg HTTP/1.1" 302 238 "https://www.yeniistiklal.com/public/index.php" "Mozilla/5.0 (Linux; Android 6.0; Nexus 5 Build/MRA58N) AppleWebKit/537.36 (KHTML, like Gecko) Chrome/40.0.1776.1943 Mobile Safari/537.36"
200.153.178.245 - - [26/May/2026:15:22:10 +0300] "GET /public/index.php/images/haberler/2025/08/yavas-ve-bilincli-adimlarin-dansi-japon-yuruyusu-y-1754032734.jpeg HTTP/1.1" 302 238 "https://www.yeniistiklal.com/public/index.php" "Mozilla/5.0 (Linux; Android 6.0; Nexus 5 Build/MRA58N) AppleWebKit/537.36 (KHTML, like Gecko) Chrome/40.0.1776.1943 Mobile Safari/537.36"
200.153.178.245 - - [26/May/2026:15:22:10 +0300] "GET /public/index.php/images/firmalar HTTP/1.1" 302 238 "https://www.yeniistiklal.com/public/index.php" "Mozilla/5.0 (Linux; Android 6.0; Nexus 5 Build/MRA58N) AppleWebKit/537.36 (KHTML, like Gecko) Chrome/40.0.1776.1943 Mobile Safari/537.36"
200.153.178.245 - - [26/May/2026:15:22:10 +0300] "GET /public/index.php/images/haberler/2025/08/yeni-tarifeler-petrol-piyasasini-nasil-etkiliyor-y-1754022979.jpeg HTTP/1.1" 302 238 "https://www.yeniistiklal.com/public/index.php" "Mozilla/5.0 (Linux; Android 6.0; Nexus 5 Build/MRA58N) AppleWebKit/537.36 (KHTML, like Gecko) Chrome/40.0.1776.1943 Mobile Safari/537.36"
200.153.178.245 - - [26/May/2026:15:22:10 +0300] "GET /public/index.php/images/haberler/2025/05/kibrista-dolar-euro-fiyalari-yok-artik-dedirtti-y-1746622070.jpeg HTTP/1.1" 302 238 "https://www.yeniistiklal.com/public/index.php" "Mozilla/5.0 (Linux; Android 6.0; Nexus 5 Build/MRA58N) AppleWebKit/537.36 (KHTML, like Gecko) Chrome/40.0.1776.1943 Mobile Safari/537.36"
200.153.178.245 - - [26/May/2026:15:22:10 +0300] "GET /public/index.php/images/haberler/2025/12/400-bin-tlnin-aylik-getirisi-nedir-1765788558.jpeg HTTP/1.1" 302 238 "https://www.yeniistiklal.com/public/index.php" "Mozilla/5.0 (Linux; Android 6.0; Nexus 5 Build/MRA58N) AppleWebKit/537.36 (KHTML, like Gecko) Chrome/40.0.1776.1943 Mobile Safari/537.36"
200.153.178.245 - - [26/May/2026:15:22:10 +0300] "GET /public/index.php/images/tn/2025/08/saclar-neden-beyazlar-yaslanmanin-gorunur-izi-ve-genetik-sirlari-1754209237.jpeg HTTP/1.1" 302 238 "https://www.yeniistiklal.com/public/index.php" "Mozilla/5.0 (Linux; Android 6.0; Nexus 5 Build/MRA58N) AppleWebKit/537.36 (KHTML, like Gecko) Chrome/40.0.1776.1943 Mobile Safari/537.36"
200.153.178.245 - - [26/May/2026:15:22:10 +0300] "GET /public/index.php/images/haberler/2025/07/genc-yetenek-naim-saruhan-donmez-1461-trabzon-fk-formasi-giyecek-1752003597.jpeg HTTP/1.1" 302 238 "https://www.yeniistiklal.com/public/index.php" "Mozilla/5.0 (Linux; Android 6.0; Nexus 5 Build/MRA58N) AppleWebKit/537.36 (KHTML, like Gecko) Chrome/40.0.1776.1943 Mobile Safari/537.36"
200.153.178.245 - - [26/May/2026:15:22:10 +0300] "GET /public/index.php/images/haberler/2025/05/super-ligde-35-hafta-hakemleri-belli-oldu-nefesler-tutuldu-1746707520.jpeg HTTP/1.1" 302 238 "https://www.yeniistiklal.com/public/index.php" "Mozilla/5.0 (Linux; Android 6.0; Nexus 5 Build/MRA58N) AppleWebKit/537.36 (KHTML, like Gecko) Chrome/40.0.1776.1943 Mobile Safari/537.36"
200.153.178.245 - - [26/May/2026:15:22:10 +0300] "GET /public/index.php/images/tn/2025/08/yavas-ve-bilincli-adimlarin-dansi-japon-yuruyusu-1754032734.jpeg HTTP/1.1" 302 238 "https://www.yeniistiklal.com/public/index.php" "Mozilla/5.0 (Linux; Android 6.0; Nexus 5 Build/MRA58N) AppleWebKit/537.36 (KHTML, like Gecko) Chrome/40.0.1776.1943 Mobile Safari/537.36"
200.153.178.245 - - [26/May/2026:15:22:10 +0300] "GET /public/index.php/images/tn/2026/05/bakimli-ellerde-estetik-gorunum-arayisi-1779596618.png HTTP/1.1" 302 238 "https://www.yeniistiklal.com/public/index.php" "Mozilla/5.0 (Linux; Android 6.0; Nexus 5 Build/MRA58N) AppleWebKit/537.36 (KHTML, like Gecko) Chrome/40.0.1776.1943 Mobile Safari/537.36"
200.153.178.245 - - [26/May/2026:15:22:10 +0300] "GET /public/index.php/images/tn/2026/05/bir-satisin-gercek-degerini-ancak-tahsilat-tamamlandiginda-anlarsiniz-1779764925.jpeg HTTP/1.1" 302 238 "https://www.yeniistiklal.com/public/index.php" "Mozilla/5.0 (Linux; Android 6.0; Nexus 5 Build/MRA58N) AppleWebKit/537.36 (KHTML, like Gecko) Chrome/40.0.1776.1943 Mobile Safari/537.36"
200.153.178.245 - - [26/May/2026:15:22:10 +0300] "GET /public/index.php/images/haberler/2025/05/son-dakika-kktc-serbest-piyasa-doviz-kurlari-26-mayis-2025-y-1748258647.jpeg HTTP/1.1" 302 238 "https://www.yeniistiklal.com/public/index.php" "Mozilla/5.0 (Linux; Android 6.0; Nexus 5 Build/MRA58N) AppleWebKit/537.36 (KHTML, like Gecko) Chrome/40.0.1776.1943 Mobile Safari/537.36"
200.153.178.245 - - [26/May/2026:15:22:10 +0300] "GET /public/index.php/images/haberler/2025/05/fenerbahce-beko-euroleaguede-sampiyon-oldu-y-1748258787.jpeg HTTP/1.1" 302 238 "https://www.yeniistiklal.com/public/index.php" "Mozilla/5.0 (Linux; Android 6.0; Nexus 5 Build/MRA58N) AppleWebKit/537.36 (KHTML, like Gecko) Chrome/40.0.1776.1943 Mobile Safari/537.36"
200.153.178.245 - - [26/May/2026:15:22:10 +0300] "GET /public/index.php/images/haberler/2025/05/ercan-havalimani-girne-arasi-ulasim-kac-tl-y-1746706412.jpeg HTTP/1.1" 302 238 "https://www.yeniistiklal.com/public/index.php" "Mozilla/5.0 (Linux; Android 6.0; Nexus 5 Build/MRA58N) AppleWebKit/537.36 (KHTML, like Gecko) Chrome/40.0.1776.1943 Mobile Safari/537.36"
200.153.178.245 - - [26/May/2026:15:22:10 +0300] "GET /public/index.php/images/tn/2025/05/maca-cayi-nedir-1746249155.jpeg HTTP/1.1" 302 238 "https://www.yeniistiklal.com/public/index.php" "Mozilla/5.0 (Linux; Android 6.0; Nexus 5 Build/MRA58N) AppleWebKit/537.36 (KHTML, like Gecko) Chrome/40.0.1776.1943 Mobile Safari/537.36"
200.153.178.245 - - [26/May/2026:15:22:10 +0300] "GET /public/index.php/images/tn/2025/11/hurda-fiyatlari-2025-hurda-bakir-aluminyum-kablo-fiyatlari-1762255122.png HTTP/1.1" 302 238 "https://www.yeniistiklal.com/public/index.php" "Mozilla/5.0 (Linux; Android 6.0; Nexus 5 Build/MRA58N) AppleWebKit/537.36 (KHTML, like Gecko) Chrome/40.0.1776.1943 Mobile Safari/537.36"
200.153.178.245 - - [26/May/2026:15:22:10 +0300] "GET /public/index.php/images/tn/2026/05/veri-guvenligi-acisindan-avusturya-kurumsal-hosting-hizmetlerinin-onemi-1779764396.jpeg HTTP/1.1" 302 238 "https://www.yeniistiklal.com/public/index.php" "Mozilla/5.0 (Linux; Android 6.0; Nexus 5 Build/MRA58N) AppleWebKit/537.36 (KHTML, like Gecko) Chrome/40.0.1776.1943 Mobile Safari/537.36"
200.153.178.245 - - [26/May/2026:15:22:10 +0300] "GET /public/index.php HTTP/1.1" 200 17297 "https://www.yeniistiklal.com/public/index.php" "Mozilla/5.0 (Linux; Android 6.0; Nexus 5 Build/MRA58N) AppleWebKit/537.36 (KHTML, like Gecko) Chrome/40.0.1776.1943 Mobile Safari/537.36"
200.153.178.245 - - [26/May/2026:15:22:10 +0300] "GET /public/index.php/images/tn/2026/05/basarili-reklam-pr-danismani-gokalp-tekmanli-mutlu-yillar-dileriz-1779594959.jpeg HTTP/1.1" 302 238 "https://www.yeniistiklal.com/public/index.php" "Mozilla/5.0 (Linux; Android 6.0; Nexus 5 Build/MRA58N) AppleWebKit/537.36 (KHTML, like Gecko) Chrome/40.0.1776.1943 Mobile Safari/537.36"
200.153.178.245 - - [26/May/2026:15:22:10 +0300] "GET /public/index.php/images/biyografiler/2019/03/kemal-sunal-1551807433.gif HTTP/1.1" 302 238 "https://www.yeniistiklal.com/public/index.php" "Mozilla/5.0 (Linux; Android 6.0; Nexus 5 Build/MRA58N) AppleWebKit/537.36 (KHTML, like Gecko) Chrome/40.0.1776.1943 Mobile Safari/537.36"
200.153.178.245 - - [26/May/2026:15:22:10 +0300] "GET /public/index.php/images/firmalar/deha-patent-anonim-sirketi-1729864745.jpg HTTP/1.1" 302 238 "https://www.yeniistiklal.com/public/index.php" "Mozilla/5.0 (Linux; Android 6.0; Nexus 5 Build/MRA58N) AppleWebKit/537.36 (KHTML, like Gecko) Chrome/40.0.1776.1943 Mobile Safari/537.36"
200.153.178.245 - - [26/May/2026:15:22:10 +0300] "GET /public/index.php/images/firmalar/besiktas-su-tesisatcisi-hizmetleri-1717325782.jpg HTTP/1.1" 302 238 "https://www.yeniistiklal.com/public/index.php" "Mozilla/5.0 (Linux; Android 6.0; Nexus 5 Build/MRA58N) AppleWebKit/537.36 (KHTML, like Gecko) Chrome/40.0.1776.1943 Mobile Safari/537.36"
200.153.178.245 - - [26/May/2026:15:22:10 +0300] "GET /public/index.php/images/tn/2026/05/eytde-kritik-guncelleme-yas-sarti-ve-prim-gunleri-yeniden-gundemde-1779540765.jpeg HTTP/1.1" 302 238 "https://www.yeniistiklal.com/public/index.php" "Mozilla/5.0 (Linux; Android 6.0; Nexus 5 Build/MRA58N) AppleWebKit/537.36 (KHTML, like Gecko) Chrome/40.0.1776.1943 Mobile Safari/537.36"
200.153.178.245 - - [26/May/2026:15:22:10 +0300] "GET /public/index.php/images/biyografiler/2018/12/mustafa-kemal-ataturk-1544884661.jpg HTTP/1.1" 302 238 "https://www.yeniistiklal.com/public/index.php" "Mozilla/5.0 (Linux; Android 6.0; Nexus 5 Build/MRA58N) AppleWebKit/537.36 (KHTML, like Gecko) Chrome/40.0.1776.1943 Mobile Safari/537.36"
200.153.178.245 - - [26/May/2026:15:22:10 +0300] "GET /public/index.php/images/haberler/2023/07/filenin-sultanlari-milletler-liginde-sampiyon-oldu-1689595616.png HTTP/1.1" 302 238 "https://www.yeniistiklal.com/public/index.php" "Mozilla/5.0 (Linux; Android 6.0; Nexus 5 Build/MRA58N) AppleWebKit/537.36 (KHTML, like Gecko) Chrome/40.0.1776.1943 Mobile Safari/537.36"
200.153.178.245 - - [26/May/2026:15:22:10 +0300] "GET /public/index.php/images/haberler/2024/01/iddaa-analizi-nasil-yapilir-1706624003.png HTTP/1.1" 302 238 "https://www.yeniistiklal.com/public/index.php" "Mozilla/5.0 (Linux; Android 6.0; Nexus 5 Build/MRA58N) AppleWebKit/537.36 (KHTML, like Gecko) Chrome/40.0.1776.1943 Mobile Safari/537.36"
200.153.178.245 - - [26/May/2026:15:22:10 +0300] "GET /public/index.php/images/tn/2025/08/altin-fiyatlarinda-son-durum-gram-ve-ceyrek-altin-ne-kadar-oldu-1754903378.jpeg HTTP/1.1" 302 238 "https://www.yeniistiklal.com/public/index.php" "Mozilla/5.0 (Linux; Android 6.0; Nexus 5 Build/MRA58N) AppleWebKit/537.36 (KHTML, like Gecko) Chrome/40.0.1776.1943 Mobile Safari/537.36"
200.153.178.245 - - [26/May/2026:15:22:10 +0300] "GET /public/index.php/images/haberler/2025/04/fenerbahce-galatasaray-derbisi-ne-zaman-saat-kacta-hangi-kanalda-1743588323.jpeg HTTP/1.1" 302 238 "https://www.yeniistiklal.com/public/index.php" "Mozilla/5.0 (Linux; Android 6.0; Nexus 5 Build/MRA58N) AppleWebKit/537.36 (KHTML, like Gecko) Chrome/40.0.1776.1943 Mobile Safari/537.36"
200.153.178.245 - - [26/May/2026:15:22:10 +0300] "GET /public/index.php/images/tn/2026/05/turkiye-diyanet-vakfi-yayinlari-hadis-tarihi-kulliyatini-genisletiyor-1779778508.jpeg HTTP/1.1" 302 238 "https://www.yeniistiklal.com/public/index.php" "Mozilla/5.0 (Linux; Android 6.0; Nexus 5 Build/MRA58N) AppleWebKit/537.36 (KHTML, like Gecko) Chrome/40.0.1776.1943 Mobile Safari/537.36"
200.153.178.245 - - [26/May/2026:15:22:10 +0300] "GET /public/index.php/images/haberler/2025/08/24-saat-boyunca-ac-kalirsak-ne-olur-1755454218.jpeg HTTP/1.1" 302 238 "https://www.yeniistiklal.com/public/index.php" "Mozilla/5.0 (Linux; Android 6.0; Nexus 5 Build/MRA58N) AppleWebKit/537.36 (KHTML, like Gecko) Chrome/40.0.1776.1943 Mobile Safari/537.36"
200.153.178.245 - - [26/May/2026:15:22:10 +0300] "GET /public/index.php/images/haberler/2026/05/huawei-watch-fit-5-pro-teknoloji-ve-stil-bulusmasi-1779377071.jpeg HTTP/1.1" 302 238 "https://www.yeniistiklal.com/public/index.php" "Mozilla/5.0 (Linux; Android 6.0; Nexus 5 Build/MRA58N) AppleWebKit/537.36 (KHTML, like Gecko) Chrome/40.0.1776.1943 Mobile Safari/537.36"
216.73.217.145 - - [26/May/2026:15:22:19 +0300] "GET /public/haber/bursa-il-ticaretten-mudanya-zabitasina-fahis-fiyat-egitimi-516994 HTTP/1.1" 200 13845 "-" "Mozilla/5.0 AppleWebKit/537.36 (KHTML, like Gecko; compatible; ClaudeBot/1.0; +claudebot@anthropic.com)"
216.73.217.145 - - [26/May/2026:15:22:19 +0300] "GET /public/images/haberler/2022/06/bu-yil-babalar-gununde-maneviyat-on-planda-yFraZg2j.jpg HTTP/1.1" 302 225 "-" "Mozilla/5.0 AppleWebKit/537.36 (KHTML, like Gecko; compatible; ClaudeBot/1.0; +claudebot@anthropic.com)"
200.153.178.245 - - [26/May/2026:15:22:10 +0300] "GET /public/index.php/images/tn/2025/08/serbest-piyasada-dolar-ve-euroda-son-durum-1754903576.jpeg HTTP/1.1" 302 238 "https://www.yeniistiklal.com/public/index.php" "Mozilla/5.0 (Linux; Android 6.0; Nexus 5 Build/MRA58N) AppleWebKit/537.36 (KHTML, like Gecko) Chrome/40.0.1776.1943 Mobile Safari/537.36"
200.153.178.245 - - [26/May/2026:15:22:10 +0300] "GET /public/index.php/images/haberler/2025/05/fenerbahce-beko-euroleaguede-sampiyon-oldu-1748258787.jpeg HTTP/1.1" 302 238 "https://www.yeniistiklal.com/public/index.php" "Mozilla/5.0 (Linux; Android 6.0; Nexus 5 Build/MRA58N) AppleWebKit/537.36 (KHTML, like Gecko) Chrome/40.0.1776.1943 Mobile Safari/537.36"
200.153.178.245 - - [26/May/2026:15:22:10 +0300] "GET /public/index.php/images/haberler/2022/11/2022-dunya-kupasi-belcika-0-2-fas-1669566817.png HTTP/1.1" 302 238 "https://www.yeniistiklal.com/public/index.php" "Mozilla/5.0 (Linux; Android 6.0; Nexus 5 Build/MRA58N) AppleWebKit/537.36 (KHTML, like Gecko) Chrome/40.0.1776.1943 Mobile Safari/537.36"
200.153.178.245 - - [26/May/2026:15:22:10 +0300] "GET /public/index.php/images/haberler/2026/05/turkiye-diyanet-vakfi-yayinlari-hadis-tarihi-kulliyatini-genisletiyor-1779778508.jpeg HTTP/1.1" 302 238 "https://www.yeniistiklal.com/public/index.php" "Mozilla/5.0 (Linux; Android 6.0; Nexus 5 Build/MRA58N) AppleWebKit/537.36 (KHTML, like Gecko) Chrome/40.0.1776.1943 Mobile Safari/537.36"
200.153.178.245 - - [26/May/2026:15:22:10 +0300] "GET /public/index.php/images/genel/15573935975cd3f0bd01cee.jpg HTTP/1.1" 302 238 "https://www.yeniistiklal.com/public/index.php" "Mozilla/5.0 (Linux; Android 6.0; Nexus 5 Build/MRA58N) AppleWebKit/537.36 (KHTML, like Gecko) Chrome/40.0.1776.1943 Mobile Safari/537.36"
51.89.129.123 - - [26/May/2026:15:22:14 +0300] "GET /public/haber/guzellik-ve-bakimda-toptan-alisverisin-onemi-551872 HTTP/1.1" 200 14623 "-" "Mozilla/5.0 (compatible; AhrefsBot/7.0; +http://ahrefs.com/robot/)"
