216.73.217.145 - - [26/May/2026:15:40:29 +0300] "GET /public/ HTTP/1.1" 200 17188 "https://yeniistiklal.com/public" "Mozilla/5.0 AppleWebKit/537.36 (KHTML, like Gecko; compatible; ClaudeBot/1.0; +claudebot@anthropic.com)"
216.73.217.145 - - [26/May/2026:15:40:30 +0300] "GET /public/404 HTTP/1.1" 302 220 "https://yeniistiklal.com/public/images/haberler/2022/05/disneyin-ilk-turk-orijinal-dizisi-kacisin-yeni-teaser-filmi-ve-teaser-posteri-yayinlandi-AZjn8Nj4.jpg" "Mozilla/5.0 AppleWebKit/537.36 (KHTML, like Gecko; compatible; ClaudeBot/1.0; +claudebot@anthropic.com)"
216.73.217.145 - - [26/May/2026:15:40:30 +0300] "GET /public HTTP/1.1" 301 795 "https://yeniistiklal.com/public/404" "Mozilla/5.0 AppleWebKit/537.36 (KHTML, like Gecko; compatible; ClaudeBot/1.0; +claudebot@anthropic.com)"
2a03:2880:f806:39:: - - [26/May/2026:15:40:30 +0300] "GET /public/index.php/images/haberler/2022/07/mustafakemalpasa-15-temmuza-hazir-GXJjzEfp.jpg HTTP/1.1" 302 238 "-" "meta-externalagent/1.1 (+https://developers.facebook.com/docs/sharing/webmasters/crawler)"
216.73.217.145 - - [26/May/2026:15:40:30 +0300] "GET /public/404 HTTP/1.1" 302 220 "https://yeniistiklal.com/public/images/haberler/2022/01/cocugu-oya-alet-etti-erdoganin-trabzonda-mikrofon-uzattigi-cocuk-kemal-kilicdarogluna-hain-dedi-sCmXYst1.jpg" "Mozilla/5.0 AppleWebKit/537.36 (KHTML, like Gecko; compatible; ClaudeBot/1.0; +claudebot@anthropic.com)"
216.73.217.145 - - [26/May/2026:15:40:30 +0300] "GET /public/images/haberler/2022/10/yarin-11-ekim-dunya-kiz-cocuklari-gunu-koruncuk-vakfindan-hayalimokul-kampanyasi-r1LLAkkV.jpg HTTP/1.1" 302 225 "-" "Mozilla/5.0 AppleWebKit/537.36 (KHTML, like Gecko; compatible; ClaudeBot/1.0; +claudebot@anthropic.com)"
216.73.217.145 - - [26/May/2026:15:40:30 +0300] "GET /public/ HTTP/1.1" 200 17182 "https://yeniistiklal.com/public" "Mozilla/5.0 AppleWebKit/537.36 (KHTML, like Gecko; compatible; ClaudeBot/1.0; +claudebot@anthropic.com)"
216.73.217.145 - - [26/May/2026:15:40:30 +0300] "GET /public/images/haberler/2023/02/hentbol-milli-takimi-kaptani-cemal-kutahya-ve-ailesi-icin-umutlu-bekleyis-suruyor-1676289526.png HTTP/1.1" 302 225 "-" "Mozilla/5.0 AppleWebKit/537.36 (KHTML, like Gecko; compatible; ClaudeBot/1.0; +claudebot@anthropic.com)"
216.73.217.145 - - [26/May/2026:15:40:30 +0300] "GET /public/ HTTP/1.1" 200 17194 "https://yeniistiklal.com/public" "Mozilla/5.0 AppleWebKit/537.36 (KHTML, like Gecko; compatible; ClaudeBot/1.0; +claudebot@anthropic.com)"
216.73.217.145 - - [26/May/2026:15:40:30 +0300] "GET /public/404 HTTP/1.1" 302 220 "https://yeniistiklal.com/public/images/haberler/2022/10/yarin-11-ekim-dunya-kiz-cocuklari-gunu-koruncuk-vakfindan-hayalimokul-kampanyasi-r1LLAkkV.jpg" "Mozilla/5.0 AppleWebKit/537.36 (KHTML, like Gecko; compatible; ClaudeBot/1.0; +claudebot@anthropic.com)"
216.73.217.145 - - [26/May/2026:15:40:30 +0300] "GET /public HTTP/1.1" 301 795 "https://yeniistiklal.com/public/404" "Mozilla/5.0 AppleWebKit/537.36 (KHTML, like Gecko; compatible; ClaudeBot/1.0; +claudebot@anthropic.com)"
216.73.217.145 - - [26/May/2026:15:40:30 +0300] "GET /public HTTP/1.1" 301 795 "https://yeniistiklal.com/public/404" "Mozilla/5.0 AppleWebKit/537.36 (KHTML, like Gecko; compatible; ClaudeBot/1.0; +claudebot@anthropic.com)"
216.73.217.145 - - [26/May/2026:15:40:30 +0300] "GET /public/404 HTTP/1.1" 302 220 "https://yeniistiklal.com/public/images/haberler/2023/02/hentbol-milli-takimi-kaptani-cemal-kutahya-ve-ailesi-icin-umutlu-bekleyis-suruyor-1676289526.png" "Mozilla/5.0 AppleWebKit/537.36 (KHTML, like Gecko; compatible; ClaudeBot/1.0; +claudebot@anthropic.com)"
216.73.217.145 - - [26/May/2026:15:40:30 +0300] "GET /public/ HTTP/1.1" 200 17196 "https://yeniistiklal.com/public" "Mozilla/5.0 AppleWebKit/537.36 (KHTML, like Gecko; compatible; ClaudeBot/1.0; +claudebot@anthropic.com)"
216.73.217.145 - - [26/May/2026:15:40:30 +0300] "GET /public HTTP/1.1" 301 795 "https://yeniistiklal.com/public/404" "Mozilla/5.0 AppleWebKit/537.36 (KHTML, like Gecko; compatible; ClaudeBot/1.0; +claudebot@anthropic.com)"
216.73.217.145 - - [26/May/2026:15:40:30 +0300] "GET /public/images/haberler/2022/10/yapimi-tamamlanan-parklara-mhp-genel-baskani-bahceli-ve-merhum-muhsin-yazicioglunun-isimleri-verildi-ajvmQWCw.jpg HTTP/1.1" 302 225 "-" "Mozilla/5.0 AppleWebKit/537.36 (KHTML, like Gecko; compatible; ClaudeBot/1.0; +claudebot@anthropic.com)"
216.73.217.145 - - [26/May/2026:15:40:30 +0300] "GET /public/404 HTTP/1.1" 302 220 "https://yeniistiklal.com/public/images/haberler/2022/10/faturalar-firmalarin-yeni-isletme-sermayesi-yaratmasinda-en-onemli-araclardan-biri-haline-geliyor-YdHXykkc.jpg" "Mozilla/5.0 AppleWebKit/537.36 (KHTML, like Gecko; compatible; ClaudeBot/1.0; +claudebot@anthropic.com)"
216.73.217.145 - - [26/May/2026:15:40:30 +0300] "GET /public/images/haberler/2022/10/cesmeyi-ziyaret-eden-bartholomeostan-baskan-orana-buyuk-ovgu-zcVeLiKe.jpg HTTP/1.1" 302 225 "-" "Mozilla/5.0 AppleWebKit/537.36 (KHTML, like Gecko; compatible; ClaudeBot/1.0; +claudebot@anthropic.com)"
216.73.217.145 - - [26/May/2026:15:40:30 +0300] "GET /public/ HTTP/1.1" 200 17194 "https://yeniistiklal.com/public" "Mozilla/5.0 AppleWebKit/537.36 (KHTML, like Gecko; compatible; ClaudeBot/1.0; +claudebot@anthropic.com)"
216.73.217.145 - - [26/May/2026:15:40:30 +0300] "GET /public/404 HTTP/1.1" 302 220 "https://yeniistiklal.com/public/images/haberler/2022/10/iki-yil-aradan-sonra-kapilarini-tekrar-ziyaretcilere-acacak-olan-karadeniz-kitap-fuarinda-okuyuculari-zengin-bir-icerik-bekliyor-5g6RJxfV.jpg" "Mozilla/5.0 AppleWebKit/537.36 (KHTML, like Gecko; compatible; ClaudeBot/1.0; +claudebot@anthropic.com)"
216.73.217.145 - - [26/May/2026:15:40:30 +0300] "GET /public HTTP/1.1" 301 795 "https://yeniistiklal.com/public/404" "Mozilla/5.0 AppleWebKit/537.36 (KHTML, like Gecko; compatible; ClaudeBot/1.0; +claudebot@anthropic.com)"
216.73.217.145 - - [26/May/2026:15:40:30 +0300] "GET /public/ HTTP/1.1" 200 17177 "https://yeniistiklal.com/public" "Mozilla/5.0 AppleWebKit/537.36 (KHTML, like Gecko; compatible; ClaudeBot/1.0; +claudebot@anthropic.com)"
216.73.217.145 - - [26/May/2026:15:40:30 +0300] "GET /public/images/haberler/2022/10/faturalar-firmalarin-yeni-isletme-sermayesi-yaratmasinda-en-onemli-araclardan-biri-haline-geliyor-YdHXykkc.jpg HTTP/1.1" 302 225 "-" "Mozilla/5.0 AppleWebKit/537.36 (KHTML, like Gecko; compatible; ClaudeBot/1.0; +claudebot@anthropic.com)"
216.73.217.145 - - [26/May/2026:15:40:30 +0300] "GET /public/images/haberler/2022/10/ibb-sehir-tiyatrolari-7-adana-sehir-tiyatrolari-festivaline-konuk-oldu-j6sidHIt.jpg HTTP/1.1" 302 225 "-" "Mozilla/5.0 AppleWebKit/537.36 (KHTML, like Gecko; compatible; ClaudeBot/1.0; +claudebot@anthropic.com)"
216.73.217.145 - - [26/May/2026:15:40:30 +0300] "GET /public/404 HTTP/1.1" 302 220 "https://yeniistiklal.com/public/images/haberler/2022/10/ibb-sehir-tiyatrolari-7-adana-sehir-tiyatrolari-festivaline-konuk-oldu-j6sidHIt.jpg" "Mozilla/5.0 AppleWebKit/537.36 (KHTML, like Gecko; compatible; ClaudeBot/1.0; +claudebot@anthropic.com)"
216.73.217.145 - - [26/May/2026:15:40:30 +0300] "GET /public/ HTTP/1.1" 200 17198 "https://yeniistiklal.com/public" "Mozilla/5.0 AppleWebKit/537.36 (KHTML, like Gecko; compatible; ClaudeBot/1.0; +claudebot@anthropic.com)"
216.73.217.145 - - [26/May/2026:15:40:30 +0300] "GET /public/images/haberler/2022/09/hepsiburadadan-oyun-severlere-buyuk-mujde-heyecanla-beklenen-fifa23un-kutulu-versiyonu-turkiyede-ilk-kez-hepsiburadada-g7YJz6EZ.jpg HTTP/1.1" 302 225 "-" "Mozilla/5.0 AppleWebKit/537.36 (KHTML, like Gecko; compatible; ClaudeBot/1.0; +claudebot@anthropic.com)"
216.73.217.145 - - [26/May/2026:15:40:30 +0300] "GET /public HTTP/1.1" 301 795 "https://yeniistiklal.com/public/404" "Mozilla/5.0 AppleWebKit/537.36 (KHTML, like Gecko; compatible; ClaudeBot/1.0; +claudebot@anthropic.com)"
100.24.149.244 - - [26/May/2026:15:40:30 +0300] "GET /public/images/haberler/2022/05/spacex-crew-3-ekibi-dunyaya-dondu-YRM1WNzk.jpg HTTP/1.1" 302 225 "-" "Mozilla/5.0 AppleWebKit/537.36 (KHTML, like Gecko; compatible; Amazonbot/0.1; +https://developer.amazon.com/support/amazonbot) Chrome/119.0.6045.214 Safari/537.36"
216.73.217.145 - - [26/May/2026:15:40:31 +0300] "GET /public HTTP/1.1" 301 795 "https://yeniistiklal.com/public/404" "Mozilla/5.0 AppleWebKit/537.36 (KHTML, like Gecko; compatible; ClaudeBot/1.0; +claudebot@anthropic.com)"
216.73.217.145 - - [26/May/2026:15:40:31 +0300] "GET /public/images/haberler/2022/09/gectigimiz-yilin-bir-numarali-saldiri-vektoru-internete-donuk-uygulamalarin-istismari-oldu-iskLgKrg.jpg HTTP/1.1" 302 225 "-" "Mozilla/5.0 AppleWebKit/537.36 (KHTML, like Gecko; compatible; ClaudeBot/1.0; +claudebot@anthropic.com)"
216.73.217.145 - - [26/May/2026:15:40:31 +0300] "GET /public HTTP/1.1" 301 795 "https://yeniistiklal.com/public/404" "Mozilla/5.0 AppleWebKit/537.36 (KHTML, like Gecko; compatible; ClaudeBot/1.0; +claudebot@anthropic.com)"
216.73.217.145 - - [26/May/2026:15:40:31 +0300] "GET /public/images/haberler/2022/10/the-future-healthcare-istanbul-2022-konferansi-yaklasiyor-7NY7Ur3T.jpg HTTP/1.1" 302 225 "-" "Mozilla/5.0 AppleWebKit/537.36 (KHTML, like Gecko; compatible; ClaudeBot/1.0; +claudebot@anthropic.com)"
216.73.217.145 - - [26/May/2026:15:40:30 +0300] "GET /public/404 HTTP/1.1" 302 220 "https://yeniistiklal.com/public/images/haberler/2022/10/yapimi-tamamlanan-parklara-mhp-genel-baskani-bahceli-ve-merhum-muhsin-yazicioglunun-isimleri-verildi-ajvmQWCw.jpg" "Mozilla/5.0 AppleWebKit/537.36 (KHTML, like Gecko; compatible; ClaudeBot/1.0; +claudebot@anthropic.com)"
216.73.217.145 - - [26/May/2026:15:40:31 +0300] "GET /public/404 HTTP/1.1" 302 220 "https://yeniistiklal.com/public/images/haberler/2022/09/hepsiburadadan-oyun-severlere-buyuk-mujde-heyecanla-beklenen-fifa23un-kutulu-versiyonu-turkiyede-ilk-kez-hepsiburadada-g7YJz6EZ.jpg" "Mozilla/5.0 AppleWebKit/537.36 (KHTML, like Gecko; compatible; ClaudeBot/1.0; +claudebot@anthropic.com)"
216.73.217.145 - - [26/May/2026:15:40:30 +0300] "GET /public/ HTTP/1.1" 200 17196 "https://yeniistiklal.com/public" "Mozilla/5.0 AppleWebKit/537.36 (KHTML, like Gecko; compatible; ClaudeBot/1.0; +claudebot@anthropic.com)"
216.73.217.145 - - [26/May/2026:15:40:31 +0300] "GET /public/404 HTTP/1.1" 302 220 "https://yeniistiklal.com/public/images/haberler/2022/10/cesmeyi-ziyaret-eden-bartholomeostan-baskan-orana-buyuk-ovgu-zcVeLiKe.jpg" "Mozilla/5.0 AppleWebKit/537.36 (KHTML, like Gecko; compatible; ClaudeBot/1.0; +claudebot@anthropic.com)"
2a03:2880:f806:28:: - - [26/May/2026:15:40:31 +0300] "GET /public/images/haberler/2022/10/osmanli-teskilatinin-batman-il-baskanligi-acildi-X6xpOdLS.jpg HTTP/1.1" 302 225 "-" "meta-externalagent/1.1 (+https://developers.facebook.com/docs/sharing/webmasters/crawler)"
216.73.217.145 - - [26/May/2026:15:40:31 +0300] "GET /public/ HTTP/1.1" 200 17198 "https://yeniistiklal.com/public" "Mozilla/5.0 AppleWebKit/537.36 (KHTML, like Gecko; compatible; ClaudeBot/1.0; +claudebot@anthropic.com)"
216.73.217.145 - - [26/May/2026:15:40:31 +0300] "GET /public/ HTTP/1.1" 200 17199 "https://yeniistiklal.com/public" "Mozilla/5.0 AppleWebKit/537.36 (KHTML, like Gecko; compatible; ClaudeBot/1.0; +claudebot@anthropic.com)"
216.73.217.145 - - [26/May/2026:15:40:31 +0300] "GET /public/404 HTTP/1.1" 302 220 "https://yeniistiklal.com/public/images/haberler/2022/10/the-future-healthcare-istanbul-2022-konferansi-yaklasiyor-7NY7Ur3T.jpg" "Mozilla/5.0 AppleWebKit/537.36 (KHTML, like Gecko; compatible; ClaudeBot/1.0; +claudebot@anthropic.com)"
216.73.217.145 - - [26/May/2026:15:40:31 +0300] "GET /public/images/haberler/2022/09/rusya-ukrayna-savasi-sonrasi-bolgesel-guvenlik-egede-konusulacak-OTkch76t.jpg HTTP/1.1" 302 225 "-" "Mozilla/5.0 AppleWebKit/537.36 (KHTML, like Gecko; compatible; ClaudeBot/1.0; +claudebot@anthropic.com)"
2a03:2880:f806:7:: - - [26/May/2026:15:40:31 +0300] "GET /public/index.php/images/haberler/2022/06/milletvekili-tutdere-samimiyseniz-gelin-genel-baskanimizin-ciftcinin-yarasina-merhem-olacak-recetesini-uygulayin-vUgU3Kha.jpg HTTP/1.1" 302 238 "-" "meta-externalagent/1.1 (+https://developers.facebook.com/docs/sharing/webmasters/crawler)"
216.73.217.145 - - [26/May/2026:15:40:31 +0300] "GET /public/images/haberler/2022/04/vakifbanktan-bir-ilk-cocuklar-icin-harclik-toplama-ve-biriktirmenin-en-dijital-yolu-vibox-s5ZLFrme.jpg HTTP/1.1" 302 225 "-" "Mozilla/5.0 AppleWebKit/537.36 (KHTML, like Gecko; compatible; ClaudeBot/1.0; +claudebot@anthropic.com)"
18.213.27.222 - - [26/May/2026:15:40:31 +0300] "GET /public/haber/reklam-savaslari-ikinci-raunt-cuneyt-ozdemir-faruk-bildirici-adem-metan-nevsin-mengu-498965 HTTP/1.1" 200 15092 "-" "Mozilla/5.0 AppleWebKit/537.36 (KHTML, like Gecko; compatible; Amazonbot/0.1; +https://developer.amazon.com/support/amazonbot) Chrome/119.0.6045.214 Safari/537.36"
216.73.217.145 - - [26/May/2026:15:40:31 +0300] "GET /public HTTP/1.1" 301 795 "https://yeniistiklal.com/public/404" "Mozilla/5.0 AppleWebKit/537.36 (KHTML, like Gecko; compatible; ClaudeBot/1.0; +claudebot@anthropic.com)"
216.73.217.145 - - [26/May/2026:15:40:31 +0300] "GET /public HTTP/1.1" 301 795 "https://yeniistiklal.com/public/404" "Mozilla/5.0 AppleWebKit/537.36 (KHTML, like Gecko; compatible; ClaudeBot/1.0; +claudebot@anthropic.com)"
216.73.217.145 - - [26/May/2026:15:40:31 +0300] "GET /public HTTP/1.1" 301 795 "https://yeniistiklal.com/public/404" "Mozilla/5.0 AppleWebKit/537.36 (KHTML, like Gecko; compatible; ClaudeBot/1.0; +claudebot@anthropic.com)"
216.73.217.145 - - [26/May/2026:15:40:31 +0300] "GET /public/404 HTTP/1.1" 302 220 "https://yeniistiklal.com/public/images/haberler/2022/09/gectigimiz-yilin-bir-numarali-saldiri-vektoru-internete-donuk-uygulamalarin-istismari-oldu-iskLgKrg.jpg" "Mozilla/5.0 AppleWebKit/537.36 (KHTML, like Gecko; compatible; ClaudeBot/1.0; +claudebot@anthropic.com)"
216.73.217.145 - - [26/May/2026:15:40:31 +0300] "GET /public/ HTTP/1.1" 200 17189 "https://yeniistiklal.com/public" "Mozilla/5.0 AppleWebKit/537.36 (KHTML, like Gecko; compatible; ClaudeBot/1.0; +claudebot@anthropic.com)"
216.73.217.145 - - [26/May/2026:15:40:31 +0300] "GET /public HTTP/1.1" 301 795 "https://yeniistiklal.com/public/404" "Mozilla/5.0 AppleWebKit/537.36 (KHTML, like Gecko; compatible; ClaudeBot/1.0; +claudebot@anthropic.com)"
216.73.217.145 - - [26/May/2026:15:40:31 +0300] "GET /public HTTP/1.1" 301 795 "https://yeniistiklal.com/public/404" "Mozilla/5.0 AppleWebKit/537.36 (KHTML, like Gecko; compatible; ClaudeBot/1.0; +claudebot@anthropic.com)"
216.73.217.145 - - [26/May/2026:15:40:31 +0300] "GET /public/images/haberler/2022/08/metro-turkiye-turkiyede-bir-ilk-olarak-kendi-markali-tum-organik-gida-urunlerinde-izlenebilirlik-sunuyor-L3ik6mLA.jpg HTTP/1.1" 302 225 "-" "Mozilla/5.0 AppleWebKit/537.36 (KHTML, like Gecko; compatible; ClaudeBot/1.0; +claudebot@anthropic.com)"
216.73.217.145 - - [26/May/2026:15:40:31 +0300] "GET /public/ HTTP/1.1" 200 17194 "https://yeniistiklal.com/public" "Mozilla/5.0 AppleWebKit/537.36 (KHTML, like Gecko; compatible; ClaudeBot/1.0; +claudebot@anthropic.com)"
216.73.217.145 - - [26/May/2026:15:40:31 +0300] "GET /public/404 HTTP/1.1" 302 220 "https://yeniistiklal.com/public/images/haberler/2022/09/rusya-ukrayna-savasi-sonrasi-bolgesel-guvenlik-egede-konusulacak-OTkch76t.jpg" "Mozilla/5.0 AppleWebKit/537.36 (KHTML, like Gecko; compatible; ClaudeBot/1.0; +claudebot@anthropic.com)"
216.73.217.145 - - [26/May/2026:15:40:31 +0300] "GET /public/images/haberler/2022/10/mugla-sokak-hayvanlari-calistayinin-sonuc-bildirgesi-yayinlandi-dMFHrqCk.jpg HTTP/1.1" 302 225 "-" "Mozilla/5.0 AppleWebKit/537.36 (KHTML, like Gecko; compatible; ClaudeBot/1.0; +claudebot@anthropic.com)"
216.73.217.145 - - [26/May/2026:15:40:31 +0300] "GET /images/haberler/2022/02/memleket-partisinde-disiplin-kurulu-uyesi-iki-isme-kesin-ihrac-istemi-vTeIKEPE.jpg HTTP/1.1" 302 219 "-" "Mozilla/5.0 AppleWebKit/537.36 (KHTML, like Gecko; compatible; ClaudeBot/1.0; +claudebot@anthropic.com)"
216.73.217.145 - - [26/May/2026:15:40:31 +0300] "GET /public/404 HTTP/1.1" 302 220 "https://yeniistiklal.com/public/images/haberler/2022/04/vakifbanktan-bir-ilk-cocuklar-icin-harclik-toplama-ve-biriktirmenin-en-dijital-yolu-vibox-s5ZLFrme.jpg" "Mozilla/5.0 AppleWebKit/537.36 (KHTML, like Gecko; compatible; ClaudeBot/1.0; +claudebot@anthropic.com)"
216.73.217.145 - - [26/May/2026:15:40:31 +0300] "GET /public/images/haberler/2022/09/italyanin-dunya-capinda-buyuk-oyuncusu-olan-fratelli-cosulich-group-ile-turkiyenin-basarili-lojistik-sirketi-mesco-uluslararasi-tasimacilik-asden-stratejik-ortaklik-adimi-RZ6qfMbi.jpg HTTP/1.1" 302 225 "-" "Mozilla/5.0 AppleWebKit/537.36 (KHTML, like Gecko; compatible; ClaudeBot/1.0; +claudebot@anthropic.com)"
216.73.217.145 - - [26/May/2026:15:40:31 +0300] "GET /public/404 HTTP/1.1" 302 220 "https://yeniistiklal.com/public/images/haberler/2022/10/mugla-sokak-hayvanlari-calistayinin-sonuc-bildirgesi-yayinlandi-dMFHrqCk.jpg" "Mozilla/5.0 AppleWebKit/537.36 (KHTML, like Gecko; compatible; ClaudeBot/1.0; +claudebot@anthropic.com)"
216.73.217.145 - - [26/May/2026:15:40:31 +0300] "GET /public/404 HTTP/1.1" 302 220 "https://yeniistiklal.com/public/images/haberler/2022/08/metro-turkiye-turkiyede-bir-ilk-olarak-kendi-markali-tum-organik-gida-urunlerinde-izlenebilirlik-sunuyor-L3ik6mLA.jpg" "Mozilla/5.0 AppleWebKit/537.36 (KHTML, like Gecko; compatible; ClaudeBot/1.0; +claudebot@anthropic.com)"
216.73.217.145 - - [26/May/2026:15:40:31 +0300] "GET /public/ HTTP/1.1" 200 17184 "https://yeniistiklal.com/public" "Mozilla/5.0 AppleWebKit/537.36 (KHTML, like Gecko; compatible; ClaudeBot/1.0; +claudebot@anthropic.com)"
2a03:2880:f806:15:: - - [26/May/2026:15:40:31 +0300] "GET /public/index.php/404 HTTP/1.1" 302 232 "-" "meta-externalagent/1.1 (+https://developers.facebook.com/docs/sharing/webmasters/crawler)"
216.73.217.145 - - [26/May/2026:15:40:31 +0300] "GET /public/ HTTP/1.1" 200 17191 "https://yeniistiklal.com/public" "Mozilla/5.0 AppleWebKit/537.36 (KHTML, like Gecko; compatible; ClaudeBot/1.0; +claudebot@anthropic.com)"
216.73.217.145 - - [26/May/2026:15:40:31 +0300] "GET /public/ HTTP/1.1" 200 17190 "https://yeniistiklal.com/public" "Mozilla/5.0 AppleWebKit/537.36 (KHTML, like Gecko; compatible; ClaudeBot/1.0; +claudebot@anthropic.com)"
213.180.203.232 - - [26/May/2026:15:40:31 +0300] "GET /rss/sinema-11 HTTP/1.1" 200 21504 "-" "Mozilla/5.0 (compatible; YandexBot/3.0; +http://yandex.com/bots)"
216.73.217.145 - - [26/May/2026:15:40:31 +0300] "GET /public HTTP/1.1" 301 795 "https://yeniistiklal.com/public/404" "Mozilla/5.0 AppleWebKit/537.36 (KHTML, like Gecko; compatible; ClaudeBot/1.0; +claudebot@anthropic.com)"
216.73.217.145 - - [26/May/2026:15:40:31 +0300] "GET /public HTTP/1.1" 301 795 "https://yeniistiklal.com/public/404" "Mozilla/5.0 AppleWebKit/537.36 (KHTML, like Gecko; compatible; ClaudeBot/1.0; +claudebot@anthropic.com)"
216.73.217.145 - - [26/May/2026:15:40:31 +0300] "GET /public/ HTTP/1.1" 200 17199 "https://yeniistiklal.com/public" "Mozilla/5.0 AppleWebKit/537.36 (KHTML, like Gecko; compatible; ClaudeBot/1.0; +claudebot@anthropic.com)"
216.73.217.145 - - [26/May/2026:15:40:31 +0300] "GET /404 HTTP/1.1" 302 215 "https://yeniistiklal.com/images/haberler/2022/02/memleket-partisinde-disiplin-kurulu-uyesi-iki-isme-kesin-ihrac-istemi-vTeIKEPE.jpg" "Mozilla/5.0 AppleWebKit/537.36 (KHTML, like Gecko; compatible; ClaudeBot/1.0; +claudebot@anthropic.com)"
216.73.217.145 - - [26/May/2026:15:40:32 +0300] "GET /public HTTP/1.1" 301 795 "https://yeniistiklal.com/public/404" "Mozilla/5.0 AppleWebKit/537.36 (KHTML, like Gecko; compatible; ClaudeBot/1.0; +claudebot@anthropic.com)"
216.73.217.145 - - [26/May/2026:15:40:31 +0300] "GET /public/404 HTTP/1.1" 302 220 "https://yeniistiklal.com/public/images/haberler/2022/09/italyanin-dunya-capinda-buyuk-oyuncusu-olan-fratelli-cosulich-group-ile-turkiyenin-basarili-lojistik-sirketi-mesco-uluslararasi-tasimacilik-asden-stratejik-ortaklik-adimi-RZ6qfMbi.jpg" "Mozilla/5.0 AppleWebKit/537.36 (KHTML, like Gecko; compatible; ClaudeBot/1.0; +claudebot@anthropic.com)"
216.73.217.145 - - [26/May/2026:15:40:32 +0300] "GET /404 HTTP/1.1" 302 215 "https://yeniistiklal.com/images/haberler/2022/08/kinik-belediyesi-saglikli-yasam-ve-egitim-merkezinde-ucretsiz-tercih-danismanligi-hizmeti-bF8vd5Bm.jpg" "Mozilla/5.0 AppleWebKit/537.36 (KHTML, like Gecko; compatible; ClaudeBot/1.0; +claudebot@anthropic.com)"
216.73.217.145 - - [26/May/2026:15:40:32 +0300] "GET /public/ HTTP/1.1" 200 17201 "https://yeniistiklal.com/public" "Mozilla/5.0 AppleWebKit/537.36 (KHTML, like Gecko; compatible; ClaudeBot/1.0; +claudebot@anthropic.com)"
216.73.217.145 - - [26/May/2026:15:40:32 +0300] "GET /public HTTP/1.1" 301 795 "https://yeniistiklal.com/public/404" "Mozilla/5.0 AppleWebKit/537.36 (KHTML, like Gecko; compatible; ClaudeBot/1.0; +claudebot@anthropic.com)"
216.73.217.145 - - [26/May/2026:15:40:32 +0300] "GET /public/ HTTP/1.1" 200 17191 "https://yeniistiklal.com/public" "Mozilla/5.0 AppleWebKit/537.36 (KHTML, like Gecko; compatible; ClaudeBot/1.0; +claudebot@anthropic.com)"
216.73.217.145 - - [26/May/2026:15:40:31 +0300] "GET /images/haberler/2022/08/kinik-belediyesi-saglikli-yasam-ve-egitim-merkezinde-ucretsiz-tercih-danismanligi-hizmeti-bF8vd5Bm.jpg HTTP/1.1" 302 219 "-" "Mozilla/5.0 AppleWebKit/537.36 (KHTML, like Gecko; compatible; ClaudeBot/1.0; +claudebot@anthropic.com)"
216.73.217.145 - - [26/May/2026:15:40:32 +0300] "GET /public/ HTTP/1.1" 200 17199 "https://yeniistiklal.com/public" "Mozilla/5.0 AppleWebKit/537.36 (KHTML, like Gecko; compatible; ClaudeBot/1.0; +claudebot@anthropic.com)"
216.73.217.145 - - [26/May/2026:15:40:32 +0300] "GET /public/images/haberler/2022/02/vladimir-putinin-harekat-sozlerinin-sifresi-denazifikasyon-1P3MVl51.jpg HTTP/1.1" 302 225 "-" "Mozilla/5.0 AppleWebKit/537.36 (KHTML, like Gecko; compatible; ClaudeBot/1.0; +claudebot@anthropic.com)"
216.73.217.145 - - [26/May/2026:15:40:32 +0300] "GET /public/images/haberler/2022/09/alfa-romeo-tonale-turkiyede-fiyati-ve-ozellikleri-dQDFTWGt.jpg HTTP/1.1" 302 225 "-" "Mozilla/5.0 AppleWebKit/537.36 (KHTML, like Gecko; compatible; ClaudeBot/1.0; +claudebot@anthropic.com)"
216.73.217.145 - - [26/May/2026:15:40:32 +0300] "GET /public/images/haberler/2022/09/baskan-soyerden-muftuluge-hayirli-olsun-ziyareti-HB5BTBTj.jpg HTTP/1.1" 302 225 "-" "Mozilla/5.0 AppleWebKit/537.36 (KHTML, like Gecko; compatible; ClaudeBot/1.0; +claudebot@anthropic.com)"
216.73.217.145 - - [26/May/2026:15:40:32 +0300] "GET /public/404 HTTP/1.1" 302 220 "https://yeniistiklal.com/public/images/haberler/2022/09/alfa-romeo-tonale-turkiyede-fiyati-ve-ozellikleri-dQDFTWGt.jpg" "Mozilla/5.0 AppleWebKit/537.36 (KHTML, like Gecko; compatible; ClaudeBot/1.0; +claudebot@anthropic.com)"
216.73.217.145 - - [26/May/2026:15:40:32 +0300] "GET /public HTTP/1.1" 301 795 "https://yeniistiklal.com/public/404" "Mozilla/5.0 AppleWebKit/537.36 (KHTML, like Gecko; compatible; ClaudeBot/1.0; +claudebot@anthropic.com)"
216.73.217.145 - - [26/May/2026:15:40:32 +0300] "GET /public/404 HTTP/1.1" 302 220 "https://yeniistiklal.com/public/images/haberler/2022/09/baskan-soyerden-muftuluge-hayirli-olsun-ziyareti-HB5BTBTj.jpg" "Mozilla/5.0 AppleWebKit/537.36 (KHTML, like Gecko; compatible; ClaudeBot/1.0; +claudebot@anthropic.com)"
216.73.217.145 - - [26/May/2026:15:40:32 +0300] "GET /public HTTP/1.1" 301 795 "https://yeniistiklal.com/public/404" "Mozilla/5.0 AppleWebKit/537.36 (KHTML, like Gecko; compatible; ClaudeBot/1.0; +claudebot@anthropic.com)"
216.73.217.145 - - [26/May/2026:15:40:32 +0300] "GET /public/images/haberler/2022/10/nevsehir-belediyesi-sehir-tiyatrosunun-zelzele-adli-oyunu-narda-sahnelendi-bj47Sc9P.jpg HTTP/1.1" 302 225 "-" "Mozilla/5.0 AppleWebKit/537.36 (KHTML, like Gecko; compatible; ClaudeBot/1.0; +claudebot@anthropic.com)"
216.73.217.145 - - [26/May/2026:15:40:32 +0300] "GET /public HTTP/1.1" 301 795 "https://yeniistiklal.com/public/404" "Mozilla/5.0 AppleWebKit/537.36 (KHTML, like Gecko; compatible; ClaudeBot/1.0; +claudebot@anthropic.com)"
216.73.217.145 - - [26/May/2026:15:40:32 +0300] "GET /public/ HTTP/1.1" 200 17193 "https://yeniistiklal.com/public" "Mozilla/5.0 AppleWebKit/537.36 (KHTML, like Gecko; compatible; ClaudeBot/1.0; +claudebot@anthropic.com)"
216.73.217.145 - - [26/May/2026:15:40:32 +0300] "GET /public/ HTTP/1.1" 200 17194 "https://yeniistiklal.com/public" "Mozilla/5.0 AppleWebKit/537.36 (KHTML, like Gecko; compatible; ClaudeBot/1.0; +claudebot@anthropic.com)"
216.73.217.145 - - [26/May/2026:15:40:32 +0300] "GET /public/ HTTP/1.1" 200 17197 "https://yeniistiklal.com/public" "Mozilla/5.0 AppleWebKit/537.36 (KHTML, like Gecko; compatible; ClaudeBot/1.0; +claudebot@anthropic.com)"
2a03:2880:f806:19:: - - [26/May/2026:15:40:32 +0300] "GET /public/index.php/404 HTTP/1.1" 302 232 "-" "meta-externalagent/1.1 (+https://developers.facebook.com/docs/sharing/webmasters/crawler)"
216.73.217.145 - - [26/May/2026:15:40:32 +0300] "GET /public/ HTTP/1.1" 200 17189 "https://yeniistiklal.com/public" "Mozilla/5.0 AppleWebKit/537.36 (KHTML, like Gecko; compatible; ClaudeBot/1.0; +claudebot@anthropic.com)"
216.73.217.145 - - [26/May/2026:15:40:32 +0300] "GET /public/404 HTTP/1.1" 302 220 "https://yeniistiklal.com/public/images/haberler/2022/02/vladimir-putinin-harekat-sozlerinin-sifresi-denazifikasyon-1P3MVl51.jpg" "Mozilla/5.0 AppleWebKit/537.36 (KHTML, like Gecko; compatible; ClaudeBot/1.0; +claudebot@anthropic.com)"
216.73.217.145 - - [26/May/2026:15:40:32 +0300] "GET /public/ HTTP/1.1" 200 17186 "https://yeniistiklal.com/public" "Mozilla/5.0 AppleWebKit/537.36 (KHTML, like Gecko; compatible; ClaudeBot/1.0; +claudebot@anthropic.com)"
216.73.217.145 - - [26/May/2026:15:40:32 +0300] "GET /public/images/haberler/2022/10/dunya-kupasi-2022-oncesinde-sok-ekvador-kupadan-ihrac-edilebilir-1664804267.png HTTP/1.1" 302 225 "-" "Mozilla/5.0 AppleWebKit/537.36 (KHTML, like Gecko; compatible; ClaudeBot/1.0; +claudebot@anthropic.com)"
216.73.217.145 - - [26/May/2026:15:40:32 +0300] "GET /public/404 HTTP/1.1" 302 220 "https://yeniistiklal.com/public/images/haberler/2022/10/dunya-kupasi-2022-oncesinde-sok-ekvador-kupadan-ihrac-edilebilir-1664804267.png" "Mozilla/5.0 AppleWebKit/537.36 (KHTML, like Gecko; compatible; ClaudeBot/1.0; +claudebot@anthropic.com)"
2a03:2880:f806:23:: - - [26/May/2026:15:40:32 +0300] "GET /public/404 HTTP/1.1" 302 220 "-" "meta-externalagent/1.1 (+https://developers.facebook.com/docs/sharing/webmasters/crawler)"
216.73.217.145 - - [26/May/2026:15:40:32 +0300] "GET /public/404 HTTP/1.1" 302 220 "https://yeniistiklal.com/public/images/haberler/2022/10/nevsehir-belediyesi-sehir-tiyatrosunun-zelzele-adli-oyunu-narda-sahnelendi-bj47Sc9P.jpg" "Mozilla/5.0 AppleWebKit/537.36 (KHTML, like Gecko; compatible; ClaudeBot/1.0; +claudebot@anthropic.com)"
216.73.217.145 - - [26/May/2026:15:40:32 +0300] "GET /public HTTP/1.1" 301 795 "https://yeniistiklal.com/public/404" "Mozilla/5.0 AppleWebKit/537.36 (KHTML, like Gecko; compatible; ClaudeBot/1.0; +claudebot@anthropic.com)"
216.73.217.145 - - [26/May/2026:15:40:32 +0300] "GET /public HTTP/1.1" 301 795 "https://yeniistiklal.com/public/404" "Mozilla/5.0 AppleWebKit/537.36 (KHTML, like Gecko; compatible; ClaudeBot/1.0; +claudebot@anthropic.com)"
216.73.217.145 - - [26/May/2026:15:40:33 +0300] "GET /images/haberler/2022/09/emirates-a350-filosu-icin-yeni-nesil-ucak-ici-eglence-sistemlerine-350-milyon-yatirim-yapiyor-uhGMskY6.jpg HTTP/1.1" 302 224 "-" "Mozilla/5.0 AppleWebKit/537.36 (KHTML, like Gecko; compatible; ClaudeBot/1.0; +claudebot@anthropic.com)"
3.212.205.90 - - [26/May/2026:15:40:33 +0300] "GET /haber/tegvden-vanli-cocuklara-yepyeni-bir-egitim-parki-548293 HTTP/1.1" 200 17582 "-" "Mozilla/5.0 AppleWebKit/537.36 (KHTML, like Gecko; compatible; Amazonbot/0.1; +https://developer.amazon.com/support/amazonbot) Chrome/119.0.6045.214 Safari/537.36"
216.73.217.145 - - [26/May/2026:15:40:33 +0300] "GET /public/index.php/images/haberler/2022/08/teb-portfoyden-iki-yeni-yatirim-fonu-gumus-fon-sepeti-fonu-ve-tarim-ve-gida-teknolojileri-degisken-fon-GUQmSeS9.jpg HTTP/1.1" 302 238 "-" "Mozilla/5.0 AppleWebKit/537.36 (KHTML, like Gecko; compatible; ClaudeBot/1.0; +claudebot@anthropic.com)"
216.73.217.145 - - [26/May/2026:15:40:33 +0300] "GET /public/index.php/images/haberler/2022/02/halk-ekmek-zamlandi-mi-halk-ekmege-zam-geldi-mi-halk-ekmek-ne-kadar-istanbul-halk-ekmek-fiyat-listesi-2022-RaGADnUH.jpg HTTP/1.1" 302 238 "-" "Mozilla/5.0 AppleWebKit/537.36 (KHTML, like Gecko; compatible; ClaudeBot/1.0; +claudebot@anthropic.com)"
2a03:2880:f806:4f:: - - [26/May/2026:15:40:33 +0300] "GET /public/index.php HTTP/1.1" 200 17291 "-" "meta-externalagent/1.1 (+https://developers.facebook.com/docs/sharing/webmasters/crawler)"
216.73.217.145 - - [26/May/2026:15:40:33 +0300] "GET /public/index.php/images/haberler/2022/06/akbank-40-gunumuz-sanatcilari-odulu-sergisi-akbank-sanat-ve-metaversede-izleyicilerle-bulustu-GjRRkClO.jpg HTTP/1.1" 302 238 "-" "Mozilla/5.0 AppleWebKit/537.36 (KHTML, like Gecko; compatible; ClaudeBot/1.0; +claudebot@anthropic.com)"
216.73.217.145 - - [26/May/2026:15:40:32 +0300] "GET /public/ HTTP/1.1" 200 17192 "https://yeniistiklal.com/public" "Mozilla/5.0 AppleWebKit/537.36 (KHTML, like Gecko; compatible; ClaudeBot/1.0; +claudebot@anthropic.com)"
216.73.217.145 - - [26/May/2026:15:40:33 +0300] "GET /404 HTTP/1.1" 302 219 "https://www.yeniistiklal.com/images/haberler/2022/09/emirates-a350-filosu-icin-yeni-nesil-ucak-ici-eglence-sistemlerine-350-milyon-yatirim-yapiyor-uhGMskY6.jpg" "Mozilla/5.0 AppleWebKit/537.36 (KHTML, like Gecko; compatible; ClaudeBot/1.0; +claudebot@anthropic.com)"
216.73.217.145 - - [26/May/2026:15:40:33 +0300] "GET /public/index.php/404 HTTP/1.1" 302 232 "https://www.yeniistiklal.com/public/index.php/images/haberler/2022/08/teb-portfoyden-iki-yeni-yatirim-fonu-gumus-fon-sepeti-fonu-ve-tarim-ve-gida-teknolojileri-degisken-fon-GUQmSeS9.jpg" "Mozilla/5.0 AppleWebKit/537.36 (KHTML, like Gecko; compatible; ClaudeBot/1.0; +claudebot@anthropic.com)"
216.73.217.145 - - [26/May/2026:15:40:33 +0300] "GET /public/index.php/404 HTTP/1.1" 302 232 "https://www.yeniistiklal.com/public/index.php/images/haberler/2022/02/halk-ekmek-zamlandi-mi-halk-ekmege-zam-geldi-mi-halk-ekmek-ne-kadar-istanbul-halk-ekmek-fiyat-listesi-2022-RaGADnUH.jpg" "Mozilla/5.0 AppleWebKit/537.36 (KHTML, like Gecko; compatible; ClaudeBot/1.0; +claudebot@anthropic.com)"
216.73.217.145 - - [26/May/2026:15:40:33 +0300] "GET /public/index.php HTTP/1.1" 200 17282 "https://www.yeniistiklal.com/public/index.php/404" "Mozilla/5.0 AppleWebKit/537.36 (KHTML, like Gecko; compatible; ClaudeBot/1.0; +claudebot@anthropic.com)"
216.73.217.145 - - [26/May/2026:15:40:33 +0300] "GET /public/index.php/images/haberler/2022/08/izmir-saglik-senden-acil-tip-teknisyeni-kaan-kanata-ziyarette-bulundu-gorev-esnasinda-alkollu-bir-sahis-tarafindan-saldiriya-ugradi-xijjMiuh.jpg HTTP/1.1" 302 238 "-" "Mozilla/5.0 AppleWebKit/537.36 (KHTML, like Gecko; compatible; ClaudeBot/1.0; +claudebot@anthropic.com)"
216.73.217.145 - - [26/May/2026:15:40:33 +0300] "GET /public/index.php HTTP/1.1" 200 17285 "https://www.yeniistiklal.com/public/index.php/404" "Mozilla/5.0 AppleWebKit/537.36 (KHTML, like Gecko; compatible; ClaudeBot/1.0; +claudebot@anthropic.com)"
216.73.217.145 - - [26/May/2026:15:40:33 +0300] "GET /images/haberler/2022/09/akm-yesilcam-sinemasinda-biyografik-filmler-haftasi-kRBTmkwb.jpg HTTP/1.1" 302 224 "-" "Mozilla/5.0 AppleWebKit/537.36 (KHTML, like Gecko; compatible; ClaudeBot/1.0; +claudebot@anthropic.com)"
216.73.217.145 - - [26/May/2026:15:40:33 +0300] "GET /public/index.php/images/haberler/2022/01/milliyetci-siyasette-ayrisma-buyuk-birlik-partisi-nden-ayrildilar-milli-yol-partisi-ni-kurdular.jpg HTTP/1.1" 302 238 "-" "Mozilla/5.0 AppleWebKit/537.36 (KHTML, like Gecko; compatible; ClaudeBot/1.0; +claudebot@anthropic.com)"
216.73.217.145 - - [26/May/2026:15:40:33 +0300] "GET /public/index.php HTTP/1.1" 200 17276 "https://www.yeniistiklal.com/public/index.php/404" "Mozilla/5.0 AppleWebKit/537.36 (KHTML, like Gecko; compatible; ClaudeBot/1.0; +claudebot@anthropic.com)"
216.73.217.145 - - [26/May/2026:15:40:33 +0300] "GET /public/index.php/404 HTTP/1.1" 302 232 "https://www.yeniistiklal.com/public/index.php/images/haberler/2022/08/izmir-saglik-senden-acil-tip-teknisyeni-kaan-kanata-ziyarette-bulundu-gorev-esnasinda-alkollu-bir-sahis-tarafindan-saldiriya-ugradi-xijjMiuh.jpg" "Mozilla/5.0 AppleWebKit/537.36 (KHTML, like Gecko; compatible; ClaudeBot/1.0; +claudebot@anthropic.com)"
216.73.217.145 - - [26/May/2026:15:40:33 +0300] "GET /404 HTTP/1.1" 302 219 "https://www.yeniistiklal.com/images/haberler/2022/09/akm-yesilcam-sinemasinda-biyografik-filmler-haftasi-kRBTmkwb.jpg" "Mozilla/5.0 AppleWebKit/537.36 (KHTML, like Gecko; compatible; ClaudeBot/1.0; +claudebot@anthropic.com)"
216.73.217.145 - - [26/May/2026:15:40:33 +0300] "GET /public/index.php/images/haberler/2022/05/deniz-seviyesinde-tiyatro-festivali-tiyatroseverleri-ayvalikta-bulusturacak-nJhbA4Kk.jpg HTTP/1.1" 302 238 "-" "Mozilla/5.0 AppleWebKit/537.36 (KHTML, like Gecko; compatible; ClaudeBot/1.0; +claudebot@anthropic.com)"
216.73.217.145 - - [26/May/2026:15:40:33 +0300] "GET /public/index.php/images/haberler/2022/05/missafir-musteri-deneyimini-daha-da-ileri-seviyeye-tasimak-icin-yeni-mobil-uygulamasi-missafir-appi-hayata-gecirdi-2YJvOtIM.jpg HTTP/1.1" 302 238 "-" "Mozilla/5.0 AppleWebKit/537.36 (KHTML, like Gecko; compatible; ClaudeBot/1.0; +claudebot@anthropic.com)"
216.73.217.145 - - [26/May/2026:15:40:33 +0300] "GET /images/haberler/2022/09/baskan-soyer-zehir-gemisinin-geri-gonderilme-hikayesini-anlatti-halkin-gucunun-ve-katilimci-demokrasinin-onunde-hicbir-gucun-duramayacagini-ispat-ettik-egQquprr.jpg HTTP/1.1" 302 224 "-" "Mozilla/5.0 AppleWebKit/537.36 (KHTML, like Gecko; compatible; ClaudeBot/1.0; +claudebot@anthropic.com)"
216.73.217.145 - - [26/May/2026:15:40:33 +0300] "GET /public/index.php/404 HTTP/1.1" 302 232 "https://www.yeniistiklal.com/public/index.php/images/haberler/2022/06/akbank-40-gunumuz-sanatcilari-odulu-sergisi-akbank-sanat-ve-metaversede-izleyicilerle-bulustu-GjRRkClO.jpg" "Mozilla/5.0 AppleWebKit/537.36 (KHTML, like Gecko; compatible; ClaudeBot/1.0; +claudebot@anthropic.com)"
216.73.217.145 - - [26/May/2026:15:40:33 +0300] "GET /public/index.php/404 HTTP/1.1" 302 232 "https://www.yeniistiklal.com/public/index.php/images/haberler/2022/05/missafir-musteri-deneyimini-daha-da-ileri-seviyeye-tasimak-icin-yeni-mobil-uygulamasi-missafir-appi-hayata-gecirdi-2YJvOtIM.jpg" "Mozilla/5.0 AppleWebKit/537.36 (KHTML, like Gecko; compatible; ClaudeBot/1.0; +claudebot@anthropic.com)"
216.73.217.145 - - [26/May/2026:15:40:33 +0300] "GET /404 HTTP/1.1" 302 219 "https://www.yeniistiklal.com/images/haberler/2022/09/baskan-soyer-zehir-gemisinin-geri-gonderilme-hikayesini-anlatti-halkin-gucunun-ve-katilimci-demokrasinin-onunde-hicbir-gucun-duramayacagini-ispat-ettik-egQquprr.jpg" "Mozilla/5.0 AppleWebKit/537.36 (KHTML, like Gecko; compatible; ClaudeBot/1.0; +claudebot@anthropic.com)"
216.73.217.145 - - [26/May/2026:15:40:33 +0300] "GET /public/index.php HTTP/1.1" 200 17292 "https://www.yeniistiklal.com/public/index.php/404" "Mozilla/5.0 AppleWebKit/537.36 (KHTML, like Gecko; compatible; ClaudeBot/1.0; +claudebot@anthropic.com)"
216.73.217.145 - - [26/May/2026:15:40:34 +0300] "GET /public/index.php HTTP/1.1" 200 17285 "https://www.yeniistiklal.com/public/index.php/404" "Mozilla/5.0 AppleWebKit/537.36 (KHTML, like Gecko; compatible; ClaudeBot/1.0; +claudebot@anthropic.com)"
2a03:2880:f806:4d:: - - [26/May/2026:15:40:34 +0300] "GET /public/index.php HTTP/1.1" 200 17280 "-" "meta-externalagent/1.1 (+https://developers.facebook.com/docs/sharing/webmasters/crawler)"
34.225.87.80 - - [26/May/2026:15:40:34 +0300] "GET /public/images/haberler/2022/03/reklam-savaslari-ikinci-raunt-cuneyt-ozdemir-faruk-bildirici-adem-metan-nevsin-mengu-nVQkGlww.jpg HTTP/1.1" 302 225 "-" "Mozilla/5.0 AppleWebKit/537.36 (KHTML, like Gecko; compatible; Amazonbot/0.1; +https://developer.amazon.com/support/amazonbot) Chrome/119.0.6045.214 Safari/537.36"
209.101.57.21 - - [26/May/2026:15:40:35 +0300] "GET /wp-content/uploads/2021/08/kahramanmarasta-tunelde-iki-arac-carpisti-2-yarali-4RYISTqE-370x185.jpg HTTP/1.1" 302 219 "-" "Mozilla/5.0 (compatible; crawler)"
209.101.57.21 - - [26/May/2026:15:40:36 +0300] "GET / HTTP/1.1" 200 17080 "-" "Mozilla/5.0 (compatible; crawler)"
70.39.246.37 - - [26/May/2026:15:40:37 +0300] "GET /rss/ekonomi-2 HTTP/1.1" 200 33455 "-" "Mozilla/5.0 Moreover/5.1 (+http://www.moreover.com)"
94.138.205.162 - - [26/May/2026:15:40:38 +0300] "GET /feed HTTP/1.1" 301 795 "-" "Mozilla/5.0 (Macintosh; Intel Mac OS X 10_15_7) AppleWebKit/537.36 (KHTML, like Gecko) Chrome/126.0.0.0 Safari/537.36"
98.84.200.43 - - [26/May/2026:15:40:39 +0300] "GET /haber/istanbul-buyuksehirin-bedava-interneti-tum-metrolarda-514863 HTTP/1.1" 200 13739 "-" "Mozilla/5.0 AppleWebKit/537.36 (KHTML, like Gecko; compatible; Amazonbot/0.1; +https://developer.amazon.com/support/amazonbot) Chrome/119.0.6045.214 Safari/537.36"
2a03:2880:f806:46:: - - [26/May/2026:15:40:34 +0300] "GET /public HTTP/1.1" 301 795 "-" "meta-externalagent/1.1 (+https://developers.facebook.com/docs/sharing/webmasters/crawler)"
216.73.217.145 - - [26/May/2026:15:40:34 +0300] "GET /public/index.php/404 HTTP/1.1" 302 232 "https://www.yeniistiklal.com/public/index.php/images/haberler/2022/01/milliyetci-siyasette-ayrisma-buyuk-birlik-partisi-nden-ayrildilar-milli-yol-partisi-ni-kurdular.jpg" "Mozilla/5.0 AppleWebKit/537.36 (KHTML, like Gecko; compatible; ClaudeBot/1.0; +claudebot@anthropic.com)"
216.73.217.145 - - [26/May/2026:15:40:34 +0300] "GET /public/index.php/404 HTTP/1.1" 302 232 "https://www.yeniistiklal.com/public/index.php/images/haberler/2022/05/deniz-seviyesinde-tiyatro-festivali-tiyatroseverleri-ayvalikta-bulusturacak-nJhbA4Kk.jpg" "Mozilla/5.0 AppleWebKit/537.36 (KHTML, like Gecko; compatible; ClaudeBot/1.0; +claudebot@anthropic.com)"
216.73.217.145 - - [26/May/2026:15:40:34 +0300] "GET /public/index.php HTTP/1.1" 200 17298 "https://www.yeniistiklal.com/public/index.php/404" "Mozilla/5.0 AppleWebKit/537.36 (KHTML, like Gecko; compatible; ClaudeBot/1.0; +claudebot@anthropic.com)"
216.73.217.145 - - [26/May/2026:15:40:34 +0300] "GET /public/index.php HTTP/1.1" 200 17286 "https://www.yeniistiklal.com/public/index.php/404" "Mozilla/5.0 AppleWebKit/537.36 (KHTML, like Gecko; compatible; ClaudeBot/1.0; +claudebot@anthropic.com)"
177.200.50.180 - - [26/May/2026:15:40:34 +0300] "GET / HTTP/1.1" 200 17145 "-" "Mozilla/5.0 (iPhone; CPU iPhone OS 11_0 like Mac OS X) AppleWebKit/537.36 (KHTML, like Gecko) Chrome/57.0.5850.1781 Mobile Safari/537.36"
54.235.158.162 - - [26/May/2026:15:40:35 +0300] "GET /etiketler/10-haberleri HTTP/1.1" 200 8595 "-" "Mozilla/5.0 AppleWebKit/537.36 (KHTML, like Gecko; compatible; Amazonbot/0.1; +https://developer.amazon.com/support/amazonbot) Chrome/119.0.6045.214 Safari/537.36"
2a03:2880:f806:4d:: - - [26/May/2026:15:40:35 +0300] "GET /public/ HTTP/1.1" 200 17190 "-" "meta-externalagent/1.1 (+https://developers.facebook.com/docs/sharing/webmasters/crawler)"
3.224.215.150 - - [26/May/2026:15:40:35 +0300] "GET /images/haberler/2022/10/tegvden-vanli-cocuklara-yepyeni-bir-egitim-parki-bALNl5UX.jpg HTTP/1.1" 302 224 "-" "Mozilla/5.0 AppleWebKit/537.36 (KHTML, like Gecko; compatible; Amazonbot/0.1; +https://developer.amazon.com/support/amazonbot) Chrome/119.0.6045.214 Safari/537.36"
209.101.57.21 - - [26/May/2026:15:40:35 +0300] "GET /404 HTTP/1.1" 302 215 "-" "Mozilla/5.0 (compatible; crawler)"
100.29.63.24 - - [26/May/2026:15:40:37 +0300] "GET /haber/cildin-ilk-adimi-etkili-yuz-ve-makyaj-temizleyiciler-ile-yuz-nemlendirici-onemi-552336 HTTP/1.1" 200 15160 "-" "Mozilla/5.0 AppleWebKit/537.36 (KHTML, like Gecko; compatible; Amazonbot/0.1; +https://developer.amazon.com/support/amazonbot) Chrome/119.0.6045.214 Safari/537.36"
44.255.200.182 - - [26/May/2026:15:40:38 +0300] "GET / HTTP/1.1" 200 17060 "-" "Mozilla/5.0 (X11; Ubuntu; Linux x86_64; rv:80.0) Gecko/20100101 Firefox/80.0"
185.191.171.7 - - [26/May/2026:15:40:39 +0300] "GET /haber/asil-slang-ve-kozmos-pariste-bir-araya-geldi-510436 HTTP/1.1" 200 13593 "-" "Mozilla/5.0 (compatible; SemrushBot/7~bl; +http://www.semrush.com/bot.html)"
62.244.225.226 - - [26/May/2026:15:40:40 +0300] "GET /sitemap.xml?type=news HTTP/1.1" 200 201 "https://yeniistiklal.com/sitemap.xml?type=news" "Mozilla/5.0 (iPad; CPU OS 8_4_1 like Mac OS X) AppleWebKit/600.1.4 (KHTML, like Gecko) Version/8.0 Mobile/12H321 Safari/600.1.4"
2a03:2880:f806:a:: - - [26/May/2026:15:40:42 +0300] "GET /public/index.php/404 HTTP/1.1" 302 232 "-" "meta-externalagent/1.1 (+https://developers.facebook.com/docs/sharing/webmasters/crawler)"
34.197.28.78 - - [26/May/2026:15:40:42 +0300] "GET /images/haberler/2022/05/istanbul-buyuksehirin-bedava-interneti-tum-metrolarda-NRjORfNB.jpg HTTP/1.1" 302 219 "-" "Mozilla/5.0 AppleWebKit/537.36 (KHTML, like Gecko; compatible; Amazonbot/0.1; +https://developer.amazon.com/support/amazonbot) Chrome/119.0.6045.214 Safari/537.36"
34.192.125.239 - - [26/May/2026:15:40:43 +0300] "GET /public/haber/konyali-dondurmanin-uzay-yolculugu-tamamlandi-521665 HTTP/1.1" 200 14075 "-" "Mozilla/5.0 AppleWebKit/537.36 (KHTML, like Gecko; compatible; Amazonbot/0.1; +https://developer.amazon.com/support/amazonbot) Chrome/119.0.6045.214 Safari/537.36"
2a03:2880:f806:1f:: - - [26/May/2026:15:40:43 +0300] "GET /public/index.php HTTP/1.1" 200 17290 "-" "meta-externalagent/1.1 (+https://developers.facebook.com/docs/sharing/webmasters/crawler)"
54.159.98.248 - - [26/May/2026:15:40:43 +0300] "GET /public/index.php/images/haberler/2022/02/mobil-ekipler-kovid-19-asilamasini-kar-kis-demeden-surduruyor-qDdR3UEt.jpg HTTP/1.1" 302 238 "-" "Mozilla/5.0 AppleWebKit/537.36 (KHTML, like Gecko; compatible; Amazonbot/0.1; +https://developer.amazon.com/support/amazonbot) Chrome/119.0.6045.214 Safari/537.36"
5.255.231.3 - - [26/May/2026:15:40:44 +0300] "GET /haber/daha-17de-manifest-surprizi-552365 HTTP/1.1" 200 14042 "-" "Mozilla/5.0 (compatible; YandexBot/3.0; +http://yandex.com/bots)"
95.108.213.145 - - [26/May/2026:15:40:45 +0300] "GET /rss/genel-0 HTTP/1.1" 200 169906 "-" "Mozilla/5.0 (compatible; YandexBot/3.0; +http://yandex.com/bots)"
184.73.167.217 - - [26/May/2026:15:40:45 +0300] "GET /haber/selim-isik-38-deniz-tuzcuoglu-son-durak-kara-toprak-502006 HTTP/1.1" 200 13394 "-" "Mozilla/5.0 AppleWebKit/537.36 (KHTML, like Gecko; compatible; Amazonbot/0.1; +https://developer.amazon.com/support/amazonbot) Chrome/119.0.6045.214 Safari/537.36"
2a03:2880:f806:4:: - - [26/May/2026:15:40:46 +0300] "GET /etiketler/ziyareti-haberleri HTTP/1.1" 200 6389 "-" "meta-externalagent/1.1 (+https://developers.facebook.com/docs/sharing/webmasters/crawler)"
2a03:2880:f806:22:: - - [26/May/2026:15:40:46 +0300] "GET /public/images/haberler/2022/09/samsung-galaxy-z-fold4-z-flip4-ve-watch5-serisinin-en-yeni-ozelliklerini-onceki-nesil-cihazlara-getiriyor-rBz6s6PF.jpg HTTP/1.1" 302 225 "-" "meta-externalagent/1.1 (+https://developers.facebook.com/docs/sharing/webmasters/crawler)"
18.213.27.222 - - [26/May/2026:15:40:47 +0300] "GET /images/haberler/2022/03/selim-isik-u0026-deniz-tuzcuoglu-son-durak-kara-toprak.jpg HTTP/1.1" 302 224 "-" "Mozilla/5.0 AppleWebKit/537.36 (KHTML, like Gecko; compatible; Amazonbot/0.1; +https://developer.amazon.com/support/amazonbot) Chrome/119.0.6045.214 Safari/537.36"
54.225.148.123 - - [26/May/2026:15:40:49 +0300] "GET /public/index.php/haber/kerkukte-usiad-heyetine-coskulu-karsilama-504064 HTTP/1.1" 200 15676 "-" "Mozilla/5.0 AppleWebKit/537.36 (KHTML, like Gecko; compatible; Amazonbot/0.1; +https://developer.amazon.com/support/amazonbot) Chrome/119.0.6045.214 Safari/537.36"
2a03:2880:f806:1b:: - - [26/May/2026:15:40:49 +0300] "GET /public/404 HTTP/1.1" 302 220 "-" "meta-externalagent/1.1 (+https://developers.facebook.com/docs/sharing/webmasters/crawler)"
54.159.18.27 - - [26/May/2026:15:40:51 +0300] "GET /images/haberler/2022/01/kremlin-putin-pekinde-zelenskiyle-gorusmeyi-planlamiyor-GpEzjiL5.jpg HTTP/1.1" 302 219 "-" "Mozilla/5.0 AppleWebKit/537.36 (KHTML, like Gecko; compatible; Amazonbot/0.1; +https://developer.amazon.com/support/amazonbot) Chrome/119.0.6045.214 Safari/537.36"
3.218.103.254 - - [26/May/2026:15:40:51 +0300] "GET /etiketler/bir-kisi-haberleri HTTP/1.1" 200 5566 "-" "Mozilla/5.0 AppleWebKit/537.36 (KHTML, like Gecko; compatible; Amazonbot/0.1; +https://developer.amazon.com/support/amazonbot) Chrome/119.0.6045.214 Safari/537.36"
69.249.57.15 - - [26/May/2026:15:40:51 +0300] "GET /public/haber/enerjisa-uretimden-turkiyenin-ilk-ruzg-r-turbini-konseri-522278 HTTP/1.1" 200 15067 "-" "Mozilla/5.0 (iPhone; CPU iPhone OS 11_0 like Mac OS X) AppleWebKit/537.36 (KHTML, like Gecko) Chrome/42.0.4820.1099 Mobile Safari/537.36"
54.225.199.17 - - [26/May/2026:15:40:53 +0300] "GET /public/index.php/haber/kira-artis-orani-subat-ayinda-ne-kadar-kira-artis-orani-belli-oldu-483232 HTTP/1.1" 200 13690 "-" "Mozilla/5.0 AppleWebKit/537.36 (KHTML, like Gecko; compatible; Amazonbot/0.1; +https://developer.amazon.com/support/amazonbot) Chrome/119.0.6045.214 Safari/537.36"
18.209.201.119 - - [26/May/2026:15:40:40 +0300] "GET /images/haberler/2026/05/cildin-ilk-adimi-etkili-yuz-ve-makyaj-temizleyiciler-ile-yuz-nemlendirici-onemi-1778393130.jpg HTTP/1.1" 200 17350 "-" "Mozilla/5.0 AppleWebKit/537.36 (KHTML, like Gecko; compatible; Amazonbot/0.1; +https://developer.amazon.com/support/amazonbot) Chrome/119.0.6045.214 Safari/537.36"
2a03:2880:f806:20:: - - [26/May/2026:15:40:40 +0300] "GET /public/index.php/images/haberler/2022/02/rihanna-hamileligini-anlatti-asiri-yorgun-ve-uyku-halindeyim-wrRseWGl.jpg HTTP/1.1" 302 238 "-" "meta-externalagent/1.1 (+https://developers.facebook.com/docs/sharing/webmasters/crawler)"
85.208.96.210 - - [26/May/2026:15:40:40 +0300] "GET /haber/pentagon-rusyadan-dogrudan-natonun-dogu-kanadina-yonelik-ek-tehditler-soz-konusu-degil-486281 HTTP/1.1" 200 14265 "-" "Mozilla/5.0 (compatible; SemrushBot/7~bl; +http://www.semrush.com/bot.html)"
3.218.103.254 - - [26/May/2026:15:40:41 +0300] "GET /public/index.php/haber/mobil-ekipler-kovid-19-asilamasini-kar-kis-demeden-surduruyor-482773 HTTP/1.1" 200 14332 "-" "Mozilla/5.0 AppleWebKit/537.36 (KHTML, like Gecko; compatible; Amazonbot/0.1; +https://developer.amazon.com/support/amazonbot) Chrome/119.0.6045.214 Safari/537.36"
5.255.231.246 - - [26/May/2026:15:40:43 +0300] "GET /public/rss/genel-0 HTTP/1.1" 200 169997 "-" "Mozilla/5.0 (compatible; YandexBot/3.0; +http://yandex.com/bots)"
5.255.231.249 - - [26/May/2026:15:40:45 +0300] "GET /public/haber/daha-17de-manifest-surprizi-552365 HTTP/1.1" 200 14069 "-" "Mozilla/5.0 (compatible; YandexBot/3.0; +http://yandex.com/bots)"
100.29.107.38 - - [26/May/2026:15:40:46 +0300] "GET /public/images/haberler/2022/06/konyali-dondurmanin-uzay-yolculugu-tamamlandi-npOgMDMW.jpg HTTP/1.1" 302 225 "-" "Mozilla/5.0 AppleWebKit/537.36 (KHTML, like Gecko; compatible; Amazonbot/0.1; +https://developer.amazon.com/support/amazonbot) Chrome/119.0.6045.214 Safari/537.36"
66.249.92.198 - - [26/May/2026:15:40:47 +0300] "GET /haber/migrosun-hirsizlikla-sucladigi-isciden-yurek-yakan-savunma-489862 HTTP/1.1" 200 13875 "-" "Mediapartners-Google"
3.216.227.216 - - [26/May/2026:15:40:47 +0300] "GET /haber/kremlin-putin-pekinde-zelenskiyle-gorusmeyi-planlamiyor-480416 HTTP/1.1" 200 13789 "-" "Mozilla/5.0 AppleWebKit/537.36 (KHTML, like Gecko; compatible; Amazonbot/0.1; +https://developer.amazon.com/support/amazonbot) Chrome/119.0.6045.214 Safari/537.36"
87.250.224.220 - - [26/May/2026:15:40:47 +0300] "GET /rss/sinema-11 HTTP/1.1" 200 21504 "-" "Mozilla/5.0 (compatible; YandexBot/3.0; +http://yandex.com/bots)"
2a03:2880:f806:4:: - - [26/May/2026:15:40:51 +0300] "GET /public HTTP/1.1" 301 795 "-" "meta-externalagent/1.1 (+https://developers.facebook.com/docs/sharing/webmasters/crawler)"
34.224.9.144 - - [26/May/2026:15:40:51 +0300] "GET /public/index.php/images/haberler/2022/04/kerkukte-usiad-heyetine-coskulu-karsilama-ZFWyFAcZ.jpg HTTP/1.1" 302 238 "-" "Mozilla/5.0 AppleWebKit/537.36 (KHTML, like Gecko; compatible; Amazonbot/0.1; +https://developer.amazon.com/support/amazonbot) Chrome/119.0.6045.214 Safari/537.36"
2a03:2880:f806:52:: - - [26/May/2026:15:40:52 +0300] "GET /public/ HTTP/1.1" 200 17185 "-" "meta-externalagent/1.1 (+https://developers.facebook.com/docs/sharing/webmasters/crawler)"
213.180.203.87 - - [26/May/2026:15:40:53 +0300] "GET /public/rss/genel-0 HTTP/1.1" 200 169997 "-" "Mozilla/5.0 (compatible; YandexBot/3.0; +http://yandex.com/bots)"
47.82.11.158 - - [26/May/2026:15:40:53 +0300] "GET /public/index.php/haber/mardin-artukluda-cocuk-parkinda-kundaklama-543654 HTTP/1.1" 200 13849 "https://yeniistiklal.com/" "Mozilla/5.0 (Macintosh; Intel Mac OS X 10_15_7) AppleWebKit/537.36 (KHTML, like Gecko) Chrome/135.0.0.0 Safari/537.36"
216.73.217.145 - - [26/May/2026:15:40:55 +0300] "GET /haber/sut-urunleri-cocuklarda-kronik-hastaliklari-onleyici-role-sahip-541315 HTTP/1.1" 200 15844 "-" "Mozilla/5.0 AppleWebKit/537.36 (KHTML, like Gecko; compatible; ClaudeBot/1.0; +claudebot@anthropic.com)"
69.249.57.15 - - [26/May/2026:15:40:54 +0300] "GET /public/images/haberler/2022/06/enerjisa-uretimden-turkiyenin-ilk-ruzg-r-turbini-konseri-V87jtAzP.jpg HTTP/1.1" 302 230 "https://www.yeniistiklal.com/public/haber/enerjisa-uretimden-turkiyenin-ilk-ruzg-r-turbini-konseri-522278" "Mozilla/5.0 (iPhone; CPU iPhone OS 11_0 like Mac OS X) AppleWebKit/537.36 (KHTML, like Gecko) Chrome/42.0.4820.1099 Mobile Safari/537.36"
63.35.115.255 - - [26/May/2026:15:40:54 +0300] "GET /category/spor/feed HTTP/1.1" 301 795 "-" "Mozilla/5.0 (compatible; Squidbot/1.0)"
216.73.217.145 - - [26/May/2026:15:40:55 +0300] "GET /haber/balkanlardan-gelen-ogrencilerin-fetih-yolculugu-540284 HTTP/1.1" 200 13847 "-" "Mozilla/5.0 AppleWebKit/537.36 (KHTML, like Gecko; compatible; ClaudeBot/1.0; +claudebot@anthropic.com)"
