216.73.217.145 - - [26/May/2026:15:39:48 +0300] "GET /404 HTTP/1.1" 302 219 "https://www.yeniistiklal.com/images/haberler/2022/09/doganlar-mobilya-grubunun-yukselen-basarisi-JICsptjZ.jpg" "Mozilla/5.0 AppleWebKit/537.36 (KHTML, like Gecko; compatible; ClaudeBot/1.0; +claudebot@anthropic.com)"
62.244.225.226 - - [26/May/2026:15:39:48 +0300] "GET /haber/bir-satisin-gercek-degerini-ancak-tahsilat-tamamlandiginda-anlarsiniz-552363 HTTP/1.1" 200 15381 "https://yeniistiklal.com/haber/daha-17de-manifest-surprizi-552365" "Mozilla/5.0 (Windows NT 6.1) AppleWebKit/537.36 (KHTML, like Gecko) Chrome/45.0.2454.85 Safari/537.36"
216.73.217.145 - - [26/May/2026:15:39:48 +0300] "GET /public/index.php HTTP/1.1" 200 17279 "https://www.yeniistiklal.com/public/index.php/404" "Mozilla/5.0 AppleWebKit/537.36 (KHTML, like Gecko; compatible; ClaudeBot/1.0; +claudebot@anthropic.com)"
216.73.217.145 - - [26/May/2026:15:39:48 +0300] "GET /images/haberler/2022/09/cankurtaran-drone-cankusun-tanitim-ucusu-yapildi-A6etA98K.jpg HTTP/1.1" 302 224 "-" "Mozilla/5.0 AppleWebKit/537.36 (KHTML, like Gecko; compatible; ClaudeBot/1.0; +claudebot@anthropic.com)"
216.73.217.145 - - [26/May/2026:15:39:48 +0300] "GET /public/index.php/404 HTTP/1.1" 302 232 "https://www.yeniistiklal.com/public/index.php/images/haberler/2022/05/bahcelievlerde-bir-shakespeare-klasigi-12-gece-5NfQerS4.jpg" "Mozilla/5.0 AppleWebKit/537.36 (KHTML, like Gecko; compatible; ClaudeBot/1.0; +claudebot@anthropic.com)"
216.73.217.145 - - [26/May/2026:15:39:48 +0300] "GET /images/haberler/2022/09/baskan-gumrukcu-muteahhitler-ile-bulustu-4NHIXeGf.jpg HTTP/1.1" 302 224 "-" "Mozilla/5.0 AppleWebKit/537.36 (KHTML, like Gecko; compatible; ClaudeBot/1.0; +claudebot@anthropic.com)"
62.244.225.226 - - [26/May/2026:15:39:48 +0300] "GET /haber/veri-guvenligi-acisindan-avusturya-kurumsal-hosting-hizmetlerinin-onemi-552362 HTTP/1.1" 200 16453 "https://yeniistiklal.com/haber/daha-17de-manifest-surprizi-552365" "Mozilla/5.0 (Macintosh; Intel Mac OS X 10_10_5) AppleWebKit/600.8.9 (KHTML, like Gecko) Version/8.0.8 Safari/600.8.9"
216.73.217.145 - - [26/May/2026:15:39:48 +0300] "GET /public/index.php/404 HTTP/1.1" 302 232 "https://www.yeniistiklal.com/public/index.php/images/haberler/2022/05/cumhurbaskani-erdogan-azerbaycan-yolcusu-Rs7fWBn6.jpg" "Mozilla/5.0 AppleWebKit/537.36 (KHTML, like Gecko; compatible; ClaudeBot/1.0; +claudebot@anthropic.com)"
216.73.217.145 - - [26/May/2026:15:39:48 +0300] "GET /404 HTTP/1.1" 302 219 "https://www.yeniistiklal.com/images/haberler/2022/09/cankurtaran-drone-cankusun-tanitim-ucusu-yapildi-A6etA98K.jpg" "Mozilla/5.0 AppleWebKit/537.36 (KHTML, like Gecko; compatible; ClaudeBot/1.0; +claudebot@anthropic.com)"
216.73.217.145 - - [26/May/2026:15:39:48 +0300] "GET /public/index.php/images/haberler/2022/05/ciftlikkoyde-okul-oncesi-senlikleri-basladi-Vrf3XY33.jpg HTTP/1.1" 302 238 "-" "Mozilla/5.0 AppleWebKit/537.36 (KHTML, like Gecko; compatible; ClaudeBot/1.0; +claudebot@anthropic.com)"
216.73.217.145 - - [26/May/2026:15:39:48 +0300] "GET /404 HTTP/1.1" 302 219 "https://www.yeniistiklal.com/images/haberler/2022/09/baskan-gumrukcu-muteahhitler-ile-bulustu-4NHIXeGf.jpg" "Mozilla/5.0 AppleWebKit/537.36 (KHTML, like Gecko; compatible; ClaudeBot/1.0; +claudebot@anthropic.com)"
216.73.217.145 - - [26/May/2026:15:39:48 +0300] "GET /public/index.php/images/haberler/2022/08/bitay-coin-coinmarketcap-platformunda-yerini-aldi-c511bNEJ.jpg HTTP/1.1" 302 238 "-" "Mozilla/5.0 AppleWebKit/537.36 (KHTML, like Gecko; compatible; ClaudeBot/1.0; +claudebot@anthropic.com)"
216.73.217.145 - - [26/May/2026:15:39:48 +0300] "GET /public/index.php HTTP/1.1" 200 17294 "https://www.yeniistiklal.com/public/index.php/404" "Mozilla/5.0 AppleWebKit/537.36 (KHTML, like Gecko; compatible; ClaudeBot/1.0; +claudebot@anthropic.com)"
216.73.217.145 - - [26/May/2026:15:39:48 +0300] "GET /404 HTTP/1.1" 302 219 "https://www.yeniistiklal.com/images/haberler/2022/02/tarkandan-ozgecan-aslan-paylasimi-unutmamak-yetti-mi-vtMXug5h.jpeg" "Mozilla/5.0 AppleWebKit/537.36 (KHTML, like Gecko; compatible; ClaudeBot/1.0; +claudebot@anthropic.com)"
216.73.217.145 - - [26/May/2026:15:39:48 +0300] "GET /public/index.php/images/haberler/2022/08/turksat-6a-icin-geri-sayim-basladi-XVGmAsb1.jpg HTTP/1.1" 302 238 "-" "Mozilla/5.0 AppleWebKit/537.36 (KHTML, like Gecko; compatible; ClaudeBot/1.0; +claudebot@anthropic.com)"
216.73.217.145 - - [26/May/2026:15:39:49 +0300] "GET /public/index.php/404 HTTP/1.1" 302 232 "https://www.yeniistiklal.com/public/index.php/images/haberler/2022/08/turksat-6a-icin-geri-sayim-basladi-XVGmAsb1.jpg" "Mozilla/5.0 AppleWebKit/537.36 (KHTML, like Gecko; compatible; ClaudeBot/1.0; +claudebot@anthropic.com)"
216.73.217.145 - - [26/May/2026:15:39:48 +0300] "GET /public/index.php/images/haberler/2022/05/osmangazili-aticilardan-yeni-rekor-ROuePLP8.jpg HTTP/1.1" 302 238 "-" "Mozilla/5.0 AppleWebKit/537.36 (KHTML, like Gecko; compatible; ClaudeBot/1.0; +claudebot@anthropic.com)"
216.73.217.145 - - [26/May/2026:15:39:48 +0300] "GET /public/index.php HTTP/1.1" 200 17292 "https://www.yeniistiklal.com/public/index.php/404" "Mozilla/5.0 AppleWebKit/537.36 (KHTML, like Gecko; compatible; ClaudeBot/1.0; +claudebot@anthropic.com)"
216.73.217.145 - - [26/May/2026:15:39:48 +0300] "GET /public/index.php/404 HTTP/1.1" 302 232 "https://www.yeniistiklal.com/public/index.php/images/haberler/2022/05/ciftlikkoyde-okul-oncesi-senlikleri-basladi-Vrf3XY33.jpg" "Mozilla/5.0 AppleWebKit/537.36 (KHTML, like Gecko; compatible; ClaudeBot/1.0; +claudebot@anthropic.com)"
216.73.217.145 - - [26/May/2026:15:39:48 +0300] "GET /public/index.php/404 HTTP/1.1" 302 232 "https://www.yeniistiklal.com/public/index.php/images/haberler/2022/05/osmangazili-aticilardan-yeni-rekor-ROuePLP8.jpg" "Mozilla/5.0 AppleWebKit/537.36 (KHTML, like Gecko; compatible; ClaudeBot/1.0; +claudebot@anthropic.com)"
216.73.217.145 - - [26/May/2026:15:39:48 +0300] "GET /images/haberler/2022/02/tarkandan-ozgecan-aslan-paylasimi-unutmamak-yetti-mi-vtMXug5h.jpeg HTTP/1.1" 302 224 "-" "Mozilla/5.0 AppleWebKit/537.36 (KHTML, like Gecko; compatible; ClaudeBot/1.0; +claudebot@anthropic.com)"
85.208.96.204 - - [26/May/2026:15:39:48 +0300] "GET /haber/zeytinliklerden-sonra-sit-alanlari-da-ranta-aciliyor-500064 HTTP/1.1" 200 14437 "-" "Mozilla/5.0 (compatible; SemrushBot/7~bl; +http://www.semrush.com/bot.html)"
216.73.217.145 - - [26/May/2026:15:39:48 +0300] "GET /public/index.php/404 HTTP/1.1" 302 232 "https://www.yeniistiklal.com/public/index.php/images/haberler/2022/08/bitay-coin-coinmarketcap-platformunda-yerini-aldi-c511bNEJ.jpg" "Mozilla/5.0 AppleWebKit/537.36 (KHTML, like Gecko; compatible; ClaudeBot/1.0; +claudebot@anthropic.com)"
216.73.217.145 - - [26/May/2026:15:39:48 +0300] "GET /public/index.php/haber/kayadan-peygamber-soyu-sozlerine-aciklama-durup-dururken-anlatmadim-475504 HTTP/1.1" 200 13817 "-" "Mozilla/5.0 AppleWebKit/537.36 (KHTML, like Gecko; compatible; ClaudeBot/1.0; +claudebot@anthropic.com)"
216.73.217.145 - - [26/May/2026:15:39:48 +0300] "GET /public/index.php HTTP/1.1" 200 17278 "https://www.yeniistiklal.com/public/index.php/404" "Mozilla/5.0 AppleWebKit/537.36 (KHTML, like Gecko; compatible; ClaudeBot/1.0; +claudebot@anthropic.com)"
216.73.217.145 - - [26/May/2026:15:39:48 +0300] "GET /public/index.php HTTP/1.1" 200 17278 "https://www.yeniistiklal.com/public/index.php/404" "Mozilla/5.0 AppleWebKit/537.36 (KHTML, like Gecko; compatible; ClaudeBot/1.0; +claudebot@anthropic.com)"
216.73.217.145 - - [26/May/2026:15:39:49 +0300] "GET /images/haberler/2022/10/intel-arc-a770-ve-a750-dunya-genelinde-satisa-sunuldu-Segq6uFm.jpg HTTP/1.1" 302 224 "-" "Mozilla/5.0 AppleWebKit/537.36 (KHTML, like Gecko; compatible; ClaudeBot/1.0; +claudebot@anthropic.com)"
216.73.217.145 - - [26/May/2026:15:39:49 +0300] "GET /public/index.php/images/haberler/2022/01/vatandas-kimden-hesap-sorsun-UMTL8i2n.jpg HTTP/1.1" 302 238 "-" "Mozilla/5.0 AppleWebKit/537.36 (KHTML, like Gecko; compatible; ClaudeBot/1.0; +claudebot@anthropic.com)"
216.73.217.145 - - [26/May/2026:15:39:49 +0300] "GET /public/index.php/haber/chpli-bulbulun-2021-adalet-karnesinde-adaletsizlik-vurgusu-505-eyleme-mudahale-10-bin-151-gozalti-2-bin-17-is-cinayeti-474185 HTTP/1.1" 200 16205 "-" "Mozilla/5.0 AppleWebKit/537.36 (KHTML, like Gecko; compatible; ClaudeBot/1.0; +claudebot@anthropic.com)"
216.73.217.145 - - [26/May/2026:15:39:49 +0300] "GET /public/index.php/images/haberler/2022/08/izmir-ticaret-borsasi-secim-takvimini-belirledi-V9WhAlw7.jpg HTTP/1.1" 302 238 "-" "Mozilla/5.0 AppleWebKit/537.36 (KHTML, like Gecko; compatible; ClaudeBot/1.0; +claudebot@anthropic.com)"
34.206.249.188 - - [26/May/2026:15:39:49 +0300] "GET /public/index.php/haber/aslan-baligi-nedir-aslan-baligi-ozellikleri-aslan-baligi-tehlikeli-mi-480417 HTTP/1.1" 200 14477 "-" "Mozilla/5.0 AppleWebKit/537.36 (KHTML, like Gecko; compatible; Amazonbot/0.1; +https://developer.amazon.com/support/amazonbot) Chrome/119.0.6045.214 Safari/537.36"
216.73.217.145 - - [26/May/2026:15:39:49 +0300] "GET /public/index.php HTTP/1.1" 200 17287 "https://www.yeniistiklal.com/public/index.php/404" "Mozilla/5.0 AppleWebKit/537.36 (KHTML, like Gecko; compatible; ClaudeBot/1.0; +claudebot@anthropic.com)"
216.73.217.145 - - [26/May/2026:15:39:49 +0300] "GET /404 HTTP/1.1" 302 219 "https://www.yeniistiklal.com/images/haberler/2022/10/intel-arc-a770-ve-a750-dunya-genelinde-satisa-sunuldu-Segq6uFm.jpg" "Mozilla/5.0 AppleWebKit/537.36 (KHTML, like Gecko; compatible; ClaudeBot/1.0; +claudebot@anthropic.com)"
216.73.217.145 - - [26/May/2026:15:39:49 +0300] "GET /public/index.php/404 HTTP/1.1" 302 232 "https://www.yeniistiklal.com/public/index.php/images/haberler/2022/01/vatandas-kimden-hesap-sorsun-UMTL8i2n.jpg" "Mozilla/5.0 AppleWebKit/537.36 (KHTML, like Gecko; compatible; ClaudeBot/1.0; +claudebot@anthropic.com)"
216.73.217.145 - - [26/May/2026:15:39:49 +0300] "GET /public/index.php/images/haberler/2022/01/elektrikte-ortulu-zam-iddiasi-HeMl7SAb.jpg HTTP/1.1" 302 238 "-" "Mozilla/5.0 AppleWebKit/537.36 (KHTML, like Gecko; compatible; ClaudeBot/1.0; +claudebot@anthropic.com)"
216.73.217.145 - - [26/May/2026:15:39:49 +0300] "GET /public/index.php/haber/yaparsa-bunu-da-akp-yapar-erdogan-icin-sokak-sokak-gezenlere-para-sactilar-475495 HTTP/1.1" 200 14231 "-" "Mozilla/5.0 AppleWebKit/537.36 (KHTML, like Gecko; compatible; ClaudeBot/1.0; +claudebot@anthropic.com)"
216.73.217.145 - - [26/May/2026:15:39:49 +0300] "GET /public/index.php/images/haberler/2022/01/unlu-perakende-sirketinden-metaverse-adimi-yPZthgAb.jpg HTTP/1.1" 302 238 "-" "Mozilla/5.0 AppleWebKit/537.36 (KHTML, like Gecko; compatible; ClaudeBot/1.0; +claudebot@anthropic.com)"
216.73.217.145 - - [26/May/2026:15:39:49 +0300] "GET /public/index.php/haber/basbakan-boris-johnson-un-istifasi-isteniyor-selin-nasi-aktariyor-474925 HTTP/1.1" 200 13264 "-" "Mozilla/5.0 AppleWebKit/537.36 (KHTML, like Gecko; compatible; ClaudeBot/1.0; +claudebot@anthropic.com)"
216.73.217.145 - - [26/May/2026:15:39:49 +0300] "GET /public/index.php HTTP/1.1" 200 17287 "https://www.yeniistiklal.com/public/index.php/404" "Mozilla/5.0 AppleWebKit/537.36 (KHTML, like Gecko; compatible; ClaudeBot/1.0; +claudebot@anthropic.com)"
216.73.217.145 - - [26/May/2026:15:39:50 +0300] "GET /public/index.php HTTP/1.1" 200 17274 "https://www.yeniistiklal.com/public/index.php/404" "Mozilla/5.0 AppleWebKit/537.36 (KHTML, like Gecko; compatible; ClaudeBot/1.0; +claudebot@anthropic.com)"
216.73.217.145 - - [26/May/2026:15:39:49 +0300] "GET /public/index.php/haber/aytun-ciraydan-erdogana-terorist-basi-adeta-yargic-konumuna-yukseltildi-475091 HTTP/1.1" 200 13970 "-" "Mozilla/5.0 AppleWebKit/537.36 (KHTML, like Gecko; compatible; ClaudeBot/1.0; +claudebot@anthropic.com)"
216.73.217.145 - - [26/May/2026:15:39:50 +0300] "GET /haber/sgpye-gore-kisi-basina-gayrisafi-yurt-ici-hasila-endeks-degeri-64-oldu-522095 HTTP/1.1" 200 14431 "-" "Mozilla/5.0 AppleWebKit/537.36 (KHTML, like Gecko; compatible; ClaudeBot/1.0; +claudebot@anthropic.com)"
216.73.217.145 - - [26/May/2026:15:39:50 +0300] "GET /public/index.php HTTP/1.1" 200 17281 "https://www.yeniistiklal.com/public/index.php/404" "Mozilla/5.0 AppleWebKit/537.36 (KHTML, like Gecko; compatible; ClaudeBot/1.0; +claudebot@anthropic.com)"
216.73.217.145 - - [26/May/2026:15:39:50 +0300] "GET /public/index.php HTTP/1.1" 200 17285 "https://www.yeniistiklal.com/public/index.php/404" "Mozilla/5.0 AppleWebKit/537.36 (KHTML, like Gecko; compatible; ClaudeBot/1.0; +claudebot@anthropic.com)"
216.73.217.145 - - [26/May/2026:15:39:49 +0300] "GET /public/index.php/404 HTTP/1.1" 302 232 "https://www.yeniistiklal.com/public/index.php/images/haberler/2022/08/izmir-ticaret-borsasi-secim-takvimini-belirledi-V9WhAlw7.jpg" "Mozilla/5.0 AppleWebKit/537.36 (KHTML, like Gecko; compatible; ClaudeBot/1.0; +claudebot@anthropic.com)"
216.73.217.145 - - [26/May/2026:15:39:49 +0300] "GET /images/haberler/2024/02/uc-yukleme-1706969163.jpg HTTP/1.1" 200 41138 "-" "Mozilla/5.0 AppleWebKit/537.36 (KHTML, like Gecko; compatible; ClaudeBot/1.0; +claudebot@anthropic.com)"
216.73.217.145 - - [26/May/2026:15:39:49 +0300] "GET /public/index.php HTTP/1.1" 200 17285 "https://www.yeniistiklal.com/public/index.php/404" "Mozilla/5.0 AppleWebKit/537.36 (KHTML, like Gecko; compatible; ClaudeBot/1.0; +claudebot@anthropic.com)"
216.73.217.145 - - [26/May/2026:15:39:49 +0300] "GET /public/index.php/404 HTTP/1.1" 302 232 "https://www.yeniistiklal.com/public/index.php/images/haberler/2022/01/elektrikte-ortulu-zam-iddiasi-HeMl7SAb.jpg" "Mozilla/5.0 AppleWebKit/537.36 (KHTML, like Gecko; compatible; ClaudeBot/1.0; +claudebot@anthropic.com)"
216.73.217.145 - - [26/May/2026:15:39:49 +0300] "GET /public/index.php HTTP/1.1" 200 17276 "https://www.yeniistiklal.com/public/index.php/404" "Mozilla/5.0 AppleWebKit/537.36 (KHTML, like Gecko; compatible; ClaudeBot/1.0; +claudebot@anthropic.com)"
216.73.217.145 - - [26/May/2026:15:39:49 +0300] "GET /public/index.php/404 HTTP/1.1" 302 232 "https://www.yeniistiklal.com/public/index.php/images/haberler/2022/01/unlu-perakende-sirketinden-metaverse-adimi-yPZthgAb.jpg" "Mozilla/5.0 AppleWebKit/537.36 (KHTML, like Gecko; compatible; ClaudeBot/1.0; +claudebot@anthropic.com)"
216.73.217.145 - - [26/May/2026:15:39:49 +0300] "GET /public/index.php/images/haberler/2022/06/ailem-olur-musun-93-canliya-yuva-oldu-FrvJfdeV.jpg HTTP/1.1" 302 238 "-" "Mozilla/5.0 AppleWebKit/537.36 (KHTML, like Gecko; compatible; ClaudeBot/1.0; +claudebot@anthropic.com)"
216.73.217.145 - - [26/May/2026:15:39:50 +0300] "GET /public/index.php/images/haberler/2022/02/nasanin-perseverance-gezgini-bir-rekora-imza-atti-CS35mUeQ.jpg HTTP/1.1" 302 238 "-" "Mozilla/5.0 AppleWebKit/537.36 (KHTML, like Gecko; compatible; ClaudeBot/1.0; +claudebot@anthropic.com)"
216.73.217.145 - - [26/May/2026:15:39:50 +0300] "GET /public/index.php/404 HTTP/1.1" 302 232 "https://www.yeniistiklal.com/public/index.php/images/haberler/2022/06/ailem-olur-musun-93-canliya-yuva-oldu-FrvJfdeV.jpg" "Mozilla/5.0 AppleWebKit/537.36 (KHTML, like Gecko; compatible; ClaudeBot/1.0; +claudebot@anthropic.com)"
216.73.217.145 - - [26/May/2026:15:39:50 +0300] "GET /public/index.php/404 HTTP/1.1" 302 232 "https://www.yeniistiklal.com/public/index.php/images/haberler/2022/02/nasanin-perseverance-gezgini-bir-rekora-imza-atti-CS35mUeQ.jpg" "Mozilla/5.0 AppleWebKit/537.36 (KHTML, like Gecko; compatible; ClaudeBot/1.0; +claudebot@anthropic.com)"
85.208.96.194 - - [26/May/2026:15:39:50 +0300] "GET /haber/whatsappin-en-onemli-ozelligi-messengera-geliyor-532706 HTTP/1.1" 200 13998 "-" "Mozilla/5.0 (compatible; SemrushBot/7~bl; +http://www.semrush.com/bot.html)"
216.73.217.145 - - [26/May/2026:15:39:50 +0300] "GET /haber/samsung-turkiyenin-kadin-teknisyen-egitim-programindaki-ilk-mezunlar-sertifikalarini-aldi-540304 HTTP/1.1" 200 15747 "-" "Mozilla/5.0 AppleWebKit/537.36 (KHTML, like Gecko; compatible; ClaudeBot/1.0; +claudebot@anthropic.com)"
216.73.217.145 - - [26/May/2026:15:39:50 +0300] "GET /public/haber/baskent-kultur-yolu-festivalinde-ankaralilar-muzikle-dolu-bir-gece-yasadi-543703 HTTP/1.1" 200 15858 "-" "Mozilla/5.0 AppleWebKit/537.36 (KHTML, like Gecko; compatible; ClaudeBot/1.0; +claudebot@anthropic.com)"
216.73.217.145 - - [26/May/2026:15:39:50 +0300] "GET /public/images/haberler/2022/05/xiaomi-mi-band-7-unlu-e-ticaret-sitesinde-listelendi-OLYan1PO.jpg HTTP/1.1" 302 225 "-" "Mozilla/5.0 AppleWebKit/537.36 (KHTML, like Gecko; compatible; ClaudeBot/1.0; +claudebot@anthropic.com)"
216.73.217.145 - - [26/May/2026:15:39:50 +0300] "GET /public/404 HTTP/1.1" 302 220 "https://yeniistiklal.com/public/images/haberler/2022/09/narliderede-engelli-sarj-istasyonu-kuruldu-JmpStPrA.jpg" "Mozilla/5.0 AppleWebKit/537.36 (KHTML, like Gecko; compatible; ClaudeBot/1.0; +claudebot@anthropic.com)"
54.152.163.42 - - [26/May/2026:15:39:50 +0300] "GET /images/haberler/2022/03/isitme-engelli-sporcularin-temel-meselesi-isitilmek-0-vhDNECDC.jpg HTTP/1.1" 302 219 "-" "Mozilla/5.0 AppleWebKit/537.36 (KHTML, like Gecko; compatible; Amazonbot/0.1; +https://developer.amazon.com/support/amazonbot) Chrome/119.0.6045.214 Safari/537.36"
216.73.217.145 - - [26/May/2026:15:39:51 +0300] "GET /public HTTP/1.1" 301 795 "https://yeniistiklal.com/public/404" "Mozilla/5.0 AppleWebKit/537.36 (KHTML, like Gecko; compatible; ClaudeBot/1.0; +claudebot@anthropic.com)"
216.73.217.145 - - [26/May/2026:15:39:51 +0300] "GET /public/images/haberler/2022/08/rufus-filmi-nickelodeonda-ndhYbnda.jpg HTTP/1.1" 302 225 "-" "Mozilla/5.0 AppleWebKit/537.36 (KHTML, like Gecko; compatible; ClaudeBot/1.0; +claudebot@anthropic.com)"
216.73.217.145 - - [26/May/2026:15:39:51 +0300] "GET /public HTTP/1.1" 301 795 "https://yeniistiklal.com/public/404" "Mozilla/5.0 AppleWebKit/537.36 (KHTML, like Gecko; compatible; ClaudeBot/1.0; +claudebot@anthropic.com)"
216.73.217.145 - - [26/May/2026:15:39:51 +0300] "GET /whatsapp:/send?text=Bursa+Osmangazi+bayrama+haz%C4%B1r+-+https%3A%2Fyeniistiklal.com%2Fhaber%2Fbursa-osmangazi-bayrama-hazir-525724 HTTP/1.1" 302 219 "-" "Mozilla/5.0 AppleWebKit/537.36 (KHTML, like Gecko; compatible; ClaudeBot/1.0; +claudebot@anthropic.com)"
216.73.217.145 - - [26/May/2026:15:39:51 +0300] "GET /public HTTP/1.1" 301 795 "https://yeniistiklal.com/public/404" "Mozilla/5.0 AppleWebKit/537.36 (KHTML, like Gecko; compatible; ClaudeBot/1.0; +claudebot@anthropic.com)"
216.73.217.145 - - [26/May/2026:15:39:51 +0300] "GET /public/404 HTTP/1.1" 302 220 "https://yeniistiklal.com/public/images/haberler/2022/08/rufus-filmi-nickelodeonda-ndhYbnda.jpg" "Mozilla/5.0 AppleWebKit/537.36 (KHTML, like Gecko; compatible; ClaudeBot/1.0; +claudebot@anthropic.com)"
216.73.217.145 - - [26/May/2026:15:39:51 +0300] "GET /public HTTP/1.1" 301 795 "https://yeniistiklal.com/public/404" "Mozilla/5.0 AppleWebKit/537.36 (KHTML, like Gecko; compatible; ClaudeBot/1.0; +claudebot@anthropic.com)"
216.73.217.145 - - [26/May/2026:15:39:51 +0300] "GET /404 HTTP/1.1" 302 215 "https://yeniistiklal.com/whatsapp:/send?text=Bursa+Osmangazi+bayrama+haz%C4%B1r+-+https%3A%2Fyeniistiklal.com%2Fhaber%2Fbursa-osmangazi-bayrama-hazir-525724" "Mozilla/5.0 AppleWebKit/537.36 (KHTML, like Gecko; compatible; ClaudeBot/1.0; +claudebot@anthropic.com)"
216.73.217.145 - - [26/May/2026:15:39:51 +0300] "GET /public/ HTTP/1.1" 200 17191 "https://yeniistiklal.com/public" "Mozilla/5.0 AppleWebKit/537.36 (KHTML, like Gecko; compatible; ClaudeBot/1.0; +claudebot@anthropic.com)"
216.73.217.145 - - [26/May/2026:15:39:51 +0300] "GET /public/ HTTP/1.1" 200 17193 "https://yeniistiklal.com/public" "Mozilla/5.0 AppleWebKit/537.36 (KHTML, like Gecko; compatible; ClaudeBot/1.0; +claudebot@anthropic.com)"
216.73.217.145 - - [26/May/2026:15:39:51 +0300] "GET /public/haber/epic-games-testerlara-bircok-avantaj-ve-tam-zamanli-is-imkani-sagliyor-494042 HTTP/1.1" 200 14259 "-" "Mozilla/5.0 AppleWebKit/537.36 (KHTML, like Gecko; compatible; ClaudeBot/1.0; +claudebot@anthropic.com)"
34.231.118.144 - - [26/May/2026:15:39:51 +0300] "GET /public/index.php/images/haberler/2022/01/aslan-baligi-nedir-aslan-baligi-ozellikleri-aslan-baligi-tehlikeli-mi-eGv87WgI.jpg HTTP/1.1" 302 238 "-" "Mozilla/5.0 AppleWebKit/537.36 (KHTML, like Gecko; compatible; Amazonbot/0.1; +https://developer.amazon.com/support/amazonbot) Chrome/119.0.6045.214 Safari/537.36"
216.73.217.145 - - [26/May/2026:15:39:51 +0300] "GET /public/images/haberler/2022/02/russell-crowe-marvel-evrenine-dahil-oldu-n3csL2ts.jpg HTTP/1.1" 302 225 "-" "Mozilla/5.0 AppleWebKit/537.36 (KHTML, like Gecko; compatible; ClaudeBot/1.0; +claudebot@anthropic.com)"
216.73.217.145 - - [26/May/2026:15:39:50 +0300] "GET /public/images/haberler/2022/09/narliderede-engelli-sarj-istasyonu-kuruldu-JmpStPrA.jpg HTTP/1.1" 302 225 "-" "Mozilla/5.0 AppleWebKit/537.36 (KHTML, like Gecko; compatible; ClaudeBot/1.0; +claudebot@anthropic.com)"
216.73.217.145 - - [26/May/2026:15:39:50 +0300] "GET /public/images/haberler/2022/08/arastirmacilarin-yeni-hedefi-venus-oldu-LHGQ8bIr.jpg HTTP/1.1" 302 225 "-" "Mozilla/5.0 AppleWebKit/537.36 (KHTML, like Gecko; compatible; ClaudeBot/1.0; +claudebot@anthropic.com)"
216.73.217.145 - - [26/May/2026:15:39:50 +0300] "GET /public/404 HTTP/1.1" 302 220 "https://yeniistiklal.com/public/images/haberler/2022/05/xiaomi-mi-band-7-unlu-e-ticaret-sitesinde-listelendi-OLYan1PO.jpg" "Mozilla/5.0 AppleWebKit/537.36 (KHTML, like Gecko; compatible; ClaudeBot/1.0; +claudebot@anthropic.com)"
216.73.217.145 - - [26/May/2026:15:39:51 +0300] "GET /public/haber/adiyamanda-motosiklet-hirsizligi-kameralara-takildi-542106 HTTP/1.1" 200 13440 "-" "Mozilla/5.0 AppleWebKit/537.36 (KHTML, like Gecko; compatible; ClaudeBot/1.0; +claudebot@anthropic.com)"
216.73.217.145 - - [26/May/2026:15:39:51 +0300] "GET /public/404 HTTP/1.1" 302 220 "https://yeniistiklal.com/public/images/haberler/2022/08/arastirmacilarin-yeni-hedefi-venus-oldu-LHGQ8bIr.jpg" "Mozilla/5.0 AppleWebKit/537.36 (KHTML, like Gecko; compatible; ClaudeBot/1.0; +claudebot@anthropic.com)"
216.73.217.145 - - [26/May/2026:15:39:51 +0300] "GET /public/haber/haluk-levent-migros-iscileri-icin-arabulucu-oldum-tum-sorunlar-cozuldu-494089 HTTP/1.1" 200 13872 "-" "Mozilla/5.0 AppleWebKit/537.36 (KHTML, like Gecko; compatible; ClaudeBot/1.0; +claudebot@anthropic.com)"
216.73.217.145 - - [26/May/2026:15:39:51 +0300] "GET /public/ HTTP/1.1" 200 17198 "https://yeniistiklal.com/public" "Mozilla/5.0 AppleWebKit/537.36 (KHTML, like Gecko; compatible; ClaudeBot/1.0; +claudebot@anthropic.com)"
216.73.217.145 - - [26/May/2026:15:39:51 +0300] "GET /haber/diyanet-iktidarin-dinini-anlatiyor-gergerlioglu-nun-konusmasi-akp-lileri-cileden-cikardi-501948 HTTP/1.1" 200 13312 "-" "Mozilla/5.0 AppleWebKit/537.36 (KHTML, like Gecko; compatible; ClaudeBot/1.0; +claudebot@anthropic.com)"
216.73.217.145 - - [26/May/2026:15:39:51 +0300] "GET /public/ HTTP/1.1" 200 17189 "https://yeniistiklal.com/public" "Mozilla/5.0 AppleWebKit/537.36 (KHTML, like Gecko; compatible; ClaudeBot/1.0; +claudebot@anthropic.com)"
54.197.178.107 - - [26/May/2026:15:39:51 +0300] "GET /haber/caykur-rizesporlu-aziz-aksoy-ailesiyle-birlikte-silahli-saldiriya-ugradi-486458 HTTP/1.1" 200 13483 "-" "Mozilla/5.0 AppleWebKit/537.36 (KHTML, like Gecko; compatible; Amazonbot/0.1; +https://developer.amazon.com/support/amazonbot) Chrome/119.0.6045.214 Safari/537.36"
216.73.217.145 - - [26/May/2026:15:39:52 +0300] "GET /public/ HTTP/1.1" 200 17203 "https://yeniistiklal.com/public" "Mozilla/5.0 AppleWebKit/537.36 (KHTML, like Gecko; compatible; ClaudeBot/1.0; +claudebot@anthropic.com)"
216.73.217.145 - - [26/May/2026:15:39:52 +0300] "GET /haber/bu-vatani-ve-cumhuriyetimizi-ilelebet-yasatacagiz-541775 HTTP/1.1" 200 14581 "-" "Mozilla/5.0 AppleWebKit/537.36 (KHTML, like Gecko; compatible; ClaudeBot/1.0; +claudebot@anthropic.com)"
216.73.217.145 - - [26/May/2026:15:39:52 +0300] "GET /public/index.php/images/haberler/2022/01/japonyada-koronavirus-vakalari-50-kat-artti-ERadeZjO.jpg HTTP/1.1" 302 238 "-" "Mozilla/5.0 AppleWebKit/537.36 (KHTML, like Gecko; compatible; ClaudeBot/1.0; +claudebot@anthropic.com)"
216.73.217.145 - - [26/May/2026:15:39:52 +0300] "GET /public/index.php/404 HTTP/1.1" 302 232 "https://www.yeniistiklal.com/public/index.php/images/haberler/2022/02/istanbulda-insaat-villa-avrupada-satodan-daha-pahali-zewvVNqY.jpg" "Mozilla/5.0 AppleWebKit/537.36 (KHTML, like Gecko; compatible; ClaudeBot/1.0; +claudebot@anthropic.com)"
216.73.217.145 - - [26/May/2026:15:39:52 +0300] "GET /images/haberler/2022/02/kuresel-piyasalarda-pozitif-seyir-devam-ediyor-lv2J6AgR.jpg HTTP/1.1" 302 224 "-" "Mozilla/5.0 AppleWebKit/537.36 (KHTML, like Gecko; compatible; ClaudeBot/1.0; +claudebot@anthropic.com)"
216.73.217.145 - - [26/May/2026:15:39:51 +0300] "GET /public/404 HTTP/1.1" 302 220 "https://yeniistiklal.com/public/images/haberler/2022/02/russell-crowe-marvel-evrenine-dahil-oldu-n3csL2ts.jpg" "Mozilla/5.0 AppleWebKit/537.36 (KHTML, like Gecko; compatible; ClaudeBot/1.0; +claudebot@anthropic.com)"
216.73.217.145 - - [26/May/2026:15:39:51 +0300] "GET /public HTTP/1.1" 301 795 "https://yeniistiklal.com/public/404" "Mozilla/5.0 AppleWebKit/537.36 (KHTML, like Gecko; compatible; ClaudeBot/1.0; +claudebot@anthropic.com)"
216.73.217.145 - - [26/May/2026:15:39:52 +0300] "GET /public/index.php/images/haberler/2022/02/istanbulda-insaat-villa-avrupada-satodan-daha-pahali-zewvVNqY.jpg HTTP/1.1" 302 238 "-" "Mozilla/5.0 AppleWebKit/537.36 (KHTML, like Gecko; compatible; ClaudeBot/1.0; +claudebot@anthropic.com)"
216.73.217.145 - - [26/May/2026:15:39:52 +0300] "GET /images/haberler/2022/09/okula-donus-basladi-ebeveynlere-altin-niteliginde-tavsiyeler-fbV5wYQj.jpg HTTP/1.1" 302 224 "-" "Mozilla/5.0 AppleWebKit/537.36 (KHTML, like Gecko; compatible; ClaudeBot/1.0; +claudebot@anthropic.com)"
216.73.217.145 - - [26/May/2026:15:39:52 +0300] "GET /public/index.php/404 HTTP/1.1" 302 232 "https://www.yeniistiklal.com/public/index.php/images/haberler/2022/01/japonyada-koronavirus-vakalari-50-kat-artti-ERadeZjO.jpg" "Mozilla/5.0 AppleWebKit/537.36 (KHTML, like Gecko; compatible; ClaudeBot/1.0; +claudebot@anthropic.com)"
216.73.217.145 - - [26/May/2026:15:39:52 +0300] "GET /images/haberler/2022/09/kartepede-13-sokak-kisa-hazir-CISc2DHE.jpg HTTP/1.1" 302 224 "-" "Mozilla/5.0 AppleWebKit/537.36 (KHTML, like Gecko; compatible; ClaudeBot/1.0; +claudebot@anthropic.com)"
216.73.217.145 - - [26/May/2026:15:39:52 +0300] "GET /public/index.php HTTP/1.1" 200 17283 "https://www.yeniistiklal.com/public/index.php/404" "Mozilla/5.0 AppleWebKit/537.36 (KHTML, like Gecko; compatible; ClaudeBot/1.0; +claudebot@anthropic.com)"
216.73.217.145 - - [26/May/2026:15:39:52 +0300] "GET /public/index.php HTTP/1.1" 200 17298 "https://www.yeniistiklal.com/public/index.php/404" "Mozilla/5.0 AppleWebKit/537.36 (KHTML, like Gecko; compatible; ClaudeBot/1.0; +claudebot@anthropic.com)"
216.73.217.145 - - [26/May/2026:15:39:52 +0300] "GET /404 HTTP/1.1" 302 219 "https://www.yeniistiklal.com/images/haberler/2022/09/okula-donus-basladi-ebeveynlere-altin-niteliginde-tavsiyeler-fbV5wYQj.jpg" "Mozilla/5.0 AppleWebKit/537.36 (KHTML, like Gecko; compatible; ClaudeBot/1.0; +claudebot@anthropic.com)"
216.73.217.145 - - [26/May/2026:15:39:52 +0300] "GET /404 HTTP/1.1" 302 219 "https://www.yeniistiklal.com/images/haberler/2022/02/kuresel-piyasalarda-pozitif-seyir-devam-ediyor-lv2J6AgR.jpg" "Mozilla/5.0 AppleWebKit/537.36 (KHTML, like Gecko; compatible; ClaudeBot/1.0; +claudebot@anthropic.com)"
216.73.217.145 - - [26/May/2026:15:39:53 +0300] "GET /public/index.php/images/haberler/2022/04/hepsiburadadan-herkese-bir-bilgisayar-kampanyasi-XhdlRXek.jpg HTTP/1.1" 302 238 "-" "Mozilla/5.0 AppleWebKit/537.36 (KHTML, like Gecko; compatible; ClaudeBot/1.0; +claudebot@anthropic.com)"
216.73.217.145 - - [26/May/2026:15:39:53 +0300] "GET /public/index.php/haber/erdogan-in-eski-doktorundan-londra-da-avrupa-bizi-kiskaniyor-mug-videosu-475309 HTTP/1.1" 200 13539 "-" "Mozilla/5.0 AppleWebKit/537.36 (KHTML, like Gecko; compatible; ClaudeBot/1.0; +claudebot@anthropic.com)"
216.73.217.145 - - [26/May/2026:15:39:53 +0300] "GET /404 HTTP/1.1" 302 219 "https://www.yeniistiklal.com/images/haberler/2022/09/5-bilisim-gunlerinde-yapi-bilgi-modellemesi-ele-alindi-MDTTlh38.jpg" "Mozilla/5.0 AppleWebKit/537.36 (KHTML, like Gecko; compatible; ClaudeBot/1.0; +claudebot@anthropic.com)"
216.73.217.145 - - [26/May/2026:15:39:53 +0300] "GET /public/index.php/images/haberler/2022/08/motorine-zam-geliyor-1NSilKEO.jpg HTTP/1.1" 302 238 "-" "Mozilla/5.0 AppleWebKit/537.36 (KHTML, like Gecko; compatible; ClaudeBot/1.0; +claudebot@anthropic.com)"
216.73.217.145 - - [26/May/2026:15:39:52 +0300] "GET /public/index.php/images/haberler/2022/06/iznikli-minikler-cevre-haftasini-kutladi-KAXaKtVv.jpg HTTP/1.1" 302 238 "-" "Mozilla/5.0 AppleWebKit/537.36 (KHTML, like Gecko; compatible; ClaudeBot/1.0; +claudebot@anthropic.com)"
216.73.217.145 - - [26/May/2026:15:39:52 +0300] "GET /images/haberler/2022/02/istanbulu-bekleyen-dort-deprem-Bm3XUGCd.jpg HTTP/1.1" 302 224 "-" "Mozilla/5.0 AppleWebKit/537.36 (KHTML, like Gecko; compatible; ClaudeBot/1.0; +claudebot@anthropic.com)"
216.73.217.145 - - [26/May/2026:15:39:52 +0300] "GET /public/index.php/404 HTTP/1.1" 302 232 "https://www.yeniistiklal.com/public/index.php/images/haberler/2022/06/iznikli-minikler-cevre-haftasini-kutladi-KAXaKtVv.jpg" "Mozilla/5.0 AppleWebKit/537.36 (KHTML, like Gecko; compatible; ClaudeBot/1.0; +claudebot@anthropic.com)"
216.73.217.145 - - [26/May/2026:15:39:52 +0300] "GET /404 HTTP/1.1" 302 219 "https://www.yeniistiklal.com/images/haberler/2022/09/kartepede-13-sokak-kisa-hazir-CISc2DHE.jpg" "Mozilla/5.0 AppleWebKit/537.36 (KHTML, like Gecko; compatible; ClaudeBot/1.0; +claudebot@anthropic.com)"
216.73.217.145 - - [26/May/2026:15:39:52 +0300] "GET /public/index.php/images/haberler/2022/06/volkswagen-golf-r-20-yilini-kutluyor-7Qc84aiW.jpg HTTP/1.1" 302 238 "-" "Mozilla/5.0 AppleWebKit/537.36 (KHTML, like Gecko; compatible; ClaudeBot/1.0; +claudebot@anthropic.com)"
216.73.217.145 - - [26/May/2026:15:39:53 +0300] "GET /404 HTTP/1.1" 302 219 "https://www.yeniistiklal.com/images/haberler/2022/02/istanbulu-bekleyen-dort-deprem-Bm3XUGCd.jpg" "Mozilla/5.0 AppleWebKit/537.36 (KHTML, like Gecko; compatible; ClaudeBot/1.0; +claudebot@anthropic.com)"
216.73.217.145 - - [26/May/2026:15:39:53 +0300] "GET /images/haberler/2022/09/5-bilisim-gunlerinde-yapi-bilgi-modellemesi-ele-alindi-MDTTlh38.jpg HTTP/1.1" 302 224 "-" "Mozilla/5.0 AppleWebKit/537.36 (KHTML, like Gecko; compatible; ClaudeBot/1.0; +claudebot@anthropic.com)"
216.73.217.145 - - [26/May/2026:15:39:53 +0300] "GET /public/index.php/404 HTTP/1.1" 302 232 "https://www.yeniistiklal.com/public/index.php/images/haberler/2022/06/volkswagen-golf-r-20-yilini-kutluyor-7Qc84aiW.jpg" "Mozilla/5.0 AppleWebKit/537.36 (KHTML, like Gecko; compatible; ClaudeBot/1.0; +claudebot@anthropic.com)"
216.73.217.145 - - [26/May/2026:15:39:53 +0300] "GET /public/index.php HTTP/1.1" 200 17284 "https://www.yeniistiklal.com/public/index.php/404" "Mozilla/5.0 AppleWebKit/537.36 (KHTML, like Gecko; compatible; ClaudeBot/1.0; +claudebot@anthropic.com)"
216.73.217.145 - - [26/May/2026:15:39:53 +0300] "GET /public/index.php/404 HTTP/1.1" 302 232 "https://www.yeniistiklal.com/public/index.php/images/haberler/2022/04/hepsiburadadan-herkese-bir-bilgisayar-kampanyasi-XhdlRXek.jpg" "Mozilla/5.0 AppleWebKit/537.36 (KHTML, like Gecko; compatible; ClaudeBot/1.0; +claudebot@anthropic.com)"
216.73.217.145 - - [26/May/2026:15:39:53 +0300] "GET /public/index.php HTTP/1.1" 200 17294 "https://www.yeniistiklal.com/public/index.php/404" "Mozilla/5.0 AppleWebKit/537.36 (KHTML, like Gecko; compatible; ClaudeBot/1.0; +claudebot@anthropic.com)"
216.73.217.145 - - [26/May/2026:15:39:53 +0300] "GET /images/haberler/2022/09/unluler-pepsi-yaza-veda-partisinde-bulustu-3af77d1g.jpg HTTP/1.1" 302 224 "-" "Mozilla/5.0 AppleWebKit/537.36 (KHTML, like Gecko; compatible; ClaudeBot/1.0; +claudebot@anthropic.com)"
216.73.217.145 - - [26/May/2026:15:39:53 +0300] "GET /public/index.php/haber/annesinin-telefonunu-kullanan-22-aylik-cocuk-1500-sterlinlik-mobilya-alisverisi-yapti-478427 HTTP/1.1" 200 14215 "-" "Mozilla/5.0 AppleWebKit/537.36 (KHTML, like Gecko; compatible; ClaudeBot/1.0; +claudebot@anthropic.com)"
216.73.217.145 - - [26/May/2026:15:39:53 +0300] "GET /haber/egeli-akademisyenin-ozel-bireylere-yonelik-projesi-tubitaktan-destek-gordu-541955 HTTP/1.1" 200 15594 "-" "Mozilla/5.0 AppleWebKit/537.36 (KHTML, like Gecko; compatible; ClaudeBot/1.0; +claudebot@anthropic.com)"
216.73.217.145 - - [26/May/2026:15:39:53 +0300] "GET /404 HTTP/1.1" 302 219 "https://www.yeniistiklal.com/images/haberler/2022/09/unluler-pepsi-yaza-veda-partisinde-bulustu-3af77d1g.jpg" "Mozilla/5.0 AppleWebKit/537.36 (KHTML, like Gecko; compatible; ClaudeBot/1.0; +claudebot@anthropic.com)"
216.73.217.145 - - [26/May/2026:15:39:53 +0300] "GET /public/index.php HTTP/1.1" 200 17281 "https://www.yeniistiklal.com/public/index.php/404" "Mozilla/5.0 AppleWebKit/537.36 (KHTML, like Gecko; compatible; ClaudeBot/1.0; +claudebot@anthropic.com)"
216.73.217.145 - - [26/May/2026:15:39:53 +0300] "GET /public/index.php/images/haberler/2022/01/son-dakika-egede-korkutan-deprem-Zh6ktA5O.jpg HTTP/1.1" 302 238 "-" "Mozilla/5.0 AppleWebKit/537.36 (KHTML, like Gecko; compatible; ClaudeBot/1.0; +claudebot@anthropic.com)"
216.73.217.145 - - [26/May/2026:15:39:53 +0300] "GET /404 HTTP/1.1" 302 219 "https://www.yeniistiklal.com/images/haberler/2022/09/inegol-hafta-sonu-2-senlikle-renklenecek-Mge3A1Cw.jpg" "Mozilla/5.0 AppleWebKit/537.36 (KHTML, like Gecko; compatible; ClaudeBot/1.0; +claudebot@anthropic.com)"
216.73.217.145 - - [26/May/2026:15:39:54 +0300] "GET /public/index.php/404 HTTP/1.1" 302 232 "https://www.yeniistiklal.com/public/index.php/images/haberler/2022/01/son-dakika-egede-korkutan-deprem-Zh6ktA5O.jpg" "Mozilla/5.0 AppleWebKit/537.36 (KHTML, like Gecko; compatible; ClaudeBot/1.0; +claudebot@anthropic.com)"
216.73.217.145 - - [26/May/2026:15:39:54 +0300] "GET /public/index.php/images/haberler/2022/02/sanayideki-dogalgaz-krizi-icin-saat-verildi-CODeYhOh.jpg HTTP/1.1" 302 238 "-" "Mozilla/5.0 AppleWebKit/537.36 (KHTML, like Gecko; compatible; ClaudeBot/1.0; +claudebot@anthropic.com)"
216.73.217.145 - - [26/May/2026:15:39:54 +0300] "GET /public/index.php/images/haberler/2022/06/cliniqueten-metaverse-more-like-us-kampanya-etkuLUGf.jpg HTTP/1.1" 302 238 "-" "Mozilla/5.0 AppleWebKit/537.36 (KHTML, like Gecko; compatible; ClaudeBot/1.0; +claudebot@anthropic.com)"
216.73.217.145 - - [26/May/2026:15:39:54 +0300] "GET /public/index.php/404 HTTP/1.1" 302 232 "https://www.yeniistiklal.com/public/index.php/images/haberler/2022/02/sanayideki-dogalgaz-krizi-icin-saat-verildi-CODeYhOh.jpg" "Mozilla/5.0 AppleWebKit/537.36 (KHTML, like Gecko; compatible; ClaudeBot/1.0; +claudebot@anthropic.com)"
216.73.217.145 - - [26/May/2026:15:39:54 +0300] "GET /public/index.php/images/haberler/2022/01/taksi-ucuruma-yuvarlandi-3-yarali-aMvacabX.jpg HTTP/1.1" 302 238 "-" "Mozilla/5.0 AppleWebKit/537.36 (KHTML, like Gecko; compatible; ClaudeBot/1.0; +claudebot@anthropic.com)"
216.73.217.145 - - [26/May/2026:15:39:54 +0300] "GET /public/index.php HTTP/1.1" 200 17292 "https://www.yeniistiklal.com/public/index.php/404" "Mozilla/5.0 AppleWebKit/537.36 (KHTML, like Gecko; compatible; ClaudeBot/1.0; +claudebot@anthropic.com)"
216.73.217.145 - - [26/May/2026:15:39:54 +0300] "GET /public/index.php/images/haberler/2022/05/bursa-buyuk-yarisa-hazir-FxLhFW2n.jpg HTTP/1.1" 302 238 "-" "Mozilla/5.0 AppleWebKit/537.36 (KHTML, like Gecko; compatible; ClaudeBot/1.0; +claudebot@anthropic.com)"
62.244.225.226 - - [26/May/2026:15:39:53 +0300] "GET /googlenews.xml HTTP/1.1" 200 937808 "-" "Mozilla/5.0 (Windows NT 6.3; WOW64; Trident/7.0; rv:11.0) like Gecko"
216.73.217.145 - - [26/May/2026:15:39:54 +0300] "GET /public/index.php HTTP/1.1" 200 17296 "https://www.yeniistiklal.com/public/index.php/404" "Mozilla/5.0 AppleWebKit/537.36 (KHTML, like Gecko; compatible; ClaudeBot/1.0; +claudebot@anthropic.com)"
216.73.217.145 - - [26/May/2026:15:39:54 +0300] "GET /404 HTTP/1.1" 302 219 "https://www.yeniistiklal.com/images/haberler/2022/09/asansor-kabinlerine-zarar-verdiler-UqIaJFr3.jpg" "Mozilla/5.0 AppleWebKit/537.36 (KHTML, like Gecko; compatible; ClaudeBot/1.0; +claudebot@anthropic.com)"
216.73.217.145 - - [26/May/2026:15:39:54 +0300] "GET /public/index.php HTTP/1.1" 200 17297 "https://www.yeniistiklal.com/public/index.php/404" "Mozilla/5.0 AppleWebKit/537.36 (KHTML, like Gecko; compatible; ClaudeBot/1.0; +claudebot@anthropic.com)"
34.233.219.155 - - [26/May/2026:15:39:53 +0300] "GET /public/index.php/haber/batiyac-baskani-ciladir-erdemir-kdzeregli-icin-bir-sanstir-513962 HTTP/1.1" 200 13765 "-" "Mozilla/5.0 AppleWebKit/537.36 (KHTML, like Gecko; compatible; Amazonbot/0.1; +https://developer.amazon.com/support/amazonbot) Chrome/119.0.6045.214 Safari/537.36"
216.73.217.145 - - [26/May/2026:15:39:53 +0300] "GET /public/index.php HTTP/1.1" 200 17286 "https://www.yeniistiklal.com/public/index.php/404" "Mozilla/5.0 AppleWebKit/537.36 (KHTML, like Gecko; compatible; ClaudeBot/1.0; +claudebot@anthropic.com)"
216.73.217.145 - - [26/May/2026:15:39:53 +0300] "GET /public/index.php/404 HTTP/1.1" 302 232 "https://www.yeniistiklal.com/public/index.php/images/haberler/2022/08/motorine-zam-geliyor-1NSilKEO.jpg" "Mozilla/5.0 AppleWebKit/537.36 (KHTML, like Gecko; compatible; ClaudeBot/1.0; +claudebot@anthropic.com)"
216.73.217.145 - - [26/May/2026:15:39:53 +0300] "GET /images/haberler/2022/09/inegol-hafta-sonu-2-senlikle-renklenecek-Mge3A1Cw.jpg HTTP/1.1" 302 224 "-" "Mozilla/5.0 AppleWebKit/537.36 (KHTML, like Gecko; compatible; ClaudeBot/1.0; +claudebot@anthropic.com)"
216.73.217.145 - - [26/May/2026:15:39:54 +0300] "GET /public/index.php/images/haberler/2022/06/olivelo-yasayan-park-ilk-misafirlerini-agirladi-1sQMimZ4.jpg HTTP/1.1" 302 238 "-" "Mozilla/5.0 AppleWebKit/537.36 (KHTML, like Gecko; compatible; ClaudeBot/1.0; +claudebot@anthropic.com)"
216.73.217.145 - - [26/May/2026:15:39:54 +0300] "GET /public/index.php/404 HTTP/1.1" 302 232 "https://www.yeniistiklal.com/public/index.php/images/haberler/2022/06/olivelo-yasayan-park-ilk-misafirlerini-agirladi-1sQMimZ4.jpg" "Mozilla/5.0 AppleWebKit/537.36 (KHTML, like Gecko; compatible; ClaudeBot/1.0; +claudebot@anthropic.com)"
216.73.217.145 - - [26/May/2026:15:39:54 +0300] "GET /public/index.php HTTP/1.1" 200 17287 "https://www.yeniistiklal.com/public/index.php/404" "Mozilla/5.0 AppleWebKit/537.36 (KHTML, like Gecko; compatible; ClaudeBot/1.0; +claudebot@anthropic.com)"
216.73.217.145 - - [26/May/2026:15:39:54 +0300] "GET /public/index.php/404 HTTP/1.1" 302 232 "https://www.yeniistiklal.com/public/index.php/images/haberler/2022/06/cliniqueten-metaverse-more-like-us-kampanya-etkuLUGf.jpg" "Mozilla/5.0 AppleWebKit/537.36 (KHTML, like Gecko; compatible; ClaudeBot/1.0; +claudebot@anthropic.com)"
216.73.217.145 - - [26/May/2026:15:39:54 +0300] "GET /images/haberler/2022/09/asansor-kabinlerine-zarar-verdiler-UqIaJFr3.jpg HTTP/1.1" 302 224 "-" "Mozilla/5.0 AppleWebKit/537.36 (KHTML, like Gecko; compatible; ClaudeBot/1.0; +claudebot@anthropic.com)"
216.73.217.145 - - [26/May/2026:15:39:54 +0300] "GET /public/index.php/404 HTTP/1.1" 302 232 "https://www.yeniistiklal.com/public/index.php/images/haberler/2022/01/taksi-ucuruma-yuvarlandi-3-yarali-aMvacabX.jpg" "Mozilla/5.0 AppleWebKit/537.36 (KHTML, like Gecko; compatible; ClaudeBot/1.0; +claudebot@anthropic.com)"
216.73.217.145 - - [26/May/2026:15:39:54 +0300] "GET /public/index.php HTTP/1.1" 200 17288 "https://www.yeniistiklal.com/public/index.php/404" "Mozilla/5.0 AppleWebKit/537.36 (KHTML, like Gecko; compatible; ClaudeBot/1.0; +claudebot@anthropic.com)"
216.73.217.145 - - [26/May/2026:15:39:54 +0300] "GET /public/index.php/images/haberler/2022/08/vodafone-redden-ayricaliklarla-dolu-tatil-keyfi-GFillmMq.jpg HTTP/1.1" 302 238 "-" "Mozilla/5.0 AppleWebKit/537.36 (KHTML, like Gecko; compatible; ClaudeBot/1.0; +claudebot@anthropic.com)"
216.73.217.145 - - [26/May/2026:15:39:54 +0300] "GET /public/index.php/404 HTTP/1.1" 302 232 "https://www.yeniistiklal.com/public/index.php/images/haberler/2022/05/bursa-buyuk-yarisa-hazir-FxLhFW2n.jpg" "Mozilla/5.0 AppleWebKit/537.36 (KHTML, like Gecko; compatible; ClaudeBot/1.0; +claudebot@anthropic.com)"
216.73.217.145 - - [26/May/2026:15:39:54 +0300] "GET /public/index.php HTTP/1.1" 200 17277 "https://www.yeniistiklal.com/public/index.php/404" "Mozilla/5.0 AppleWebKit/537.36 (KHTML, like Gecko; compatible; ClaudeBot/1.0; +claudebot@anthropic.com)"
216.73.217.145 - - [26/May/2026:15:39:54 +0300] "GET /public/index.php/images/haberler/2022/01/arkamdan-konusma-korkma-cik-karsima-jbKSgsEZ.jpg HTTP/1.1" 302 238 "-" "Mozilla/5.0 AppleWebKit/537.36 (KHTML, like Gecko; compatible; ClaudeBot/1.0; +claudebot@anthropic.com)"
216.73.217.145 - - [26/May/2026:15:39:54 +0300] "GET /public/index.php/404 HTTP/1.1" 302 232 "https://www.yeniistiklal.com/public/index.php/images/haberler/2022/08/vodafone-redden-ayricaliklarla-dolu-tatil-keyfi-GFillmMq.jpg" "Mozilla/5.0 AppleWebKit/537.36 (KHTML, like Gecko; compatible; ClaudeBot/1.0; +claudebot@anthropic.com)"
216.73.217.145 - - [26/May/2026:15:39:54 +0300] "GET /public/index.php/404 HTTP/1.1" 302 232 "https://www.yeniistiklal.com/public/index.php/images/haberler/2022/01/arkamdan-konusma-korkma-cik-karsima-jbKSgsEZ.jpg" "Mozilla/5.0 AppleWebKit/537.36 (KHTML, like Gecko; compatible; ClaudeBot/1.0; +claudebot@anthropic.com)"
18.215.49.176 - - [26/May/2026:15:39:55 +0300] "GET /images/haberler/2022/02/caykur-rizesporlu-aziz-aksoy-ailesiyle-birlikte-silahli-saldiriya-ugradi-nkpfs9lK.jpg HTTP/1.1" 302 219 "-" "Mozilla/5.0 AppleWebKit/537.36 (KHTML, like Gecko; compatible; Amazonbot/0.1; +https://developer.amazon.com/support/amazonbot) Chrome/119.0.6045.214 Safari/537.36"
34.83.171.236 - - [26/May/2026:15:39:55 +0300] "GET /images/haberler/2022/08/chp-sakaryada-secime-hazir-OHkhN9Yg.jpg HTTP/1.1" 302 224 "-" "Mozilla/5.0 (X11; Linux x86_64) AppleWebKit/537.36 (KHTML, like Gecko) Chrome/91.0.4472.114 Safari/537.36"
100.24.149.244 - - [26/May/2026:15:39:55 +0300] "GET /etiketler/kgf-haberleri HTTP/1.1" 200 5908 "-" "Mozilla/5.0 AppleWebKit/537.36 (KHTML, like Gecko; compatible; Amazonbot/0.1; +https://developer.amazon.com/support/amazonbot) Chrome/119.0.6045.214 Safari/537.36"
34.83.171.236 - - [26/May/2026:15:39:55 +0300] "GET /404 HTTP/1.1" 302 219 "-" "Mozilla/5.0 (X11; Linux x86_64) AppleWebKit/537.36 (KHTML, like Gecko) Chrome/91.0.4472.114 Safari/537.36"
216.73.217.145 - - [26/May/2026:15:39:56 +0300] "GET /public/index.php/images/haberler/2022/01/disneytan-aciklama-bu-yaz-turkiyedeyiz-x3HxNusk.jpg HTTP/1.1" 302 238 "-" "Mozilla/5.0 AppleWebKit/537.36 (KHTML, like Gecko; compatible; ClaudeBot/1.0; +claudebot@anthropic.com)"
216.73.217.145 - - [26/May/2026:15:39:56 +0300] "GET /public/index.php/404 HTTP/1.1" 302 232 "https://www.yeniistiklal.com/public/index.php/images/haberler/2022/01/disneytan-aciklama-bu-yaz-turkiyedeyiz-x3HxNusk.jpg" "Mozilla/5.0 AppleWebKit/537.36 (KHTML, like Gecko; compatible; ClaudeBot/1.0; +claudebot@anthropic.com)"
216.73.217.145 - - [26/May/2026:15:39:56 +0300] "GET /haber/benzin-ve-lpgde-rekor-fiyatlarin-sebebi-ne-hukumet-onden-yuklemeli-zam-yapti-472415 HTTP/1.1" 200 15146 "-" "Mozilla/5.0 AppleWebKit/537.36 (KHTML, like Gecko; compatible; ClaudeBot/1.0; +claudebot@anthropic.com)"
216.73.217.145 - - [26/May/2026:15:39:56 +0300] "GET /public/index.php/404 HTTP/1.1" 302 232 "https://www.yeniistiklal.com/public/index.php/images/haberler/2022/11/sans-oyunu-kazi-kazan-nasil-oynaniyor-1667389419.jpeg" "Mozilla/5.0 AppleWebKit/537.36 (KHTML, like Gecko; compatible; ClaudeBot/1.0; +claudebot@anthropic.com)"
216.73.217.145 - - [26/May/2026:15:39:57 +0300] "GET /public/index.php/404 HTTP/1.1" 302 232 "https://www.yeniistiklal.com/public/index.php/images/haberler/2022/01/guney-ege-ve-dogu-akdenize-firtina-uyarisi-rRXsWiWZ.jpg" "Mozilla/5.0 AppleWebKit/537.36 (KHTML, like Gecko; compatible; ClaudeBot/1.0; +claudebot@anthropic.com)"
100.28.44.58 - - [26/May/2026:15:39:57 +0300] "GET /public/index.php/haber/mugla-milasta-galibiyet-serisi-3-maca-cikti-546746 HTTP/1.1" 200 13878 "-" "Mozilla/5.0 AppleWebKit/537.36 (KHTML, like Gecko; compatible; Amazonbot/0.1; +https://developer.amazon.com/support/amazonbot) Chrome/119.0.6045.214 Safari/537.36"
216.73.217.145 - - [26/May/2026:15:39:57 +0300] "GET /public/index.php/images/haberler/2022/02/disney-sehri-kuruluyor-dunyadaki-en-mutlu-yer-MvN5kHAk.jpg HTTP/1.1" 302 238 "-" "Mozilla/5.0 AppleWebKit/537.36 (KHTML, like Gecko; compatible; ClaudeBot/1.0; +claudebot@anthropic.com)"
216.73.217.145 - - [26/May/2026:15:39:54 +0300] "GET /public/index.php HTTP/1.1" 200 17278 "https://www.yeniistiklal.com/public/index.php/404" "Mozilla/5.0 AppleWebKit/537.36 (KHTML, like Gecko; compatible; ClaudeBot/1.0; +claudebot@anthropic.com)"
216.73.217.145 - - [26/May/2026:15:39:55 +0300] "GET /public/index.php HTTP/1.1" 200 17291 "https://www.yeniistiklal.com/public/index.php/404" "Mozilla/5.0 AppleWebKit/537.36 (KHTML, like Gecko; compatible; ClaudeBot/1.0; +claudebot@anthropic.com)"
98.82.40.168 - - [26/May/2026:15:39:55 +0300] "GET /public/index.php/images/haberler/2022/05/batiyac-baskani-ciladir-erdemir-kdzeregli-icin-bir-sanstir-8EyDFR4s.jpg HTTP/1.1" 302 238 "-" "Mozilla/5.0 AppleWebKit/537.36 (KHTML, like Gecko; compatible; Amazonbot/0.1; +https://developer.amazon.com/support/amazonbot) Chrome/119.0.6045.214 Safari/537.36"
34.83.171.236 - - [26/May/2026:15:39:56 +0300] "GET / HTTP/1.1" 200 17146 "-" "Mozilla/5.0 (X11; Linux x86_64) AppleWebKit/537.36 (KHTML, like Gecko) Chrome/91.0.4472.114 Safari/537.36"
216.73.217.145 - - [26/May/2026:15:39:56 +0300] "GET /public/index.php/images/haberler/2022/11/sans-oyunu-kazi-kazan-nasil-oynaniyor-1667389419.jpeg HTTP/1.1" 302 238 "-" "Mozilla/5.0 AppleWebKit/537.36 (KHTML, like Gecko; compatible; ClaudeBot/1.0; +claudebot@anthropic.com)"
216.73.217.145 - - [26/May/2026:15:39:56 +0300] "GET /public/index.php/images/haberler/2022/01/guney-ege-ve-dogu-akdenize-firtina-uyarisi-rRXsWiWZ.jpg HTTP/1.1" 302 238 "-" "Mozilla/5.0 AppleWebKit/537.36 (KHTML, like Gecko; compatible; ClaudeBot/1.0; +claudebot@anthropic.com)"
216.73.217.145 - - [26/May/2026:15:39:56 +0300] "GET /public/index.php HTTP/1.1" 200 17278 "https://www.yeniistiklal.com/public/index.php/404" "Mozilla/5.0 AppleWebKit/537.36 (KHTML, like Gecko; compatible; ClaudeBot/1.0; +claudebot@anthropic.com)"
216.73.217.145 - - [26/May/2026:15:39:57 +0300] "GET /public/index.php HTTP/1.1" 200 17276 "https://www.yeniistiklal.com/public/index.php/404" "Mozilla/5.0 AppleWebKit/537.36 (KHTML, like Gecko; compatible; ClaudeBot/1.0; +claudebot@anthropic.com)"
216.73.217.145 - - [26/May/2026:15:39:57 +0300] "GET /public/index.php HTTP/1.1" 200 17294 "https://www.yeniistiklal.com/public/index.php/404" "Mozilla/5.0 AppleWebKit/537.36 (KHTML, like Gecko; compatible; ClaudeBot/1.0; +claudebot@anthropic.com)"
216.73.217.145 - - [26/May/2026:15:39:57 +0300] "GET /public/index.php/images/haberler/2022/01/chp-kurultayi-1-yil-ertelendi-TyqnHEKt.jpg HTTP/1.1" 302 238 "-" "Mozilla/5.0 AppleWebKit/537.36 (KHTML, like Gecko; compatible; ClaudeBot/1.0; +claudebot@anthropic.com)"
216.73.217.145 - - [26/May/2026:15:39:57 +0300] "GET /public/index.php/404 HTTP/1.1" 302 232 "https://www.yeniistiklal.com/public/index.php/images/haberler/2022/06/satrancta-sampiyon-olan-takimlar-avrupada-ulkemizi-temsil-edecek-QwYHHgZt.jpg" "Mozilla/5.0 AppleWebKit/537.36 (KHTML, like Gecko; compatible; ClaudeBot/1.0; +claudebot@anthropic.com)"
216.73.217.145 - - [26/May/2026:15:39:57 +0300] "GET /images/haberler/2022/06/canakkale-valisi-okul-turunda-i1kvTv9D.jpg HTTP/1.1" 302 224 "-" "Mozilla/5.0 AppleWebKit/537.36 (KHTML, like Gecko; compatible; ClaudeBot/1.0; +claudebot@anthropic.com)"
216.73.217.145 - - [26/May/2026:15:39:57 +0300] "GET /public/index.php HTTP/1.1" 200 17287 "https://www.yeniistiklal.com/public/index.php/404" "Mozilla/5.0 AppleWebKit/537.36 (KHTML, like Gecko; compatible; ClaudeBot/1.0; +claudebot@anthropic.com)"
216.73.217.145 - - [26/May/2026:15:39:57 +0300] "GET /images/haberler/2022/09/bursa-gursunun-geceleri-gunesle-aydinlanacak-1JCQZhCX.jpg HTTP/1.1" 302 224 "-" "Mozilla/5.0 AppleWebKit/537.36 (KHTML, like Gecko; compatible; ClaudeBot/1.0; +claudebot@anthropic.com)"
62.244.225.226 - - [26/May/2026:15:39:57 +0300] "GET /haber/daha-17de-manifest-surprizi-552365 HTTP/1.1" 200 14048 "https://yeniistiklal.com/haber/daha-17de-manifest-surprizi-552365" "Mozilla/5.0 (Windows NT 6.1; WOW64; Trident/7.0; rv:11.0) like Gecko"
216.73.217.145 - - [26/May/2026:15:39:57 +0300] "GET /public/index.php/images/haberler/2022/06/satrancta-sampiyon-olan-takimlar-avrupada-ulkemizi-temsil-edecek-QwYHHgZt.jpg HTTP/1.1" 302 238 "-" "Mozilla/5.0 AppleWebKit/537.36 (KHTML, like Gecko; compatible; ClaudeBot/1.0; +claudebot@anthropic.com)"
216.73.217.145 - - [26/May/2026:15:39:57 +0300] "GET /public/index.php/404 HTTP/1.1" 302 232 "https://www.yeniistiklal.com/public/index.php/images/haberler/2022/02/disney-sehri-kuruluyor-dunyadaki-en-mutlu-yer-MvN5kHAk.jpg" "Mozilla/5.0 AppleWebKit/537.36 (KHTML, like Gecko; compatible; ClaudeBot/1.0; +claudebot@anthropic.com)"
62.244.225.226 - - [26/May/2026:15:39:57 +0300] "GET /haber/veri-guvenligi-acisindan-avusturya-kurumsal-hosting-hizmetlerinin-onemi-552362 HTTP/1.1" 200 16449 "https://yeniistiklal.com/haber/daha-17de-manifest-surprizi-552365" "Mozilla/5.0 (Windows NT 6.1) AppleWebKit/537.36 (KHTML, like Gecko) Chrome/45.0.2454.85 Safari/537.36"
216.73.217.145 - - [26/May/2026:15:39:57 +0300] "GET /public/index.php/404 HTTP/1.1" 302 232 "https://www.yeniistiklal.com/public/index.php/images/haberler/2022/01/chp-kurultayi-1-yil-ertelendi-TyqnHEKt.jpg" "Mozilla/5.0 AppleWebKit/537.36 (KHTML, like Gecko; compatible; ClaudeBot/1.0; +claudebot@anthropic.com)"
