216.73.217.145 - - [26/May/2026:15:34:13 +0300] "GET /public/index.php/404 HTTP/1.1" 302 232 "https://www.yeniistiklal.com/public/index.php/images/haberler/2022/01/karaismailoglundan-kemal-kilicdaroglu-aciklamasi-qT3FkgAE.jpg" "Mozilla/5.0 AppleWebKit/537.36 (KHTML, like Gecko; compatible; ClaudeBot/1.0; +claudebot@anthropic.com)"
216.73.217.145 - - [26/May/2026:15:34:13 +0300] "GET /public/index.php HTTP/1.1" 200 17292 "https://www.yeniistiklal.com/public/index.php/404" "Mozilla/5.0 AppleWebKit/537.36 (KHTML, like Gecko; compatible; ClaudeBot/1.0; +claudebot@anthropic.com)"
216.73.217.145 - - [26/May/2026:15:34:14 +0300] "GET /public/images/haberler/2022/10/asla-yalniz-yurumeyeceksin-7mydQLpk.jpg HTTP/1.1" 302 225 "-" "Mozilla/5.0 AppleWebKit/537.36 (KHTML, like Gecko; compatible; ClaudeBot/1.0; +claudebot@anthropic.com)"
216.73.217.145 - - [26/May/2026:15:34:14 +0300] "GET /public/404 HTTP/1.1" 302 220 "https://yeniistiklal.com/public/images/haberler/2022/10/kripto-para-dunyasi-ankarada-masaya-yatiriliyor-A6vnXzKG.jpg" "Mozilla/5.0 AppleWebKit/537.36 (KHTML, like Gecko; compatible; ClaudeBot/1.0; +claudebot@anthropic.com)"
216.73.217.145 - - [26/May/2026:15:34:14 +0300] "GET /public HTTP/1.1" 301 795 "https://yeniistiklal.com/public/404" "Mozilla/5.0 AppleWebKit/537.36 (KHTML, like Gecko; compatible; ClaudeBot/1.0; +claudebot@anthropic.com)"
216.73.217.145 - - [26/May/2026:15:34:13 +0300] "GET /public/index.php HTTP/1.1" 200 17304 "https://www.yeniistiklal.com/public/index.php/404" "Mozilla/5.0 AppleWebKit/537.36 (KHTML, like Gecko; compatible; ClaudeBot/1.0; +claudebot@anthropic.com)"
216.73.217.145 - - [26/May/2026:15:34:13 +0300] "GET /public/images/haberler/2022/10/kripto-para-dunyasi-ankarada-masaya-yatiriliyor-A6vnXzKG.jpg HTTP/1.1" 302 225 "-" "Mozilla/5.0 AppleWebKit/537.36 (KHTML, like Gecko; compatible; ClaudeBot/1.0; +claudebot@anthropic.com)"
216.73.217.145 - - [26/May/2026:15:34:14 +0300] "GET /images/haberler/2022/06/microsoft-surface-laptop-go-2-tanitildi-ozellikleri-ve-fiyati-ckqVmKg4.jpg HTTP/1.1" 302 219 "-" "Mozilla/5.0 AppleWebKit/537.36 (KHTML, like Gecko; compatible; ClaudeBot/1.0; +claudebot@anthropic.com)"
216.73.217.145 - - [26/May/2026:15:34:14 +0300] "GET /public/images/haberler/2022/09/reklamsiz-instagram-facebooku-kizdirdi-l3CGL9TG.jpg HTTP/1.1" 302 225 "-" "Mozilla/5.0 AppleWebKit/537.36 (KHTML, like Gecko; compatible; ClaudeBot/1.0; +claudebot@anthropic.com)"
216.73.217.145 - - [26/May/2026:15:34:14 +0300] "GET /404 HTTP/1.1" 302 215 "https://yeniistiklal.com/images/haberler/2022/06/microsoft-surface-laptop-go-2-tanitildi-ozellikleri-ve-fiyati-ckqVmKg4.jpg" "Mozilla/5.0 AppleWebKit/537.36 (KHTML, like Gecko; compatible; ClaudeBot/1.0; +claudebot@anthropic.com)"
216.73.217.145 - - [26/May/2026:15:34:14 +0300] "GET /public/images/haberler/2022/10/miside-hem-agizlar-hem-gonuller-senlendi-cYcXSjWl.jpg HTTP/1.1" 302 225 "-" "Mozilla/5.0 AppleWebKit/537.36 (KHTML, like Gecko; compatible; ClaudeBot/1.0; +claudebot@anthropic.com)"
216.73.217.145 - - [26/May/2026:15:34:14 +0300] "GET /public/images/haberler/2022/09/bostanlispor-kktcde-sampiyon-oldu-nyD9WE8C.jpg HTTP/1.1" 302 225 "-" "Mozilla/5.0 AppleWebKit/537.36 (KHTML, like Gecko; compatible; ClaudeBot/1.0; +claudebot@anthropic.com)"
216.73.217.145 - - [26/May/2026:15:34:14 +0300] "GET /public/404 HTTP/1.1" 302 220 "https://yeniistiklal.com/public/images/haberler/2022/09/reklamsiz-instagram-facebooku-kizdirdi-l3CGL9TG.jpg" "Mozilla/5.0 AppleWebKit/537.36 (KHTML, like Gecko; compatible; ClaudeBot/1.0; +claudebot@anthropic.com)"
216.73.217.145 - - [26/May/2026:15:34:14 +0300] "GET /images/haberler/2022/01/erdogandan-partisine-sedef-kabas-icin-talimat-0-llAOGPMG.jpg HTTP/1.1" 302 219 "-" "Mozilla/5.0 AppleWebKit/537.36 (KHTML, like Gecko; compatible; ClaudeBot/1.0; +claudebot@anthropic.com)"
216.73.217.145 - - [26/May/2026:15:34:14 +0300] "GET /public/ HTTP/1.1" 200 17201 "https://yeniistiklal.com/public" "Mozilla/5.0 AppleWebKit/537.36 (KHTML, like Gecko; compatible; ClaudeBot/1.0; +claudebot@anthropic.com)"
216.73.217.145 - - [26/May/2026:15:34:14 +0300] "GET /public/images/haberler/2022/10/pence-kilitten-aci-haber-1-askerimiz-sehit-VXutLUGl.jpg HTTP/1.1" 302 225 "-" "Mozilla/5.0 AppleWebKit/537.36 (KHTML, like Gecko; compatible; ClaudeBot/1.0; +claudebot@anthropic.com)"
216.73.217.145 - - [26/May/2026:15:34:14 +0300] "GET /public/404 HTTP/1.1" 302 220 "https://yeniistiklal.com/public/images/haberler/2022/09/bostanlispor-kktcde-sampiyon-oldu-nyD9WE8C.jpg" "Mozilla/5.0 AppleWebKit/537.36 (KHTML, like Gecko; compatible; ClaudeBot/1.0; +claudebot@anthropic.com)"
216.73.217.145 - - [26/May/2026:15:34:14 +0300] "GET /public/images/haberler/2022/06/aliagada-muhtesem-yaz-aliagada-yildizlar-gecidi-rAkj6V6S.jpg HTTP/1.1" 302 225 "-" "Mozilla/5.0 AppleWebKit/537.36 (KHTML, like Gecko; compatible; ClaudeBot/1.0; +claudebot@anthropic.com)"
216.73.217.145 - - [26/May/2026:15:34:14 +0300] "GET /public HTTP/1.1" 301 795 "https://yeniistiklal.com/public/404" "Mozilla/5.0 AppleWebKit/537.36 (KHTML, like Gecko; compatible; ClaudeBot/1.0; +claudebot@anthropic.com)"
216.73.217.145 - - [26/May/2026:15:34:14 +0300] "GET /public/ HTTP/1.1" 200 17200 "https://yeniistiklal.com/public" "Mozilla/5.0 AppleWebKit/537.36 (KHTML, like Gecko; compatible; ClaudeBot/1.0; +claudebot@anthropic.com)"
216.73.217.145 - - [26/May/2026:15:34:14 +0300] "GET /public/ HTTP/1.1" 200 17201 "https://yeniistiklal.com/public" "Mozilla/5.0 AppleWebKit/537.36 (KHTML, like Gecko; compatible; ClaudeBot/1.0; +claudebot@anthropic.com)"
216.73.217.145 - - [26/May/2026:15:34:14 +0300] "GET /404 HTTP/1.1" 302 215 "https://yeniistiklal.com/images/haberler/2022/01/erdogandan-partisine-sedef-kabas-icin-talimat-0-llAOGPMG.jpg" "Mozilla/5.0 AppleWebKit/537.36 (KHTML, like Gecko; compatible; ClaudeBot/1.0; +claudebot@anthropic.com)"
216.73.217.145 - - [26/May/2026:15:34:14 +0300] "GET /public/images/haberler/2022/02/kayseride-toplu-ulasima-zam-QlkcyYrw.jpg HTTP/1.1" 302 225 "-" "Mozilla/5.0 AppleWebKit/537.36 (KHTML, like Gecko; compatible; ClaudeBot/1.0; +claudebot@anthropic.com)"
216.73.217.145 - - [26/May/2026:15:34:14 +0300] "GET /public/404 HTTP/1.1" 302 220 "https://yeniistiklal.com/public/images/haberler/2022/10/pence-kilitten-aci-haber-1-askerimiz-sehit-VXutLUGl.jpg" "Mozilla/5.0 AppleWebKit/537.36 (KHTML, like Gecko; compatible; ClaudeBot/1.0; +claudebot@anthropic.com)"
216.73.217.145 - - [26/May/2026:15:34:14 +0300] "GET /public/images/haberler/2022/09/kartondan-yapilan-citro-n-oli-tanitildi-OBWXUrT6.jpg HTTP/1.1" 302 225 "-" "Mozilla/5.0 AppleWebKit/537.36 (KHTML, like Gecko; compatible; ClaudeBot/1.0; +claudebot@anthropic.com)"
216.73.217.145 - - [26/May/2026:15:34:14 +0300] "GET /public/ HTTP/1.1" 200 17183 "https://yeniistiklal.com/public" "Mozilla/5.0 AppleWebKit/537.36 (KHTML, like Gecko; compatible; ClaudeBot/1.0; +claudebot@anthropic.com)"
216.73.217.145 - - [26/May/2026:15:34:15 +0300] "GET /public/404 HTTP/1.1" 302 220 "https://yeniistiklal.com/public/images/haberler/2022/02/kayseride-toplu-ulasima-zam-QlkcyYrw.jpg" "Mozilla/5.0 AppleWebKit/537.36 (KHTML, like Gecko; compatible; ClaudeBot/1.0; +claudebot@anthropic.com)"
216.73.217.145 - - [26/May/2026:15:34:15 +0300] "GET /public/images/haberler/2022/09/13-nesil-intel-islemcilerde-34-cekirdek-surprizi-hO3cXjFQ.jpg HTTP/1.1" 302 225 "-" "Mozilla/5.0 AppleWebKit/537.36 (KHTML, like Gecko; compatible; ClaudeBot/1.0; +claudebot@anthropic.com)"
216.73.217.145 - - [26/May/2026:15:34:15 +0300] "GET /public HTTP/1.1" 301 795 "https://yeniistiklal.com/public/404" "Mozilla/5.0 AppleWebKit/537.36 (KHTML, like Gecko; compatible; ClaudeBot/1.0; +claudebot@anthropic.com)"
216.73.217.145 - - [26/May/2026:15:34:15 +0300] "GET /images/haberler/2022/01/billur-kalkavan-zengin-cocugu-olmak-zor-bir-sey-0-WRjMYR3q.jpg HTTP/1.1" 302 219 "-" "Mozilla/5.0 AppleWebKit/537.36 (KHTML, like Gecko; compatible; ClaudeBot/1.0; +claudebot@anthropic.com)"
216.73.217.145 - - [26/May/2026:15:34:15 +0300] "GET /public/haber/ilk-seri-uretim-hibrit-motorlu-bmw-m-otomobili-bmw-xm-yollara-cikmaya-hazir-541873 HTTP/1.1" 200 16913 "-" "Mozilla/5.0 AppleWebKit/537.36 (KHTML, like Gecko; compatible; ClaudeBot/1.0; +claudebot@anthropic.com)"
216.73.217.145 - - [26/May/2026:15:34:15 +0300] "GET /public HTTP/1.1" 301 795 "https://yeniistiklal.com/public/404" "Mozilla/5.0 AppleWebKit/537.36 (KHTML, like Gecko; compatible; ClaudeBot/1.0; +claudebot@anthropic.com)"
216.73.217.145 - - [26/May/2026:15:34:15 +0300] "GET /public/ HTTP/1.1" 200 17210 "https://yeniistiklal.com/public" "Mozilla/5.0 AppleWebKit/537.36 (KHTML, like Gecko; compatible; ClaudeBot/1.0; +claudebot@anthropic.com)"
216.73.217.145 - - [26/May/2026:15:34:15 +0300] "GET /public/ HTTP/1.1" 200 17207 "https://yeniistiklal.com/public" "Mozilla/5.0 AppleWebKit/537.36 (KHTML, like Gecko; compatible; ClaudeBot/1.0; +claudebot@anthropic.com)"
216.73.217.145 - - [26/May/2026:15:34:15 +0300] "GET /public/images/haberler/2022/06/kartepede-sunnet-soleni-25-haziranda-2Ts1gf8m.jpg HTTP/1.1" 302 225 "-" "Mozilla/5.0 AppleWebKit/537.36 (KHTML, like Gecko; compatible; ClaudeBot/1.0; +claudebot@anthropic.com)"
216.73.217.145 - - [26/May/2026:15:34:15 +0300] "GET /public/ HTTP/1.1" 200 17208 "https://yeniistiklal.com/public" "Mozilla/5.0 AppleWebKit/537.36 (KHTML, like Gecko; compatible; ClaudeBot/1.0; +claudebot@anthropic.com)"
216.73.217.145 - - [26/May/2026:15:34:14 +0300] "GET /public/404 HTTP/1.1" 302 220 "https://yeniistiklal.com/public/images/haberler/2022/10/asla-yalniz-yurumeyeceksin-7mydQLpk.jpg" "Mozilla/5.0 AppleWebKit/537.36 (KHTML, like Gecko; compatible; ClaudeBot/1.0; +claudebot@anthropic.com)"
216.73.217.145 - - [26/May/2026:15:34:14 +0300] "GET /public/404 HTTP/1.1" 302 220 "https://yeniistiklal.com/public/images/haberler/2022/10/miside-hem-agizlar-hem-gonuller-senlendi-cYcXSjWl.jpg" "Mozilla/5.0 AppleWebKit/537.36 (KHTML, like Gecko; compatible; ClaudeBot/1.0; +claudebot@anthropic.com)"
216.73.217.145 - - [26/May/2026:15:34:14 +0300] "GET /public HTTP/1.1" 301 795 "https://yeniistiklal.com/public/404" "Mozilla/5.0 AppleWebKit/537.36 (KHTML, like Gecko; compatible; ClaudeBot/1.0; +claudebot@anthropic.com)"
216.73.217.145 - - [26/May/2026:15:34:14 +0300] "GET /public HTTP/1.1" 301 795 "https://yeniistiklal.com/public/404" "Mozilla/5.0 AppleWebKit/537.36 (KHTML, like Gecko; compatible; ClaudeBot/1.0; +claudebot@anthropic.com)"
216.73.217.145 - - [26/May/2026:15:34:14 +0300] "GET /public HTTP/1.1" 301 795 "https://yeniistiklal.com/public/404" "Mozilla/5.0 AppleWebKit/537.36 (KHTML, like Gecko; compatible; ClaudeBot/1.0; +claudebot@anthropic.com)"
216.73.217.145 - - [26/May/2026:15:34:14 +0300] "GET /public/ HTTP/1.1" 200 17195 "https://yeniistiklal.com/public" "Mozilla/5.0 AppleWebKit/537.36 (KHTML, like Gecko; compatible; ClaudeBot/1.0; +claudebot@anthropic.com)"
216.73.217.145 - - [26/May/2026:15:34:14 +0300] "GET /public/404 HTTP/1.1" 302 220 "https://yeniistiklal.com/public/images/haberler/2022/06/aliagada-muhtesem-yaz-aliagada-yildizlar-gecidi-rAkj6V6S.jpg" "Mozilla/5.0 AppleWebKit/537.36 (KHTML, like Gecko; compatible; ClaudeBot/1.0; +claudebot@anthropic.com)"
216.73.217.145 - - [26/May/2026:15:34:15 +0300] "GET /public HTTP/1.1" 301 795 "https://yeniistiklal.com/public/404" "Mozilla/5.0 AppleWebKit/537.36 (KHTML, like Gecko; compatible; ClaudeBot/1.0; +claudebot@anthropic.com)"
216.73.217.145 - - [26/May/2026:15:34:15 +0300] "GET /public/404 HTTP/1.1" 302 220 "https://yeniistiklal.com/public/images/haberler/2022/09/kartondan-yapilan-citro-n-oli-tanitildi-OBWXUrT6.jpg" "Mozilla/5.0 AppleWebKit/537.36 (KHTML, like Gecko; compatible; ClaudeBot/1.0; +claudebot@anthropic.com)"
216.73.217.145 - - [26/May/2026:15:34:15 +0300] "GET /public HTTP/1.1" 301 795 "https://yeniistiklal.com/public/404" "Mozilla/5.0 AppleWebKit/537.36 (KHTML, like Gecko; compatible; ClaudeBot/1.0; +claudebot@anthropic.com)"
216.73.217.145 - - [26/May/2026:15:34:15 +0300] "GET /public/404 HTTP/1.1" 302 220 "https://yeniistiklal.com/public/images/haberler/2022/09/13-nesil-intel-islemcilerde-34-cekirdek-surprizi-hO3cXjFQ.jpg" "Mozilla/5.0 AppleWebKit/537.36 (KHTML, like Gecko; compatible; ClaudeBot/1.0; +claudebot@anthropic.com)"
216.73.217.145 - - [26/May/2026:15:34:15 +0300] "GET /public HTTP/1.1" 301 795 "https://yeniistiklal.com/public/404" "Mozilla/5.0 AppleWebKit/537.36 (KHTML, like Gecko; compatible; ClaudeBot/1.0; +claudebot@anthropic.com)"
216.73.217.145 - - [26/May/2026:15:34:15 +0300] "GET /404 HTTP/1.1" 302 215 "https://yeniistiklal.com/images/haberler/2022/01/billur-kalkavan-zengin-cocugu-olmak-zor-bir-sey-0-WRjMYR3q.jpg" "Mozilla/5.0 AppleWebKit/537.36 (KHTML, like Gecko; compatible; ClaudeBot/1.0; +claudebot@anthropic.com)"
216.73.217.145 - - [26/May/2026:15:34:15 +0300] "GET /public/images/haberler/2022/04/sunexpress-yolculari-sunpriority-ile-bir-adim-onde-yOXBfOmW.jpg HTTP/1.1" 302 225 "-" "Mozilla/5.0 AppleWebKit/537.36 (KHTML, like Gecko; compatible; ClaudeBot/1.0; +claudebot@anthropic.com)"
216.73.217.145 - - [26/May/2026:15:34:15 +0300] "GET /public/ HTTP/1.1" 200 17195 "https://yeniistiklal.com/public" "Mozilla/5.0 AppleWebKit/537.36 (KHTML, like Gecko; compatible; ClaudeBot/1.0; +claudebot@anthropic.com)"
216.73.217.145 - - [26/May/2026:15:34:15 +0300] "GET /public/haber/turktraktorun-premium-markasi-case-ih-yeni-modellerini-bursa-tarim-ve-hayvancilik-fuarinda-sergiliyor-543450 HTTP/1.1" 200 15406 "-" "Mozilla/5.0 AppleWebKit/537.36 (KHTML, like Gecko; compatible; ClaudeBot/1.0; +claudebot@anthropic.com)"
54.225.81.20 - - [26/May/2026:15:34:15 +0300] "GET /etiketler/milletimizin-haberleri HTTP/1.1" 200 5556 "-" "Mozilla/5.0 AppleWebKit/537.36 (KHTML, like Gecko; compatible; Amazonbot/0.1; +https://developer.amazon.com/support/amazonbot) Chrome/119.0.6045.214 Safari/537.36"
216.73.217.145 - - [26/May/2026:15:34:15 +0300] "GET /public/ HTTP/1.1" 200 17202 "https://yeniistiklal.com/public" "Mozilla/5.0 AppleWebKit/537.36 (KHTML, like Gecko; compatible; ClaudeBot/1.0; +claudebot@anthropic.com)"
216.73.217.145 - - [26/May/2026:15:34:15 +0300] "GET /public/404 HTTP/1.1" 302 220 "https://yeniistiklal.com/public/images/haberler/2022/04/sunexpress-yolculari-sunpriority-ile-bir-adim-onde-yOXBfOmW.jpg" "Mozilla/5.0 AppleWebKit/537.36 (KHTML, like Gecko; compatible; ClaudeBot/1.0; +claudebot@anthropic.com)"
216.73.217.145 - - [26/May/2026:15:34:15 +0300] "GET /public HTTP/1.1" 301 795 "https://yeniistiklal.com/public/404" "Mozilla/5.0 AppleWebKit/537.36 (KHTML, like Gecko; compatible; ClaudeBot/1.0; +claudebot@anthropic.com)"
216.73.217.145 - - [26/May/2026:15:34:15 +0300] "GET /haber/savcilik-fenerbahcenin-eski-futbolcusu-wieli-dolandiranlar-icin-5-yildan-17-yila-kadar-hapis-cezasi-istedi-540967 HTTP/1.1" 200 14427 "-" "Mozilla/5.0 AppleWebKit/537.36 (KHTML, like Gecko; compatible; ClaudeBot/1.0; +claudebot@anthropic.com)"
216.73.217.145 - - [26/May/2026:15:34:15 +0300] "GET /public/ HTTP/1.1" 200 17208 "https://yeniistiklal.com/public" "Mozilla/5.0 AppleWebKit/537.36 (KHTML, like Gecko; compatible; ClaudeBot/1.0; +claudebot@anthropic.com)"
216.73.217.145 - - [26/May/2026:15:34:15 +0300] "GET /haber/gaziemir-belediyesinden-mahalleliye-tandir-firini-hizmeti-541027 HTTP/1.1" 200 14824 "-" "Mozilla/5.0 AppleWebKit/537.36 (KHTML, like Gecko; compatible; ClaudeBot/1.0; +claudebot@anthropic.com)"
216.73.217.145 - - [26/May/2026:15:34:15 +0300] "GET /public/ HTTP/1.1" 200 17208 "https://yeniistiklal.com/public" "Mozilla/5.0 AppleWebKit/537.36 (KHTML, like Gecko; compatible; ClaudeBot/1.0; +claudebot@anthropic.com)"
216.73.217.145 - - [26/May/2026:15:34:16 +0300] "GET /haber/manisa-golmarmarada-ozancaya-12-milyon-liralik-yatirim-548416 HTTP/1.1" 200 13932 "-" "Mozilla/5.0 AppleWebKit/537.36 (KHTML, like Gecko; compatible; ClaudeBot/1.0; +claudebot@anthropic.com)"
216.73.217.145 - - [26/May/2026:15:34:16 +0300] "GET /404 HTTP/1.1" 302 219 "https://www.yeniistiklal.com/images/haberler/2022/04/bursa-mussiaddan-vali-canbolata-ziyaret-KT1zMpHG.jpg" "Mozilla/5.0 AppleWebKit/537.36 (KHTML, like Gecko; compatible; ClaudeBot/1.0; +claudebot@anthropic.com)"
85.208.96.201 - - [26/May/2026:15:34:16 +0300] "GET /haber/turizm-gelirleri-son-ceyrekte-pandemi-oncesi-donemi-yakaladi-481107 HTTP/1.1" 200 14906 "-" "Mozilla/5.0 (compatible; SemrushBot/7~bl; +http://www.semrush.com/bot.html)"
216.73.217.145 - - [26/May/2026:15:34:16 +0300] "GET /public/images/haberler/2022/09/genclerin-otomobili-citroen-oli-fwbte6O5.jpg HTTP/1.1" 302 225 "-" "Mozilla/5.0 AppleWebKit/537.36 (KHTML, like Gecko; compatible; ClaudeBot/1.0; +claudebot@anthropic.com)"
216.73.217.145 - - [26/May/2026:15:34:16 +0300] "GET /images/haberler/2022/02/tartistigi-sevgilisini-sirtindan-bicakladi-b1OBsyHK.jpg HTTP/1.1" 302 219 "-" "Mozilla/5.0 AppleWebKit/537.36 (KHTML, like Gecko; compatible; ClaudeBot/1.0; +claudebot@anthropic.com)"
216.73.217.145 - - [26/May/2026:15:34:17 +0300] "GET /public HTTP/1.1" 301 795 "https://yeniistiklal.com/public/404" "Mozilla/5.0 AppleWebKit/537.36 (KHTML, like Gecko; compatible; ClaudeBot/1.0; +claudebot@anthropic.com)"
216.73.217.145 - - [26/May/2026:15:34:17 +0300] "GET /images/haberler/2022/01/otomobil-tira-carpti-2-olu-1-yarali-0-XUDmmBgs.jpg HTTP/1.1" 302 219 "-" "Mozilla/5.0 AppleWebKit/537.36 (KHTML, like Gecko; compatible; ClaudeBot/1.0; +claudebot@anthropic.com)"
216.73.217.145 - - [26/May/2026:15:34:17 +0300] "GET /404 HTTP/1.1" 302 215 "https://yeniistiklal.com/images/haberler/2022/02/tartistigi-sevgilisini-sirtindan-bicakladi-b1OBsyHK.jpg" "Mozilla/5.0 AppleWebKit/537.36 (KHTML, like Gecko; compatible; ClaudeBot/1.0; +claudebot@anthropic.com)"
216.73.217.145 - - [26/May/2026:15:34:17 +0300] "GET /public/haber/schneider-electric-orta-dogu-ve-afrika-bolgesi-global-pazarlama-baskan-yardimciligi-rolune-turk-isim-543517 HTTP/1.1" 200 14018 "-" "Mozilla/5.0 AppleWebKit/537.36 (KHTML, like Gecko; compatible; ClaudeBot/1.0; +claudebot@anthropic.com)"
216.73.217.145 - - [26/May/2026:15:34:17 +0300] "GET /public/images/haberler/2022/10/beydagda-uretimin-yollari-duzenleniyor-Bnq7w8h9.jpg HTTP/1.1" 302 225 "-" "Mozilla/5.0 AppleWebKit/537.36 (KHTML, like Gecko; compatible; ClaudeBot/1.0; +claudebot@anthropic.com)"
216.73.217.145 - - [26/May/2026:15:34:17 +0300] "GET /public/404 HTTP/1.1" 302 220 "https://yeniistiklal.com/public/images/haberler/2022/10/beydagda-uretimin-yollari-duzenleniyor-Bnq7w8h9.jpg" "Mozilla/5.0 AppleWebKit/537.36 (KHTML, like Gecko; compatible; ClaudeBot/1.0; +claudebot@anthropic.com)"
216.73.217.145 - - [26/May/2026:15:34:17 +0300] "GET /images/haberler/2022/01/karaismailoglundan-kemal-kilicdaroglu-aciklamasi-0-bUuJcKrC.jpg HTTP/1.1" 302 219 "-" "Mozilla/5.0 AppleWebKit/537.36 (KHTML, like Gecko; compatible; ClaudeBot/1.0; +claudebot@anthropic.com)"
216.73.217.145 - - [26/May/2026:15:34:17 +0300] "GET /404 HTTP/1.1" 302 215 "https://yeniistiklal.com/images/haberler/2022/04/babacandan-cumhurbaskanligi-aciklamasi-2xuPvuYv.jpg" "Mozilla/5.0 AppleWebKit/537.36 (KHTML, like Gecko; compatible; ClaudeBot/1.0; +claudebot@anthropic.com)"
216.73.217.145 - - [26/May/2026:15:34:17 +0300] "GET /public HTTP/1.1" 301 795 "https://yeniistiklal.com/public/404" "Mozilla/5.0 AppleWebKit/537.36 (KHTML, like Gecko; compatible; ClaudeBot/1.0; +claudebot@anthropic.com)"
216.73.217.145 - - [26/May/2026:15:34:17 +0300] "GET /public/images/haberler/2022/05/nilufer-oda-orkestrasindan-muhtesem-konser-zSrgxE4g.jpg HTTP/1.1" 302 225 "-" "Mozilla/5.0 AppleWebKit/537.36 (KHTML, like Gecko; compatible; ClaudeBot/1.0; +claudebot@anthropic.com)"
216.73.217.145 - - [26/May/2026:15:34:17 +0300] "GET /public/haber/samsung-galaxy-z-fold4-z-flip4-ve-watch5-serisinin-en-yeni-ozelliklerini-onceki-nesil-cihazlara-getiriyor-541790 HTTP/1.1" 200 16033 "-" "Mozilla/5.0 AppleWebKit/537.36 (KHTML, like Gecko; compatible; ClaudeBot/1.0; +claudebot@anthropic.com)"
216.73.217.145 - - [26/May/2026:15:34:17 +0300] "GET /public/404 HTTP/1.1" 302 220 "https://yeniistiklal.com/public/images/haberler/2022/05/nilufer-oda-orkestrasindan-muhtesem-konser-zSrgxE4g.jpg" "Mozilla/5.0 AppleWebKit/537.36 (KHTML, like Gecko; compatible; ClaudeBot/1.0; +claudebot@anthropic.com)"
216.73.217.145 - - [26/May/2026:15:34:17 +0300] "GET /public/ HTTP/1.1" 200 17206 "https://yeniistiklal.com/public" "Mozilla/5.0 AppleWebKit/537.36 (KHTML, like Gecko; compatible; ClaudeBot/1.0; +claudebot@anthropic.com)"
216.73.217.145 - - [26/May/2026:15:34:17 +0300] "GET /public/haber/cam-ambalaj-sektorunun-onemli-oyuncularindan-gca-12-15-ekimde-istanbul-avrasya-ambalaj-fuarinda-543606 HTTP/1.1" 200 14212 "-" "Mozilla/5.0 AppleWebKit/537.36 (KHTML, like Gecko; compatible; ClaudeBot/1.0; +claudebot@anthropic.com)"
216.73.217.145 - - [26/May/2026:15:34:17 +0300] "GET /public HTTP/1.1" 301 795 "https://yeniistiklal.com/public/404" "Mozilla/5.0 AppleWebKit/537.36 (KHTML, like Gecko; compatible; ClaudeBot/1.0; +claudebot@anthropic.com)"
216.73.217.145 - - [26/May/2026:15:34:17 +0300] "GET /public/haber/tepe-savunma-ve-guvenlik-2023-yilinda-dijital-donusumu-buyutecek-543605 HTTP/1.1" 200 15360 "-" "Mozilla/5.0 AppleWebKit/537.36 (KHTML, like Gecko; compatible; ClaudeBot/1.0; +claudebot@anthropic.com)"
216.73.217.145 - - [26/May/2026:15:34:15 +0300] "GET /public/404 HTTP/1.1" 302 220 "https://yeniistiklal.com/public/images/haberler/2022/06/kartepede-sunnet-soleni-25-haziranda-2Ts1gf8m.jpg" "Mozilla/5.0 AppleWebKit/537.36 (KHTML, like Gecko; compatible; ClaudeBot/1.0; +claudebot@anthropic.com)"
216.73.217.145 - - [26/May/2026:15:34:15 +0300] "GET /public HTTP/1.1" 301 795 "https://yeniistiklal.com/public/404" "Mozilla/5.0 AppleWebKit/537.36 (KHTML, like Gecko; compatible; ClaudeBot/1.0; +claudebot@anthropic.com)"
216.73.217.145 - - [26/May/2026:15:34:15 +0300] "GET /images/haberler/2022/04/bursa-mussiaddan-vali-canbolata-ziyaret-KT1zMpHG.jpg HTTP/1.1" 302 224 "-" "Mozilla/5.0 AppleWebKit/537.36 (KHTML, like Gecko; compatible; ClaudeBot/1.0; +claudebot@anthropic.com)"
216.73.217.145 - - [26/May/2026:15:34:16 +0300] "GET /haber/edirne-kesanda-ismail-sapci-tsoya-yeniden-aday-540152 HTTP/1.1" 200 15299 "-" "Mozilla/5.0 AppleWebKit/537.36 (KHTML, like Gecko; compatible; ClaudeBot/1.0; +claudebot@anthropic.com)"
85.208.96.206 - - [26/May/2026:15:34:16 +0300] "GET /haber/iphone-14-pro-modellerinin-basi-dertte-541662 HTTP/1.1" 200 14121 "-" "Mozilla/5.0 (compatible; SemrushBot/7~bl; +http://www.semrush.com/bot.html)"
216.73.217.145 - - [26/May/2026:15:34:16 +0300] "GET /public/haber/global-ports-holding-italyadaki-5inci-limani-crotone-kruvaziyer-limanini-portfoyune-katti-506389 HTTP/1.1" 200 14754 "-" "Mozilla/5.0 AppleWebKit/537.36 (KHTML, like Gecko; compatible; ClaudeBot/1.0; +claudebot@anthropic.com)"
216.73.217.145 - - [26/May/2026:15:34:16 +0300] "GET /public/404 HTTP/1.1" 302 220 "https://yeniistiklal.com/public/images/haberler/2022/09/genclerin-otomobili-citroen-oli-fwbte6O5.jpg" "Mozilla/5.0 AppleWebKit/537.36 (KHTML, like Gecko; compatible; ClaudeBot/1.0; +claudebot@anthropic.com)"
216.73.217.145 - - [26/May/2026:15:34:17 +0300] "GET /public/haber/musiad-izmirden-almanyaya-cikarma-izmirli-is-insanlari-almanyaya-gidiyor-543467 HTTP/1.1" 200 14164 "-" "Mozilla/5.0 AppleWebKit/537.36 (KHTML, like Gecko; compatible; ClaudeBot/1.0; +claudebot@anthropic.com)"
216.73.217.145 - - [26/May/2026:15:34:17 +0300] "GET /404 HTTP/1.1" 302 215 "https://yeniistiklal.com/images/haberler/2022/01/otomobil-tira-carpti-2-olu-1-yarali-0-XUDmmBgs.jpg" "Mozilla/5.0 AppleWebKit/537.36 (KHTML, like Gecko; compatible; ClaudeBot/1.0; +claudebot@anthropic.com)"
216.73.217.145 - - [26/May/2026:15:34:17 +0300] "GET /public/ HTTP/1.1" 200 17203 "https://yeniistiklal.com/public" "Mozilla/5.0 AppleWebKit/537.36 (KHTML, like Gecko; compatible; ClaudeBot/1.0; +claudebot@anthropic.com)"
216.73.217.145 - - [26/May/2026:15:34:17 +0300] "GET /images/haberler/2022/04/babacandan-cumhurbaskanligi-aciklamasi-2xuPvuYv.jpg HTTP/1.1" 302 219 "-" "Mozilla/5.0 AppleWebKit/537.36 (KHTML, like Gecko; compatible; ClaudeBot/1.0; +claudebot@anthropic.com)"
18.205.213.231 - - [26/May/2026:15:34:17 +0300] "GET /public/index.php/etiketler/ataklar-haberleri HTTP/1.1" 200 5618 "-" "Mozilla/5.0 AppleWebKit/537.36 (KHTML, like Gecko; compatible; Amazonbot/0.1; +https://developer.amazon.com/support/amazonbot) Chrome/119.0.6045.214 Safari/537.36"
216.73.217.145 - - [26/May/2026:15:34:17 +0300] "GET /404 HTTP/1.1" 302 215 "https://yeniistiklal.com/images/haberler/2022/01/karaismailoglundan-kemal-kilicdaroglu-aciklamasi-0-bUuJcKrC.jpg" "Mozilla/5.0 AppleWebKit/537.36 (KHTML, like Gecko; compatible; ClaudeBot/1.0; +claudebot@anthropic.com)"
216.73.217.145 - - [26/May/2026:15:34:17 +0300] "GET /public/images/haberler/2022/10/form-endustri-tesislerinden-cevreci-enerji-yatirimi-EdVlyCZp.jpg HTTP/1.1" 302 225 "-" "Mozilla/5.0 AppleWebKit/537.36 (KHTML, like Gecko; compatible; ClaudeBot/1.0; +claudebot@anthropic.com)"
216.73.217.145 - - [26/May/2026:15:34:18 +0300] "GET /public HTTP/1.1" 301 795 "https://yeniistiklal.com/public/404" "Mozilla/5.0 AppleWebKit/537.36 (KHTML, like Gecko; compatible; ClaudeBot/1.0; +claudebot@anthropic.com)"
216.73.217.145 - - [26/May/2026:15:34:18 +0300] "GET /public/404 HTTP/1.1" 302 220 "https://yeniistiklal.com/public/images/haberler/2022/10/form-endustri-tesislerinden-cevreci-enerji-yatirimi-EdVlyCZp.jpg" "Mozilla/5.0 AppleWebKit/537.36 (KHTML, like Gecko; compatible; ClaudeBot/1.0; +claudebot@anthropic.com)"
216.73.217.145 - - [26/May/2026:15:34:18 +0300] "GET /public/haber/bakan-donmez-yer-alti-gaz-depolama-kapasitesi-2023te-10-milyar-metrekupe-ulasacak-493923 HTTP/1.1" 200 14672 "-" "Mozilla/5.0 AppleWebKit/537.36 (KHTML, like Gecko; compatible; ClaudeBot/1.0; +claudebot@anthropic.com)"
216.73.217.145 - - [26/May/2026:15:34:18 +0300] "GET /public/ HTTP/1.1" 200 17203 "https://yeniistiklal.com/public" "Mozilla/5.0 AppleWebKit/537.36 (KHTML, like Gecko; compatible; ClaudeBot/1.0; +claudebot@anthropic.com)"
216.73.217.145 - - [26/May/2026:15:34:18 +0300] "GET /public/haber/kymco-turkiyede-motosiklet-uretecek-iste-fiyati-541802 HTTP/1.1" 200 15244 "-" "Mozilla/5.0 AppleWebKit/537.36 (KHTML, like Gecko; compatible; ClaudeBot/1.0; +claudebot@anthropic.com)"
216.73.217.145 - - [26/May/2026:15:34:18 +0300] "GET /public/ HTTP/1.1" 200 17211 "https://yeniistiklal.com/public" "Mozilla/5.0 AppleWebKit/537.36 (KHTML, like Gecko; compatible; ClaudeBot/1.0; +claudebot@anthropic.com)"
66.249.66.6 - - [26/May/2026:15:34:18 +0300] "GET /public/haber/kayseri-talasta-kutuphanelerine-yogun-ilgi-521611 HTTP/1.1" 200 13713 "-" "Mozilla/5.0 (Linux; Android 6.0.1; Nexus 5X Build/MMB29P) AppleWebKit/537.36 (KHTML, like Gecko) Chrome/148.0.7778.96 Mobile Safari/537.36 (compatible; Googlebot/2.1; +http://www.google.com/bot.html)"
46.46.135.18 - - [26/May/2026:15:34:18 +0300] "GET /public/rss/genel-0 HTTP/1.1" 200 173955 "-" "Mozilla/5.0 (Macintosh; Intel Mac OS X 10_15_7) AppleWebKit/537.36 (KHTML, like Gecko) Chrome/123.0.0.0 Safari/537.36"
216.73.217.145 - - [26/May/2026:15:34:18 +0300] "GET /public/haber/asus-amd-x670-serisi-anakartlarini-duyurdu-541716 HTTP/1.1" 200 15012 "-" "Mozilla/5.0 AppleWebKit/537.36 (KHTML, like Gecko; compatible; ClaudeBot/1.0; +claudebot@anthropic.com)"
216.73.217.145 - - [26/May/2026:15:34:19 +0300] "GET /public/haber/ios-16nin-pil-sorunu-devam-ediyor-cozum-var-mi-541642 HTTP/1.1" 200 14121 "-" "Mozilla/5.0 AppleWebKit/537.36 (KHTML, like Gecko; compatible; ClaudeBot/1.0; +claudebot@anthropic.com)"
216.73.217.145 - - [26/May/2026:15:34:19 +0300] "GET /haber/fedex-ve-ups-rusya-sevkiyatlarini-askiya-aldi-497298 HTTP/1.1" 200 13299 "-" "Mozilla/5.0 AppleWebKit/537.36 (KHTML, like Gecko; compatible; ClaudeBot/1.0; +claudebot@anthropic.com)"
216.73.217.145 - - [26/May/2026:15:34:19 +0300] "GET /public/haber/lamborghini-efsanevi-modeline-veda-etti-541661 HTTP/1.1" 200 14122 "-" "Mozilla/5.0 AppleWebKit/537.36 (KHTML, like Gecko; compatible; ClaudeBot/1.0; +claudebot@anthropic.com)"
216.73.217.145 - - [26/May/2026:15:34:19 +0300] "GET /haber/davinci-38-turkcikolatasi-38-paraturk-pull-up-476858 HTTP/1.1" 200 13267 "-" "Mozilla/5.0 AppleWebKit/537.36 (KHTML, like Gecko; compatible; ClaudeBot/1.0; +claudebot@anthropic.com)"
54.90.244.132 - - [26/May/2026:15:34:19 +0300] "GET /etiketler/bronz-madalya-haberleri HTTP/1.1" 200 5940 "-" "Mozilla/5.0 AppleWebKit/537.36 (KHTML, like Gecko; compatible; Amazonbot/0.1; +https://developer.amazon.com/support/amazonbot) Chrome/119.0.6045.214 Safari/537.36"
216.73.217.145 - - [26/May/2026:15:34:19 +0300] "GET /public/haber/gozler-future-cup-2022-finallerinde-541792 HTTP/1.1" 200 14205 "-" "Mozilla/5.0 AppleWebKit/537.36 (KHTML, like Gecko; compatible; ClaudeBot/1.0; +claudebot@anthropic.com)"
216.73.217.145 - - [26/May/2026:15:34:19 +0300] "GET /haber/tijey-01-cukur-son-nefes-477154 HTTP/1.1" 200 13031 "-" "Mozilla/5.0 AppleWebKit/537.36 (KHTML, like Gecko; compatible; ClaudeBot/1.0; +claudebot@anthropic.com)"
216.73.217.145 - - [26/May/2026:15:34:19 +0300] "GET /haber/evine-don-vladimir-497302 HTTP/1.1" 200 23911 "-" "Mozilla/5.0 AppleWebKit/537.36 (KHTML, like Gecko; compatible; ClaudeBot/1.0; +claudebot@anthropic.com)"
216.73.217.145 - - [26/May/2026:15:34:18 +0300] "GET /haber/meteorolojiden-hava-durumu-aciklamasi-istanbul-ve-bircok-ile-kar-geliyor-497238 HTTP/1.1" 200 14261 "-" "Mozilla/5.0 AppleWebKit/537.36 (KHTML, like Gecko; compatible; ClaudeBot/1.0; +claudebot@anthropic.com)"
216.73.217.145 - - [26/May/2026:15:34:18 +0300] "GET /haber/kuba-rusya-nato-tehdidi-karsisinda-savunmasiz-kalamazdi-497220 HTTP/1.1" 200 15475 "-" "Mozilla/5.0 AppleWebKit/537.36 (KHTML, like Gecko; compatible; ClaudeBot/1.0; +claudebot@anthropic.com)"
216.73.217.145 - - [26/May/2026:15:34:18 +0300] "GET /haber/natodan-rusyaya-tepki-tehlikeli-ve-sorumsuz-497203 HTTP/1.1" 200 13396 "-" "Mozilla/5.0 AppleWebKit/537.36 (KHTML, like Gecko; compatible; ClaudeBot/1.0; +claudebot@anthropic.com)"
216.73.217.145 - - [26/May/2026:15:34:18 +0300] "GET /haber/hande-yener-newyorklu-turkleri-costurdu-513478 HTTP/1.1" 200 13921 "-" "Mozilla/5.0 AppleWebKit/537.36 (KHTML, like Gecko; compatible; ClaudeBot/1.0; +claudebot@anthropic.com)"
216.73.217.145 - - [26/May/2026:15:34:18 +0300] "GET /haber/buyuk-zirve-oncesi-6-partiden-ortak-paylasim-497244 HTTP/1.1" 200 13425 "-" "Mozilla/5.0 AppleWebKit/537.36 (KHTML, like Gecko; compatible; ClaudeBot/1.0; +claudebot@anthropic.com)"
216.73.217.145 - - [26/May/2026:15:34:18 +0300] "GET /public/haber/tmo-celtik-fiyatlari-guncellendi-543439 HTTP/1.1" 200 13525 "-" "Mozilla/5.0 AppleWebKit/537.36 (KHTML, like Gecko; compatible; ClaudeBot/1.0; +claudebot@anthropic.com)"
216.73.217.145 - - [26/May/2026:15:34:19 +0300] "GET /public/haber/muglada-tibbi-bitkiler-bahcesi-hizmete-acildi-542103 HTTP/1.1" 200 14921 "-" "Mozilla/5.0 AppleWebKit/537.36 (KHTML, like Gecko; compatible; ClaudeBot/1.0; +claudebot@anthropic.com)"
216.73.217.145 - - [26/May/2026:15:34:19 +0300] "GET /public/haber/bursa-cimentodan-surdurulebilirlik-acilimi-502227 HTTP/1.1" 200 15076 "-" "Mozilla/5.0 AppleWebKit/537.36 (KHTML, like Gecko; compatible; ClaudeBot/1.0; +claudebot@anthropic.com)"
216.73.217.145 - - [26/May/2026:15:34:19 +0300] "GET /haber/emrullah-surmeli-baba-bedel-shorts-476874 HTTP/1.1" 200 12879 "-" "Mozilla/5.0 AppleWebKit/537.36 (KHTML, like Gecko; compatible; ClaudeBot/1.0; +claudebot@anthropic.com)"
46.46.135.18 - - [26/May/2026:15:34:19 +0300] "GET /rss/genel-0 HTTP/1.1" 200 173857 "-" "Mozilla/5.0 (Macintosh; Intel Mac OS X 10_15_7) AppleWebKit/537.36 (KHTML, like Gecko) Chrome/123.0.0.0 Safari/537.36"
85.208.96.193 - - [26/May/2026:15:34:21 +0300] "GET /haber/kursuye-cocuk-cikaran-erdoganin-tuketmedigi-deger-kalmadi-481701 HTTP/1.1" 200 15268 "-" "Mozilla/5.0 (compatible; SemrushBot/7~bl; +http://www.semrush.com/bot.html)"
185.191.171.19 - - [26/May/2026:15:34:23 +0300] "GET /haber/unluler-nagihan-gerginligi-survivor-all-star-2022-16-bolum-485017 HTTP/1.1" 200 13553 "-" "Mozilla/5.0 (compatible; SemrushBot/7~bl; +http://www.semrush.com/bot.html)"
46.46.135.18 - - [26/May/2026:15:34:23 +0300] "GET /rss/haberler-1 HTTP/1.1" 200 174509 "-" "Mozilla/5.0 (Macintosh; Intel Mac OS X 10_15_7) AppleWebKit/537.36 (KHTML, like Gecko) Chrome/123.0.0.0 Safari/537.36"
2a03:2880:f806:4c:: - - [26/May/2026:15:34:23 +0300] "GET /public/images/haberler/2022/09/maybi-malkara-kurumlar-arasi-futbol-turnuvasi-basladi-ug89FxMt.jpg HTTP/1.1" 302 225 "-" "meta-externalagent/1.1 (+https://developers.facebook.com/docs/sharing/webmasters/crawler)"
2a03:2880:f806:1e:: - - [26/May/2026:15:34:24 +0300] "GET /images/haberler/2022/09/istanbul-cevahirin-yaz-konserleri-gokselin-sahne-performansiyla-sona-erdi-92t9p91g.jpg HTTP/1.1" 302 219 "-" "meta-externalagent/1.1 (+https://developers.facebook.com/docs/sharing/webmasters/crawler)"
2a03:2880:f806:1e:: - - [26/May/2026:15:34:24 +0300] "GET /public/index.php/images/haberler/2022/09/12nci-turkiye-yatirim-konferansi-metanin-new-york-ofisinde-gerceklesti-AwJuz4Qk.jpg HTTP/1.1" 302 238 "-" "meta-externalagent/1.1 (+https://developers.facebook.com/docs/sharing/webmasters/crawler)"
216.73.217.145 - - [26/May/2026:15:34:20 +0300] "GET /haber/omer-celik-le-cane-476865 HTTP/1.1" 200 12970 "-" "Mozilla/5.0 AppleWebKit/537.36 (KHTML, like Gecko; compatible; ClaudeBot/1.0; +claudebot@anthropic.com)"
44.208.193.63 - - [26/May/2026:15:34:21 +0300] "GET /public/index.php/etiketler/cikar-haberleri HTTP/1.1" 200 5629 "-" "Mozilla/5.0 AppleWebKit/537.36 (KHTML, like Gecko; compatible; Amazonbot/0.1; +https://developer.amazon.com/support/amazonbot) Chrome/119.0.6045.214 Safari/537.36"
46.46.135.18 - - [26/May/2026:15:34:21 +0300] "GET /public/rss/haberler-1 HTTP/1.1" 200 174608 "-" "Mozilla/5.0 (Macintosh; Intel Mac OS X 10_15_7) AppleWebKit/537.36 (KHTML, like Gecko) Chrome/123.0.0.0 Safari/537.36"
52.54.15.103 - - [26/May/2026:15:34:23 +0300] "GET /etiketler/jenerator-haberleri HTTP/1.1" 200 5559 "-" "Mozilla/5.0 AppleWebKit/537.36 (KHTML, like Gecko; compatible; Amazonbot/0.1; +https://developer.amazon.com/support/amazonbot) Chrome/119.0.6045.214 Safari/537.36"
52.203.65.83 - - [26/May/2026:15:34:25 +0300] "GET /public/index.php/haber/alman-bilim-insanlarindan-ugur-sahine-sert-mektup-asinin-rengi-neden-gri-478984 HTTP/1.1" 200 14976 "-" "Mozilla/5.0 AppleWebKit/537.36 (KHTML, like Gecko; compatible; Amazonbot/0.1; +https://developer.amazon.com/support/amazonbot) Chrome/119.0.6045.214 Safari/537.36"
2a03:2880:f806:22:: - - [26/May/2026:15:34:25 +0300] "GET /public/index.php/404 HTTP/1.1" 302 232 "-" "meta-externalagent/1.1 (+https://developers.facebook.com/docs/sharing/webmasters/crawler)"
2a03:2880:f806:4b:: - - [26/May/2026:15:34:26 +0300] "GET / HTTP/1.1" 200 17085 "-" "meta-externalagent/1.1 (+https://developers.facebook.com/docs/sharing/webmasters/crawler)"
23.22.105.143 - - [26/May/2026:15:34:27 +0300] "GET /haber/tesk-elektrikteki-zamlar-geri-alinmali-esnafa-ozel-tarife-uygulanmali-484726 HTTP/1.1" 200 13689 "-" "Mozilla/5.0 AppleWebKit/537.36 (KHTML, like Gecko; compatible; Amazonbot/0.1; +https://developer.amazon.com/support/amazonbot) Chrome/119.0.6045.214 Safari/537.36"
2a03:2880:f806:f:: - - [26/May/2026:15:34:27 +0300] "GET /public/index.php HTTP/1.1" 200 17290 "-" "meta-externalagent/1.1 (+https://developers.facebook.com/docs/sharing/webmasters/crawler)"
95.108.213.110 - - [26/May/2026:15:34:30 +0300] "GET /public/rss/genel-0 HTTP/1.1" 200 173955 "-" "Mozilla/5.0 (compatible; YandexBot/3.0; +http://yandex.com/bots)"
157.55.39.59 - - [26/May/2026:15:34:30 +0300] "GET /public/index.php/etiketler/degerleri-haberleri HTTP/1.1" 200 5716 "-" "Mozilla/5.0 AppleWebKit/537.36 (KHTML, like Gecko; compatible; bingbot/2.0; +http://www.bing.com/bingbot.htm) Chrome/116.0.1938.76 Safari/537.36"
3.218.35.239 - - [26/May/2026:15:34:30 +0300] "GET /images/haberler/2022/02/tesk-elektrikteki-zamlar-geri-alinmali-esnafa-ozel-tarife-uygulanmali-7vwEJSLV.jpg HTTP/1.1" 302 219 "-" "Mozilla/5.0 AppleWebKit/537.36 (KHTML, like Gecko; compatible; Amazonbot/0.1; +https://developer.amazon.com/support/amazonbot) Chrome/119.0.6045.214 Safari/537.36"
2a03:2880:f806:21:: - - [26/May/2026:15:34:30 +0300] "GET /haber/her-yas-ve-begeniye-uygun-puzzle-secenekleri-turkiye-diyanet-vakfi-yayinlarinda-552237 HTTP/1.1" 200 13719 "-" "meta-externalagent/1.1 (+https://developers.facebook.com/docs/sharing/webmasters/crawler)"
95.108.213.121 - - [26/May/2026:15:34:32 +0300] "GET /rss/genel-0 HTTP/1.1" 200 173857 "-" "Mozilla/5.0 (compatible; YandexBot/3.0; +http://yandex.com/bots)"
216.73.217.145 - - [26/May/2026:15:34:34 +0300] "GET /public/haber/iddaada-heyecan-yaz-boyunca-en-kral-oranlarla-devam-ediyor-520653 HTTP/1.1" 200 14611 "-" "Mozilla/5.0 AppleWebKit/537.36 (KHTML, like Gecko; compatible; ClaudeBot/1.0; +claudebot@anthropic.com)"
216.73.217.145 - - [26/May/2026:15:34:34 +0300] "GET /public/haber/kemalpasada-parklar-yenileniyor-542287 HTTP/1.1" 200 13778 "-" "Mozilla/5.0 AppleWebKit/537.36 (KHTML, like Gecko; compatible; ClaudeBot/1.0; +claudebot@anthropic.com)"
2a03:2880:f806:1d:: - - [26/May/2026:15:34:25 +0300] "GET /public/404 HTTP/1.1" 302 220 "-" "meta-externalagent/1.1 (+https://developers.facebook.com/docs/sharing/webmasters/crawler)"
2a03:2880:f806:28:: - - [26/May/2026:15:34:25 +0300] "GET /404 HTTP/1.1" 302 215 "-" "meta-externalagent/1.1 (+https://developers.facebook.com/docs/sharing/webmasters/crawler)"
2a03:2880:f806:1b:: - - [26/May/2026:15:34:26 +0300] "GET /public HTTP/1.1" 301 795 "-" "meta-externalagent/1.1 (+https://developers.facebook.com/docs/sharing/webmasters/crawler)"
44.207.69.106 - - [26/May/2026:15:34:27 +0300] "GET /public/index.php/images/haberler/2022/01/alman-bilim-insanlarindan-ugur-sahine-sert-mektup-asinin-rengi-neden-gri-FhHYMbw9.jpg HTTP/1.1" 302 238 "-" "Mozilla/5.0 AppleWebKit/537.36 (KHTML, like Gecko; compatible; Amazonbot/0.1; +https://developer.amazon.com/support/amazonbot) Chrome/119.0.6045.214 Safari/537.36"
85.208.96.206 - - [26/May/2026:15:34:27 +0300] "GET /haber/kok-hucreyle-genclesin-521562 HTTP/1.1" 200 14447 "-" "Mozilla/5.0 (compatible; SemrushBot/7~bl; +http://www.semrush.com/bot.html)"
2a03:2880:f806:1f:: - - [26/May/2026:15:34:28 +0300] "GET /public/ HTTP/1.1" 200 17207 "-" "meta-externalagent/1.1 (+https://developers.facebook.com/docs/sharing/webmasters/crawler)"
44.195.145.102 - - [26/May/2026:15:34:29 +0300] "GET /public/index.php/etiketler/sofya-ekspresi-haberleri HTTP/1.1" 200 5601 "-" "Mozilla/5.0 AppleWebKit/537.36 (KHTML, like Gecko; compatible; Amazonbot/0.1; +https://developer.amazon.com/support/amazonbot) Chrome/119.0.6045.214 Safari/537.36"
185.191.171.12 - - [26/May/2026:15:34:31 +0300] "GET /haber/uyku-apnesinin-sinsiligine-dikkat-ani-olum-riskini-arttiriyor-537993 HTTP/1.1" 200 14092 "-" "Mozilla/5.0 (compatible; SemrushBot/7~bl; +http://www.semrush.com/bot.html)"
54.147.238.89 - - [26/May/2026:15:34:31 +0300] "GET /haber/yeni-bedelli-askerlik-ucreti-ne-kadar-550020 HTTP/1.1" 200 13080 "-" "Mozilla/5.0 AppleWebKit/537.36 (KHTML, like Gecko; compatible; Amazonbot/0.1; +https://developer.amazon.com/support/amazonbot) Chrome/119.0.6045.214 Safari/537.36"
52.207.47.227 - - [26/May/2026:15:34:33 +0300] "GET /haber/istanbul-valiligi-yatirim-izleme-ve-koordinasyon-baskanligindan-tasinmaz-satisi-551501 HTTP/1.1" 200 13878 "-" "Mozilla/5.0 AppleWebKit/537.36 (KHTML, like Gecko; compatible; Amazonbot/0.1; +https://developer.amazon.com/support/amazonbot) Chrome/119.0.6045.214 Safari/537.36"
35.252.234.232 - - [26/May/2026:15:34:33 +0300] "GET /images/haberler/2022/07/mersinde-ureticiye-kucukbas-hayvan-destegi-yyA9DtKd.jpg HTTP/1.1" 302 219 "-" "Mozilla/5.0 (X11; Linux x86_64) AppleWebKit/537.36 (KHTML, like Gecko) Chrome/91.0.4472.114 Safari/537.36"
2a03:2880:f806:41:: - - [26/May/2026:15:34:34 +0300] "GET /images/haberler/2022/09/hisar-okullarinin-her-yas-grubundan-ogrenciye-yonelik-duzenledigi-kendilerini-spordan-sanata-5-farkli-bransta-gelistirebilecekleri-hisar-akademi-gokturkte-basliyor-XiARSMMm.jpg HTTP/1.1" 302 219 "-" "meta-externalagent/1.1 (+https://developers.facebook.com/docs/sharing/webmasters/crawler)"
216.73.217.145 - - [26/May/2026:15:34:34 +0300] "GET /public/haber/istanbul-bienali-zeytinburnunda-538497 HTTP/1.1" 200 15790 "-" "Mozilla/5.0 AppleWebKit/537.36 (KHTML, like Gecko; compatible; ClaudeBot/1.0; +claudebot@anthropic.com)"
216.73.217.145 - - [26/May/2026:15:34:34 +0300] "GET /whatsapp:/send?text=Bal%C4%B1k+Kolajeni+-+https%3A%2Fyeniistiklal.com%2Fhaber%2Fbalik-kolajeni-551018 HTTP/1.1" 302 219 "-" "Mozilla/5.0 AppleWebKit/537.36 (KHTML, like Gecko; compatible; ClaudeBot/1.0; +claudebot@anthropic.com)"
216.73.217.145 - - [26/May/2026:15:34:34 +0300] "GET /haber/googlein-katlanabilir-pixel-notepadinden-neler-bekliyoruz-478144 HTTP/1.1" 200 13954 "-" "Mozilla/5.0 AppleWebKit/537.36 (KHTML, like Gecko; compatible; ClaudeBot/1.0; +claudebot@anthropic.com)"
35.252.234.232 - - [26/May/2026:15:34:34 +0300] "GET /404 HTTP/1.1" 302 215 "-" "Mozilla/5.0 (X11; Linux x86_64) AppleWebKit/537.36 (KHTML, like Gecko) Chrome/91.0.4472.114 Safari/537.36"
216.73.217.145 - - [26/May/2026:15:34:34 +0300] "GET /haber/son-dakika-putinden-erdogana-gecmis-olsun-mesaji-485396 HTTP/1.1" 200 13519 "-" "Mozilla/5.0 AppleWebKit/537.36 (KHTML, like Gecko; compatible; ClaudeBot/1.0; +claudebot@anthropic.com)"
216.73.217.145 - - [26/May/2026:15:34:35 +0300] "GET /public/index.php/haber/paylasmanin-en-guzel-ornegi-ayvalik-belediyesi-asevi-527009 HTTP/1.1" 200 13523 "-" "Mozilla/5.0 AppleWebKit/537.36 (KHTML, like Gecko; compatible; ClaudeBot/1.0; +claudebot@anthropic.com)"
216.73.217.145 - - [26/May/2026:15:34:35 +0300] "GET /public/index.php/haber/bursa-gokderede-yesil-donusum-524072 HTTP/1.1" 200 14301 "-" "Mozilla/5.0 AppleWebKit/537.36 (KHTML, like Gecko; compatible; ClaudeBot/1.0; +claudebot@anthropic.com)"
216.73.217.145 - - [26/May/2026:15:34:35 +0300] "GET /public/index.php/haber/identify-partner-programi-kyc-pazarini-buyutecek-522546 HTTP/1.1" 200 14678 "-" "Mozilla/5.0 AppleWebKit/537.36 (KHTML, like Gecko; compatible; ClaudeBot/1.0; +claudebot@anthropic.com)"
216.73.217.145 - - [26/May/2026:15:34:35 +0300] "GET /haber/bora-gencer-katibim-477233 HTTP/1.1" 200 13244 "-" "Mozilla/5.0 AppleWebKit/537.36 (KHTML, like Gecko; compatible; ClaudeBot/1.0; +claudebot@anthropic.com)"
44.207.69.106 - - [26/May/2026:15:34:37 +0300] "GET /public/index.php/haber/gaziantep-nizipte-ileri-biyolojik-tesis-sekilleniyor-518584 HTTP/1.1" 200 14612 "-" "Mozilla/5.0 AppleWebKit/537.36 (KHTML, like Gecko; compatible; Amazonbot/0.1; +https://developer.amazon.com/support/amazonbot) Chrome/119.0.6045.214 Safari/537.36"
216.73.217.145 - - [26/May/2026:15:34:38 +0300] "GET /public/index.php/haber/mugla-buyuksehir-kadin-kooperatifleri-ile-isbirligini-surduruyor-522902 HTTP/1.1" 200 14806 "-" "Mozilla/5.0 AppleWebKit/537.36 (KHTML, like Gecko; compatible; ClaudeBot/1.0; +claudebot@anthropic.com)"
216.73.217.145 - - [26/May/2026:15:34:38 +0300] "GET /public/index.php/haber/canli-serhan-asker-ile-gorkemli-hatiralar-16-ocak-2022-halktv-475086 HTTP/1.1" 200 13267 "-" "Mozilla/5.0 AppleWebKit/537.36 (KHTML, like Gecko; compatible; ClaudeBot/1.0; +claudebot@anthropic.com)"
216.73.217.145 - - [26/May/2026:15:34:38 +0300] "GET /haber/xiaomi-civi-2-geliyor-tanitim-tarihi-duyuruldu-540357 HTTP/1.1" 200 14064 "-" "Mozilla/5.0 AppleWebKit/537.36 (KHTML, like Gecko; compatible; ClaudeBot/1.0; +claudebot@anthropic.com)"
216.73.217.145 - - [26/May/2026:15:34:38 +0300] "GET /public/index.php/haber/ciftci-zor-durumda-gida-enflasyonunda-ciddi-artis-olabilir-i-dw-haber-471829 HTTP/1.1" 200 14199 "-" "Mozilla/5.0 AppleWebKit/537.36 (KHTML, like Gecko; compatible; ClaudeBot/1.0; +claudebot@anthropic.com)"
216.73.217.145 - - [26/May/2026:15:34:38 +0300] "GET /haber/iphone-14-mediamarkt-magazalarinda-tuketicilerle-bulusuyor-540918 HTTP/1.1" 200 13816 "-" "Mozilla/5.0 AppleWebKit/537.36 (KHTML, like Gecko; compatible; ClaudeBot/1.0; +claudebot@anthropic.com)"
216.73.217.145 - - [26/May/2026:15:34:38 +0300] "GET /public/index.php/haber/bursada-kadinlardan-yemek-yapiminda-kiyasiya-yaristi-518469 HTTP/1.1" 200 13481 "-" "Mozilla/5.0 AppleWebKit/537.36 (KHTML, like Gecko; compatible; ClaudeBot/1.0; +claudebot@anthropic.com)"
216.73.217.145 - - [26/May/2026:15:34:39 +0300] "GET /public/haber/kadinlar-pembe-festivalde-meme-sagligi-icin-bulustu-543950 HTTP/1.1" 200 15224 "-" "Mozilla/5.0 AppleWebKit/537.36 (KHTML, like Gecko; compatible; ClaudeBot/1.0; +claudebot@anthropic.com)"
216.73.217.145 - - [26/May/2026:15:34:39 +0300] "GET /public/haber/afad-5-tir-yardim-ukraynaya-gonderiliyor-496542 HTTP/1.1" 200 13348 "-" "Mozilla/5.0 AppleWebKit/537.36 (KHTML, like Gecko; compatible; ClaudeBot/1.0; +claudebot@anthropic.com)"
216.73.217.145 - - [26/May/2026:15:34:34 +0300] "GET /404 HTTP/1.1" 302 215 "https://yeniistiklal.com/whatsapp:/send?text=Bal%C4%B1k+Kolajeni+-+https%3A%2Fyeniistiklal.com%2Fhaber%2Fbalik-kolajeni-551018" "Mozilla/5.0 AppleWebKit/537.36 (KHTML, like Gecko; compatible; ClaudeBot/1.0; +claudebot@anthropic.com)"
35.252.234.232 - - [26/May/2026:15:34:34 +0300] "GET / HTTP/1.1" 200 17081 "-" "Mozilla/5.0 (X11; Linux x86_64) AppleWebKit/537.36 (KHTML, like Gecko) Chrome/91.0.4472.114 Safari/537.36"
35.153.86.200 - - [26/May/2026:15:34:34 +0300] "GET /images/haberler/2023/07/yeni-bedelli-askerlik-ucreti-ne-kadar-1689856767.png HTTP/1.1" 302 219 "-" "Mozilla/5.0 AppleWebKit/537.36 (KHTML, like Gecko; compatible; Amazonbot/0.1; +https://developer.amazon.com/support/amazonbot) Chrome/119.0.6045.214 Safari/537.36"
216.73.217.145 - - [26/May/2026:15:34:35 +0300] "GET /public/index.php/haber/ilgaz-sporun-merkezi-oluyor-517080 HTTP/1.1" 200 14030 "-" "Mozilla/5.0 AppleWebKit/537.36 (KHTML, like Gecko; compatible; ClaudeBot/1.0; +claudebot@anthropic.com)"
216.73.217.145 - - [26/May/2026:15:34:35 +0300] "GET /haber/rus-oligarkin-supheli-olumu-ingilteredeki-evinde-olu-bulundu-498976 HTTP/1.1" 200 13837 "-" "Mozilla/5.0 AppleWebKit/537.36 (KHTML, like Gecko; compatible; ClaudeBot/1.0; +claudebot@anthropic.com)"
216.73.217.145 - - [26/May/2026:15:34:35 +0300] "GET /public/index.php/haber/nehre-dusen-kase-kimin-517122 HTTP/1.1" 200 14237 "-" "Mozilla/5.0 AppleWebKit/537.36 (KHTML, like Gecko; compatible; ClaudeBot/1.0; +claudebot@anthropic.com)"
2a03:2880:f806:1d:: - - [26/May/2026:15:34:35 +0300] "GET /404 HTTP/1.1" 302 215 "-" "meta-externalagent/1.1 (+https://developers.facebook.com/docs/sharing/webmasters/crawler)"
216.73.217.145 - - [26/May/2026:15:34:35 +0300] "GET /public/index.php/haber/sanliurfada-yanan-otomobilde-asker-cesedi-bulundu-475561 HTTP/1.1" 200 13359 "-" "Mozilla/5.0 AppleWebKit/537.36 (KHTML, like Gecko; compatible; ClaudeBot/1.0; +claudebot@anthropic.com)"
52.71.218.25 - - [26/May/2026:15:34:35 +0300] "GET /public/etiketler/kulubu-haberleri HTTP/1.1" 200 8634 "-" "Mozilla/5.0 AppleWebKit/537.36 (KHTML, like Gecko; compatible; Amazonbot/0.1; +https://developer.amazon.com/support/amazonbot) Chrome/119.0.6045.214 Safari/537.36"
2a03:2880:f806:1e:: - - [26/May/2026:15:34:36 +0300] "GET / HTTP/1.1" 200 17072 "-" "meta-externalagent/1.1 (+https://developers.facebook.com/docs/sharing/webmasters/crawler)"
216.73.217.145 - - [26/May/2026:15:34:38 +0300] "GET /haber/tepecik-filarmoniden-sanathanede-muzik-ziyafeti-540413 HTTP/1.1" 200 14450 "-" "Mozilla/5.0 AppleWebKit/537.36 (KHTML, like Gecko; compatible; ClaudeBot/1.0; +claudebot@anthropic.com)"
216.73.217.145 - - [26/May/2026:15:34:38 +0300] "GET /haber/resmi-gazetede-yayimlandi-gida-krizi-riskine-erdogan-el-atti-498762 HTTP/1.1" 200 13699 "-" "Mozilla/5.0 AppleWebKit/537.36 (KHTML, like Gecko; compatible; ClaudeBot/1.0; +claudebot@anthropic.com)"
216.73.217.145 - - [26/May/2026:15:34:38 +0300] "GET /public/index.php/haber/ptt-calisanlarinin-maaslarina-derken-kesintisi-uye-olmamislar-475083 HTTP/1.1" 200 14248 "-" "Mozilla/5.0 AppleWebKit/537.36 (KHTML, like Gecko; compatible; ClaudeBot/1.0; +claudebot@anthropic.com)"
216.73.217.145 - - [26/May/2026:15:34:38 +0300] "GET /haber/2-luma-kisa-film-festivali-basliyor-540202 HTTP/1.1" 200 14570 "-" "Mozilla/5.0 AppleWebKit/537.36 (KHTML, like Gecko; compatible; ClaudeBot/1.0; +claudebot@anthropic.com)"
216.73.217.145 - - [26/May/2026:15:34:39 +0300] "GET /public/haber/bakan-akardan-sirnak-valiligine-ziyaret-542122 HTTP/1.1" 200 13653 "-" "Mozilla/5.0 AppleWebKit/537.36 (KHTML, like Gecko; compatible; ClaudeBot/1.0; +claudebot@anthropic.com)"
85.208.96.212 - - [26/May/2026:15:34:39 +0300] "GET /haber/prof-dr-aksoydan-bingol-depremi-aciklamasi-faylarin-aktif-oldugunu-gosteriyor-481377 HTTP/1.1" 200 14490 "-" "Mozilla/5.0 (compatible; SemrushBot/7~bl; +http://www.semrush.com/bot.html)"
2a03:2880:f806:48:: - - [26/May/2026:15:34:39 +0300] "GET /images/haberler/2022/02/ozel-harekat-mak-timi-3100-rakimda-kis-egitimi-aliyor-tDy4G1Hk.jpg HTTP/1.1" 302 219 "-" "meta-externalagent/1.1 (+https://developers.facebook.com/docs/sharing/webmasters/crawler)"
18.235.158.19 - - [26/May/2026:15:34:39 +0300] "GET /etiketler/imtihan-haberleri HTTP/1.1" 200 5567 "-" "Mozilla/5.0 AppleWebKit/537.36 (KHTML, like Gecko; compatible; Amazonbot/0.1; +https://developer.amazon.com/support/amazonbot) Chrome/119.0.6045.214 Safari/537.36"
98.84.200.43 - - [26/May/2026:15:34:39 +0300] "GET /public/index.php/images/haberler/2022/06/gaziantep-nizipte-ileri-biyolojik-tesis-sekilleniyor-sgXdAjLV.jpg HTTP/1.1" 302 238 "-" "Mozilla/5.0 AppleWebKit/537.36 (KHTML, like Gecko; compatible; Amazonbot/0.1; +https://developer.amazon.com/support/amazonbot) Chrome/119.0.6045.214 Safari/537.36"
216.73.217.145 - - [26/May/2026:15:34:39 +0300] "GET /haber/epic-gamesin-hediye-oyunlarinin-toplam-bedeli-ne-kadar-479897 HTTP/1.1" 200 14215 "-" "Mozilla/5.0 AppleWebKit/537.36 (KHTML, like Gecko; compatible; ClaudeBot/1.0; +claudebot@anthropic.com)"
2a03:2880:f806:2:: - - [26/May/2026:15:34:41 +0300] "GET /404 HTTP/1.1" 302 215 "-" "meta-externalagent/1.1 (+https://developers.facebook.com/docs/sharing/webmasters/crawler)"
