216.73.217.145 - - [26/May/2026:15:33:45 +0300] "GET /haber/mert-cetin-den-ardahan-a-mektup-survivor-all-star-2022-36-bolum-498758 HTTP/1.1" 200 13682 "-" "Mozilla/5.0 AppleWebKit/537.36 (KHTML, like Gecko; compatible; ClaudeBot/1.0; +claudebot@anthropic.com)"
216.73.217.145 - - [26/May/2026:15:33:45 +0300] "GET /public/index.php/haber/aci-tablo-ortaya-cikti-genclerin-yuzde-73u-yurt-disinda-yasamak-istiyor-491258 HTTP/1.1" 200 14090 "-" "Mozilla/5.0 AppleWebKit/537.36 (KHTML, like Gecko; compatible; ClaudeBot/1.0; +claudebot@anthropic.com)"
24.133.80.23 - - [26/May/2026:15:33:46 +0300] "GET /assets/backend/app-assets/vendors/js/editors/ckeditor/plugins/widget/images/handle.png HTTP/1.1" 200 220 "https://yeniistiklal.com/panel/haberler/ekle" "Mozilla/5.0 (Macintosh; Intel Mac OS X 10_15_7) AppleWebKit/537.36 (KHTML, like Gecko) Chrome/148.0.0.0 Safari/537.36"
216.73.217.145 - - [26/May/2026:15:33:46 +0300] "GET /public/index.php/haber/istanbul-gece-hayatinin-en-buyuk-kutlamasi-red-bull-istanbul-unlockeda-geri-sayim-basladi-522487 HTTP/1.1" 200 14485 "-" "Mozilla/5.0 AppleWebKit/537.36 (KHTML, like Gecko; compatible; ClaudeBot/1.0; +claudebot@anthropic.com)"
24.133.80.23 - - [26/May/2026:15:33:47 +0300] "GET /assets/backend/app-assets/vendors/js/editors/ckeditor/skins/moono-lisa/images/close.png HTTP/1.1" 200 615 "https://yeniistiklal.com/assets/backend/app-assets/vendors/js/editors/ckeditor/skins/moono-lisa/editor.css?t=K24B" "Mozilla/5.0 (Macintosh; Intel Mac OS X 10_15_7) AppleWebKit/537.36 (KHTML, like Gecko) Chrome/148.0.0.0 Safari/537.36"
24.133.80.23 - - [26/May/2026:15:33:47 +0300] "POST /js/ckfinder/core/connector/php/connector.php?command=QuickUpload&type;=Images&responseType=json HTTP/1.1" 200 114 "https://yeniistiklal.com/panel/haberler/ekle" "Mozilla/5.0 (Macintosh; Intel Mac OS X 10_15_7) AppleWebKit/537.36 (KHTML, like Gecko) Chrome/148.0.0.0 Safari/537.36"
216.73.217.145 - - [26/May/2026:15:33:47 +0300] "GET /images/haberler/2022/09/kervan-gida-pazarlama-direktorlugune-esra-gur-atandi-IMstfQQl.jpg HTTP/1.1" 302 224 "-" "Mozilla/5.0 AppleWebKit/537.36 (KHTML, like Gecko; compatible; ClaudeBot/1.0; +claudebot@anthropic.com)"
216.73.217.145 - - [26/May/2026:15:33:47 +0300] "GET /images/haberler/2022/09/540-hektarin-planlari-muhtarlarla-degerlendirildi-gLG5EJJL.jpg HTTP/1.1" 302 224 "-" "Mozilla/5.0 AppleWebKit/537.36 (KHTML, like Gecko; compatible; ClaudeBot/1.0; +claudebot@anthropic.com)"
216.73.217.145 - - [26/May/2026:15:33:47 +0300] "GET /404 HTTP/1.1" 302 219 "https://www.yeniistiklal.com/images/haberler/2022/09/540-hektarin-planlari-muhtarlarla-degerlendirildi-gLG5EJJL.jpg" "Mozilla/5.0 AppleWebKit/537.36 (KHTML, like Gecko; compatible; ClaudeBot/1.0; +claudebot@anthropic.com)"
216.73.217.145 - - [26/May/2026:15:33:47 +0300] "GET /public/index.php HTTP/1.1" 200 17285 "https://www.yeniistiklal.com/public/index.php/404" "Mozilla/5.0 AppleWebKit/537.36 (KHTML, like Gecko; compatible; ClaudeBot/1.0; +claudebot@anthropic.com)"
216.73.217.145 - - [26/May/2026:15:33:47 +0300] "GET /public/index.php/images/haberler/2022/05/belediye-tahsilat-servisleri-hafta-sonu-acik-olacak-dGqjYFeO.jpg HTTP/1.1" 302 238 "-" "Mozilla/5.0 AppleWebKit/537.36 (KHTML, like Gecko; compatible; ClaudeBot/1.0; +claudebot@anthropic.com)"
216.73.217.145 - - [26/May/2026:15:33:47 +0300] "GET /public/index.php/images/haberler/2022/05/jeopark-belediyeler-birligi-festivalde-yer-aldi-4wPXmIRJ.jpg HTTP/1.1" 302 238 "-" "Mozilla/5.0 AppleWebKit/537.36 (KHTML, like Gecko; compatible; ClaudeBot/1.0; +claudebot@anthropic.com)"
216.73.217.145 - - [26/May/2026:15:33:47 +0300] "GET /404 HTTP/1.1" 302 219 "https://www.yeniistiklal.com/images/haberler/2022/09/kervan-gida-pazarlama-direktorlugune-esra-gur-atandi-IMstfQQl.jpg" "Mozilla/5.0 AppleWebKit/537.36 (KHTML, like Gecko; compatible; ClaudeBot/1.0; +claudebot@anthropic.com)"
23.23.99.55 - - [26/May/2026:15:33:47 +0300] "GET /public/etiketler/efes-sise-bira-haberleri HTTP/1.1" 200 5591 "-" "Mozilla/5.0 AppleWebKit/537.36 (KHTML, like Gecko; compatible; Amazonbot/0.1; +https://developer.amazon.com/support/amazonbot) Chrome/119.0.6045.214 Safari/537.36"
216.73.217.145 - - [26/May/2026:15:33:47 +0300] "GET /haber/hayati-anlatilan-aylin-radomislinin-ailesi-tepki-gostermisti-adi-aylin-yine-gundemde-498670 HTTP/1.1" 200 13262 "-" "Mozilla/5.0 AppleWebKit/537.36 (KHTML, like Gecko; compatible; ClaudeBot/1.0; +claudebot@anthropic.com)"
216.73.217.145 - - [26/May/2026:15:33:47 +0300] "GET /404 HTTP/1.1" 302 219 "https://www.yeniistiklal.com/images/haberler/2022/09/turk-egitim-senden-yoke-promosyon-cagrisi-5TPpBQXB.jpg" "Mozilla/5.0 AppleWebKit/537.36 (KHTML, like Gecko; compatible; ClaudeBot/1.0; +claudebot@anthropic.com)"
216.73.217.145 - - [26/May/2026:15:33:47 +0300] "GET /public/index.php/images/haberler/2022/06/kadin-emegi-festivali-5-kez-cankayada-m9xFNGqb.jpg HTTP/1.1" 302 238 "-" "Mozilla/5.0 AppleWebKit/537.36 (KHTML, like Gecko; compatible; ClaudeBot/1.0; +claudebot@anthropic.com)"
216.73.217.145 - - [26/May/2026:15:33:47 +0300] "GET /public/index.php/404 HTTP/1.1" 302 232 "https://www.yeniistiklal.com/public/index.php/images/haberler/2022/05/belediye-tahsilat-servisleri-hafta-sonu-acik-olacak-dGqjYFeO.jpg" "Mozilla/5.0 AppleWebKit/537.36 (KHTML, like Gecko; compatible; ClaudeBot/1.0; +claudebot@anthropic.com)"
216.73.217.145 - - [26/May/2026:15:33:47 +0300] "GET /public/index.php/404 HTTP/1.1" 302 232 "https://www.yeniistiklal.com/public/index.php/images/haberler/2022/06/kadin-emegi-festivali-5-kez-cankayada-m9xFNGqb.jpg" "Mozilla/5.0 AppleWebKit/537.36 (KHTML, like Gecko; compatible; ClaudeBot/1.0; +claudebot@anthropic.com)"
216.73.217.145 - - [26/May/2026:15:33:47 +0300] "GET /public/index.php/images/haberler/2022/01/manisada-gocuk-altinda-kalan-iscinin-cesedine-ulasildi-wQPxN5XI.jpg HTTP/1.1" 302 238 "-" "Mozilla/5.0 AppleWebKit/537.36 (KHTML, like Gecko; compatible; ClaudeBot/1.0; +claudebot@anthropic.com)"
216.73.217.145 - - [26/May/2026:15:33:47 +0300] "GET /public/index.php HTTP/1.1" 200 17294 "https://www.yeniistiklal.com/public/index.php/404" "Mozilla/5.0 AppleWebKit/537.36 (KHTML, like Gecko; compatible; ClaudeBot/1.0; +claudebot@anthropic.com)"
216.73.217.145 - - [26/May/2026:15:33:47 +0300] "GET /public/index.php/404 HTTP/1.1" 302 232 "https://www.yeniistiklal.com/public/index.php/images/haberler/2022/05/jeopark-belediyeler-birligi-festivalde-yer-aldi-4wPXmIRJ.jpg" "Mozilla/5.0 AppleWebKit/537.36 (KHTML, like Gecko; compatible; ClaudeBot/1.0; +claudebot@anthropic.com)"
216.73.217.145 - - [26/May/2026:15:33:48 +0300] "GET /public/index.php/images/haberler/2022/01/otomobil-tira-carpti-2-olu-1-yarali-ddAWgx3x.jpg HTTP/1.1" 302 238 "-" "Mozilla/5.0 AppleWebKit/537.36 (KHTML, like Gecko; compatible; ClaudeBot/1.0; +claudebot@anthropic.com)"
216.73.217.145 - - [26/May/2026:15:33:48 +0300] "GET /public/index.php HTTP/1.1" 200 17302 "https://www.yeniistiklal.com/public/index.php/404" "Mozilla/5.0 AppleWebKit/537.36 (KHTML, like Gecko; compatible; ClaudeBot/1.0; +claudebot@anthropic.com)"
216.73.217.145 - - [26/May/2026:15:33:48 +0300] "GET /haber/son-dakika-bm-genel-kurulu-rusyanin-ukraynaya-yonelik-isgalini-kinayan-tasarisiyi-kabul-etti-498663 HTTP/1.1" 200 13441 "-" "Mozilla/5.0 AppleWebKit/537.36 (KHTML, like Gecko; compatible; ClaudeBot/1.0; +claudebot@anthropic.com)"
216.73.217.145 - - [26/May/2026:15:33:48 +0300] "GET /haber/herkesi-soluksuz-dinleten-roportaj-akp-hem-gecmisimizi-hem-gelecegimizi-satti-498853 HTTP/1.1" 200 13399 "-" "Mozilla/5.0 AppleWebKit/537.36 (KHTML, like Gecko; compatible; ClaudeBot/1.0; +claudebot@anthropic.com)"
216.73.217.145 - - [26/May/2026:15:33:48 +0300] "GET /public/index.php/images/haberler/2022/02/oscar-odul-torenini-3-kadin-oyuncu-sunacak-Zt5Xvkh6.jpg HTTP/1.1" 302 238 "-" "Mozilla/5.0 AppleWebKit/537.36 (KHTML, like Gecko; compatible; ClaudeBot/1.0; +claudebot@anthropic.com)"
216.73.217.145 - - [26/May/2026:15:33:48 +0300] "GET /public/index.php/404 HTTP/1.1" 302 232 "https://www.yeniistiklal.com/public/index.php/images/haberler/2022/01/manisada-gocuk-altinda-kalan-iscinin-cesedine-ulasildi-wQPxN5XI.jpg" "Mozilla/5.0 AppleWebKit/537.36 (KHTML, like Gecko; compatible; ClaudeBot/1.0; +claudebot@anthropic.com)"
216.73.217.145 - - [26/May/2026:15:33:48 +0300] "GET /public/index.php HTTP/1.1" 200 17291 "https://www.yeniistiklal.com/public/index.php/404" "Mozilla/5.0 AppleWebKit/537.36 (KHTML, like Gecko; compatible; ClaudeBot/1.0; +claudebot@anthropic.com)"
216.73.217.145 - - [26/May/2026:15:33:48 +0300] "GET /public/index.php HTTP/1.1" 200 17291 "https://www.yeniistiklal.com/public/index.php/404" "Mozilla/5.0 AppleWebKit/537.36 (KHTML, like Gecko; compatible; ClaudeBot/1.0; +claudebot@anthropic.com)"
216.73.217.145 - - [26/May/2026:15:33:48 +0300] "GET /public/index.php/404 HTTP/1.1" 302 232 "https://www.yeniistiklal.com/public/index.php/images/haberler/2022/02/oscar-odul-torenini-3-kadin-oyuncu-sunacak-Zt5Xvkh6.jpg" "Mozilla/5.0 AppleWebKit/537.36 (KHTML, like Gecko; compatible; ClaudeBot/1.0; +claudebot@anthropic.com)"
216.73.217.145 - - [26/May/2026:15:33:48 +0300] "GET /public/index.php/images/haberler/2022/06/giresunlulardan-haymana-cikarmasi-YrdhP4Qg.jpg HTTP/1.1" 302 238 "-" "Mozilla/5.0 AppleWebKit/537.36 (KHTML, like Gecko; compatible; ClaudeBot/1.0; +claudebot@anthropic.com)"
216.73.217.145 - - [26/May/2026:15:33:48 +0300] "GET /public/index.php/404 HTTP/1.1" 302 232 "https://www.yeniistiklal.com/public/index.php/images/haberler/2022/01/otomobil-tira-carpti-2-olu-1-yarali-ddAWgx3x.jpg" "Mozilla/5.0 AppleWebKit/537.36 (KHTML, like Gecko; compatible; ClaudeBot/1.0; +claudebot@anthropic.com)"
216.73.217.145 - - [26/May/2026:15:33:48 +0300] "GET /public/index.php HTTP/1.1" 200 17293 "https://www.yeniistiklal.com/public/index.php/404" "Mozilla/5.0 AppleWebKit/537.36 (KHTML, like Gecko; compatible; ClaudeBot/1.0; +claudebot@anthropic.com)"
216.73.217.145 - - [26/May/2026:15:33:48 +0300] "GET /public/index.php/404 HTTP/1.1" 302 232 "https://www.yeniistiklal.com/public/index.php/images/haberler/2022/06/giresunlulardan-haymana-cikarmasi-YrdhP4Qg.jpg" "Mozilla/5.0 AppleWebKit/537.36 (KHTML, like Gecko; compatible; ClaudeBot/1.0; +claudebot@anthropic.com)"
216.73.217.145 - - [26/May/2026:15:33:48 +0300] "GET /public/index.php HTTP/1.1" 200 17297 "https://www.yeniistiklal.com/public/index.php/404" "Mozilla/5.0 AppleWebKit/537.36 (KHTML, like Gecko; compatible; ClaudeBot/1.0; +claudebot@anthropic.com)"
216.73.217.145 - - [26/May/2026:15:33:48 +0300] "GET /public/index.php/images/haberler/2022/06/dunya-muzik-gununde-notalar-kizilaydan-yukseldi-UJ7sKGcF.jpg HTTP/1.1" 302 238 "-" "Mozilla/5.0 AppleWebKit/537.36 (KHTML, like Gecko; compatible; ClaudeBot/1.0; +claudebot@anthropic.com)"
216.73.217.145 - - [26/May/2026:15:33:48 +0300] "GET /public/index.php/images/haberler/2022/02/chpli-gaytancioglu-gida-krizinden-rant-saglaniyor-8qGrd9za.jpg HTTP/1.1" 302 238 "-" "Mozilla/5.0 AppleWebKit/537.36 (KHTML, like Gecko; compatible; ClaudeBot/1.0; +claudebot@anthropic.com)"
216.73.217.145 - - [26/May/2026:15:33:48 +0300] "GET /public/index.php/images/haberler/2022/05/turkiye-sigorta-hiring-challenge-tamamlandi-2hLMOZNg.jpg HTTP/1.1" 302 238 "-" "Mozilla/5.0 AppleWebKit/537.36 (KHTML, like Gecko; compatible; ClaudeBot/1.0; +claudebot@anthropic.com)"
216.73.217.145 - - [26/May/2026:15:33:48 +0300] "GET /public/index.php/404 HTTP/1.1" 302 232 "https://www.yeniistiklal.com/public/index.php/images/haberler/2022/01/chpli-erdogan-toprak-diyarbakir-ziyaretini-degerlendirdi-mEDX6kx3.jpg" "Mozilla/5.0 AppleWebKit/537.36 (KHTML, like Gecko; compatible; ClaudeBot/1.0; +claudebot@anthropic.com)"
216.73.217.145 - - [26/May/2026:15:33:48 +0300] "GET /public/index.php HTTP/1.1" 200 17297 "https://www.yeniistiklal.com/public/index.php/404" "Mozilla/5.0 AppleWebKit/537.36 (KHTML, like Gecko; compatible; ClaudeBot/1.0; +claudebot@anthropic.com)"
216.73.217.145 - - [26/May/2026:15:33:48 +0300] "GET /public/index.php/404 HTTP/1.1" 302 232 "https://www.yeniistiklal.com/public/index.php/images/haberler/2022/06/dunya-muzik-gununde-notalar-kizilaydan-yukseldi-UJ7sKGcF.jpg" "Mozilla/5.0 AppleWebKit/537.36 (KHTML, like Gecko; compatible; ClaudeBot/1.0; +claudebot@anthropic.com)"
216.73.217.145 - - [26/May/2026:15:33:48 +0300] "GET /public/index.php/404 HTTP/1.1" 302 232 "https://www.yeniistiklal.com/public/index.php/images/haberler/2022/02/chpli-gaytancioglu-gida-krizinden-rant-saglaniyor-8qGrd9za.jpg" "Mozilla/5.0 AppleWebKit/537.36 (KHTML, like Gecko; compatible; ClaudeBot/1.0; +claudebot@anthropic.com)"
216.73.217.145 - - [26/May/2026:15:33:48 +0300] "GET /public/index.php/images/haberler/2022/01/chpli-erdogan-toprak-diyarbakir-ziyaretini-degerlendirdi-mEDX6kx3.jpg HTTP/1.1" 302 238 "-" "Mozilla/5.0 AppleWebKit/537.36 (KHTML, like Gecko; compatible; ClaudeBot/1.0; +claudebot@anthropic.com)"
216.73.217.145 - - [26/May/2026:15:33:48 +0300] "GET /public/index.php HTTP/1.1" 200 17293 "https://www.yeniistiklal.com/public/index.php/404" "Mozilla/5.0 AppleWebKit/537.36 (KHTML, like Gecko; compatible; ClaudeBot/1.0; +claudebot@anthropic.com)"
216.73.217.145 - - [26/May/2026:15:33:48 +0300] "GET /public/index.php HTTP/1.1" 200 17293 "https://www.yeniistiklal.com/public/index.php/404" "Mozilla/5.0 AppleWebKit/537.36 (KHTML, like Gecko; compatible; ClaudeBot/1.0; +claudebot@anthropic.com)"
216.73.217.145 - - [26/May/2026:15:33:49 +0300] "GET /public/index.php/404 HTTP/1.1" 302 232 "https://www.yeniistiklal.com/public/index.php/images/haberler/2022/01/chpli-ozkoctan-saraydakilere-imrali-tepkisi-NMnJBpQW.jpg" "Mozilla/5.0 AppleWebKit/537.36 (KHTML, like Gecko; compatible; ClaudeBot/1.0; +claudebot@anthropic.com)"
216.73.217.145 - - [26/May/2026:15:33:49 +0300] "GET /public/index.php HTTP/1.1" 200 17294 "https://www.yeniistiklal.com/public/index.php/404" "Mozilla/5.0 AppleWebKit/537.36 (KHTML, like Gecko; compatible; ClaudeBot/1.0; +claudebot@anthropic.com)"
216.73.217.145 - - [26/May/2026:15:33:49 +0300] "GET /public/index.php/images/haberler/2022/01/afganistanda-kadinlar-haklari-icin-mucadelede-Oht3TFc8.jpg HTTP/1.1" 302 238 "-" "Mozilla/5.0 AppleWebKit/537.36 (KHTML, like Gecko; compatible; ClaudeBot/1.0; +claudebot@anthropic.com)"
216.73.217.145 - - [26/May/2026:15:33:49 +0300] "GET /public/index.php/images/haberler/2022/06/chpli-sindir-siftah-yapamayan-esnafin-ahi-iktidarin-uzerinde-Kekst9jk.jpg HTTP/1.1" 302 238 "-" "Mozilla/5.0 AppleWebKit/537.36 (KHTML, like Gecko; compatible; ClaudeBot/1.0; +claudebot@anthropic.com)"
216.73.217.145 - - [26/May/2026:15:33:49 +0300] "GET /404 HTTP/1.1" 302 219 "https://www.yeniistiklal.com/images/haberler/2022/03/kim-kardashian-ile-kanye-west-resmi-olarak-bosandi-vIDIZjMC.jpg" "Mozilla/5.0 AppleWebKit/537.36 (KHTML, like Gecko; compatible; ClaudeBot/1.0; +claudebot@anthropic.com)"
98.82.59.253 - - [26/May/2026:15:33:49 +0300] "GET /public/index.php/etiketler/deniz-akkaya-haberleri HTTP/1.1" 200 5707 "-" "Mozilla/5.0 AppleWebKit/537.36 (KHTML, like Gecko; compatible; Amazonbot/0.1; +https://developer.amazon.com/support/amazonbot) Chrome/119.0.6045.214 Safari/537.36"
216.73.217.145 - - [26/May/2026:15:33:49 +0300] "GET /public/index.php HTTP/1.1" 200 17290 "https://www.yeniistiklal.com/public/index.php/404" "Mozilla/5.0 AppleWebKit/537.36 (KHTML, like Gecko; compatible; ClaudeBot/1.0; +claudebot@anthropic.com)"
216.73.217.145 - - [26/May/2026:15:33:49 +0300] "GET /public/index.php/haber/kizilay-bati-karadenizdeki-sel-felaketine-mudahale-etmek-icin-sahaya-intikal-etti-523741 HTTP/1.1" 200 13868 "-" "Mozilla/5.0 AppleWebKit/537.36 (KHTML, like Gecko; compatible; ClaudeBot/1.0; +claudebot@anthropic.com)"
216.73.217.145 - - [26/May/2026:15:33:48 +0300] "GET /public/index.php/images/haberler/2022/01/chpli-ozkoctan-saraydakilere-imrali-tepkisi-NMnJBpQW.jpg HTTP/1.1" 302 238 "-" "Mozilla/5.0 AppleWebKit/537.36 (KHTML, like Gecko; compatible; ClaudeBot/1.0; +claudebot@anthropic.com)"
216.73.217.145 - - [26/May/2026:15:33:48 +0300] "GET /public/index.php/404 HTTP/1.1" 302 232 "https://www.yeniistiklal.com/public/index.php/images/haberler/2022/05/turkiye-sigorta-hiring-challenge-tamamlandi-2hLMOZNg.jpg" "Mozilla/5.0 AppleWebKit/537.36 (KHTML, like Gecko; compatible; ClaudeBot/1.0; +claudebot@anthropic.com)"
216.73.217.145 - - [26/May/2026:15:33:49 +0300] "GET /public/index.php/images/haberler/2022/06/ak-parti-seferihisardan-gonul-seferberligi-wcYth52v.jpg HTTP/1.1" 302 238 "-" "Mozilla/5.0 AppleWebKit/537.36 (KHTML, like Gecko; compatible; ClaudeBot/1.0; +claudebot@anthropic.com)"
216.73.217.145 - - [26/May/2026:15:33:49 +0300] "GET /public/index.php HTTP/1.1" 200 17298 "https://www.yeniistiklal.com/public/index.php/404" "Mozilla/5.0 AppleWebKit/537.36 (KHTML, like Gecko; compatible; ClaudeBot/1.0; +claudebot@anthropic.com)"
216.73.217.145 - - [26/May/2026:15:33:49 +0300] "GET /public/index.php/images/haberler/2022/10/sakaryada-yol-cizgileri-ile-ulasim-daha-guvenli-lEzF3yxt.jpg HTTP/1.1" 302 238 "-" "Mozilla/5.0 AppleWebKit/537.36 (KHTML, like Gecko; compatible; ClaudeBot/1.0; +claudebot@anthropic.com)"
216.73.217.145 - - [26/May/2026:15:33:49 +0300] "GET /public/index.php/404 HTTP/1.1" 302 232 "https://www.yeniistiklal.com/public/index.php/images/haberler/2022/06/ak-parti-seferihisardan-gonul-seferberligi-wcYth52v.jpg" "Mozilla/5.0 AppleWebKit/537.36 (KHTML, like Gecko; compatible; ClaudeBot/1.0; +claudebot@anthropic.com)"
216.73.217.145 - - [26/May/2026:15:33:49 +0300] "GET /images/haberler/2022/03/kim-kardashian-ile-kanye-west-resmi-olarak-bosandi-vIDIZjMC.jpg HTTP/1.1" 302 224 "-" "Mozilla/5.0 AppleWebKit/537.36 (KHTML, like Gecko; compatible; ClaudeBot/1.0; +claudebot@anthropic.com)"
216.73.217.145 - - [26/May/2026:15:33:49 +0300] "GET /public/index.php HTTP/1.1" 200 17298 "https://www.yeniistiklal.com/public/index.php/404" "Mozilla/5.0 AppleWebKit/537.36 (KHTML, like Gecko; compatible; ClaudeBot/1.0; +claudebot@anthropic.com)"
216.73.217.145 - - [26/May/2026:15:33:49 +0300] "GET /public/index.php/404 HTTP/1.1" 302 232 "https://www.yeniistiklal.com/public/index.php/images/haberler/2022/10/sakaryada-yol-cizgileri-ile-ulasim-daha-guvenli-lEzF3yxt.jpg" "Mozilla/5.0 AppleWebKit/537.36 (KHTML, like Gecko; compatible; ClaudeBot/1.0; +claudebot@anthropic.com)"
216.73.217.145 - - [26/May/2026:15:33:49 +0300] "GET /public/index.php/404 HTTP/1.1" 302 232 "https://www.yeniistiklal.com/public/index.php/images/haberler/2022/01/afganistanda-kadinlar-haklari-icin-mucadelede-Oht3TFc8.jpg" "Mozilla/5.0 AppleWebKit/537.36 (KHTML, like Gecko; compatible; ClaudeBot/1.0; +claudebot@anthropic.com)"
216.73.217.145 - - [26/May/2026:15:33:49 +0300] "GET /images/haberler/2022/09/tuvale-pozitif-yansimalar-fgEIUB83.jpg HTTP/1.1" 302 224 "-" "Mozilla/5.0 AppleWebKit/537.36 (KHTML, like Gecko; compatible; ClaudeBot/1.0; +claudebot@anthropic.com)"
216.73.217.145 - - [26/May/2026:15:33:49 +0300] "GET /public/index.php/404 HTTP/1.1" 302 232 "https://www.yeniistiklal.com/public/index.php/images/haberler/2022/06/chpli-sindir-siftah-yapamayan-esnafin-ahi-iktidarin-uzerinde-Kekst9jk.jpg" "Mozilla/5.0 AppleWebKit/537.36 (KHTML, like Gecko; compatible; ClaudeBot/1.0; +claudebot@anthropic.com)"
216.73.217.145 - - [26/May/2026:15:33:49 +0300] "GET /public/index.php HTTP/1.1" 200 17305 "https://www.yeniistiklal.com/public/index.php/404" "Mozilla/5.0 AppleWebKit/537.36 (KHTML, like Gecko; compatible; ClaudeBot/1.0; +claudebot@anthropic.com)"
216.73.217.145 - - [26/May/2026:15:33:50 +0300] "GET /public/images/haberler/2022/03/istanbulda-teror-operasyonu-lJj1ArKH.jpg HTTP/1.1" 302 225 "-" "Mozilla/5.0 AppleWebKit/537.36 (KHTML, like Gecko; compatible; ClaudeBot/1.0; +claudebot@anthropic.com)"
216.73.217.145 - - [26/May/2026:15:33:49 +0300] "GET /public/index.php/haber/limancilik-sektorunde-oncu-uygulamaborusan-limani-b-imza-uygulamasi-ile-surdurulebilir-adimlar-atiyor-530986 HTTP/1.1" 200 14445 "-" "Mozilla/5.0 AppleWebKit/537.36 (KHTML, like Gecko; compatible; ClaudeBot/1.0; +claudebot@anthropic.com)"
216.73.217.145 - - [26/May/2026:15:33:49 +0300] "GET /public/index.php HTTP/1.1" 200 17307 "https://www.yeniistiklal.com/public/index.php/404" "Mozilla/5.0 AppleWebKit/537.36 (KHTML, like Gecko; compatible; ClaudeBot/1.0; +claudebot@anthropic.com)"
216.73.217.145 - - [26/May/2026:15:33:49 +0300] "GET /404 HTTP/1.1" 302 219 "https://www.yeniistiklal.com/images/haberler/2022/09/tuvale-pozitif-yansimalar-fgEIUB83.jpg" "Mozilla/5.0 AppleWebKit/537.36 (KHTML, like Gecko; compatible; ClaudeBot/1.0; +claudebot@anthropic.com)"
216.73.217.145 - - [26/May/2026:15:33:49 +0300] "GET /public/index.php HTTP/1.1" 200 17295 "https://www.yeniistiklal.com/public/index.php/404" "Mozilla/5.0 AppleWebKit/537.36 (KHTML, like Gecko; compatible; ClaudeBot/1.0; +claudebot@anthropic.com)"
216.73.217.145 - - [26/May/2026:15:33:50 +0300] "GET /public/haber/pandoranin-kutusu-acildi-apple-watch-ultrayi-tamir-etmek-imkansiz-mi-541612 HTTP/1.1" 200 14748 "-" "Mozilla/5.0 AppleWebKit/537.36 (KHTML, like Gecko; compatible; ClaudeBot/1.0; +claudebot@anthropic.com)"
216.73.217.145 - - [26/May/2026:15:33:50 +0300] "GET /public/404 HTTP/1.1" 302 220 "https://yeniistiklal.com/public/images/haberler/2022/03/istanbulda-teror-operasyonu-lJj1ArKH.jpg" "Mozilla/5.0 AppleWebKit/537.36 (KHTML, like Gecko; compatible; ClaudeBot/1.0; +claudebot@anthropic.com)"
216.73.217.145 - - [26/May/2026:15:33:50 +0300] "GET /public/haber/uyudukca-para-kazanmak-mi-kazanmak-icin-sunu-yap-akimina-ne-yon-veriyor-515474 HTTP/1.1" 200 17039 "-" "Mozilla/5.0 AppleWebKit/537.36 (KHTML, like Gecko; compatible; ClaudeBot/1.0; +claudebot@anthropic.com)"
216.73.217.145 - - [26/May/2026:15:33:50 +0300] "GET /404 HTTP/1.1" 302 215 "https://yeniistiklal.com/images/haberler/2022/02/istanbullular-dikkat-7-ilcede-su-kesintisi-olacak-3xmQ2CYI.jpg" "Mozilla/5.0 AppleWebKit/537.36 (KHTML, like Gecko; compatible; ClaudeBot/1.0; +claudebot@anthropic.com)"
216.73.217.145 - - [26/May/2026:15:33:50 +0300] "GET /public HTTP/1.1" 301 795 "https://yeniistiklal.com/public/404" "Mozilla/5.0 AppleWebKit/537.36 (KHTML, like Gecko; compatible; ClaudeBot/1.0; +claudebot@anthropic.com)"
216.73.217.145 - - [26/May/2026:15:33:50 +0300] "GET /public/haber/spor-toto-super-ligde-8-haftanin-hakemleri-aciklandi-541880 HTTP/1.1" 200 14232 "-" "Mozilla/5.0 AppleWebKit/537.36 (KHTML, like Gecko; compatible; ClaudeBot/1.0; +claudebot@anthropic.com)"
216.73.217.145 - - [26/May/2026:15:33:50 +0300] "GET /public/images/haberler/2022/05/okul-oncesi-egitime-erisim-artiyor-htYblhLa.jpg HTTP/1.1" 302 225 "-" "Mozilla/5.0 AppleWebKit/537.36 (KHTML, like Gecko; compatible; ClaudeBot/1.0; +claudebot@anthropic.com)"
216.73.217.145 - - [26/May/2026:15:33:51 +0300] "GET /public/haber/veri-caginin-karmasikligi-ancak-hizmet-olarak-cozumlerle-yonetilebilir-541765 HTTP/1.1" 200 16021 "-" "Mozilla/5.0 AppleWebKit/537.36 (KHTML, like Gecko; compatible; ClaudeBot/1.0; +claudebot@anthropic.com)"
216.73.217.145 - - [26/May/2026:15:33:51 +0300] "GET /public/404 HTTP/1.1" 302 220 "https://yeniistiklal.com/public/images/haberler/2022/01/emrah-oz-aramadiniz-sormadiniz-dumen.jpg" "Mozilla/5.0 AppleWebKit/537.36 (KHTML, like Gecko; compatible; ClaudeBot/1.0; +claudebot@anthropic.com)"
216.73.217.145 - - [26/May/2026:15:33:51 +0300] "GET /public HTTP/1.1" 301 795 "https://yeniistiklal.com/public/404" "Mozilla/5.0 AppleWebKit/537.36 (KHTML, like Gecko; compatible; ClaudeBot/1.0; +claudebot@anthropic.com)"
216.73.217.145 - - [26/May/2026:15:33:51 +0300] "GET /public HTTP/1.1" 301 795 "https://yeniistiklal.com/public/404" "Mozilla/5.0 AppleWebKit/537.36 (KHTML, like Gecko; compatible; ClaudeBot/1.0; +claudebot@anthropic.com)"
216.73.217.145 - - [26/May/2026:15:33:50 +0300] "GET /images/haberler/2022/02/istanbullular-dikkat-7-ilcede-su-kesintisi-olacak-3xmQ2CYI.jpg HTTP/1.1" 302 219 "-" "Mozilla/5.0 AppleWebKit/537.36 (KHTML, like Gecko; compatible; ClaudeBot/1.0; +claudebot@anthropic.com)"
216.73.217.145 - - [26/May/2026:15:33:50 +0300] "GET /public/haber/oppo-sifresiz-oturum-acmada-yeni-cagin-gelisini-hizlandiriyor-541617 HTTP/1.1" 200 14787 "-" "Mozilla/5.0 AppleWebKit/537.36 (KHTML, like Gecko; compatible; ClaudeBot/1.0; +claudebot@anthropic.com)"
216.73.217.145 - - [26/May/2026:15:33:50 +0300] "GET /public/ HTTP/1.1" 200 17207 "https://yeniistiklal.com/public" "Mozilla/5.0 AppleWebKit/537.36 (KHTML, like Gecko; compatible; ClaudeBot/1.0; +claudebot@anthropic.com)"
216.73.217.145 - - [26/May/2026:15:33:50 +0300] "GET /public/images/haberler/2022/01/emrah-oz-aramadiniz-sormadiniz-dumen.jpg HTTP/1.1" 302 225 "-" "Mozilla/5.0 AppleWebKit/537.36 (KHTML, like Gecko; compatible; ClaudeBot/1.0; +claudebot@anthropic.com)"
216.73.217.145 - - [26/May/2026:15:33:50 +0300] "GET /haber/irakin-en-buyuk-insaat-endustrisi-fuarina-bolgeden-yogun-ilgi-517821 HTTP/1.1" 200 14220 "-" "Mozilla/5.0 AppleWebKit/537.36 (KHTML, like Gecko; compatible; ClaudeBot/1.0; +claudebot@anthropic.com)"
216.73.217.145 - - [26/May/2026:15:33:51 +0300] "GET /public/404 HTTP/1.1" 302 220 "https://yeniistiklal.com/public/images/haberler/2022/05/okul-oncesi-egitime-erisim-artiyor-htYblhLa.jpg" "Mozilla/5.0 AppleWebKit/537.36 (KHTML, like Gecko; compatible; ClaudeBot/1.0; +claudebot@anthropic.com)"
216.73.217.145 - - [26/May/2026:15:33:51 +0300] "GET /public/images/haberler/2022/10/endonezyada-macta-izdiham-174-olu-nfhvNnuV.jpg HTTP/1.1" 302 225 "-" "Mozilla/5.0 AppleWebKit/537.36 (KHTML, like Gecko; compatible; ClaudeBot/1.0; +claudebot@anthropic.com)"
216.73.217.145 - - [26/May/2026:15:33:51 +0300] "GET /public/ HTTP/1.1" 200 17208 "https://yeniistiklal.com/public" "Mozilla/5.0 AppleWebKit/537.36 (KHTML, like Gecko; compatible; ClaudeBot/1.0; +claudebot@anthropic.com)"
216.73.217.145 - - [26/May/2026:15:33:51 +0300] "GET /public/404 HTTP/1.1" 302 220 "https://yeniistiklal.com/public/images/haberler/2022/10/endonezyada-macta-izdiham-174-olu-nfhvNnuV.jpg" "Mozilla/5.0 AppleWebKit/537.36 (KHTML, like Gecko; compatible; ClaudeBot/1.0; +claudebot@anthropic.com)"
216.73.217.145 - - [26/May/2026:15:33:51 +0300] "GET /public HTTP/1.1" 301 795 "https://yeniistiklal.com/public/404" "Mozilla/5.0 AppleWebKit/537.36 (KHTML, like Gecko; compatible; ClaudeBot/1.0; +claudebot@anthropic.com)"
216.73.217.145 - - [26/May/2026:15:33:51 +0300] "GET /public/ HTTP/1.1" 200 17211 "https://yeniistiklal.com/public" "Mozilla/5.0 AppleWebKit/537.36 (KHTML, like Gecko; compatible; ClaudeBot/1.0; +claudebot@anthropic.com)"
2a03:2880:f806:b:: - - [26/May/2026:15:33:52 +0300] "GET /images/haberler/2022/01/muharrem-erkek-6-parti-lideri-en-kisa-zamanda-bir-araya-gelecek.jpg HTTP/1.1" 302 219 "-" "meta-externalagent/1.1 (+https://developers.facebook.com/docs/sharing/webmasters/crawler)"
85.208.96.210 - - [26/May/2026:15:33:53 +0300] "GET /haber/hdpli-pervin-buldandan-diayder-tepkisi-469921 HTTP/1.1" 200 14346 "-" "Mozilla/5.0 (compatible; SemrushBot/7~bl; +http://www.semrush.com/bot.html)"
44.205.180.155 - - [26/May/2026:15:33:53 +0300] "GET /public/index.php/etiketler/aile-ve-sosyal-hizmetler-haberleri HTTP/1.1" 200 5925 "-" "Mozilla/5.0 AppleWebKit/537.36 (KHTML, like Gecko; compatible; Amazonbot/0.1; +https://developer.amazon.com/support/amazonbot) Chrome/119.0.6045.214 Safari/537.36"
44.207.252.58 - - [26/May/2026:15:33:54 +0300] "GET /images/haberler/2022/02/ressam-muhammedin-hikayesini-bilir-misiniz-BgmE7bej.jpg HTTP/1.1" 302 219 "-" "Mozilla/5.0 AppleWebKit/537.36 (KHTML, like Gecko; compatible; Amazonbot/0.1; +https://developer.amazon.com/support/amazonbot) Chrome/119.0.6045.214 Safari/537.36"
216.73.217.145 - - [26/May/2026:15:33:51 +0300] "GET /public/ HTTP/1.1" 200 17198 "https://yeniistiklal.com/public" "Mozilla/5.0 AppleWebKit/537.36 (KHTML, like Gecko; compatible; ClaudeBot/1.0; +claudebot@anthropic.com)"
98.84.131.195 - - [26/May/2026:15:33:51 +0300] "GET /haber/ressam-muhammedin-hikayesini-bilir-misiniz-489931 HTTP/1.1" 200 15708 "-" "Mozilla/5.0 AppleWebKit/537.36 (KHTML, like Gecko; compatible; Amazonbot/0.1; +https://developer.amazon.com/support/amazonbot) Chrome/119.0.6045.214 Safari/537.36"
2a03:2880:f806:1b:: - - [26/May/2026:15:33:54 +0300] "GET /404 HTTP/1.1" 302 215 "-" "meta-externalagent/1.1 (+https://developers.facebook.com/docs/sharing/webmasters/crawler)"
44.205.180.155 - - [26/May/2026:15:33:57 +0300] "GET /public/index.php/haber/cin-test-uydusunu-uzaya-yolladi-534591 HTTP/1.1" 200 13454 "-" "Mozilla/5.0 AppleWebKit/537.36 (KHTML, like Gecko; compatible; Amazonbot/0.1; +https://developer.amazon.com/support/amazonbot) Chrome/119.0.6045.214 Safari/537.36"
2a03:2880:f806:26:: - - [26/May/2026:15:33:57 +0300] "GET /404 HTTP/1.1" 302 215 "-" "meta-externalagent/1.1 (+https://developers.facebook.com/docs/sharing/webmasters/crawler)"
54.156.55.147 - - [26/May/2026:15:33:58 +0300] "GET /images/haberler/2022/01/demans-tanisi-konan-aysel-tugluk-atkye-sevk-edilecek-epadLBeN.jpg HTTP/1.1" 302 219 "-" "Mozilla/5.0 AppleWebKit/537.36 (KHTML, like Gecko; compatible; Amazonbot/0.1; +https://developer.amazon.com/support/amazonbot) Chrome/119.0.6045.214 Safari/537.36"
98.82.40.168 - - [26/May/2026:15:33:59 +0300] "GET /haber/filistin-devlet-baskani-turkiyeye-geliyor-534654 HTTP/1.1" 200 13595 "-" "Mozilla/5.0 AppleWebKit/537.36 (KHTML, like Gecko; compatible; Amazonbot/0.1; +https://developer.amazon.com/support/amazonbot) Chrome/119.0.6045.214 Safari/537.36"
2a03:2880:f806:36:: - - [26/May/2026:15:33:59 +0300] "GET / HTTP/1.1" 200 17082 "-" "meta-externalagent/1.1 (+https://developers.facebook.com/docs/sharing/webmasters/crawler)"
114.119.155.44 - - [26/May/2026:15:34:03 +0300] "GET /video-galeri/bir-zamanlar-cukurova-104-bolum-fragmani-2-fragmani-255133 HTTP/1.1" 302 219 "http://yeniistiklal.com" "Mozilla/5.0 (Linux; Android 7.0;) AppleWebKit/537.36 (HTML, like Gecko) Mobile Safari/537.36 (compatible; PetalBot;+https://webmaster.petalsearch.com/site/petalbot)"
24.133.80.23 - - [26/May/2026:15:34:03 +0300] "GET /assets/backend/app-assets/vendors/js/editors/ckeditor/plugins/iframe/dialogs/iframe.js?t=K24B HTTP/1.1" 200 1325 "https://yeniistiklal.com/panel/haberler/ekle" "Mozilla/5.0 (Macintosh; Intel Mac OS X 10_15_7) AppleWebKit/537.36 (KHTML, like Gecko) Chrome/148.0.0.0 Safari/537.36"
114.119.155.44 - - [26/May/2026:15:34:04 +0300] "GET /404 HTTP/1.1" 302 215 "http://yeniistiklal.com" "Mozilla/5.0 (Linux; Android 7.0;) AppleWebKit/537.36 (HTML, like Gecko) Mobile Safari/537.36 (compatible; PetalBot;+https://webmaster.petalsearch.com/site/petalbot)"
3.210.114.189 - - [26/May/2026:15:34:04 +0300] "GET /public/haber/koy-yasam-merkezleri-cogaliyor-milli-egitimden-bir-yasam-merkezi-de-usaka-531884 HTTP/1.1" 200 14942 "-" "Mozilla/5.0 AppleWebKit/537.36 (KHTML, like Gecko; compatible; Amazonbot/0.1; +https://developer.amazon.com/support/amazonbot) Chrome/119.0.6045.214 Safari/537.36"
54.90.8.255 - - [26/May/2026:15:34:06 +0300] "GET /public/images/haberler/2022/08/koy-yasam-merkezleri-cogaliyor-milli-egitimden-bir-yasam-merkezi-de-usaka-tqRZQhCM.jpg HTTP/1.1" 302 225 "-" "Mozilla/5.0 AppleWebKit/537.36 (KHTML, like Gecko; compatible; Amazonbot/0.1; +https://developer.amazon.com/support/amazonbot) Chrome/119.0.6045.214 Safari/537.36"
3.229.207.56 - - [26/May/2026:15:34:06 +0300] "GET /public/haber/turkiye-diyanet-vakfi-yayinlari-hadis-tarihi-kulliyatini-genisletiyor-552364 HTTP/1.1" 200 13992 "-" "Mozilla/5.0 (Macintosh; Intel Mac OS X 10.11; rv:49.0) Gecko/20100101 Firefox/49.0 (FlipboardProxy/1.2; +http://flipboard.com/browserproxy)"
54.198.33.233 - - [26/May/2026:15:33:55 +0300] "GET /haber/demans-tanisi-konan-aysel-tugluk-atkye-sevk-edilecek-479627 HTTP/1.1" 200 15109 "-" "Mozilla/5.0 AppleWebKit/537.36 (KHTML, like Gecko; compatible; Amazonbot/0.1; +https://developer.amazon.com/support/amazonbot) Chrome/119.0.6045.214 Safari/537.36"
2a03:2880:f806:11:: - - [26/May/2026:15:33:56 +0300] "GET / HTTP/1.1" 200 17087 "-" "meta-externalagent/1.1 (+https://developers.facebook.com/docs/sharing/webmasters/crawler)"
2a03:2880:f806:44:: - - [26/May/2026:15:33:56 +0300] "GET /images/haberler/2022/02/caykur-rizesporda-hamza-hamzaoglu-donemi-sona-erdi-i9wqJi9L.jpg HTTP/1.1" 302 219 "-" "meta-externalagent/1.1 (+https://developers.facebook.com/docs/sharing/webmasters/crawler)"
2a03:2880:f806:3:: - - [26/May/2026:15:33:57 +0300] "GET /haber/dijital-masraf-yonetiminin-sirketlere-faydalari-552213 HTTP/1.1" 200 16511 "-" "meta-externalagent/1.1 (+https://developers.facebook.com/docs/sharing/webmasters/crawler)"
35.170.49.60 - - [26/May/2026:15:33:57 +0300] "GET /public/rss/genel-0 HTTP/1.1" 200 173955 "-" "Mozilla/5.0 (compatible; FlipboardRSS/1.2; +http://flipboard.com/browserproxy)"
34.194.165.45 - - [26/May/2026:15:33:59 +0300] "GET /public/index.php/images/haberler/2022/08/cin-test-uydusunu-uzaya-yolladi-bEeVRMFB.jpg HTTP/1.1" 302 238 "-" "Mozilla/5.0 AppleWebKit/537.36 (KHTML, like Gecko; compatible; Amazonbot/0.1; +https://developer.amazon.com/support/amazonbot) Chrome/119.0.6045.214 Safari/537.36"
52.205.141.124 - - [26/May/2026:15:34:01 +0300] "GET /public/index.php/etiketler/queensland-haberleri HTTP/1.1" 200 5618 "-" "Mozilla/5.0 AppleWebKit/537.36 (KHTML, like Gecko; compatible; Amazonbot/0.1; +https://developer.amazon.com/support/amazonbot) Chrome/119.0.6045.214 Safari/537.36"
54.157.84.74 - - [26/May/2026:15:34:02 +0300] "GET /images/haberler/2022/08/filistin-devlet-baskani-turkiyeye-geliyor-jzD9FHD7.jpg HTTP/1.1" 302 219 "-" "Mozilla/5.0 AppleWebKit/537.36 (KHTML, like Gecko; compatible; Amazonbot/0.1; +https://developer.amazon.com/support/amazonbot) Chrome/119.0.6045.214 Safari/537.36"
24.133.80.23 - - [26/May/2026:15:34:03 +0300] "GET /assets/backend/app-assets/vendors/js/editors/ckeditor/skins/moono-lisa/dialog.css?t=K24B HTTP/1.1" 200 3216 "https://yeniistiklal.com/panel/haberler/ekle" "Mozilla/5.0 (Macintosh; Intel Mac OS X 10_15_7) AppleWebKit/537.36 (KHTML, like Gecko) Chrome/148.0.0.0 Safari/537.36"
24.133.80.23 - - [26/May/2026:15:34:03 +0300] "GET /assets/backend/app-assets/vendors/js/editors/ckeditor/skins/moono-lisa/images/hidpi/close.png HTTP/1.1" 200 1238 "https://yeniistiklal.com/assets/backend/app-assets/vendors/js/editors/ckeditor/skins/moono-lisa/dialog.css?t=K24B" "Mozilla/5.0 (Macintosh; Intel Mac OS X 10_15_7) AppleWebKit/537.36 (KHTML, like Gecko) Chrome/148.0.0.0 Safari/537.36"
85.208.96.206 - - [26/May/2026:15:34:04 +0300] "GET /haber/izmir-karabaglarda-ataturk-spor-merkezi-heyecani-526548 HTTP/1.1" 200 14288 "-" "Mozilla/5.0 (compatible; SemrushBot/7~bl; +http://www.semrush.com/bot.html)"
98.82.63.147 - - [26/May/2026:15:34:05 +0300] "GET /public/index.php/etiketler/guvenlik-zirvesi-haberleri HTTP/1.1" 200 5669 "-" "Mozilla/5.0 AppleWebKit/537.36 (KHTML, like Gecko; compatible; Amazonbot/0.1; +https://developer.amazon.com/support/amazonbot) Chrome/119.0.6045.214 Safari/537.36"
114.119.155.44 - - [26/May/2026:15:34:05 +0300] "GET / HTTP/1.1" 200 17080 "http://yeniistiklal.com" "Mozilla/5.0 (Linux; Android 7.0;) AppleWebKit/537.36 (HTML, like Gecko) Mobile Safari/537.36 (compatible; PetalBot;+https://webmaster.petalsearch.com/site/petalbot)"
3.229.207.56 - - [26/May/2026:15:34:07 +0300] "GET /public/images/haberler/2026/05/turkiye-diyanet-vakfi-yayinlari-hadis-tarihi-kulliyatini-genisletiyor-1779778508.jpeg HTTP/1.1" 200 30041 "-" "Mozilla/5.0 (Macintosh; Intel Mac OS X 10.11; rv:49.0) Gecko/20100101 Firefox/49.0 (FlipboardProxy/1.2; +http://flipboard.com/browserproxy)"
2a03:2880:f806:36:: - - [26/May/2026:15:34:08 +0300] "GET /public/index.php/images/haberler/2022/01/yeni-yilin-ilk-oyununda-selcuk-yontemin-misafiri-ibb-baskani-imamoglu-oldu-cS96VwW7.jpg HTTP/1.1" 302 238 "-" "meta-externalagent/1.1 (+https://developers.facebook.com/docs/sharing/webmasters/crawler)"
2a03:2880:f806:29:: - - [26/May/2026:15:34:08 +0300] "GET /public/index.php/images/haberler/2022/07/canik-belediye-meclisi-oybirligiyle-tatil-yapmama-karari-aldi-KEeTyHiY.jpg HTTP/1.1" 302 238 "-" "meta-externalagent/1.1 (+https://developers.facebook.com/docs/sharing/webmasters/crawler)"
52.44.229.124 - - [26/May/2026:15:34:09 +0300] "GET /public/index.php/etiketler/iskelesi-haberleri HTTP/1.1" 200 5615 "-" "Mozilla/5.0 AppleWebKit/537.36 (KHTML, like Gecko; compatible; Amazonbot/0.1; +https://developer.amazon.com/support/amazonbot) Chrome/119.0.6045.214 Safari/537.36"
2a03:2880:f806:3e:: - - [26/May/2026:15:34:09 +0300] "GET /public/index.php/404 HTTP/1.1" 302 232 "-" "meta-externalagent/1.1 (+https://developers.facebook.com/docs/sharing/webmasters/crawler)"
2a03:2880:f806:6:: - - [26/May/2026:15:34:11 +0300] "GET /public/index.php HTTP/1.1" 200 17289 "-" "meta-externalagent/1.1 (+https://developers.facebook.com/docs/sharing/webmasters/crawler)"
216.73.217.145 - - [26/May/2026:15:34:11 +0300] "GET /haber/anadolu-isuzu-iaa-transportation-hannover-fuarinda-yenilikci-ve-cevreci-araclari-ile-govde-gosterisi-yapti-540210 HTTP/1.1" 200 17634 "-" "Mozilla/5.0 AppleWebKit/537.36 (KHTML, like Gecko; compatible; ClaudeBot/1.0; +claudebot@anthropic.com)"
216.73.217.145 - - [26/May/2026:15:34:11 +0300] "GET /images/haberler/2023/03/baskan-dundardan-depremzede-ailelere-ziyaret-1678451810.jpg HTTP/1.1" 302 224 "-" "Mozilla/5.0 AppleWebKit/537.36 (KHTML, like Gecko; compatible; ClaudeBot/1.0; +claudebot@anthropic.com)"
216.73.217.145 - - [26/May/2026:15:34:11 +0300] "GET /404 HTTP/1.1" 302 219 "https://www.yeniistiklal.com/images/haberler/2022/09/bursa-harmancikta-pazara-saadet-ziyareti-hNXxX3V1.jpg" "Mozilla/5.0 AppleWebKit/537.36 (KHTML, like Gecko; compatible; ClaudeBot/1.0; +claudebot@anthropic.com)"
5.255.231.51 - - [26/May/2026:15:34:11 +0300] "GET /public/rss/genel-0 HTTP/1.1" 200 173955 "-" "Mozilla/5.0 (compatible; YandexBot/3.0; +http://yandex.com/bots)"
216.73.217.145 - - [26/May/2026:15:34:11 +0300] "GET /haber/ambalaj-endustrisinin-buyuk-bulusmasi-12-15-ekim-tarihleri-arasinda-tuyapta-540220 HTTP/1.1" 200 15595 "-" "Mozilla/5.0 AppleWebKit/537.36 (KHTML, like Gecko; compatible; ClaudeBot/1.0; +claudebot@anthropic.com)"
54.164.106.236 - - [26/May/2026:15:34:11 +0300] "GET /etiketler/demirbag-haberleri HTTP/1.1" 200 5565 "-" "Mozilla/5.0 AppleWebKit/537.36 (KHTML, like Gecko; compatible; Amazonbot/0.1; +https://developer.amazon.com/support/amazonbot) Chrome/119.0.6045.214 Safari/537.36"
216.73.217.145 - - [26/May/2026:15:34:12 +0300] "GET /images/haberler/2022/09/dalaman-havalimaninin-ceo-koltuguna-yigit-lacin-atandi-QUDljOv6.jpg HTTP/1.1" 302 224 "-" "Mozilla/5.0 AppleWebKit/537.36 (KHTML, like Gecko; compatible; ClaudeBot/1.0; +claudebot@anthropic.com)"
216.73.217.145 - - [26/May/2026:15:34:12 +0300] "GET /404 HTTP/1.1" 302 219 "https://www.yeniistiklal.com/images/haberler/2022/09/dalaman-havalimaninin-ceo-koltuguna-yigit-lacin-atandi-QUDljOv6.jpg" "Mozilla/5.0 AppleWebKit/537.36 (KHTML, like Gecko; compatible; ClaudeBot/1.0; +claudebot@anthropic.com)"
216.73.217.145 - - [26/May/2026:15:34:12 +0300] "GET /haber/endustriyel-tesislerin-havasina-dikkat-kimyasallarin-700den-fazlasi-kanserojen-sinifinda-540211 HTTP/1.1" 200 15098 "-" "Mozilla/5.0 AppleWebKit/537.36 (KHTML, like Gecko; compatible; ClaudeBot/1.0; +claudebot@anthropic.com)"
216.73.217.145 - - [26/May/2026:15:34:12 +0300] "GET /public/index.php/images/haberler/2022/01/erdogandan-partisine-sedef-kabas-icin-talimat-EkCTB8rR.jpg HTTP/1.1" 302 238 "-" "Mozilla/5.0 AppleWebKit/537.36 (KHTML, like Gecko; compatible; ClaudeBot/1.0; +claudebot@anthropic.com)"
18.214.124.6 - - [26/May/2026:15:34:07 +0300] "GET /public/haber/izmirde-tuketici-fiyat-endeksi-yillik-5883-aylik-611-artti-504089 HTTP/1.1" 200 13970 "-" "Mozilla/5.0 AppleWebKit/537.36 (KHTML, like Gecko; compatible; Amazonbot/0.1; +https://developer.amazon.com/support/amazonbot) Chrome/119.0.6045.214 Safari/537.36"
85.208.96.199 - - [26/May/2026:15:34:10 +0300] "GET /haber/yuzde-25-hisse-alimi-ile-otoplus-pilot-garagea-ortak-oldu-529399 HTTP/1.1" 200 15332 "-" "Mozilla/5.0 (compatible; SemrushBot/7~bl; +http://www.semrush.com/bot.html)"
2a03:2880:f806:2d:: - - [26/May/2026:15:34:10 +0300] "GET /public/index.php/404 HTTP/1.1" 302 232 "-" "meta-externalagent/1.1 (+https://developers.facebook.com/docs/sharing/webmasters/crawler)"
52.5.242.243 - - [26/May/2026:15:34:10 +0300] "GET /public/images/haberler/2022/04/izmirde-tuketici-fiyat-endeksi-yillik-5883-aylik-611-artti-MgyLAb1e.jpg HTTP/1.1" 302 225 "-" "Mozilla/5.0 AppleWebKit/537.36 (KHTML, like Gecko; compatible; Amazonbot/0.1; +https://developer.amazon.com/support/amazonbot) Chrome/119.0.6045.214 Safari/537.36"
216.73.217.145 - - [26/May/2026:15:34:11 +0300] "GET /images/haberler/2022/09/bursa-harmancikta-pazara-saadet-ziyareti-hNXxX3V1.jpg HTTP/1.1" 302 224 "-" "Mozilla/5.0 AppleWebKit/537.36 (KHTML, like Gecko; compatible; ClaudeBot/1.0; +claudebot@anthropic.com)"
216.73.217.145 - - [26/May/2026:15:34:11 +0300] "GET /images/haberler/2022/09/migros-hemen-81-ilde-hizmet-vermeye-basladi-LX6HVyhz.jpg HTTP/1.1" 302 224 "-" "Mozilla/5.0 AppleWebKit/537.36 (KHTML, like Gecko; compatible; ClaudeBot/1.0; +claudebot@anthropic.com)"
2a03:2880:f806:4c:: - - [26/May/2026:15:34:11 +0300] "GET /public/index.php HTTP/1.1" 200 17307 "-" "meta-externalagent/1.1 (+https://developers.facebook.com/docs/sharing/webmasters/crawler)"
216.73.217.145 - - [26/May/2026:15:34:11 +0300] "GET /404 HTTP/1.1" 302 219 "https://www.yeniistiklal.com/images/haberler/2023/03/baskan-dundardan-depremzede-ailelere-ziyaret-1678451810.jpg" "Mozilla/5.0 AppleWebKit/537.36 (KHTML, like Gecko; compatible; ClaudeBot/1.0; +claudebot@anthropic.com)"
216.73.217.145 - - [26/May/2026:15:34:11 +0300] "GET /images/haberler/2022/03/erdogandan-milletvekillerine-uyari-aJqCtVkB.jpg HTTP/1.1" 302 224 "-" "Mozilla/5.0 AppleWebKit/537.36 (KHTML, like Gecko; compatible; ClaudeBot/1.0; +claudebot@anthropic.com)"
216.73.217.145 - - [26/May/2026:15:34:11 +0300] "GET /public/index.php/haber/emirates-kariyerlerini-zirveye-tasimak-ve-dubai-yasam-tarzinin-keyfini-cikarmak-icin-yeni-yardimci-pilotlar-ariyor-532066 HTTP/1.1" 200 15056 "-" "Mozilla/5.0 AppleWebKit/537.36 (KHTML, like Gecko; compatible; ClaudeBot/1.0; +claudebot@anthropic.com)"
216.73.217.145 - - [26/May/2026:15:34:11 +0300] "GET /404 HTTP/1.1" 302 219 "https://www.yeniistiklal.com/images/haberler/2022/09/migros-hemen-81-ilde-hizmet-vermeye-basladi-LX6HVyhz.jpg" "Mozilla/5.0 AppleWebKit/537.36 (KHTML, like Gecko; compatible; ClaudeBot/1.0; +claudebot@anthropic.com)"
216.73.217.145 - - [26/May/2026:15:34:11 +0300] "GET /404 HTTP/1.1" 302 219 "https://www.yeniistiklal.com/images/haberler/2022/03/erdogandan-milletvekillerine-uyari-aJqCtVkB.jpg" "Mozilla/5.0 AppleWebKit/537.36 (KHTML, like Gecko; compatible; ClaudeBot/1.0; +claudebot@anthropic.com)"
216.73.217.145 - - [26/May/2026:15:34:12 +0300] "GET /images/haberler/2022/06/cankayada-5-kadin-emegi-festivali-basladi-9kgcIsJy.jpg HTTP/1.1" 302 224 "-" "Mozilla/5.0 AppleWebKit/537.36 (KHTML, like Gecko; compatible; ClaudeBot/1.0; +claudebot@anthropic.com)"
216.73.217.145 - - [26/May/2026:15:34:12 +0300] "GET /404 HTTP/1.1" 302 219 "https://www.yeniistiklal.com/images/haberler/2022/06/cankayada-5-kadin-emegi-festivali-basladi-9kgcIsJy.jpg" "Mozilla/5.0 AppleWebKit/537.36 (KHTML, like Gecko; compatible; ClaudeBot/1.0; +claudebot@anthropic.com)"
216.73.217.145 - - [26/May/2026:15:34:12 +0300] "GET /public/index.php/images/haberler/2022/02/bahceli-faturayi-kime-kesti-ygjH6vfE.jpg HTTP/1.1" 302 238 "-" "Mozilla/5.0 AppleWebKit/537.36 (KHTML, like Gecko; compatible; ClaudeBot/1.0; +claudebot@anthropic.com)"
216.73.217.145 - - [26/May/2026:15:34:12 +0300] "GET /public/index.php HTTP/1.1" 200 17290 "https://www.yeniistiklal.com/public/index.php/404" "Mozilla/5.0 AppleWebKit/537.36 (KHTML, like Gecko; compatible; ClaudeBot/1.0; +claudebot@anthropic.com)"
216.73.217.145 - - [26/May/2026:15:34:12 +0300] "GET /haber/kaspersky-kralice-ii-elizabethin-anisina-cevrimici-hatira-satin-alanlari-uyariyor-540402 HTTP/1.1" 200 14983 "-" "Mozilla/5.0 AppleWebKit/537.36 (KHTML, like Gecko; compatible; ClaudeBot/1.0; +claudebot@anthropic.com)"
216.73.217.145 - - [26/May/2026:15:34:12 +0300] "GET /public/index.php HTTP/1.1" 200 17288 "https://www.yeniistiklal.com/public/index.php/404" "Mozilla/5.0 AppleWebKit/537.36 (KHTML, like Gecko; compatible; ClaudeBot/1.0; +claudebot@anthropic.com)"
216.73.217.145 - - [26/May/2026:15:34:12 +0300] "GET /public/index.php/images/haberler/2022/07/cigli-belediyesi-kurban-bayramina-hazir-uzNKbXpi.jpg HTTP/1.1" 302 238 "-" "Mozilla/5.0 AppleWebKit/537.36 (KHTML, like Gecko; compatible; ClaudeBot/1.0; +claudebot@anthropic.com)"
216.73.217.145 - - [26/May/2026:15:34:12 +0300] "GET /public/index.php/404 HTTP/1.1" 302 232 "https://www.yeniistiklal.com/public/index.php/images/haberler/2022/07/cigli-belediyesi-kurban-bayramina-hazir-uzNKbXpi.jpg" "Mozilla/5.0 AppleWebKit/537.36 (KHTML, like Gecko; compatible; ClaudeBot/1.0; +claudebot@anthropic.com)"
216.73.217.145 - - [26/May/2026:15:34:13 +0300] "GET /public/index.php/404 HTTP/1.1" 302 232 "https://www.yeniistiklal.com/public/index.php/images/haberler/2022/05/yaz-spor-okullari-kayitlari-basliyor-YtEGP1lm.jpg" "Mozilla/5.0 AppleWebKit/537.36 (KHTML, like Gecko; compatible; ClaudeBot/1.0; +claudebot@anthropic.com)"
216.73.217.145 - - [26/May/2026:15:34:13 +0300] "GET /public/index.php HTTP/1.1" 200 17289 "https://www.yeniistiklal.com/public/index.php/404" "Mozilla/5.0 AppleWebKit/537.36 (KHTML, like Gecko; compatible; ClaudeBot/1.0; +claudebot@anthropic.com)"
216.73.217.145 - - [26/May/2026:15:34:13 +0300] "GET /404 HTTP/1.1" 302 219 "https://www.yeniistiklal.com/images/haberler/2022/09/metro-turkiye-michelin-rehberinin-partneri-oldu-Ti4aQXrF.jpg" "Mozilla/5.0 AppleWebKit/537.36 (KHTML, like Gecko; compatible; ClaudeBot/1.0; +claudebot@anthropic.com)"
216.73.217.145 - - [26/May/2026:15:34:13 +0300] "GET /public/index.php/images/haberler/2022/01/spot-piyasada-elektrik-fiyatlari-150122-s9DIOfgh.jpg HTTP/1.1" 302 238 "-" "Mozilla/5.0 AppleWebKit/537.36 (KHTML, like Gecko; compatible; ClaudeBot/1.0; +claudebot@anthropic.com)"
216.73.217.145 - - [26/May/2026:15:34:13 +0300] "GET /public/index.php/haber/suleyman-soylu-ya-buyuk-suc-ustu-gizli-cemaatler-devleti-bankalar-ve-sirketler-bakin-niye-panikteg-473768 HTTP/1.1" 200 13232 "-" "Mozilla/5.0 AppleWebKit/537.36 (KHTML, like Gecko; compatible; ClaudeBot/1.0; +claudebot@anthropic.com)"
35.153.86.200 - - [26/May/2026:15:34:13 +0300] "GET /public/index.php/etiketler/bugdayi-haberleri HTTP/1.1" 200 5592 "-" "Mozilla/5.0 AppleWebKit/537.36 (KHTML, like Gecko; compatible; Amazonbot/0.1; +https://developer.amazon.com/support/amazonbot) Chrome/119.0.6045.214 Safari/537.36"
216.73.217.145 - - [26/May/2026:15:34:13 +0300] "GET /public/index.php HTTP/1.1" 200 17295 "https://www.yeniistiklal.com/public/index.php/404" "Mozilla/5.0 AppleWebKit/537.36 (KHTML, like Gecko; compatible; ClaudeBot/1.0; +claudebot@anthropic.com)"
216.73.217.145 - - [26/May/2026:15:34:13 +0300] "GET /public/index.php/404 HTTP/1.1" 302 232 "https://www.yeniistiklal.com/public/index.php/images/haberler/2022/01/spot-piyasada-elektrik-fiyatlari-150122-s9DIOfgh.jpg" "Mozilla/5.0 AppleWebKit/537.36 (KHTML, like Gecko; compatible; ClaudeBot/1.0; +claudebot@anthropic.com)"
216.73.217.145 - - [26/May/2026:15:34:13 +0300] "GET /404 HTTP/1.1" 302 219 "https://www.yeniistiklal.com/images/haberler/2022/03/ilker-basbug-hakaret-sucundan-hakim-karsisina-cikti-zM9UCiwH.jpg" "Mozilla/5.0 AppleWebKit/537.36 (KHTML, like Gecko; compatible; ClaudeBot/1.0; +claudebot@anthropic.com)"
216.73.217.145 - - [26/May/2026:15:34:12 +0300] "GET /public/index.php/404 HTTP/1.1" 302 232 "https://www.yeniistiklal.com/public/index.php/images/haberler/2022/02/bahceli-faturayi-kime-kesti-ygjH6vfE.jpg" "Mozilla/5.0 AppleWebKit/537.36 (KHTML, like Gecko; compatible; ClaudeBot/1.0; +claudebot@anthropic.com)"
216.73.217.145 - - [26/May/2026:15:34:12 +0300] "GET /public/index.php/404 HTTP/1.1" 302 232 "https://www.yeniistiklal.com/public/index.php/images/haberler/2022/01/erdogandan-partisine-sedef-kabas-icin-talimat-EkCTB8rR.jpg" "Mozilla/5.0 AppleWebKit/537.36 (KHTML, like Gecko; compatible; ClaudeBot/1.0; +claudebot@anthropic.com)"
216.73.217.145 - - [26/May/2026:15:34:12 +0300] "GET /haber/ukrayna-aciklarinda-banglades-bandirali-yuk-gemisine-fuze-saldirisi-1-olu-498746 HTTP/1.1" 200 13561 "-" "Mozilla/5.0 AppleWebKit/537.36 (KHTML, like Gecko; compatible; ClaudeBot/1.0; +claudebot@anthropic.com)"
216.73.217.145 - - [26/May/2026:15:34:12 +0300] "GET /images/haberler/2022/03/basbakanligi-savunan-burokrat-fetocu-cikti-tVkVPtQL.jpg HTTP/1.1" 302 224 "-" "Mozilla/5.0 AppleWebKit/537.36 (KHTML, like Gecko; compatible; ClaudeBot/1.0; +claudebot@anthropic.com)"
216.73.217.145 - - [26/May/2026:15:34:12 +0300] "GET /404 HTTP/1.1" 302 219 "https://www.yeniistiklal.com/images/haberler/2022/03/basbakanligi-savunan-burokrat-fetocu-cikti-tVkVPtQL.jpg" "Mozilla/5.0 AppleWebKit/537.36 (KHTML, like Gecko; compatible; ClaudeBot/1.0; +claudebot@anthropic.com)"
216.73.217.145 - - [26/May/2026:15:34:12 +0300] "GET /public/index.php/images/haberler/2022/05/yaz-spor-okullari-kayitlari-basliyor-YtEGP1lm.jpg HTTP/1.1" 302 238 "-" "Mozilla/5.0 AppleWebKit/537.36 (KHTML, like Gecko; compatible; ClaudeBot/1.0; +claudebot@anthropic.com)"
216.73.217.145 - - [26/May/2026:15:34:13 +0300] "GET /images/haberler/2022/09/metro-turkiye-michelin-rehberinin-partneri-oldu-Ti4aQXrF.jpg HTTP/1.1" 302 224 "-" "Mozilla/5.0 AppleWebKit/537.36 (KHTML, like Gecko; compatible; ClaudeBot/1.0; +claudebot@anthropic.com)"
216.73.217.145 - - [26/May/2026:15:34:13 +0300] "GET /images/haberler/2022/03/ilker-basbug-hakaret-sucundan-hakim-karsisina-cikti-zM9UCiwH.jpg HTTP/1.1" 302 224 "-" "Mozilla/5.0 AppleWebKit/537.36 (KHTML, like Gecko; compatible; ClaudeBot/1.0; +claudebot@anthropic.com)"
216.73.217.145 - - [26/May/2026:15:34:13 +0300] "GET /public/index.php/images/haberler/2022/01/karaismailoglundan-kemal-kilicdaroglu-aciklamasi-qT3FkgAE.jpg HTTP/1.1" 302 238 "-" "Mozilla/5.0 AppleWebKit/537.36 (KHTML, like Gecko; compatible; ClaudeBot/1.0; +claudebot@anthropic.com)"
