34.82.178.191 - - [26/May/2026:15:14:56 +0300] "GET /images/haberler/2022/05/btu-denizcilik-fakultesi-dekani-prof-dr-sinan-uyanik-yerel-vizyonda-rOUWuXT2.jpg HTTP/1.1" 302 219 "-" "Mozilla/5.0 (X11; Linux x86_64) AppleWebKit/537.36 (KHTML, like Gecko) Chrome/91.0.4472.114 Safari/537.36"
34.82.178.191 - - [26/May/2026:15:14:56 +0300] "GET / HTTP/1.1" 200 17082 "-" "Mozilla/5.0 (X11; Linux x86_64) AppleWebKit/537.36 (KHTML, like Gecko) Chrome/91.0.4472.114 Safari/537.36"
95.108.213.215 - - [26/May/2026:15:14:59 +0300] "GET / HTTP/1.1" 200 17090 "-" "Mozilla/5.0 (compatible; YandexBot/3.0; +http://yandex.com/bots) AppleWebKit/537.36 (KHTML, like Gecko) Chrome/108.0.0.0"
216.73.217.145 - - [26/May/2026:15:15:01 +0300] "GET /public/images/haberler/2022/06/bursada-inegol-protokolu-karne-heyecanina-ortak-oldu-cTi9vSRl.jpg HTTP/1.1" 302 225 "-" "Mozilla/5.0 AppleWebKit/537.36 (KHTML, like Gecko; compatible; ClaudeBot/1.0; +claudebot@anthropic.com)"
216.73.217.145 - - [26/May/2026:15:15:01 +0300] "GET /public/images/haberler/2022/06/izmir-urla-copune-sahip-cikti-ciUdEQP3.jpg HTTP/1.1" 302 225 "-" "Mozilla/5.0 AppleWebKit/537.36 (KHTML, like Gecko; compatible; ClaudeBot/1.0; +claudebot@anthropic.com)"
216.73.217.145 - - [26/May/2026:15:15:02 +0300] "GET /public HTTP/1.1" 301 795 "https://yeniistiklal.com/public/404" "Mozilla/5.0 AppleWebKit/537.36 (KHTML, like Gecko; compatible; ClaudeBot/1.0; +claudebot@anthropic.com)"
216.73.217.145 - - [26/May/2026:15:15:02 +0300] "GET /public/404 HTTP/1.1" 302 220 "https://yeniistiklal.com/public/images/haberler/2022/06/bursada-inegol-protokolu-karne-heyecanina-ortak-oldu-cTi9vSRl.jpg" "Mozilla/5.0 AppleWebKit/537.36 (KHTML, like Gecko; compatible; ClaudeBot/1.0; +claudebot@anthropic.com)"
2a03:2880:f806:3b:: - - [26/May/2026:15:15:02 +0300] "GET /public/index.php/images/haberler/2022/09/tepealanin-merkezi-sicak-asfalt-ile-bulusuyor-4nyBITNY.jpg HTTP/1.1" 302 238 "-" "meta-externalagent/1.1 (+https://developers.facebook.com/docs/sharing/webmasters/crawler)"
216.73.217.145 - - [26/May/2026:15:15:02 +0300] "GET /public/404 HTTP/1.1" 302 220 "https://yeniistiklal.com/public/images/haberler/2022/09/manisa-maskiden-kacak-su-sorununa-nester-QLpLytrw.jpg" "Mozilla/5.0 AppleWebKit/537.36 (KHTML, like Gecko; compatible; ClaudeBot/1.0; +claudebot@anthropic.com)"
216.73.217.145 - - [26/May/2026:15:15:02 +0300] "GET /public/404 HTTP/1.1" 302 220 "https://yeniistiklal.com/public/images/haberler/2022/10/burhaniye-yaylacik-mezarlik-duvari-onarildi-CDaLwmyb.jpg" "Mozilla/5.0 AppleWebKit/537.36 (KHTML, like Gecko; compatible; ClaudeBot/1.0; +claudebot@anthropic.com)"
216.73.217.145 - - [26/May/2026:15:15:02 +0300] "GET /public/404 HTTP/1.1" 302 220 "https://yeniistiklal.com/public/images/haberler/2022/06/izmir-urla-copune-sahip-cikti-ciUdEQP3.jpg" "Mozilla/5.0 AppleWebKit/537.36 (KHTML, like Gecko; compatible; ClaudeBot/1.0; +claudebot@anthropic.com)"
85.208.96.206 - - [26/May/2026:15:15:02 +0300] "GET /haber/butce-dostu-oneplus-modelinden-yeni-bilgiler-geldi-510951 HTTP/1.1" 200 14161 "-" "Mozilla/5.0 (compatible; SemrushBot/7~bl; +http://www.semrush.com/bot.html)"
216.73.217.145 - - [26/May/2026:15:15:02 +0300] "GET /public HTTP/1.1" 301 795 "https://yeniistiklal.com/public/404" "Mozilla/5.0 AppleWebKit/537.36 (KHTML, like Gecko; compatible; ClaudeBot/1.0; +claudebot@anthropic.com)"
216.73.217.145 - - [26/May/2026:15:15:02 +0300] "GET /public HTTP/1.1" 301 795 "https://yeniistiklal.com/public/404" "Mozilla/5.0 AppleWebKit/537.36 (KHTML, like Gecko; compatible; ClaudeBot/1.0; +claudebot@anthropic.com)"
216.73.217.145 - - [26/May/2026:15:15:02 +0300] "GET /images/haberler/2022/09/osmangaziden-kadinlara-panoramik-gezi-M6nXeaQx.jpg HTTP/1.1" 302 224 "-" "Mozilla/5.0 AppleWebKit/537.36 (KHTML, like Gecko; compatible; ClaudeBot/1.0; +claudebot@anthropic.com)"
84.252.115.22 - - [26/May/2026:15:15:02 +0300] "GET /magazin/duygu-ozaslan-can-maxim-mutaf-dugunu-seneye-6766 HTTP/1.1" 301 795 "https://yeniistiklal.com/" "Mozilla/5.0 (X11; Linux x86_64; rv:109.0) Gecko/20100101 Firefox/119.0"
216.73.217.145 - - [26/May/2026:15:15:02 +0300] "GET /404 HTTP/1.1" 302 219 "https://www.yeniistiklal.com/images/haberler/2022/09/osmangaziden-kadinlara-panoramik-gezi-M6nXeaQx.jpg" "Mozilla/5.0 AppleWebKit/537.36 (KHTML, like Gecko; compatible; ClaudeBot/1.0; +claudebot@anthropic.com)"
216.73.217.145 - - [26/May/2026:15:15:02 +0300] "GET /public/ HTTP/1.1" 200 17204 "https://yeniistiklal.com/public" "Mozilla/5.0 AppleWebKit/537.36 (KHTML, like Gecko; compatible; ClaudeBot/1.0; +claudebot@anthropic.com)"
187.108.212.107 - - [26/May/2026:15:15:03 +0300] "GET /public/images/haberler/2025/12/survivor-2026-yarismacilari-tam-liste-y-1765786623.png HTTP/1.1" 200 784041 "https://yeniistiklal.com/public/" "Mozilla/5.0 (Linux; Android 8.0; Pixel 2 Build/OPD3.170816.012) AppleWebKit/537.36 (KHTML, like Gecko) Chrome/48.0.3515.1062 Mobile Safari/537.36"
187.108.212.107 - - [26/May/2026:15:15:03 +0300] "GET /public/js/cookie.min.js HTTP/1.1" 200 1993 "https://yeniistiklal.com/public/" "Mozilla/5.0 (Linux; Android 8.0; Pixel 2 Build/OPD3.170816.012) AppleWebKit/537.36 (KHTML, like Gecko) Chrome/48.0.3515.1062 Mobile Safari/537.36"
187.108.212.107 - - [26/May/2026:15:15:03 +0300] "GET /public/images/haberler/2025/08/serbest-piyasada-dolar-ve-euroda-son-durum-1754903576.jpeg HTTP/1.1" 200 49453 "https://yeniistiklal.com/public/" "Mozilla/5.0 (Linux; Android 8.0; Pixel 2 Build/OPD3.170816.012) AppleWebKit/537.36 (KHTML, like Gecko) Chrome/48.0.3515.1062 Mobile Safari/537.36"
216.73.217.145 - - [26/May/2026:15:15:02 +0300] "GET /images/haberler/2022/09/antalya-buyuksehir-genclik-meclisine-basvurular-basladi-yfQFJz5K.jpg HTTP/1.1" 302 224 "-" "Mozilla/5.0 AppleWebKit/537.36 (KHTML, like Gecko; compatible; ClaudeBot/1.0; +claudebot@anthropic.com)"
216.73.217.145 - - [26/May/2026:15:15:02 +0300] "GET /public HTTP/1.1" 301 795 "https://yeniistiklal.com/public/404" "Mozilla/5.0 AppleWebKit/537.36 (KHTML, like Gecko; compatible; ClaudeBot/1.0; +claudebot@anthropic.com)"
216.73.217.145 - - [26/May/2026:15:15:02 +0300] "GET /public/ HTTP/1.1" 200 17182 "https://yeniistiklal.com/public" "Mozilla/5.0 AppleWebKit/537.36 (KHTML, like Gecko; compatible; ClaudeBot/1.0; +claudebot@anthropic.com)"
216.73.217.145 - - [26/May/2026:15:15:02 +0300] "GET /public/ HTTP/1.1" 200 17188 "https://yeniistiklal.com/public" "Mozilla/5.0 AppleWebKit/537.36 (KHTML, like Gecko; compatible; ClaudeBot/1.0; +claudebot@anthropic.com)"
216.73.217.145 - - [26/May/2026:15:15:02 +0300] "GET /404 HTTP/1.1" 302 219 "https://www.yeniistiklal.com/images/haberler/2022/09/antalya-buyuksehir-genclik-meclisine-basvurular-basladi-yfQFJz5K.jpg" "Mozilla/5.0 AppleWebKit/537.36 (KHTML, like Gecko; compatible; ClaudeBot/1.0; +claudebot@anthropic.com)"
216.73.217.145 - - [26/May/2026:15:15:02 +0300] "GET /public/ HTTP/1.1" 200 17207 "https://yeniistiklal.com/public" "Mozilla/5.0 AppleWebKit/537.36 (KHTML, like Gecko; compatible; ClaudeBot/1.0; +claudebot@anthropic.com)"
2a03:2880:f806:2:: - - [26/May/2026:15:15:03 +0300] "GET /haber/havali-tabanca-dunyasinda-kontrol-ve-hassasiyetin-onemi-552098 HTTP/1.1" 200 14082 "-" "meta-externalagent/1.1 (+https://developers.facebook.com/docs/sharing/webmasters/crawler)"
187.108.212.107 - - [26/May/2026:15:15:03 +0300] "GET /public/images/haberler/2025/10/kktc-doviz-kurlarindaki-son-durum-dolar-euro-sterlin-15-ekim-2025-1760527641.jpg HTTP/1.1" 200 26396 "https://yeniistiklal.com/public/" "Mozilla/5.0 (Linux; Android 8.0; Pixel 2 Build/OPD3.170816.012) AppleWebKit/537.36 (KHTML, like Gecko) Chrome/48.0.3515.1062 Mobile Safari/537.36"
187.108.212.107 - - [26/May/2026:15:15:03 +0300] "GET /public/images/haberler/2025/11/aksa-kimin-aksa-enerjinin-sahibi-kimdir-y-1762258173.png HTTP/1.1" 200 17237 "https://yeniistiklal.com/public/" "Mozilla/5.0 (Linux; Android 8.0; Pixel 2 Build/OPD3.170816.012) AppleWebKit/537.36 (KHTML, like Gecko) Chrome/48.0.3515.1062 Mobile Safari/537.36"
187.108.212.107 - - [26/May/2026:15:15:03 +0300] "GET /public/images/haberler/2025/12/kuzey-kibris-turk-cumhuriyetindeki-kktc-en-yuksek-bina-y-1765199017.png HTTP/1.1" 200 953326 "https://yeniistiklal.com/public/" "Mozilla/5.0 (Linux; Android 8.0; Pixel 2 Build/OPD3.170816.012) AppleWebKit/537.36 (KHTML, like Gecko) Chrome/48.0.3515.1062 Mobile Safari/537.36"
187.108.212.107 - - [26/May/2026:15:15:03 +0300] "GET /public/images/haberler/2025/08/gunes-yanigina-veda-edin-aciyi-dindiren-ev-yapimi-cozumler-y-1754642979.jpeg HTTP/1.1" 200 27698 "https://yeniistiklal.com/public/" "Mozilla/5.0 (Linux; Android 8.0; Pixel 2 Build/OPD3.170816.012) AppleWebKit/537.36 (KHTML, like Gecko) Chrome/48.0.3515.1062 Mobile Safari/537.36"
84.252.115.22 - - [26/May/2026:15:15:03 +0300] "GET /haber/duygu-ozaslan-can-maxim-mutaf-dugunu-seneye-6766 HTTP/1.1" 302 219 "https://yeniistiklal.com/magazin/duygu-ozaslan-can-maxim-mutaf-dugunu-seneye-6766" "Mozilla/5.0 (X11; Linux x86_64; rv:109.0) Gecko/20100101 Firefox/119.0"
2a03:2880:f806:1b:: - - [26/May/2026:15:15:03 +0300] "GET /public/index.php/404 HTTP/1.1" 302 232 "-" "meta-externalagent/1.1 (+https://developers.facebook.com/docs/sharing/webmasters/crawler)"
187.108.212.107 - - [26/May/2026:15:15:03 +0300] "GET /public/images/tn/2026/01/antalya-otelleri-1768456799.png HTTP/1.1" 200 123069 "https://yeniistiklal.com/public/" "Mozilla/5.0 (Linux; Android 8.0; Pixel 2 Build/OPD3.170816.012) AppleWebKit/537.36 (KHTML, like Gecko) Chrome/48.0.3515.1062 Mobile Safari/537.36"
187.108.212.107 - - [26/May/2026:15:15:03 +0300] "GET /public/images/haberler/2025/11/dunyanin-en-buyuk-dagi-hangisidir-everest-mi-mauna-kea-mi-y-1762260895.png HTTP/1.1" 200 809608 "https://yeniistiklal.com/public/" "Mozilla/5.0 (Linux; Android 8.0; Pixel 2 Build/OPD3.170816.012) AppleWebKit/537.36 (KHTML, like Gecko) Chrome/48.0.3515.1062 Mobile Safari/537.36"
2a03:2880:f806:17:: - - [26/May/2026:15:15:03 +0300] "GET /images/haberler/2023/09/cocuk-odasi-duvar-kagidi-renkli-ve-eglenceli-dekorasyon-1695148703.png HTTP/1.1" 302 224 "-" "meta-externalagent/1.1 (+https://developers.facebook.com/docs/sharing/webmasters/crawler)"
187.108.212.107 - - [26/May/2026:15:15:04 +0300] "GET /public/images/tn/2025/11/canik-kime-ait-turkiyenin-global-silah-devi-1762258557.jpeg HTTP/1.1" 200 22991 "https://yeniistiklal.com/public/" "Mozilla/5.0 (Linux; Android 8.0; Pixel 2 Build/OPD3.170816.012) AppleWebKit/537.36 (KHTML, like Gecko) Chrome/48.0.3515.1062 Mobile Safari/537.36"
187.108.212.107 - - [26/May/2026:15:15:04 +0300] "GET /public/images/tn/2025/10/kktcde-su-tesisatcisi-arayanlar-icin-oneriler-1760527324.png HTTP/1.1" 200 90846 "https://yeniistiklal.com/public/" "Mozilla/5.0 (Linux; Android 8.0; Pixel 2 Build/OPD3.170816.012) AppleWebKit/537.36 (KHTML, like Gecko) Chrome/48.0.3515.1062 Mobile Safari/537.36"
207.46.13.126 - - [26/May/2026:15:15:04 +0300] "GET /images/haberler/2022/02/sivasta-kan-donduran-olay-esiyle-telefonda-konusurken-katledildi-7hfq49p1.jpg HTTP/1.1" 302 219 "-" "Mozilla/5.0 AppleWebKit/537.36 (KHTML, like Gecko; compatible; bingbot/2.0; +http://www.bing.com/bingbot.htm) Chrome/116.0.1938.76 Safari/537.36"
207.46.13.126 - - [26/May/2026:15:15:05 +0300] "GET /404 HTTP/1.1" 302 215 "-" "Mozilla/5.0 AppleWebKit/537.36 (KHTML, like Gecko; compatible; bingbot/2.0; +http://www.bing.com/bingbot.htm) Chrome/116.0.1938.76 Safari/537.36"
2a03:2880:f806:22:: - - [26/May/2026:15:15:05 +0300] "GET /public/index.php HTTP/1.1" 200 17301 "-" "meta-externalagent/1.1 (+https://developers.facebook.com/docs/sharing/webmasters/crawler)"
2a03:2880:f806:42:: - - [26/May/2026:15:15:05 +0300] "GET /404 HTTP/1.1" 302 219 "-" "meta-externalagent/1.1 (+https://developers.facebook.com/docs/sharing/webmasters/crawler)"
15.235.96.25 - - [26/May/2026:15:15:06 +0300] "GET /public/haber/kortlarda-suwen-imzasi-var-551904 HTTP/1.1" 200 13501 "-" "Mozilla/5.0 (compatible; AhrefsBot/7.0; +http://ahrefs.com/robot/)"
187.108.212.107 - - [26/May/2026:15:15:07 +0300] "GET /public/images/haberler/2025/08/surucu-belgesi-yenileme-suresi-son-kez-uzatildi-y-1754022315.jpeg HTTP/1.1" 200 27888 "https://yeniistiklal.com/public/" "Mozilla/5.0 (Linux; Android 8.0; Pixel 2 Build/OPD3.170816.012) AppleWebKit/537.36 (KHTML, like Gecko) Chrome/48.0.3515.1062 Mobile Safari/537.36"
187.108.212.107 - - [26/May/2026:15:15:07 +0300] "GET /public/images/haberler/2025/08/yavas-ve-bilincli-adimlarin-dansi-japon-yuruyusu-y-1754032734.jpeg HTTP/1.1" 200 112228 "https://yeniistiklal.com/public/" "Mozilla/5.0 (Linux; Android 8.0; Pixel 2 Build/OPD3.170816.012) AppleWebKit/537.36 (KHTML, like Gecko) Chrome/48.0.3515.1062 Mobile Safari/537.36"
187.108.212.107 - - [26/May/2026:15:15:07 +0300] "GET /public/images/haberler/2025/05/kibrista-dolar-euro-fiyalari-yok-artik-dedirtti-y-1746622070.jpeg HTTP/1.1" 200 109645 "https://yeniistiklal.com/public/" "Mozilla/5.0 (Linux; Android 8.0; Pixel 2 Build/OPD3.170816.012) AppleWebKit/537.36 (KHTML, like Gecko) Chrome/48.0.3515.1062 Mobile Safari/537.36"
187.108.212.107 - - [26/May/2026:15:15:07 +0300] "GET /hava-durumu/ajax?sehir_isim=6 HTTP/1.1" 200 77 "https://yeniistiklal.com/public/" "Mozilla/5.0 (Linux; Android 8.0; Pixel 2 Build/OPD3.170816.012) AppleWebKit/537.36 (KHTML, like Gecko) Chrome/48.0.3515.1062 Mobile Safari/537.36"
187.108.212.107 - - [26/May/2026:15:15:04 +0300] "GET /public/images/tn/2026/01/bodrum-otelleri-1768456675.png HTTP/1.1" 200 94371 "https://yeniistiklal.com/public/" "Mozilla/5.0 (Linux; Android 8.0; Pixel 2 Build/OPD3.170816.012) AppleWebKit/537.36 (KHTML, like Gecko) Chrome/48.0.3515.1062 Mobile Safari/537.36"
187.108.212.107 - - [26/May/2026:15:15:04 +0300] "GET /public/images/transparent.gif HTTP/1.1" 200 43 "https://yeniistiklal.com/public/" "Mozilla/5.0 (Linux; Android 8.0; Pixel 2 Build/OPD3.170816.012) AppleWebKit/537.36 (KHTML, like Gecko) Chrome/48.0.3515.1062 Mobile Safari/537.36"
207.46.13.126 - - [26/May/2026:15:15:05 +0300] "GET / HTTP/1.1" 200 17087 "-" "Mozilla/5.0 AppleWebKit/537.36 (KHTML, like Gecko; compatible; bingbot/2.0; +http://www.bing.com/bingbot.htm) Chrome/116.0.1938.76 Safari/537.36"
2a03:2880:f806:1f:: - - [26/May/2026:15:15:07 +0300] "GET / HTTP/1.1" 200 17141 "-" "meta-externalagent/1.1 (+https://developers.facebook.com/docs/sharing/webmasters/crawler)"
187.108.212.107 - - [26/May/2026:15:15:07 +0300] "GET /public/images/haberler/2025/08/yeni-tarifeler-petrol-piyasasini-nasil-etkiliyor-y-1754022979.jpeg HTTP/1.1" 200 50087 "https://yeniistiklal.com/public/" "Mozilla/5.0 (Linux; Android 8.0; Pixel 2 Build/OPD3.170816.012) AppleWebKit/537.36 (KHTML, like Gecko) Chrome/48.0.3515.1062 Mobile Safari/537.36"
187.108.212.107 - - [26/May/2026:15:15:07 +0300] "GET /public/images/haberler/2025/05/fenerbahce-beko-euroleaguede-sampiyon-oldu-y-1748258787.jpeg HTTP/1.1" 200 103340 "https://yeniistiklal.com/public/" "Mozilla/5.0 (Linux; Android 8.0; Pixel 2 Build/OPD3.170816.012) AppleWebKit/537.36 (KHTML, like Gecko) Chrome/48.0.3515.1062 Mobile Safari/537.36"
187.108.212.107 - - [26/May/2026:15:15:07 +0300] "GET /public/images/haberler/2025/05/super-ligde-35-hafta-hakemleri-belli-oldu-nefesler-tutuldu-y-1746707520.jpeg HTTP/1.1" 200 57865 "https://yeniistiklal.com/public/" "Mozilla/5.0 (Linux; Android 8.0; Pixel 2 Build/OPD3.170816.012) AppleWebKit/537.36 (KHTML, like Gecko) Chrome/48.0.3515.1062 Mobile Safari/537.36"
187.108.212.107 - - [26/May/2026:15:15:07 +0300] "GET /public/images/haberler/2025/08/kamu-iscileri-icin-zam-teklifinde-yeni-gelisme-1754022164.jpeg HTTP/1.1" 200 41118 "https://yeniistiklal.com/public/" "Mozilla/5.0 (Linux; Android 8.0; Pixel 2 Build/OPD3.170816.012) AppleWebKit/537.36 (KHTML, like Gecko) Chrome/48.0.3515.1062 Mobile Safari/537.36"
187.108.212.107 - - [26/May/2026:15:15:07 +0300] "GET /public/images/haberler/2025/05/son-dakika-kktc-serbest-piyasa-doviz-kurlari-26-mayis-2025-y-1748258647.jpeg HTTP/1.1" 200 78687 "https://yeniistiklal.com/public/" "Mozilla/5.0 (Linux; Android 8.0; Pixel 2 Build/OPD3.170816.012) AppleWebKit/537.36 (KHTML, like Gecko) Chrome/48.0.3515.1062 Mobile Safari/537.36"
187.108.212.107 - - [26/May/2026:15:15:08 +0300] "GET /public/images/firmalar HTTP/1.1" 301 795 "https://yeniistiklal.com/public/" "Mozilla/5.0 (Linux; Android 8.0; Pixel 2 Build/OPD3.170816.012) AppleWebKit/537.36 (KHTML, like Gecko) Chrome/48.0.3515.1062 Mobile Safari/537.36"
187.108.212.107 - - [26/May/2026:15:15:08 +0300] "GET /public/images/tn/2025/08/yavas-ve-bilincli-adimlarin-dansi-japon-yuruyusu-1754032734.jpeg HTTP/1.1" 200 27414 "https://yeniistiklal.com/public/" "Mozilla/5.0 (Linux; Android 8.0; Pixel 2 Build/OPD3.170816.012) AppleWebKit/537.36 (KHTML, like Gecko) Chrome/48.0.3515.1062 Mobile Safari/537.36"
187.108.212.107 - - [26/May/2026:15:15:08 +0300] "GET /public/images/firmalar/deha-patent-anonim-sirketi-1729864745.jpg HTTP/1.1" 200 2951 "https://yeniistiklal.com/public/" "Mozilla/5.0 (Linux; Android 8.0; Pixel 2 Build/OPD3.170816.012) AppleWebKit/537.36 (KHTML, like Gecko) Chrome/48.0.3515.1062 Mobile Safari/537.36"
187.108.212.107 - - [26/May/2026:15:15:08 +0300] "GET /public/images/firmalar/besiktas-su-tesisatcisi-hizmetleri-1717325782.jpg HTTP/1.1" 200 9274 "https://yeniistiklal.com/public/" "Mozilla/5.0 (Linux; Android 8.0; Pixel 2 Build/OPD3.170816.012) AppleWebKit/537.36 (KHTML, like Gecko) Chrome/48.0.3515.1062 Mobile Safari/537.36"
216.73.217.145 - - [26/May/2026:15:15:09 +0300] "GET /public/images/haberler/2022/10/baskan-tokat-final-ucuslarini-takip-etti-jpz7vtan.jpg HTTP/1.1" 302 225 "-" "Mozilla/5.0 AppleWebKit/537.36 (KHTML, like Gecko; compatible; ClaudeBot/1.0; +claudebot@anthropic.com)"
216.73.217.145 - - [26/May/2026:15:15:09 +0300] "GET /public/404 HTTP/1.1" 302 220 "https://yeniistiklal.com/public/images/haberler/2022/04/amazon-ceosundan-elon-musk-ve-twitter-aciklamasi-rAhcxyZ8.jpg" "Mozilla/5.0 AppleWebKit/537.36 (KHTML, like Gecko; compatible; ClaudeBot/1.0; +claudebot@anthropic.com)"
216.73.217.145 - - [26/May/2026:15:15:09 +0300] "GET /public/images/haberler/2022/01/genc-cift-traktor-kazasinda-hayatini-kaybetti-pJu3Pzsx.jpg HTTP/1.1" 302 225 "-" "Mozilla/5.0 AppleWebKit/537.36 (KHTML, like Gecko; compatible; ClaudeBot/1.0; +claudebot@anthropic.com)"
216.73.217.145 - - [26/May/2026:15:15:09 +0300] "GET /public/images/haberler/2022/02/elektrigin-yuzde-31ini-evdeki-asker-tuketiyor-YpBHQHiQ.jpg HTTP/1.1" 302 225 "-" "Mozilla/5.0 AppleWebKit/537.36 (KHTML, like Gecko; compatible; ClaudeBot/1.0; +claudebot@anthropic.com)"
216.73.217.145 - - [26/May/2026:15:15:09 +0300] "GET /public HTTP/1.1" 301 795 "https://yeniistiklal.com/public/404" "Mozilla/5.0 AppleWebKit/537.36 (KHTML, like Gecko; compatible; ClaudeBot/1.0; +claudebot@anthropic.com)"
216.73.217.145 - - [26/May/2026:15:15:09 +0300] "GET /public/404 HTTP/1.1" 302 220 "https://yeniistiklal.com/public/images/haberler/2022/10/baskan-tokat-final-ucuslarini-takip-etti-jpz7vtan.jpg" "Mozilla/5.0 AppleWebKit/537.36 (KHTML, like Gecko; compatible; ClaudeBot/1.0; +claudebot@anthropic.com)"
216.73.217.145 - - [26/May/2026:15:15:09 +0300] "GET /public HTTP/1.1" 301 795 "https://yeniistiklal.com/public/404" "Mozilla/5.0 AppleWebKit/537.36 (KHTML, like Gecko; compatible; ClaudeBot/1.0; +claudebot@anthropic.com)"
216.73.217.145 - - [26/May/2026:15:15:09 +0300] "GET /public/404 HTTP/1.1" 302 220 "https://yeniistiklal.com/public/images/haberler/2022/01/genc-cift-traktor-kazasinda-hayatini-kaybetti-pJu3Pzsx.jpg" "Mozilla/5.0 AppleWebKit/537.36 (KHTML, like Gecko; compatible; ClaudeBot/1.0; +claudebot@anthropic.com)"
216.73.217.145 - - [26/May/2026:15:15:09 +0300] "GET /public/ HTTP/1.1" 200 17205 "https://yeniistiklal.com/public" "Mozilla/5.0 AppleWebKit/537.36 (KHTML, like Gecko; compatible; ClaudeBot/1.0; +claudebot@anthropic.com)"
216.73.217.145 - - [26/May/2026:15:15:09 +0300] "GET /public HTTP/1.1" 301 795 "https://yeniistiklal.com/public/404" "Mozilla/5.0 AppleWebKit/537.36 (KHTML, like Gecko; compatible; ClaudeBot/1.0; +claudebot@anthropic.com)"
216.73.217.145 - - [26/May/2026:15:15:09 +0300] "GET /public HTTP/1.1" 301 795 "https://yeniistiklal.com/public/404" "Mozilla/5.0 AppleWebKit/537.36 (KHTML, like Gecko; compatible; ClaudeBot/1.0; +claudebot@anthropic.com)"
216.73.217.145 - - [26/May/2026:15:15:10 +0300] "GET /public HTTP/1.1" 301 795 "https://yeniistiklal.com/public/404" "Mozilla/5.0 AppleWebKit/537.36 (KHTML, like Gecko; compatible; ClaudeBot/1.0; +claudebot@anthropic.com)"
216.73.217.145 - - [26/May/2026:15:15:10 +0300] "GET /public/ HTTP/1.1" 200 17204 "https://yeniistiklal.com/public" "Mozilla/5.0 AppleWebKit/537.36 (KHTML, like Gecko; compatible; ClaudeBot/1.0; +claudebot@anthropic.com)"
216.73.217.145 - - [26/May/2026:15:15:10 +0300] "GET /public/ HTTP/1.1" 200 17206 "https://yeniistiklal.com/public" "Mozilla/5.0 AppleWebKit/537.36 (KHTML, like Gecko; compatible; ClaudeBot/1.0; +claudebot@anthropic.com)"
216.73.217.145 - - [26/May/2026:15:15:10 +0300] "GET /public/ HTTP/1.1" 200 17214 "https://yeniistiklal.com/public" "Mozilla/5.0 AppleWebKit/537.36 (KHTML, like Gecko; compatible; ClaudeBot/1.0; +claudebot@anthropic.com)"
187.108.212.107 - - [26/May/2026:15:15:08 +0300] "GET /public/images/tn/2026/05/bir-satisin-gercek-degerini-ancak-tahsilat-tamamlandiginda-anlarsiniz-1779764925.jpeg HTTP/1.1" 200 24211 "https://yeniistiklal.com/public/" "Mozilla/5.0 (Linux; Android 8.0; Pixel 2 Build/OPD3.170816.012) AppleWebKit/537.36 (KHTML, like Gecko) Chrome/48.0.3515.1062 Mobile Safari/537.36"
187.108.212.107 - - [26/May/2026:15:15:08 +0300] "GET /public/images/tn/2025/05/maca-cayi-nedir-1746249155.jpeg HTTP/1.1" 200 10069 "https://yeniistiklal.com/public/" "Mozilla/5.0 (Linux; Android 8.0; Pixel 2 Build/OPD3.170816.012) AppleWebKit/537.36 (KHTML, like Gecko) Chrome/48.0.3515.1062 Mobile Safari/537.36"
185.191.171.2 - - [26/May/2026:15:15:08 +0300] "GET /haber/94-yasindaki-adam-zammi-kabul-etmeyen-kiracinin-kapisina-baltayla-saldirdi-yok-artik-dedirtti-475252 HTTP/1.1" 200 13392 "-" "Mozilla/5.0 (compatible; SemrushBot/7~bl; +http://www.semrush.com/bot.html)"
216.73.217.145 - - [26/May/2026:15:15:09 +0300] "GET /public/images/haberler/2022/04/amazon-ceosundan-elon-musk-ve-twitter-aciklamasi-rAhcxyZ8.jpg HTTP/1.1" 302 225 "-" "Mozilla/5.0 AppleWebKit/537.36 (KHTML, like Gecko; compatible; ClaudeBot/1.0; +claudebot@anthropic.com)"
216.73.217.145 - - [26/May/2026:15:15:09 +0300] "GET /public/images/haberler/2022/09/manisa-sehzadelerde-terfi-hatti-calismasi-hMdfMi7k.jpg HTTP/1.1" 302 225 "-" "Mozilla/5.0 AppleWebKit/537.36 (KHTML, like Gecko; compatible; ClaudeBot/1.0; +claudebot@anthropic.com)"
216.73.217.145 - - [26/May/2026:15:15:09 +0300] "GET /public/images/haberler/2022/07/kayseri-erciyeste-zorlu-maraton-basliyor-ZqphtHqG.jpg HTTP/1.1" 302 225 "-" "Mozilla/5.0 AppleWebKit/537.36 (KHTML, like Gecko; compatible; ClaudeBot/1.0; +claudebot@anthropic.com)"
216.73.217.145 - - [26/May/2026:15:15:09 +0300] "GET /public/404 HTTP/1.1" 302 220 "https://yeniistiklal.com/public/images/haberler/2022/09/manisa-sehzadelerde-terfi-hatti-calismasi-hMdfMi7k.jpg" "Mozilla/5.0 AppleWebKit/537.36 (KHTML, like Gecko; compatible; ClaudeBot/1.0; +claudebot@anthropic.com)"
216.73.217.145 - - [26/May/2026:15:15:09 +0300] "GET /public/404 HTTP/1.1" 302 220 "https://yeniistiklal.com/public/images/haberler/2022/07/kayseri-erciyeste-zorlu-maraton-basliyor-ZqphtHqG.jpg" "Mozilla/5.0 AppleWebKit/537.36 (KHTML, like Gecko; compatible; ClaudeBot/1.0; +claudebot@anthropic.com)"
216.73.217.145 - - [26/May/2026:15:15:09 +0300] "GET /public HTTP/1.1" 301 795 "https://yeniistiklal.com/public/404" "Mozilla/5.0 AppleWebKit/537.36 (KHTML, like Gecko; compatible; ClaudeBot/1.0; +claudebot@anthropic.com)"
216.73.217.145 - - [26/May/2026:15:15:09 +0300] "GET /public/ HTTP/1.1" 200 17195 "https://yeniistiklal.com/public" "Mozilla/5.0 AppleWebKit/537.36 (KHTML, like Gecko; compatible; ClaudeBot/1.0; +claudebot@anthropic.com)"
216.73.217.145 - - [26/May/2026:15:15:09 +0300] "GET /public/404 HTTP/1.1" 302 220 "https://yeniistiklal.com/public/images/haberler/2022/02/elektrigin-yuzde-31ini-evdeki-asker-tuketiyor-YpBHQHiQ.jpg" "Mozilla/5.0 AppleWebKit/537.36 (KHTML, like Gecko; compatible; ClaudeBot/1.0; +claudebot@anthropic.com)"
216.73.217.145 - - [26/May/2026:15:15:09 +0300] "GET /public/ HTTP/1.1" 200 17202 "https://yeniistiklal.com/public" "Mozilla/5.0 AppleWebKit/537.36 (KHTML, like Gecko; compatible; ClaudeBot/1.0; +claudebot@anthropic.com)"
187.108.212.107 - - [26/May/2026:15:15:11 +0300] "GET /public/images/biyografiler/2019/03/kemal-sunal-1551807433.gif HTTP/1.1" 200 23697 "https://yeniistiklal.com/public/" "Mozilla/5.0 (Linux; Android 8.0; Pixel 2 Build/OPD3.170816.012) AppleWebKit/537.36 (KHTML, like Gecko) Chrome/48.0.3515.1062 Mobile Safari/537.36"
187.108.212.107 - - [26/May/2026:15:15:11 +0300] "GET /public/images/haberler/2025/05/fenerbahce-beko-euroleaguede-sampiyon-oldu-1748258787.jpeg HTTP/1.1" 200 56306 "https://yeniistiklal.com/public/" "Mozilla/5.0 (Linux; Android 8.0; Pixel 2 Build/OPD3.170816.012) AppleWebKit/537.36 (KHTML, like Gecko) Chrome/48.0.3515.1062 Mobile Safari/537.36"
187.108.212.107 - - [26/May/2026:15:15:11 +0300] "GET /public/images/haberler/2023/07/filenin-sultanlari-milletler-liginde-sampiyon-oldu-1689595616.png HTTP/1.1" 302 225 "https://yeniistiklal.com/public/" "Mozilla/5.0 (Linux; Android 8.0; Pixel 2 Build/OPD3.170816.012) AppleWebKit/537.36 (KHTML, like Gecko) Chrome/48.0.3515.1062 Mobile Safari/537.36"
187.108.212.107 - - [26/May/2026:15:15:11 +0300] "GET /public/images/haberler/2024/01/iddaa-analizi-nasil-yapilir-1706624003.png HTTP/1.1" 302 225 "https://yeniistiklal.com/public/" "Mozilla/5.0 (Linux; Android 8.0; Pixel 2 Build/OPD3.170816.012) AppleWebKit/537.36 (KHTML, like Gecko) Chrome/48.0.3515.1062 Mobile Safari/537.36"
187.108.212.107 - - [26/May/2026:15:15:11 +0300] "GET /public/images/tn/2026/05/turkiye-diyanet-vakfi-yayinlari-hadis-tarihi-kulliyatini-genisletiyor-1779778508.jpeg HTTP/1.1" 200 14718 "https://yeniistiklal.com/public/" "Mozilla/5.0 (Linux; Android 8.0; Pixel 2 Build/OPD3.170816.012) AppleWebKit/537.36 (KHTML, like Gecko) Chrome/48.0.3515.1062 Mobile Safari/537.36"
187.108.212.107 - - [26/May/2026:15:15:12 +0300] "GET /public/images/haberler/2026/05/huawei-watch-fit-5-pro-teknoloji-ve-stil-bulusmasi-1779377071.jpeg HTTP/1.1" 200 26455 "https://yeniistiklal.com/public/" "Mozilla/5.0 (Linux; Android 8.0; Pixel 2 Build/OPD3.170816.012) AppleWebKit/537.36 (KHTML, like Gecko) Chrome/48.0.3515.1062 Mobile Safari/537.36"
187.108.212.107 - - [26/May/2026:15:15:12 +0300] "GET /public/images/haberler/2022/11/2022-dunya-kupasi-belcika-0-2-fas-1669566817.png HTTP/1.1" 302 225 "https://yeniistiklal.com/public/" "Mozilla/5.0 (Linux; Android 8.0; Pixel 2 Build/OPD3.170816.012) AppleWebKit/537.36 (KHTML, like Gecko) Chrome/48.0.3515.1062 Mobile Safari/537.36"
187.108.212.107 - - [26/May/2026:15:15:12 +0300] "GET /public/images/genel/15573935975cd3f0bd01cee.jpg HTTP/1.1" 200 71675 "https://yeniistiklal.com/public/" "Mozilla/5.0 (Linux; Android 8.0; Pixel 2 Build/OPD3.170816.012) AppleWebKit/537.36 (KHTML, like Gecko) Chrome/48.0.3515.1062 Mobile Safari/537.36"
216.73.217.145 - - [26/May/2026:15:15:14 +0300] "GET /public/images/haberler/2022/01/milli-guvenlik-kurulu-toplandi-IuC6KALP.jpg HTTP/1.1" 302 225 "-" "Mozilla/5.0 AppleWebKit/537.36 (KHTML, like Gecko; compatible; ClaudeBot/1.0; +claudebot@anthropic.com)"
216.73.217.145 - - [26/May/2026:15:15:14 +0300] "GET /images/haberler/2022/03/caldigi-inegi-otomobilin-arka-koltuguna-gizledi-jTBGYt33.jpg HTTP/1.1" 302 219 "-" "Mozilla/5.0 AppleWebKit/537.36 (KHTML, like Gecko; compatible; ClaudeBot/1.0; +claudebot@anthropic.com)"
216.73.217.145 - - [26/May/2026:15:15:14 +0300] "GET /public/haber/ali-bilirden-tursab-secimleriyle-ilgili-carpici-aciklamalar-544225 HTTP/1.1" 200 16268 "-" "Mozilla/5.0 AppleWebKit/537.36 (KHTML, like Gecko; compatible; ClaudeBot/1.0; +claudebot@anthropic.com)"
216.73.217.145 - - [26/May/2026:15:15:14 +0300] "GET /public/404 HTTP/1.1" 302 220 "https://yeniistiklal.com/public/images/haberler/2022/01/milli-guvenlik-kurulu-toplandi-IuC6KALP.jpg" "Mozilla/5.0 AppleWebKit/537.36 (KHTML, like Gecko; compatible; ClaudeBot/1.0; +claudebot@anthropic.com)"
216.73.217.145 - - [26/May/2026:15:15:14 +0300] "GET /public/haber/maysan-mandodan-renault-ile-dev-is-birligi-504163 HTTP/1.1" 200 14495 "-" "Mozilla/5.0 AppleWebKit/537.36 (KHTML, like Gecko; compatible; ClaudeBot/1.0; +claudebot@anthropic.com)"
216.73.217.145 - - [26/May/2026:15:15:14 +0300] "GET /public/ HTTP/1.1" 200 17197 "https://yeniistiklal.com/public" "Mozilla/5.0 AppleWebKit/537.36 (KHTML, like Gecko; compatible; ClaudeBot/1.0; +claudebot@anthropic.com)"
187.108.212.107 - - [26/May/2026:15:15:15 +0300] "GET /public/404 HTTP/1.1" 302 220 "https://yeniistiklal.com/public/" "Mozilla/5.0 (Linux; Android 8.0; Pixel 2 Build/OPD3.170816.012) AppleWebKit/537.36 (KHTML, like Gecko) Chrome/48.0.3515.1062 Mobile Safari/537.36"
187.108.212.107 - - [26/May/2026:15:15:11 +0300] "GET /public/images/firmalar/ HTTP/1.1" 403 787 "https://yeniistiklal.com/public/" "Mozilla/5.0 (Linux; Android 8.0; Pixel 2 Build/OPD3.170816.012) AppleWebKit/537.36 (KHTML, like Gecko) Chrome/48.0.3515.1062 Mobile Safari/537.36"
187.108.212.107 - - [26/May/2026:15:15:11 +0300] "GET /public/images/haberler/2025/05/super-ligde-35-hafta-hakemleri-belli-oldu-nefesler-tutuldu-1746707520.jpeg HTTP/1.1" 200 31597 "https://yeniistiklal.com/public/" "Mozilla/5.0 (Linux; Android 8.0; Pixel 2 Build/OPD3.170816.012) AppleWebKit/537.36 (KHTML, like Gecko) Chrome/48.0.3515.1062 Mobile Safari/537.36"
187.108.212.107 - - [26/May/2026:15:15:11 +0300] "GET /public/images/haberler/2025/04/fenerbahce-galatasaray-derbisi-ne-zaman-saat-kacta-hangi-kanalda-1743588323.jpeg HTTP/1.1" 200 49888 "https://yeniistiklal.com/public/" "Mozilla/5.0 (Linux; Android 8.0; Pixel 2 Build/OPD3.170816.012) AppleWebKit/537.36 (KHTML, like Gecko) Chrome/48.0.3515.1062 Mobile Safari/537.36"
187.108.212.107 - - [26/May/2026:15:15:12 +0300] "GET /public/404 HTTP/1.1" 302 220 "https://yeniistiklal.com/public/" "Mozilla/5.0 (Linux; Android 8.0; Pixel 2 Build/OPD3.170816.012) AppleWebKit/537.36 (KHTML, like Gecko) Chrome/48.0.3515.1062 Mobile Safari/537.36"
187.108.212.107 - - [26/May/2026:15:15:12 +0300] "GET /images/havadurumu/01d.png HTTP/1.1" 200 2574 "https://yeniistiklal.com/public/" "Mozilla/5.0 (Linux; Android 8.0; Pixel 2 Build/OPD3.170816.012) AppleWebKit/537.36 (KHTML, like Gecko) Chrome/48.0.3515.1062 Mobile Safari/537.36"
216.73.217.145 - - [26/May/2026:15:15:14 +0300] "GET /images/haberler/2022/08/didim-belediye-baskani-ahmet-deniz-atabaydan-saldiri-sonrasi-aciklama-saldirilar-bizi-yildiramaz-kanunsuzluga-gecit-vermeyecegiz-Zs4YT3Yl.jpg HTTP/1.1" 302 219 "-" "Mozilla/5.0 AppleWebKit/537.36 (KHTML, like Gecko; compatible; ClaudeBot/1.0; +claudebot@anthropic.com)"
216.73.217.145 - - [26/May/2026:15:15:14 +0300] "GET /404 HTTP/1.1" 302 215 "https://yeniistiklal.com/images/haberler/2022/08/didim-belediye-baskani-ahmet-deniz-atabaydan-saldiri-sonrasi-aciklama-saldirilar-bizi-yildiramaz-kanunsuzluga-gecit-vermeyecegiz-Zs4YT3Yl.jpg" "Mozilla/5.0 AppleWebKit/537.36 (KHTML, like Gecko; compatible; ClaudeBot/1.0; +claudebot@anthropic.com)"
216.73.217.145 - - [26/May/2026:15:15:14 +0300] "GET /public/images/haberler/2022/06/kayseride-kentsel-donusumde-rekor-uzlasma-xai4ydvz.jpg HTTP/1.1" 302 225 "-" "Mozilla/5.0 AppleWebKit/537.36 (KHTML, like Gecko; compatible; ClaudeBot/1.0; +claudebot@anthropic.com)"
216.73.217.145 - - [26/May/2026:15:15:14 +0300] "GET /404 HTTP/1.1" 302 215 "https://yeniistiklal.com/images/haberler/2022/03/caldigi-inegi-otomobilin-arka-koltuguna-gizledi-jTBGYt33.jpg" "Mozilla/5.0 AppleWebKit/537.36 (KHTML, like Gecko; compatible; ClaudeBot/1.0; +claudebot@anthropic.com)"
216.73.217.145 - - [26/May/2026:15:15:14 +0300] "GET /public/404 HTTP/1.1" 302 220 "https://yeniistiklal.com/public/images/haberler/2022/06/kayseride-kentsel-donusumde-rekor-uzlasma-xai4ydvz.jpg" "Mozilla/5.0 AppleWebKit/537.36 (KHTML, like Gecko; compatible; ClaudeBot/1.0; +claudebot@anthropic.com)"
216.73.217.145 - - [26/May/2026:15:15:14 +0300] "GET /public HTTP/1.1" 301 795 "https://yeniistiklal.com/public/404" "Mozilla/5.0 AppleWebKit/537.36 (KHTML, like Gecko; compatible; ClaudeBot/1.0; +claudebot@anthropic.com)"
216.73.217.145 - - [26/May/2026:15:15:14 +0300] "GET /public HTTP/1.1" 301 795 "https://yeniistiklal.com/public/404" "Mozilla/5.0 AppleWebKit/537.36 (KHTML, like Gecko; compatible; ClaudeBot/1.0; +claudebot@anthropic.com)"
216.73.217.145 - - [26/May/2026:15:15:14 +0300] "GET /public/ HTTP/1.1" 200 17204 "https://yeniistiklal.com/public" "Mozilla/5.0 AppleWebKit/537.36 (KHTML, like Gecko; compatible; ClaudeBot/1.0; +claudebot@anthropic.com)"
187.108.212.107 - - [26/May/2026:15:15:15 +0300] "GET /public/ HTTP/1.1" 200 17210 "https://yeniistiklal.com/public/" "Mozilla/5.0 (Linux; Android 8.0; Pixel 2 Build/OPD3.170816.012) AppleWebKit/537.36 (KHTML, like Gecko) Chrome/48.0.3515.1062 Mobile Safari/537.36"
185.191.171.18 - - [26/May/2026:15:15:16 +0300] "GET /haber/izmir-fuarinda-eglence-ve-sanat-devam-ediyor-536752 HTTP/1.1" 200 15244 "-" "Mozilla/5.0 (compatible; SemrushBot/7~bl; +http://www.semrush.com/bot.html)"
2a03:2880:f806:d:: - - [26/May/2026:15:15:17 +0300] "GET /public/index.php/images/haberler/2022/01/yapi-kredi-altin-hesabi-kapatma-nasil-yapilirg.jpg HTTP/1.1" 302 238 "-" "meta-externalagent/1.1 (+https://developers.facebook.com/docs/sharing/webmasters/crawler)"
15.235.98.81 - - [26/May/2026:15:15:17 +0300] "GET /public/haber/aninda-guncelleme-kolayligi-dijital-menulerle-menunuz-daima-guncel-551903 HTTP/1.1" 200 14912 "-" "Mozilla/5.0 (compatible; AhrefsBot/7.0; +http://ahrefs.com/robot/)"
94.242.233.116 - - [26/May/2026:15:15:17 +0300] "GET /ads.txt HTTP/1.1" 200 58 "-" "Mozilla/5.0 (compatible; SentinelAdsTxtBot/1.0; +https://viads.com)"
62.244.225.226 - - [26/May/2026:15:15:18 +0300] "GET /sitemap.xml?type=news HTTP/1.1" 200 201 "https://yeniistiklal.com/sitemap.xml?type=news" "Mozilla/5.0 (Windows NT 6.3; WOW64; rv:40.0) Gecko/20100101 Firefox/40.0"
87.250.224.123 - - [26/May/2026:15:15:18 +0300] "GET /public/rss/genel-0 HTTP/1.1" 200 173955 "-" "Mozilla/5.0 (compatible; YandexBot/3.0; +http://yandex.com/bots)"
187.108.212.107 - - [26/May/2026:15:15:19 +0300] "GET /public/ HTTP/1.1" 200 17207 "https://yeniistiklal.com/public/" "Mozilla/5.0 (Linux; Android 8.0; Pixel 2 Build/OPD3.170816.012) AppleWebKit/537.36 (KHTML, like Gecko) Chrome/48.0.3515.1062 Mobile Safari/537.36"
153.134.87.13 - - [26/May/2026:15:15:21 +0300] "GET /public/haber/sony-kablosuz-x-serisi-hoparlor-yelpazesini-hayati-sesli-bir-sekilde-yasamanizi-saglayan-uc-yeni-modelle-genisletiyor-518017 HTTP/1.1" 200 16068 "-" "Mozilla/5.0 (Linux; Android 5.0; SM-G900P Build/LRX21T) AppleWebKit/537.36 (KHTML, like Gecko) Chrome/58.0.9175.1609 Mobile Safari/537.36"
63.35.115.255 - - [26/May/2026:15:15:22 +0300] "GET /category/teknoloji/feed HTTP/1.1" 301 795 "-" "Mozilla/5.0 (compatible; Squidbot/1.0)"
207.46.13.126 - - [26/May/2026:15:15:24 +0300] "GET /haber/bursada-editor-ve-yazarlara-akademik-belge-520852 HTTP/1.1" 200 14369 "-" "Mozilla/5.0 AppleWebKit/537.36 (KHTML, like Gecko; compatible; bingbot/2.0; +http://www.bing.com/bingbot.htm) Chrome/116.0.1938.76 Safari/537.36"
2a03:2880:f806:9:: - - [26/May/2026:15:15:25 +0300] "GET /public/404 HTTP/1.1" 302 220 "-" "meta-externalagent/1.1 (+https://developers.facebook.com/docs/sharing/webmasters/crawler)"
207.46.13.126 - - [26/May/2026:15:15:27 +0300] "GET /haber/fransiz-la-croix-gazetesi-siha-turkiye-icin-bir-nufuz-araci-487730 HTTP/1.1" 200 14736 "-" "Mozilla/5.0 AppleWebKit/537.36 (KHTML, like Gecko; compatible; bingbot/2.0; +http://www.bing.com/bingbot.htm) Chrome/116.0.1938.76 Safari/537.36"
63.35.115.255 - - [26/May/2026:15:15:27 +0300] "GET /rss/teknoloji-12 HTTP/1.1" 200 120482 "-" "Mozilla/5.0 (compatible; Squidbot/1.0)"
2a03:2880:f806:c:: - - [26/May/2026:15:15:28 +0300] "GET /public/ HTTP/1.1" 200 17206 "-" "meta-externalagent/1.1 (+https://developers.facebook.com/docs/sharing/webmasters/crawler)"
185.191.171.11 - - [26/May/2026:15:15:30 +0300] "GET /haber/bayer-ve-yganin-yeni-sosyal-sorumluluk-projesi-bilimle-bulus-projesine-secilen-25-ogrenci-101-kampinda-bulustu-507447 HTTP/1.1" 200 14721 "-" "Mozilla/5.0 (compatible; SemrushBot/7~bl; +http://www.semrush.com/bot.html)"
2a03:2880:f806:5:: - - [26/May/2026:15:15:31 +0300] "GET /public HTTP/1.1" 301 795 "-" "meta-externalagent/1.1 (+https://developers.facebook.com/docs/sharing/webmasters/crawler)"
51.222.168.27 - - [26/May/2026:15:15:31 +0300] "GET /public/haber/iskurdan-yuksek-maasli-meslekler-surprizi-551585 HTTP/1.1" 200 14158 "-" "Mozilla/5.0 (compatible; AhrefsBot/7.0; +http://ahrefs.com/robot/)"
2a03:2880:f806:7:: - - [26/May/2026:15:15:16 +0300] "GET /public/images/haberler/2022/02/abd-savunma-bakanligi-ele-gecirilen-uyusturucunun-degerini-acikladi-rtGANA4P.jpg HTTP/1.1" 302 225 "-" "meta-externalagent/1.1 (+https://developers.facebook.com/docs/sharing/webmasters/crawler)"
187.108.212.107 - - [26/May/2026:15:15:16 +0300] "GET /public/404 HTTP/1.1" 302 220 "https://yeniistiklal.com/public/" "Mozilla/5.0 (Linux; Android 8.0; Pixel 2 Build/OPD3.170816.012) AppleWebKit/537.36 (KHTML, like Gecko) Chrome/48.0.3515.1062 Mobile Safari/537.36"
2a03:2880:f806:3b:: - - [26/May/2026:15:15:19 +0300] "GET /public/index.php/404 HTTP/1.1" 302 232 "-" "meta-externalagent/1.1 (+https://developers.facebook.com/docs/sharing/webmasters/crawler)"
187.108.212.107 - - [26/May/2026:15:15:19 +0300] "GET /public/images/haberler/2026/05/kirmizi-et-uretim-istatistikleri-2025-1777974443.jpg HTTP/1.1" 200 19810 "https://yeniistiklal.com/public/" "Mozilla/5.0 (Linux; Android 8.0; Pixel 2 Build/OPD3.170816.012) AppleWebKit/537.36 (KHTML, like Gecko) Chrome/48.0.3515.1062 Mobile Safari/537.36"
185.191.171.2 - - [26/May/2026:15:15:19 +0300] "GET /haber/sakarya-ankarada-spor-totoyu-devirdi-542527 HTTP/1.1" 200 13643 "-" "Mozilla/5.0 (compatible; SemrushBot/7~bl; +http://www.semrush.com/bot.html)"
2a03:2880:f806:46:: - - [26/May/2026:15:15:21 +0300] "GET /public/index.php HTTP/1.1" 200 17298 "-" "meta-externalagent/1.1 (+https://developers.facebook.com/docs/sharing/webmasters/crawler)"
40.77.167.77 - - [26/May/2026:15:15:22 +0300] "GET /haber/cksmlerde-2026-bahar-donemi-kayitlari-basladi-552126 HTTP/1.1" 200 13316 "-" "Mozilla/5.0 AppleWebKit/537.36 (KHTML, like Gecko; compatible; bingbot/2.0; +http://www.bing.com/bingbot.htm) Chrome/116.0.1938.76 Safari/537.36"
187.108.212.107 - - [26/May/2026:15:15:23 +0300] "GET /public/ HTTP/1.1" 200 17213 "https://yeniistiklal.com/public/" "Mozilla/5.0 (Linux; Android 8.0; Pixel 2 Build/OPD3.170816.012) AppleWebKit/537.36 (KHTML, like Gecko) Chrome/48.0.3515.1062 Mobile Safari/537.36"
187.108.212.107 - - [26/May/2026:15:15:23 +0300] "GET /public/images/haberler/2026/05/orka-banyo-yesil-donusumunu-tamamliyor-2030-yol-haritasi-hazir-1777974434.jpg HTTP/1.1" 200 45873 "https://yeniistiklal.com/public/" "Mozilla/5.0 (Linux; Android 8.0; Pixel 2 Build/OPD3.170816.012) AppleWebKit/537.36 (KHTML, like Gecko) Chrome/48.0.3515.1062 Mobile Safari/537.36"
185.191.171.13 - - [26/May/2026:15:15:24 +0300] "GET /haber/nevsehirde-ozel-bulusma-513202 HTTP/1.1" 200 13697 "-" "Mozilla/5.0 (compatible; SemrushBot/7~bl; +http://www.semrush.com/bot.html)"
2a03:2880:f806:c:: - - [26/May/2026:15:15:27 +0300] "GET /public HTTP/1.1" 301 795 "-" "meta-externalagent/1.1 (+https://developers.facebook.com/docs/sharing/webmasters/crawler)"
2a03:2880:f806:25:: - - [26/May/2026:15:15:27 +0300] "GET /public/images/haberler/uploads/2021/12/kurulus-osman-ne-zaman-saat-kacta-hangi-kanalda-kurulus-osman-dizisi-hangi-gunler-yayinlaniyor-sali-mi-carsamba-mi-yeni-bolumleri-hangi-gun-nhmiPgcV.jpg HTTP/1.1" 302 225 "-" "meta-externalagent/1.1 (+https://developers.facebook.com/docs/sharing/webmasters/crawler)"
213.180.203.238 - - [26/May/2026:15:15:28 +0300] "GET /rss/sinema-11 HTTP/1.1" 200 21504 "-" "Mozilla/5.0 (compatible; YandexBot/3.0; +http://yandex.com/bots)"
2a03:2880:f806:3e:: - - [26/May/2026:15:15:29 +0300] "GET /public/404 HTTP/1.1" 302 220 "-" "meta-externalagent/1.1 (+https://developers.facebook.com/docs/sharing/webmasters/crawler)"
153.134.87.13 - - [26/May/2026:15:15:30 +0300] "GET /public/images/haberler/2022/06/sony-kablosuz-x-serisi-hoparlor-yelpazesini-hayati-sesli-bir-sekilde-yasamanizi-saglayan-uc-yeni-modelle-genisletiyor-bwS6K5Nm.jpg HTTP/1.1" 302 225 "https://yeniistiklal.com/public/haber/sony-kablosuz-x-serisi-hoparlor-yelpazesini-hayati-sesli-bir-sekilde-yasamanizi-saglayan-uc-yeni-modelle-genisletiyor-518017" "Mozilla/5.0 (Linux; Android 5.0; SM-G900P Build/LRX21T) AppleWebKit/537.36 (KHTML, like Gecko) Chrome/58.0.9175.1609 Mobile Safari/537.36"
207.46.13.36 - - [26/May/2026:15:15:32 +0300] "GET /public/haber/kocaeli-siddetli-yagislara-karsi-hazir-532209 HTTP/1.1" 200 14028 "-" "Mozilla/5.0 AppleWebKit/537.36 (KHTML, like Gecko; compatible; bingbot/2.0; +http://www.bing.com/bingbot.htm) Chrome/116.0.1938.76 Safari/537.36"
216.73.217.145 - - [26/May/2026:15:15:34 +0300] "GET /haber/team-paribu-seninle-projesiyle-sanliurfadaki-cocuklarin-spor-ihtiyaci-karsilandi-542477 HTTP/1.1" 200 14661 "-" "Mozilla/5.0 AppleWebKit/537.36 (KHTML, like Gecko; compatible; ClaudeBot/1.0; +claudebot@anthropic.com)"
62.244.225.226 - - [26/May/2026:15:15:35 +0300] "GET /sitemap.xml HTTP/1.1" 200 201 "https://yeniistiklal.com/sitemap.xml" "Mozilla/5.0 (Windows NT 6.1; rv:40.0) Gecko/20100101 Firefox/40.0"
216.73.217.145 - - [26/May/2026:15:15:35 +0300] "GET /public/index.php HTTP/1.1" 200 17305 "https://www.yeniistiklal.com/public/index.php/404" "Mozilla/5.0 AppleWebKit/537.36 (KHTML, like Gecko; compatible; ClaudeBot/1.0; +claudebot@anthropic.com)"
216.73.217.145 - - [26/May/2026:15:15:35 +0300] "GET /public/images/haberler/2022/07/batmanda-bayram-coskusu-D6g68irP.jpg HTTP/1.1" 302 225 "-" "Mozilla/5.0 AppleWebKit/537.36 (KHTML, like Gecko; compatible; ClaudeBot/1.0; +claudebot@anthropic.com)"
216.73.217.145 - - [26/May/2026:15:15:35 +0300] "GET /haber/red-bull-dance-your-style-ile-sarkiyi-dogru-tahmin-et-odulu-kazan-533965 HTTP/1.1" 200 14555 "-" "Mozilla/5.0 AppleWebKit/537.36 (KHTML, like Gecko; compatible; ClaudeBot/1.0; +claudebot@anthropic.com)"
216.73.217.145 - - [26/May/2026:15:15:35 +0300] "GET /public HTTP/1.1" 301 795 "https://yeniistiklal.com/public/404" "Mozilla/5.0 AppleWebKit/537.36 (KHTML, like Gecko; compatible; ClaudeBot/1.0; +claudebot@anthropic.com)"
216.73.217.145 - - [26/May/2026:15:15:35 +0300] "GET /public HTTP/1.1" 301 795 "https://yeniistiklal.com/public/404" "Mozilla/5.0 AppleWebKit/537.36 (KHTML, like Gecko; compatible; ClaudeBot/1.0; +claudebot@anthropic.com)"
216.73.217.145 - - [26/May/2026:15:15:36 +0300] "GET /public/ HTTP/1.1" 200 17204 "https://yeniistiklal.com/public" "Mozilla/5.0 AppleWebKit/537.36 (KHTML, like Gecko; compatible; ClaudeBot/1.0; +claudebot@anthropic.com)"
153.134.87.13 - - [26/May/2026:15:15:38 +0300] "GET /public/assets/frontend/tema9/images/a-decrease.png HTTP/1.1" 200 399 "https://yeniistiklal.com/public/haber/sony-kablosuz-x-serisi-hoparlor-yelpazesini-hayati-sesli-bir-sekilde-yasamanizi-saglayan-uc-yeni-modelle-genisletiyor-518017" "Mozilla/5.0 (Linux; Android 5.0; SM-G900P Build/LRX21T) AppleWebKit/537.36 (KHTML, like Gecko) Chrome/58.0.9175.1609 Mobile Safari/537.36"
216.73.217.145 - - [26/May/2026:15:15:38 +0300] "GET /public/haber/duzcede-mudur-wcye-mufettis-gorevlendirildi-539571 HTTP/1.1" 200 13682 "-" "Mozilla/5.0 AppleWebKit/537.36 (KHTML, like Gecko; compatible; ClaudeBot/1.0; +claudebot@anthropic.com)"
216.73.217.145 - - [26/May/2026:15:15:38 +0300] "GET /public/etiketler/kati-haberleri HTTP/1.1" 200 8523 "-" "Mozilla/5.0 AppleWebKit/537.36 (KHTML, like Gecko; compatible; ClaudeBot/1.0; +claudebot@anthropic.com)"
216.73.217.145 - - [26/May/2026:15:15:38 +0300] "GET /public/etiketler/watt-haberleri HTTP/1.1" 200 5581 "-" "Mozilla/5.0 AppleWebKit/537.36 (KHTML, like Gecko; compatible; ClaudeBot/1.0; +claudebot@anthropic.com)"
2a03:2880:f806:1c:: - - [26/May/2026:15:15:39 +0300] "GET /public/index.php/images/haberler/2022/02/ceylan-ertem-youtube-programina-basladi-ilk-konuk-haluk-levent-wCyBjSZj.jpeg HTTP/1.1" 302 238 "-" "meta-externalagent/1.1 (+https://developers.facebook.com/docs/sharing/webmasters/crawler)"
153.134.87.13 - - [26/May/2026:15:15:40 +0300] "GET /assets/frontend/tema9/images/saskin.svg HTTP/1.1" 200 399 "https://yeniistiklal.com/assets/frontend/tema9/css/all.css?id=84aa2e07518a81ccdb7b" "Mozilla/5.0 (Linux; Android 5.0; SM-G900P Build/LRX21T) AppleWebKit/537.36 (KHTML, like Gecko) Chrome/58.0.9175.1609 Mobile Safari/537.36"
2a03:2880:f806:25:: - - [26/May/2026:15:15:32 +0300] "GET /public/ HTTP/1.1" 200 17199 "-" "meta-externalagent/1.1 (+https://developers.facebook.com/docs/sharing/webmasters/crawler)"
216.73.217.145 - - [26/May/2026:15:15:34 +0300] "GET /public/index.php/images/haberler/2022/05/ankarada-cuma-is-cikisinda-yeni-turku-sahnede-UuUkcIzL.jpg HTTP/1.1" 302 238 "-" "Mozilla/5.0 AppleWebKit/537.36 (KHTML, like Gecko; compatible; ClaudeBot/1.0; +claudebot@anthropic.com)"
216.73.217.145 - - [26/May/2026:15:15:35 +0300] "GET /public/index.php/404 HTTP/1.1" 302 232 "https://www.yeniistiklal.com/public/index.php/images/haberler/2022/05/ankarada-cuma-is-cikisinda-yeni-turku-sahnede-UuUkcIzL.jpg" "Mozilla/5.0 AppleWebKit/537.36 (KHTML, like Gecko; compatible; ClaudeBot/1.0; +claudebot@anthropic.com)"
216.73.217.145 - - [26/May/2026:15:15:35 +0300] "GET /images/haberler/2022/05/bitlo-dan-turkiyede-bir-ilk-sepet-token-kbQZXFRD.jpg HTTP/1.1" 302 219 "-" "Mozilla/5.0 AppleWebKit/537.36 (KHTML, like Gecko; compatible; ClaudeBot/1.0; +claudebot@anthropic.com)"
216.73.217.145 - - [26/May/2026:15:15:35 +0300] "GET /public/images/haberler/2022/06/nice-10-yillara-KcET6aQH.jpg HTTP/1.1" 302 225 "-" "Mozilla/5.0 AppleWebKit/537.36 (KHTML, like Gecko; compatible; ClaudeBot/1.0; +claudebot@anthropic.com)"
216.73.217.145 - - [26/May/2026:15:15:35 +0300] "GET /404 HTTP/1.1" 302 215 "https://yeniistiklal.com/images/haberler/2022/05/bitlo-dan-turkiyede-bir-ilk-sepet-token-kbQZXFRD.jpg" "Mozilla/5.0 AppleWebKit/537.36 (KHTML, like Gecko; compatible; ClaudeBot/1.0; +claudebot@anthropic.com)"
216.73.217.145 - - [26/May/2026:15:15:35 +0300] "GET /public/404 HTTP/1.1" 302 220 "https://yeniistiklal.com/public/images/haberler/2022/07/batmanda-bayram-coskusu-D6g68irP.jpg" "Mozilla/5.0 AppleWebKit/537.36 (KHTML, like Gecko; compatible; ClaudeBot/1.0; +claudebot@anthropic.com)"
216.73.217.145 - - [26/May/2026:15:15:35 +0300] "GET /public/404 HTTP/1.1" 302 220 "https://yeniistiklal.com/public/images/haberler/2022/06/nice-10-yillara-KcET6aQH.jpg" "Mozilla/5.0 AppleWebKit/537.36 (KHTML, like Gecko; compatible; ClaudeBot/1.0; +claudebot@anthropic.com)"
216.73.217.145 - - [26/May/2026:15:15:35 +0300] "GET /public/ HTTP/1.1" 200 17200 "https://yeniistiklal.com/public" "Mozilla/5.0 AppleWebKit/537.36 (KHTML, like Gecko; compatible; ClaudeBot/1.0; +claudebot@anthropic.com)"
153.134.87.13 - - [26/May/2026:15:15:37 +0300] "GET /public/assets/frontend/tema9/images/speech-bubble-with-dots.png HTTP/1.1" 200 2663 "https://yeniistiklal.com/public/haber/sony-kablosuz-x-serisi-hoparlor-yelpazesini-hayati-sesli-bir-sekilde-yasamanizi-saglayan-uc-yeni-modelle-genisletiyor-518017" "Mozilla/5.0 (Linux; Android 5.0; SM-G900P Build/LRX21T) AppleWebKit/537.36 (KHTML, like Gecko) Chrome/58.0.9175.1609 Mobile Safari/537.36"
216.73.217.145 - - [26/May/2026:15:15:38 +0300] "GET /public/haber/kabine-yogun-gundemle-toplaniyor-536597 HTTP/1.1" 200 13423 "-" "Mozilla/5.0 AppleWebKit/537.36 (KHTML, like Gecko; compatible; ClaudeBot/1.0; +claudebot@anthropic.com)"
216.73.217.145 - - [26/May/2026:15:15:38 +0300] "GET /haber/cocuk-senligi-renkli-goruntulere-sahne-oldu-542512 HTTP/1.1" 200 13908 "-" "Mozilla/5.0 AppleWebKit/537.36 (KHTML, like Gecko; compatible; ClaudeBot/1.0; +claudebot@anthropic.com)"
153.134.87.13 - - [26/May/2026:15:15:41 +0300] "GET /assets/frontend/tema9/images/komik.svg HTTP/1.1" 200 449 "https://yeniistiklal.com/assets/frontend/tema9/css/all.css?id=84aa2e07518a81ccdb7b" "Mozilla/5.0 (Linux; Android 5.0; SM-G900P Build/LRX21T) AppleWebKit/537.36 (KHTML, like Gecko) Chrome/58.0.9175.1609 Mobile Safari/537.36"
2a03:2880:f806:24:: - - [26/May/2026:15:15:41 +0300] "GET /public/index.php/404 HTTP/1.1" 302 232 "-" "meta-externalagent/1.1 (+https://developers.facebook.com/docs/sharing/webmasters/crawler)"
153.134.87.13 - - [26/May/2026:15:15:42 +0300] "GET /assets/frontend/tema9/images/uzgun.svg HTTP/1.1" 200 246 "https://yeniistiklal.com/assets/frontend/tema9/css/all.css?id=84aa2e07518a81ccdb7b" "Mozilla/5.0 (Linux; Android 5.0; SM-G900P Build/LRX21T) AppleWebKit/537.36 (KHTML, like Gecko) Chrome/58.0.9175.1609 Mobile Safari/537.36"
153.134.87.13 - - [26/May/2026:15:15:42 +0300] "GET /hava-durumu/ajax?sehir_isim=6 HTTP/1.1" 200 77 "https://yeniistiklal.com/public/haber/sony-kablosuz-x-serisi-hoparlor-yelpazesini-hayati-sesli-bir-sekilde-yasamanizi-saglayan-uc-yeni-modelle-genisletiyor-518017" "Mozilla/5.0 (Linux; Android 5.0; SM-G900P Build/LRX21T) AppleWebKit/537.36 (KHTML, like Gecko) Chrome/58.0.9175.1609 Mobile Safari/537.36"
34.82.109.224 - - [26/May/2026:15:15:42 +0300] "GET /images/haberler/2022/09/izmir-avrupa-odulunu-bu-cabalar-sayesinde-aldi-K45dCLOw.jpg HTTP/1.1" 302 219 "-" "Mozilla/5.0 (X11; Linux x86_64) AppleWebKit/537.36 (KHTML, like Gecko) Chrome/91.0.4472.114 Safari/537.36"
2a03:2880:f806:20:: - - [26/May/2026:15:15:42 +0300] "GET /public/index.php HTTP/1.1" 200 17313 "-" "meta-externalagent/1.1 (+https://developers.facebook.com/docs/sharing/webmasters/crawler)"
47.128.16.143 - - [26/May/2026:15:15:42 +0300] "GET /public/ HTTP/1.1" 200 17203 "-" "Mozilla/5.0 (Linux; Android 5.0) AppleWebKit/537.36 (KHTML, like Gecko) Mobile Safari/537.36 (compatible; TikTokSpider; ttspider-feedback@tiktok.com)"
